000
CDUS41 KBOX 222121
CLIBOS


CLIMATE REPORT
NATIONAL WEATHER SERVICE TAUNTON MA
519 PM EDT THU SEP 22 2016


...................................

...THE BOSTON MA CLIMATE SUMMARY FOR SEPTEMBER 22 2016...
VALID AS OF 0500 PM LOCAL TIME.

CLIMATE NORMAL PERIOD 1981 TO 2010
CLIMATE RECORD PERIOD 1872 TO 2016


WEATHER ITEM   OBSERVED TIME   RECORD YEAR NORMAL DEPARTURE LAST
                VALUE   (LST)  VALUE       VALUE  FROM      YEAR
                                                  NORMAL
..................................................................
TEMPERATURE (F)
 TODAY
  MAXIMUM         79    914 AM  94    1895  70      9       68
  MINIMUM         61    536 AM  35    1904  55      6       56
  AVERAGE         70                        63      7       62

PRECIPITATION (IN)
  TODAY            0.00          1.88 1998   0.12  -0.12     0.00
  MONTH TO DATE    0.69                      2.44  -1.75     1.43
  SINCE SEP 1      0.69                      2.44  -1.75     1.43
  SINCE JAN 1     20.95                     31.06 -10.11    24.21

SNOWFALL (IN)
  TODAY            0.0           0.0  2002   0.0    0.0      0.0
                                      2001
                                      2000
  MONTH TO DATE    0.0                       0.0    0.0      0.0
  SINCE SEP 1      0.0                       0.0    0.0      0.0
  SINCE JUL 1      0.0                       0.0    0.0      0.0
  SNOW DEPTH      MM

DEGREE DAYS
 HEATING
  TODAY            0                         4     -4        3
  MONTH TO DATE    6                        43    -37        8
  SINCE SEP 1      6                        43    -37        8
  SINCE JUL 1     13                        56    -43        9

 COOLING
  TODAY            5                         2      3        0
  MONTH TO DATE  123                        72     51      151
  SINCE SEP 1    123                        72     51      151
  SINCE JAN 1   1017                       731    286      901
..................................................................


WIND (MPH)
  HIGHEST WIND SPEED    12   HIGHEST WIND DIRECTION     E (80)
  HIGHEST GUST SPEED    15   HIGHEST GUST DIRECTION     E (100)
  AVERAGE WIND SPEED     6.2


SKY COVER
  POSSIBLE SUNSHINE  MM
  AVERAGE SKY COVER 0.1


WEATHER CONDITIONS
 THE FOLLOWING WEATHER WAS RECORDED TODAY.
  NO SIGNIFICANT WEATHER WAS OBSERVED.


RELATIVE HUMIDITY (PERCENT)
 HIGHEST    78           500 AM
 LOWEST     42           900 AM
 AVERAGE    60

..........................................................


THE BOSTON MA CLIMATE NORMALS FOR TOMORROW
                         NORMAL    RECORD    YEAR
 MAXIMUM TEMPERATURE (F)   70        96      1895
 MINIMUM TEMPERATURE (F)   55        35      1904
                                             1875


SUNRISE AND SUNSET
SEPTEMBER 22 2016.....SUNRISE   632 AM EDT   SUNSET   641 PM EDT
SEPTEMBER 23 2016.....SUNRISE   633 AM EDT   SUNSET   639 PM EDT


-  INDICATES NEGATIVE NUMBERS.
R  INDICATES RECORD WAS SET OR TIED.
MM INDICATES DATA IS MISSING.
T  INDICATES TRACE AMOUNT.




$$
