403
CDUS41 KBOX 152233
CLIBOS


CLIMATE REPORT
NATIONAL WEATHER SERVICE TAUNTON MA
626 PM EDT THU JUN 15 2017


...................................

...THE BOSTON MA CLIMATE SUMMARY FOR JUNE 15 2017...
VALID AS OF 0600 PM LOCAL TIME.

CLIMATE NORMAL PERIOD 1981 TO 2010
CLIMATE RECORD PERIOD 1872 TO 2017


WEATHER ITEM   OBSERVED TIME   RECORD YEAR NORMAL DEPARTURE LAST
                VALUE   (LST)  VALUE       VALUE  FROM      YEAR
                                                  NORMAL
..................................................................
TEMPERATURE (F)
 TODAY
  MAXIMUM         75    300 PM  98    1988  76     -1       85
  MINIMUM         57    502 AM  42    1884  60     -3       66
  AVERAGE         66                        68     -2       76

PRECIPITATION (IN)
  TODAY            0.00          2.45 1903   0.13  -0.13     0.00
  MONTH TO DATE    2.31                      2.10   0.21     1.08
  SINCE JUN 1      2.31                      2.10   0.21     1.08
  SINCE JAN 1     23.14                     20.26   2.88    17.42

SNOWFALL (IN)
  TODAY            0.0           0.0  2002   0.0    0.0      0.0
                                      2001
                                      2000
  MONTH TO DATE    0.0                       0.0    0.0      0.0
  SINCE JUN 1      0.0                       0.0    0.0      0.0
  SINCE JUL 1     47.6                      43.8    3.8     36.1
  SNOW DEPTH      MM

DEGREE DAYS
 HEATING
  TODAY            0                         2     -2        0
  MONTH TO DATE   48                        42      6       17
  SINCE JUN 1     48                        42      6       17
  SINCE JUL 1   5252                      5668   -416     4804

 COOLING
  TODAY            1                         4     -3       11
  MONTH TO DATE   66                        47     19       38
  SINCE JUN 1     66                        47     19       38
  SINCE JAN 1    126                        77     49       83
..................................................................


WIND (MPH)
  HIGHEST WIND SPEED    17   HIGHEST WIND DIRECTION     S (180)
  HIGHEST GUST SPEED    23   HIGHEST GUST DIRECTION    SW (210)
  AVERAGE WIND SPEED    10.6


SKY COVER
  POSSIBLE SUNSHINE  MM
  AVERAGE SKY COVER 0.2


WEATHER CONDITIONS
 THE FOLLOWING WEATHER WAS RECORDED TODAY.
  NO SIGNIFICANT WEATHER WAS OBSERVED.


RELATIVE HUMIDITY (PERCENT)
 HIGHEST    77           100 AM
 LOWEST     36           200 PM
 AVERAGE    57

..........................................................


THE BOSTON MA CLIMATE NORMALS FOR TOMORROW
                         NORMAL    RECORD    YEAR
 MAXIMUM TEMPERATURE (F)   76        96      1891
 MINIMUM TEMPERATURE (F)   60        48      1965
                                             1903
                                             1884


SUNRISE AND SUNSET
JUNE 15 2017..........SUNRISE   507 AM EDT   SUNSET   823 PM EDT
JUNE 16 2017..........SUNRISE   507 AM EDT   SUNSET   823 PM EDT


-  INDICATES NEGATIVE NUMBERS.
R  INDICATES RECORD WAS SET OR TIED.
MM INDICATES DATA IS MISSING.
T  INDICATES TRACE AMOUNT.




$$
