000
CDUS41 KBOX 082131
CLIBOS


CLIMATE REPORT
NATIONAL WEATHER SERVICE TAUNTON MA
529 PM EDT SUN OCT 8 2017


...................................

...THE BOSTON MA CLIMATE SUMMARY FOR OCTOBER 8 2017...
VALID AS OF 0500 PM LOCAL TIME.

CLIMATE NORMAL PERIOD 1981 TO 2010
CLIMATE RECORD PERIOD 1872 TO 2017


WEATHER ITEM   OBSERVED TIME   RECORD YEAR NORMAL DEPARTURE LAST
                VALUE   (LST)  VALUE       VALUE  FROM      YEAR
                                                  NORMAL
..................................................................
TEMPERATURE (F)
 TODAY
  MAXIMUM         75    359 PM  88    1879  64     11       68
  MINIMUM         68    200 AM  35    1964  49     19       52
  AVERAGE         72                        57     15       60

PRECIPITATION (IN)
  TODAY            0.11          2.00 1891   0.12  -0.01     0.01
  MONTH TO DATE    0.11                      1.02  -0.91     0.75
  SINCE SEP 1      3.84                      4.46  -0.62     2.13
  SINCE JAN 1     35.13                     33.08   2.05    22.39

SNOWFALL (IN)
  TODAY            0.0           T    2001   0.0    0.0      0.0
                                      1988
  MONTH TO DATE    0.0                       0.0    0.0      0.0
  SINCE SEP 1      0.0                       0.0    0.0      0.0
  SINCE JUL 1      0.0                       0.0    0.0      0.0
  SNOW DEPTH      MM

DEGREE DAYS
 HEATING
  TODAY            0                         9     -9        5
  MONTH TO DATE   21                        63    -42       56
  SINCE SEP 1     58                       147    -89      102
  SINCE JUL 1     70                       160    -90      109

 COOLING
  TODAY            7                         0      7        0
  MONTH TO DATE   21                         6     15        0
  SINCE SEP 1    132                        87     45      128
  SINCE JAN 1    861                       746    115     1022
..................................................................


WIND (MPH)
  HIGHEST WIND SPEED    23   HIGHEST WIND DIRECTION    SW (210)
  HIGHEST GUST SPEED    32   HIGHEST GUST DIRECTION     S (200)
  AVERAGE WIND SPEED    15.8


SKY COVER
  POSSIBLE SUNSHINE  MM
  AVERAGE SKY COVER 0.8


WEATHER CONDITIONS
 THE FOLLOWING WEATHER WAS RECORDED TODAY.
  LIGHT RAIN
  FOG


RELATIVE HUMIDITY (PERCENT)
 HIGHEST    97          1100 AM
 LOWEST     79           800 AM
 AVERAGE    88

..........................................................


THE BOSTON MA CLIMATE NORMALS FOR TOMORROW
                         NORMAL    RECORD    YEAR
 MAXIMUM TEMPERATURE (F)   64        87      2011
 MINIMUM TEMPERATURE (F)   49        32      1873


SUNRISE AND SUNSET
OCTOBER  8 2017.......SUNRISE   649 AM EDT   SUNSET   613 PM EDT
OCTOBER  9 2017.......SUNRISE   650 AM EDT   SUNSET   612 PM EDT


-  INDICATES NEGATIVE NUMBERS.
R  INDICATES RECORD WAS SET OR TIED.
MM INDICATES DATA IS MISSING.
T  INDICATES TRACE AMOUNT.




$$
