000
CDUS41 KBOX 260550
CLIBOS


CLIMATE REPORT
NATIONAL WEATHER SERVICE TAUNTON MA
138 AM EDT TUE JUL 26 2016


...................................

...THE BOSTON MA CLIMATE SUMMARY FOR JULY 25 2016...

CLIMATE NORMAL PERIOD 1981 TO 2010
CLIMATE RECORD PERIOD 1872 TO 2016


WEATHER ITEM   OBSERVED TIME   RECORD YEAR NORMAL DEPARTURE LAST
                VALUE   (LST)  VALUE       VALUE  FROM      YEAR
                                                  NORMAL
..................................................................
TEMPERATURE (F)
 YESTERDAY
  MAXIMUM         92    346 PM  96    1882  82     10       69
  MINIMUM         67    348 AM  53    1901  66      1       62
  AVERAGE         80                        74      6       66

PRECIPITATION (IN)
  YESTERDAY        0.00          1.92 1990   0.12  -0.12     0.00
  MONTH TO DATE    0.66                      2.68  -2.02     2.01
  SINCE JUN 1      1.99                      6.36  -4.37     7.02
  SINCE JAN 1     18.33                     24.52  -6.19    20.51

SNOWFALL (IN)
  YESTERDAY        0.0           0.0  2002   0.0    0.0      0.0
                                      2001
                                      2000
  MONTH TO DATE    0.0                       0.0    0.0      0.0
  SINCE JUN 1      0.0                       0.0    0.0      0.0
  SINCE JUL 1      0.0                       0.0    0.0      0.0
  SNOW DEPTH       0

DEGREE DAYS
 HEATING
  YESTERDAY        0                         0      0        0
  MONTH TO DATE    7                         0      7        1
  SINCE JUN 1     24                        55    -31       99
  SINCE JUL 1      7                         0      7        1

 COOLING
  YESTERDAY       15                         9      6        1
  MONTH TO DATE  277                       214     63      203
  SINCE JUN 1    406                       350     56      300
  SINCE JAN 1    451                       380     71      361
..................................................................


WIND (MPH)
  RESULTANT WIND SPEED   4   RESULTANT WIND DIRECTION   S (170)
  HIGHEST WIND SPEED    20   HIGHEST WIND DIRECTION     S (190)
  HIGHEST GUST SPEED    24   HIGHEST GUST DIRECTION     S (200)
  AVERAGE WIND SPEED     8.8


SKY COVER
  POSSIBLE SUNSHINE  MM
  AVERAGE SKY COVER 0.7


WEATHER CONDITIONS
 THE FOLLOWING WEATHER WAS RECORDED YESTERDAY.
  NO SIGNIFICANT WEATHER WAS OBSERVED.


RELATIVE HUMIDITY (PERCENT)
 HIGHEST    84          1200 AM
 LOWEST     47           400 PM
 AVERAGE    66

..........................................................


THE BOSTON MA CLIMATE NORMALS FOR TODAY
                         NORMAL    RECORD    YEAR
 MAXIMUM TEMPERATURE (F)   82        96      1989
                                             1963
                                             1892
 MINIMUM TEMPERATURE (F)   66        56      1920
                                             1884


SUNRISE AND SUNSET
JULY 26 2016..........SUNRISE   531 AM EDT   SUNSET   810 PM EDT
JULY 27 2016..........SUNRISE   532 AM EDT   SUNSET   809 PM EDT


-  INDICATES NEGATIVE NUMBERS.
R  INDICATES RECORD WAS SET OR TIED.
MM INDICATES DATA IS MISSING.
T  INDICATES TRACE AMOUNT.




$$
