000
CDUS41 KBOX 130604
CLIBOS


CLIMATE REPORT
NATIONAL WEATHER SERVICE TAUNTON MA
153 AM EDT SUN AUG 13 2017


...................................

...THE BOSTON MA CLIMATE SUMMARY FOR AUGUST 12 2017...

CLIMATE NORMAL PERIOD 1981 TO 2010
CLIMATE RECORD PERIOD 1872 TO 2017


WEATHER ITEM   OBSERVED TIME   RECORD YEAR NORMAL DEPARTURE LAST
                VALUE   (LST)  VALUE       VALUE  FROM      YEAR
                                                  NORMAL
..................................................................
TEMPERATURE (F)
 YESTERDAY
  MAXIMUM         76    435 PM 101    1944  80     -4       98
  MINIMUM         63    627 AM  53    1930  65     -2       78
  AVERAGE         70                        73     -3       88

PRECIPITATION (IN)
  YESTERDAY        0.10          2.29 1892   0.10   0.00     0.01
  MONTH TO DATE    1.22                      1.42  -0.20     0.30
  SINCE JUN 1     10.10                      8.53   1.57     2.50
  SINCE JAN 1     30.93                     26.69   4.24    18.84

SNOWFALL (IN)
  YESTERDAY        0.0           0.0  2002   0.0    0.0      0.0
                                      2001
                                      2000
  MONTH TO DATE    0.0                       0.0    0.0      0.0
  SINCE JUN 1      0.0                       0.0    0.0      0.0
  SINCE JUL 1      0.0                       0.0    0.0      0.0
  SNOW DEPTH      MM

DEGREE DAYS
 HEATING
  YESTERDAY        0                         0      0        0
  MONTH TO DATE    0                         0      0        0
  SINCE JUN 1     60                        61     -1       24
  SINCE JUL 1     10                         6      4        7

 COOLING
  YESTERDAY        5                         8     -3       23
  MONTH TO DATE   93                       100     -7      145
  SINCE JUN 1    534                       502     32      632
  SINCE JAN 1    594                       532     62      677
..................................................................


WIND (MPH)
  RESULTANT WIND SPEED   7   RESULTANT WIND DIRECTION   S (170)
  HIGHEST WIND SPEED    16   HIGHEST WIND DIRECTION    SW (220)
  HIGHEST GUST SPEED    22   HIGHEST GUST DIRECTION    SW (220)
  AVERAGE WIND SPEED     9.0


SKY COVER
  POSSIBLE SUNSHINE  MM
  AVERAGE SKY COVER 0.8


WEATHER CONDITIONS
 THE FOLLOWING WEATHER WAS RECORDED YESTERDAY.
  LIGHT RAIN


RELATIVE HUMIDITY (PERCENT)
 HIGHEST    90           900 PM
 LOWEST     61          1200 AM
 AVERAGE    76

..........................................................


THE BOSTON MA CLIMATE NORMALS FOR TODAY
                         NORMAL    RECORD    YEAR
 MAXIMUM TEMPERATURE (F)   80       100      1944
 MINIMUM TEMPERATURE (F)   65        53      1902


SUNRISE AND SUNSET
AUGUST 13 2017........SUNRISE   549 AM EDT   SUNSET   748 PM EDT
AUGUST 14 2017........SUNRISE   550 AM EDT   SUNSET   746 PM EDT


-  INDICATES NEGATIVE NUMBERS.
R  INDICATES RECORD WAS SET OR TIED.
MM INDICATES DATA IS MISSING.
T  INDICATES TRACE AMOUNT.




$$
