000
CDUS41 KBOX 150603
CLIBOS


CLIMATE REPORT
NATIONAL WEATHER SERVICE TAUNTON MA
203 AM EDT WED MAR 15 2017


...................................

...THE BOSTON MA CLIMATE SUMMARY FOR MARCH 14 2017...

CLIMATE NORMAL PERIOD 1981 TO 2010
CLIMATE RECORD PERIOD 1872 TO 2017


WEATHER ITEM   OBSERVED TIME   RECORD YEAR NORMAL DEPARTURE LAST
                VALUE   (LST)  VALUE       VALUE  FROM      YEAR
                                                  NORMAL
..................................................................
TEMPERATURE (F)
 YESTERDAY
  MAXIMUM         38    656 PM  76    1946  45     -7       45
  MINIMUM         27   1159 PM  12    1896  30     -3       39
  AVERAGE         33                        38     -5       42

PRECIPITATION (IN)
  YESTERDAY        0.66          3.40 2010   0.13   0.53     0.21
  MONTH TO DATE    0.97                      1.84  -0.87     1.08
  SINCE MAR 1      0.97                      1.84  -0.87     1.08
  SINCE JAN 1      8.44                      8.45  -0.01     8.52

SNOWFALL (IN)
  YESTERDAY        6.6 R         3.0  1980   0.3    6.3      0.0
  MONTH TO DATE    9.5                       4.4    5.1      0.5
  SINCE MAR 1      9.5                       4.4    5.1      0.5
  SINCE JUL 1     45.8                      38.5    7.3     25.9
  SNOW DEPTH      MM

DEGREE DAYS
 HEATING
  YESTERDAY       32                        27      5       23
  MONTH TO DATE  460                       406     54      318
  SINCE MAR 1    460                       406     54      318
  SINCE JUL 1   3999                      4448   -449     3648

 COOLING
  YESTERDAY        0                         0      0        0
  MONTH TO DATE    0                         0      0        0
  SINCE MAR 1      0                         0      0        0
  SINCE JAN 1      0                         0      0        0
..................................................................


WIND (MPH)
  RESULTANT WIND SPEED  16   RESULTANT WIND DIRECTION  NE (60)
  HIGHEST WIND SPEED    45   HIGHEST WIND DIRECTION    NE (40)
  HIGHEST GUST SPEED    57   HIGHEST GUST DIRECTION    NE (40)
  AVERAGE WIND SPEED    23.8


SKY COVER
  POSSIBLE SUNSHINE  MM
  AVERAGE SKY COVER 1.0


WEATHER CONDITIONS
 THE FOLLOWING WEATHER WAS RECORDED YESTERDAY.
  RAIN
  LIGHT RAIN
  LT FREEZING RAIN
  HAIL
  HEAVY SNOW
  SNOW
  LIGHT SNOW
  FOG
  FOG W/VISIBILITY <= 1/4 MILE


RELATIVE HUMIDITY (PERCENT)
 HIGHEST   100          1100 AM
 LOWEST     58           100 AM
 AVERAGE    79

..........................................................


THE BOSTON MA CLIMATE NORMALS FOR TODAY
                         NORMAL    RECORD    YEAR
 MAXIMUM TEMPERATURE (F)   45        72      1990
                                             1945
 MINIMUM TEMPERATURE (F)   31        12      1993
                                             1932
                                             1876


SUNRISE AND SUNSET
MARCH 15 2017.........SUNRISE   656 AM EDT   SUNSET   651 PM EDT
MARCH 16 2017.........SUNRISE   654 AM EDT   SUNSET   652 PM EDT


-  INDICATES NEGATIVE NUMBERS.
R  INDICATES RECORD WAS SET OR TIED.
MM INDICATES DATA IS MISSING.
T  INDICATES TRACE AMOUNT.




$$
