000
CDUS41 KBOX 152145
CLIBOS


CLIMATE REPORT
NATIONAL WEATHER SERVICE TAUNTON MA
535 PM EDT MON SEP 15 2014


...................................

...THE BOSTON MA CLIMATE SUMMARY FOR SEPTEMBER 15 2014...
VALID TODAY AS OF 0500 PM LOCAL TIME.

CLIMATE NORMAL PERIOD 1981 TO 2010
CLIMATE RECORD PERIOD 1872 TO 2014


WEATHER ITEM   OBSERVED TIME   RECORD YEAR NORMAL DEPARTURE LAST
                VALUE   (LST)  VALUE       VALUE  FROM      YEAR
                                                  NORMAL
..................................................................
TEMPERATURE (F)
 TODAY
  MAXIMUM         67    236 PM  94    1915  73     -6       73
  MINIMUM         48    549 AM  41    1913  58    -10       54
  AVERAGE         58                        65     -7       64

PRECIPITATION (IN)
  TODAY            0.00          3.48 1904   0.11  -0.11     0.00
  MONTH TO DATE    0.51                      1.60  -1.09     1.84
  SINCE SEP 1      0.51                      1.60  -1.09     1.84
  SINCE JAN 1     27.40                     30.22  -2.82    32.04

SNOWFALL (IN)
  TODAY            0.0           0.0  2002   0.0    0.0      0.0
                                      2001
                                      2000
  MONTH TO DATE    0.0                       0.0    0.0      0.0
  SINCE SEP 1      0.0                       0.0    0.0      0.0
  SINCE JUL 1      0.0                       0.0    0.0      0.0
  SNOW DEPTH       0

DEGREE DAYS
 HEATING
  TODAY            7                         2      5        1
  MONTH TO DATE   21                        20      1       10
  SINCE SEP 1     21                        20      1       10
  SINCE JUL 1     21                        33    -12       12

 COOLING
  TODAY            0                         3     -3        0
  MONTH TO DATE   96                        58     38       80
  SINCE SEP 1     96                        58     38       80
  SINCE JAN 1    735                       717     18      901
..................................................................


WIND (MPH)
  HIGHEST WIND SPEED    13   HIGHEST WIND DIRECTION     E (100)
  HIGHEST GUST SPEED    17   HIGHEST GUST DIRECTION     E (90)
  AVERAGE WIND SPEED     6.4


SKY COVER
  POSSIBLE SUNSHINE  MM
  AVERAGE SKY COVER 0.4


WEATHER CONDITIONS
 THE FOLLOWING WEATHER WAS RECORDED TODAY.
  NO SIGNIFICANT WEATHER WAS OBSERVED.


RELATIVE HUMIDITY (PERCENT)
 HIGHEST    80           300 AM
 LOWEST     42           200 PM
 AVERAGE    61

..........................................................


THE BOSTON MA CLIMATE NORMALS FOR TOMORROW
                         NORMAL    RECORD    YEAR
 MAXIMUM TEMPERATURE (F)   72        96      1939
 MINIMUM TEMPERATURE (F)   57        42      1984


SUNRISE AND SUNSET
SEPTEMBER 15 2014.....SUNRISE   624 AM EDT   SUNSET   654 PM EDT
SEPTEMBER 16 2014.....SUNRISE   625 AM EDT   SUNSET   652 PM EDT


-  INDICATES NEGATIVE NUMBERS.
R  INDICATES RECORD WAS SET OR TIED.
MM INDICATES DATA IS MISSING.
T  INDICATES TRACE AMOUNT.




$$
