000
CDUS41 KBOX 180804
CLIBOS


CLIMATE REPORT
NATIONAL WEATHER SERVICE TAUNTON MA
401 AM EDT WED MAY 18 2016


...................................

...THE BOSTON MA CLIMATE SUMMARY FOR MAY 17 2016...

CLIMATE NORMAL PERIOD 1981 TO 2010
CLIMATE RECORD PERIOD 1872 TO 2016


WEATHER ITEM   OBSERVED TIME   RECORD YEAR NORMAL DEPARTURE LAST
                VALUE   (LST)  VALUE       VALUE  FROM      YEAR
                                                  NORMAL
..................................................................
TEMPERATURE (F)
 YESTERDAY
  MAXIMUM         70    502 PM  92    1977  66      4       67
  MINIMUM         50    407 AM  39    1882  50      0       52
  AVERAGE         60                        58      2       60

PRECIPITATION (IN)
  YESTERDAY        0.00          1.88 1916   0.10  -0.10     0.00
  MONTH TO DATE    1.44                      1.77  -0.33     0.04
  SINCE MAR 1      7.51                      9.83  -2.32     5.37
  SINCE JAN 1     14.95                     16.44  -1.49    12.31

SNOWFALL (IN)
  YESTERDAY        0.0           0.0  2002   0.0    0.0      0.0
                                      2001
                                      2000
  MONTH TO DATE    0.0                       0.1   -0.1      0.0
  SINCE MAR 1     10.7                       9.8    0.9      8.6
  SINCE JUL 1     36.1                      43.9   -7.8    110.6
  SNOW DEPTH       0

DEGREE DAYS
 HEATING
  YESTERDAY        5                         8     -3        5
  MONTH TO DATE  188                       165     23       91
  SINCE MAR 1   1411                      1504    -93     1570
  SINCE JUL 1   4741                      5546   -805     5885

 COOLING
  YESTERDAY        0                         1     -1        0
  MONTH TO DATE    3                         4     -1       15
  SINCE MAR 1      6                         7     -1       15
  SINCE JAN 1      6                         7     -1       15
..................................................................


WIND (MPH)
  RESULTANT WIND SPEED  12   RESULTANT WIND DIRECTION   W (260)
  HIGHEST WIND SPEED    21   HIGHEST WIND DIRECTION     W (260)
  HIGHEST GUST SPEED    30   HIGHEST GUST DIRECTION     W (280)
  AVERAGE WIND SPEED    12.2


SKY COVER
  POSSIBLE SUNSHINE  MM
  AVERAGE SKY COVER 0.7


WEATHER CONDITIONS
 THE FOLLOWING WEATHER WAS RECORDED YESTERDAY.
  NO SIGNIFICANT WEATHER WAS OBSERVED.


RELATIVE HUMIDITY (PERCENT)
 HIGHEST    50           200 AM
 LOWEST     31          1200 PM
 AVERAGE    41

..........................................................


THE BOSTON MA CLIMATE NORMALS FOR TODAY
                         NORMAL    RECORD    YEAR
 MAXIMUM TEMPERATURE (F)   67        91      1936
 MINIMUM TEMPERATURE (F)   50        37      2002


SUNRISE AND SUNSET
MAY 18 2016...........SUNRISE   519 AM EDT   SUNSET   802 PM EDT
MAY 19 2016...........SUNRISE   518 AM EDT   SUNSET   803 PM EDT


-  INDICATES NEGATIVE NUMBERS.
R  INDICATES RECORD WAS SET OR TIED.
MM INDICATES DATA IS MISSING.
T  INDICATES TRACE AMOUNT.




$$
