000
CDUS41 KBOX 251155
CLIBOS


CLIMATE REPORT
NATIONAL WEATHER SERVICE TAUNTON MA
652 AM EST SUN JAN 25 2015


...................................

...THE BOSTON MA CLIMATE SUMMARY FOR JANUARY 24 2015...

CLIMATE NORMAL PERIOD 1981 TO 2010
CLIMATE RECORD PERIOD 1872 TO 2015


WEATHER ITEM   OBSERVED TIME   RECORD YEAR NORMAL DEPARTURE LAST
                VALUE   (LST)  VALUE       VALUE  FROM      YEAR
                                                  NORMAL
..................................................................
TEMPERATURE (F)
 YESTERDAY
  MAXIMUM         34    500 AM  62    1999  36     -2       19
  MINIMUM         31    127 AM -13    1882  22      9        7
  AVERAGE         33                        29      4       13

PRECIPITATION (IN)
  YESTERDAY        0.71          1.53 1998   0.11   0.60     0.00
  MONTH TO DATE    2.40                      2.63  -0.23     3.21
  SINCE DEC 1      8.96                      6.41   2.55     7.83
  SINCE JAN 1      2.40                      2.63  -0.23     3.21

SNOWFALL (IN)
  YESTERDAY        5.1           6.7  1920   0.4    4.7      0.0
  MONTH TO DATE    7.7                      10.1   -2.4     21.7
  SINCE DEC 1      8.0                      19.1  -11.1     33.4
  SINCE JUL 1     10.6                      20.4   -9.8     33.4
  SNOW DEPTH      MM

DEGREE DAYS
 HEATING
  YESTERDAY       32                        36     -4       52
  MONTH TO DATE  892                       860     32      878
  SINCE DEC 1   1715                      1799    -84     1851
  SINCE JUL 1   2728                      2854   -126     2867

 COOLING
  YESTERDAY        0                         0      0        0
  MONTH TO DATE    0                         0      0        0
  SINCE DEC 1      0                         0      0        0
  SINCE JAN 1      0                         0      0        0
..................................................................


WIND (MPH)
  RESULTANT WIND SPEED   4   RESULTANT WIND DIRECTION   W (290)
  HIGHEST WIND SPEED    18   HIGHEST WIND DIRECTION     W (270)
  HIGHEST GUST SPEED    24   HIGHEST GUST DIRECTION     W (260)
  AVERAGE WIND SPEED    10.3


SKY COVER
  POSSIBLE SUNSHINE  MM
  AVERAGE SKY COVER 1.0


WEATHER CONDITIONS
 THE FOLLOWING WEATHER WAS RECORDED YESTERDAY.
  LIGHT RAIN
  LT FREEZING RAIN
  SNOW
  LIGHT SNOW
  FOG
  FOG W/VISIBILITY <= 1/4 MILE


RELATIVE HUMIDITY (PERCENT)
 HIGHEST   100          1000 AM
 LOWEST     63          1200 AM
 AVERAGE    82

..........................................................


THE BOSTON MA CLIMATE NORMALS FOR TODAY
                         NORMAL    RECORD    YEAR
 MAXIMUM TEMPERATURE (F)   36        59      1916
 MINIMUM TEMPERATURE (F)   22        -5      1935


SUNRISE AND SUNSET
JANUARY 25 2015.......SUNRISE   704 AM EST   SUNSET   449 PM EST
JANUARY 26 2015.......SUNRISE   704 AM EST   SUNSET   450 PM EST


-  INDICATES NEGATIVE NUMBERS.
R  INDICATES RECORD WAS SET OR TIED.
MM INDICATES DATA IS MISSING.
T  INDICATES TRACE AMOUNT.




$$
