000
CDUS41 KBOX 200614
CLIBOS


CLIMATE REPORT
NATIONAL WEATHER SERVICE TAUNTON MA
213 AM EDT SUN JUL 20 2014


...................................

...THE BOSTON MA CLIMATE SUMMARY FOR JULY 19 2014...

CLIMATE NORMAL PERIOD 1981 TO 2010
CLIMATE RECORD PERIOD 1872 TO 2014


WEATHER ITEM   OBSERVED TIME   RECORD YEAR NORMAL DEPARTURE LAST
                VALUE   (LST)  VALUE       VALUE  FROM      YEAR
                                                  NORMAL
..................................................................
TEMPERATURE (F)
 YESTERDAY
  MAXIMUM         72    801 AM  99    2013  82    -10       99
  MINIMUM         63   1159 PM  54    1881  66     -3       78
                                      1875
  AVERAGE         68                        74     -6       89

PRECIPITATION (IN)
  YESTERDAY        0.00          1.68 1882   0.12  -0.12     0.00
  MONTH TO DATE    4.11                      1.98   2.13     0.23
  SINCE JUN 1      6.73                      5.66   1.07    10.73
  SINCE JAN 1     24.68                     23.82   0.86    24.98

SNOWFALL (IN)
  YESTERDAY        0.0           0.0  2002   0.0    0.0      0.0
  MONTH TO DATE    0.0                       0.0    0.0      0.0
  SINCE JUN 1      0.0                       0.0    0.0      0.0
  SINCE JUL 1      0.0                       0.0    0.0      0.0
  SNOW DEPTH      MM

DEGREE DAYS
 HEATING
  YESTERDAY        0                         0      0        0
  MONTH TO DATE    0                         0      0        0
  SINCE JUN 1     28                        55    -27       25
  SINCE JUL 1      0                         0      0        0

 COOLING
  YESTERDAY        3                         9     -6       24
  MONTH TO DATE  199                       160     39      278
  SINCE JUN 1    337                       296     41      449
  SINCE JAN 1    359                       326     33      487
..................................................................


WIND (MPH)
  RESULTANT WIND SPEED   4   RESULTANT WIND DIRECTION   E (90)
  HIGHEST WIND SPEED    12   HIGHEST WIND DIRECTION     E (70)
  HIGHEST GUST SPEED    14   HIGHEST GUST DIRECTION     E (70)
  AVERAGE WIND SPEED     5.1


SKY COVER
  POSSIBLE SUNSHINE  MM
  AVERAGE SKY COVER 0.7


WEATHER CONDITIONS
 THE FOLLOWING WEATHER WAS RECORDED YESTERDAY.
  NO SIGNIFICANT WEATHER WAS OBSERVED.


RELATIVE HUMIDITY (PERCENT)
 HIGHEST    93           400 AM
 LOWEST     73           800 AM
 AVERAGE    83

..........................................................


THE BOSTON MA CLIMATE NORMALS FOR TODAY
                         NORMAL    RECORD    YEAR
 MAXIMUM TEMPERATURE (F)   82        99      1991
 MINIMUM TEMPERATURE (F)   66        54      1890
                                             1879


SUNRISE AND SUNSET
JULY 20 2014..........SUNRISE   525 AM EDT   SUNSET   816 PM EDT
JULY 21 2014..........SUNRISE   526 AM EDT   SUNSET   815 PM EDT


-  INDICATES NEGATIVE NUMBERS.
R  INDICATES RECORD WAS SET OR TIED.
MM INDICATES DATA IS MISSING.
T  INDICATES TRACE AMOUNT.




$$
