000
CDUS41 KBOX 172144
CLIBOS


CLIMATE REPORT
NATIONAL WEATHER SERVICE TAUNTON MA
540 PM EDT SUN MAY 17 2015


...................................

...THE BOSTON MA CLIMATE SUMMARY FOR MAY 17 2015...
VALID AS OF 0500 PM LOCAL TIME.

CLIMATE NORMAL PERIOD 1981 TO 2010
CLIMATE RECORD PERIOD 1872 TO 2015


WEATHER ITEM   OBSERVED TIME   RECORD YEAR NORMAL DEPARTURE LAST
                VALUE   (LST)  VALUE       VALUE  FROM      YEAR
                                                  NORMAL
..................................................................
TEMPERATURE (F)
 TODAY
  MAXIMUM         67    841 AM  92    1977  66      1       75
  MINIMUM         54    442 AM  39    1882  50      4       58
  AVERAGE         61                        58      3       67

PRECIPITATION (IN)
  TODAY            0.00          1.88 1916   0.10  -0.10     0.65
  MONTH TO DATE    0.04                      1.77  -1.73     1.68
  SINCE MAR 1      5.37                      9.83  -4.46     9.40
  SINCE JAN 1     12.31                     16.44  -4.13    16.77

SNOWFALL (IN)
  TODAY            0.0           0.0  2002   0.0    0.0      0.0
                                      2001
                                      2000
  MONTH TO DATE    0.0                       0.1   -0.1      0.0
  SINCE MAR 1      8.6                       9.8   -1.2      2.5
  SINCE JUL 1    110.6                      43.9   66.7     58.9
  SNOW DEPTH      MM

DEGREE DAYS
 HEATING
  TODAY            4                         8     -4        0
  MONTH TO DATE   90                       165    -75      102
  SINCE MAR 1   1569                      1504     65     1573
  SINCE JUL 1   5884                      5546    338     5721

 COOLING
  TODAY            0                         1     -1        2
  MONTH TO DATE   15                         4     11       19
  SINCE MAR 1     15                         7      8       20
  SINCE JAN 1     15                         7      8       20
..................................................................


WIND (MPH)
  HIGHEST WIND SPEED    13   HIGHEST WIND DIRECTION     E (80)
  HIGHEST GUST SPEED    15   HIGHEST GUST DIRECTION     E (100)
  AVERAGE WIND SPEED     6.3


SKY COVER
  POSSIBLE SUNSHINE  MM
  AVERAGE SKY COVER 0.3


WEATHER CONDITIONS
 THE FOLLOWING WEATHER WAS RECORDED TODAY.
  FOG


RELATIVE HUMIDITY (PERCENT)
 HIGHEST   100           300 AM
 LOWEST     78           800 AM
 AVERAGE    89

..........................................................


THE BOSTON MA CLIMATE NORMALS FOR TOMORROW
                         NORMAL    RECORD    YEAR
 MAXIMUM TEMPERATURE (F)   67        91      1936
 MINIMUM TEMPERATURE (F)   50        37      2002


SUNRISE AND SUNSET
MAY 17 2015...........SUNRISE   521 AM EDT   SUNSET   801 PM EDT
MAY 18 2015...........SUNRISE   520 AM EDT   SUNSET   802 PM EDT


-  INDICATES NEGATIVE NUMBERS.
R  INDICATES RECORD WAS SET OR TIED.
MM INDICATES DATA IS MISSING.
T  INDICATES TRACE AMOUNT.




$$
