000
CDUS41 KBOX 112130
CLIBOS


CLIMATE REPORT
NATIONAL WEATHER SERVICE TAUNTON MA
427 PM EST SAT MAR 11 2017


...................................

...THE BOSTON MA CLIMATE SUMMARY FOR MARCH 11 2017...
VALID AS OF 0400 PM LOCAL TIME.

CLIMATE NORMAL PERIOD 1981 TO 2010
CLIMATE RECORD PERIOD 1872 TO 2017


WEATHER ITEM   OBSERVED TIME   RECORD YEAR NORMAL DEPARTURE LAST
                VALUE   (LST)  VALUE       VALUE  FROM      YEAR
                                                  NORMAL
..................................................................
TEMPERATURE (F)
 TODAY
  MAXIMUM         23   1218 AM  67    1990  44    -21       50
  MINIMUM         10    739 AM   9    1939  30    -20       41
  AVERAGE         17                        37    -20       46

PRECIPITATION (IN)
  TODAY            0.02          1.94 1901   0.13  -0.11     0.09
  MONTH TO DATE    0.31                      1.46  -1.15     0.87
  SINCE MAR 1      0.31                      1.46  -1.15     0.87
  SINCE JAN 1      7.78                      8.07  -0.29     8.31

SNOWFALL (IN)
  TODAY            0.2           5.0  1934   0.3   -0.1      0.0
  MONTH TO DATE    2.9                       3.6   -0.7      0.5
  SINCE MAR 1      2.9                       3.6   -0.7      0.5
  SINCE JUL 1     39.2                      37.7    1.5     25.9
  SNOW DEPTH      MM

DEGREE DAYS
 HEATING
  TODAY           48                        28     20       19
  MONTH TO DATE  340                       323     17      267
  SINCE MAR 1    340                       323     17      267
  SINCE JUL 1   3879                      4365   -486     3597

 COOLING
  TODAY            0                         0      0        0
  MONTH TO DATE    0                         0      0        0
  SINCE MAR 1      0                         0      0        0
  SINCE JAN 1      0                         0      0        0
..................................................................


WIND (MPH)
  HIGHEST WIND SPEED    32   HIGHEST WIND DIRECTION    NW (300)
  HIGHEST GUST SPEED    41   HIGHEST GUST DIRECTION    NW (300)
  AVERAGE WIND SPEED    20.2


SKY COVER
  POSSIBLE SUNSHINE  MM
  AVERAGE SKY COVER 0.4


WEATHER CONDITIONS
 THE FOLLOWING WEATHER WAS RECORDED TODAY.
  SNOW
  LIGHT SNOW
  FOG
  HAZE
  BLOWING SNOW


RELATIVE HUMIDITY (PERCENT)
 HIGHEST    73           100 AM
 LOWEST     34           200 PM
 AVERAGE    54

..........................................................


THE BOSTON MA CLIMATE NORMALS FOR TOMORROW
                         NORMAL    RECORD    YEAR
 MAXIMUM TEMPERATURE (F)   44        71      2012
 MINIMUM TEMPERATURE (F)   30         7      1900


SUNRISE AND SUNSET
MARCH 11 2017.........SUNRISE   603 AM EST   SUNSET   546 PM EST
MARCH 12 2017.........SUNRISE   701 AM EDT   SUNSET   647 PM EDT


-  INDICATES NEGATIVE NUMBERS.
R  INDICATES RECORD WAS SET OR TIED.
MM INDICATES DATA IS MISSING.
T  INDICATES TRACE AMOUNT.




$$
