000
CDUS41 KBOX 200559
CLIBOS


CLIMATE REPORT
NATIONAL WEATHER SERVICE TAUNTON MA
1258 AM EST THU NOV 20 2014


...................................

...THE BOSTON MA CLIMATE SUMMARY FOR NOVEMBER 19 2014...

CLIMATE NORMAL PERIOD 1981 TO 2010
CLIMATE RECORD PERIOD 1872 TO 2014


WEATHER ITEM   OBSERVED TIME   RECORD YEAR NORMAL DEPARTURE LAST
                VALUE   (LST)  VALUE       VALUE  FROM      YEAR
                                                  NORMAL
..................................................................
TEMPERATURE (F)
 YESTERDAY
  MAXIMUM         37    158 PM  75    1941  50    -13       50
  MINIMUM         24    702 AM  14    1936  37    -13       32
  AVERAGE         31                        44    -13       41

PRECIPITATION (IN)
  YESTERDAY        0.00          1.71 1926   0.14  -0.14     0.00
  MONTH TO DATE    3.42                      2.50   0.92     0.58
  SINCE SEP 1      9.95                      9.88   0.07     3.40
  SINCE JAN 1     36.84                     38.50  -1.66    33.60

SNOWFALL (IN)
  YESTERDAY        0.0           3.0  1986   0.0    0.0      0.0
  MONTH TO DATE    T                         0.4   -0.4       T
  SINCE SEP 1      T                         0.4   -0.4       T
  SINCE JUL 1      T                         0.4   -0.4       T
  SNOW DEPTH      MM

DEGREE DAYS
 HEATING
  YESTERDAY       34                        21     13       24
  MONTH TO DATE  399                       353     46      341
  SINCE SEP 1    746                       787    -41      691
  SINCE JUL 1    746                       800    -54      693

 COOLING
  YESTERDAY        0                         0      0        0
  MONTH TO DATE    0                         0      0        1
  SINCE SEP 1    130                        88     42       99
  SINCE JAN 1    769                       747     22      920
..................................................................


WIND (MPH)
  RESULTANT WIND SPEED  13   RESULTANT WIND DIRECTION   W (250)
  HIGHEST WIND SPEED    23   HIGHEST WIND DIRECTION     W (280)
  HIGHEST GUST SPEED    31   HIGHEST GUST DIRECTION     W (270)
  AVERAGE WIND SPEED    14.1


SKY COVER
  POSSIBLE SUNSHINE  MM
  AVERAGE SKY COVER 0.2


WEATHER CONDITIONS
 THE FOLLOWING WEATHER WAS RECORDED YESTERDAY.
  NO SIGNIFICANT WEATHER WAS OBSERVED.


RELATIVE HUMIDITY (PERCENT)
 HIGHEST    53          1100 PM
 LOWEST     29           200 PM
 AVERAGE    41

..........................................................


THE BOSTON MA CLIMATE NORMALS FOR TODAY
                         NORMAL    RECORD    YEAR
 MAXIMUM TEMPERATURE (F)   50        74      1953
 MINIMUM TEMPERATURE (F)   37        15      1894


SUNRISE AND SUNSET
NOVEMBER 20 2014......SUNRISE   641 AM EST   SUNSET   418 PM EST
NOVEMBER 21 2014......SUNRISE   642 AM EST   SUNSET   417 PM EST


-  INDICATES NEGATIVE NUMBERS.
R  INDICATES RECORD WAS SET OR TIED.
MM INDICATES DATA IS MISSING.
T  INDICATES TRACE AMOUNT.




$$
