000
CDUS41 KBOX 142142
CLIBOS


CLIMATE REPORT
NATIONAL WEATHER SERVICE TAUNTON MA
542 PM EDT SAT MAY 14 2016


...................................

...THE BOSTON MA CLIMATE SUMMARY FOR MAY 14 2016...
VALID AS OF 0500 PM LOCAL TIME.

CLIMATE NORMAL PERIOD 1981 TO 2010
CLIMATE RECORD PERIOD 1872 TO 2016


WEATHER ITEM   OBSERVED TIME   RECORD YEAR NORMAL DEPARTURE LAST
                VALUE   (LST)  VALUE       VALUE  FROM      YEAR
                                                  NORMAL
..................................................................
TEMPERATURE (F)
 TODAY
  MAXIMUM         77    149 PM  86    1879  65     12       69
  MINIMUM         59    528 AM  37    1895  49     10       49
  AVERAGE         68                        57     11       59

PRECIPITATION (IN)
  TODAY            T             3.77 2006   0.10  -0.10     0.00
  MONTH TO DATE    1.44                      1.46  -0.02     0.04
  SINCE MAR 1      7.51                      9.52  -2.01     5.37
  SINCE JAN 1     14.95                     16.13  -1.18    12.31

SNOWFALL (IN)
  TODAY            0.0           0.0  2002   0.0    0.0      0.0
                                      2001
                                      2000
  MONTH TO DATE    0.0                       0.1   -0.1      0.0
  SINCE MAR 1     10.7                       9.8    0.9      8.6
  SINCE JUL 1     36.1                      43.9   -7.8    110.6
  SNOW DEPTH      MM

DEGREE DAYS
 HEATING
  TODAY            0                         8     -8        6
  MONTH TO DATE  157                       141     16       77
  SINCE MAR 1   1380                      1480   -100     1556
  SINCE JUL 1   4710                      5522   -812     5871

 COOLING
  TODAY            3                         1      2        0
  MONTH TO DATE    3                         1      2       15
  SINCE MAR 1      6                         4      2       15
  SINCE JAN 1      6                         4      2       15
..................................................................


WIND (MPH)
  HIGHEST WIND SPEED    21   HIGHEST WIND DIRECTION     E (110)
  HIGHEST GUST SPEED    25   HIGHEST GUST DIRECTION    SE (120)
  AVERAGE WIND SPEED    10.0


SKY COVER
  POSSIBLE SUNSHINE  MM
  AVERAGE SKY COVER 0.3


WEATHER CONDITIONS
 THE FOLLOWING WEATHER WAS RECORDED TODAY.
  LIGHT RAIN


RELATIVE HUMIDITY (PERCENT)
 HIGHEST    84           100 AM
 LOWEST     33           100 PM
 AVERAGE    59

..........................................................


THE BOSTON MA CLIMATE NORMALS FOR TOMORROW
                         NORMAL    RECORD    YEAR
 MAXIMUM TEMPERATURE (F)   66        93      1900
 MINIMUM TEMPERATURE (F)   50        36      1947


SUNRISE AND SUNSET
MAY 14 2016...........SUNRISE   523 AM EDT   SUNSET   758 PM EDT
MAY 15 2016...........SUNRISE   522 AM EDT   SUNSET   759 PM EDT


-  INDICATES NEGATIVE NUMBERS.
R  INDICATES RECORD WAS SET OR TIED.
MM INDICATES DATA IS MISSING.
T  INDICATES TRACE AMOUNT.




$$
