000
CDUS41 KBOX 200559
CLIBOS


CLIMATE REPORT
NATIONAL WEATHER SERVICE TAUNTON MA
1259 AM EST FRI FEB 20 2015


...................................

...THE BOSTON MA CLIMATE SUMMARY FOR FEBRUARY 19 2015...

CLIMATE NORMAL PERIOD 1981 TO 2010
CLIMATE RECORD PERIOD 1872 TO 2015


WEATHER ITEM   OBSERVED TIME   RECORD YEAR NORMAL DEPARTURE LAST
                VALUE   (LST)  VALUE       VALUE  FROM      YEAR
                                                  NORMAL
..................................................................
TEMPERATURE (F)
 YESTERDAY
  MAXIMUM         30   1100 AM  65    1961  40    -10       36
  MINIMUM         10   1159 PM   4    1936  25    -15       21
                                      1903
                                      1885
  AVERAGE         20                        32    -12       29

PRECIPITATION (IN)
  YESTERDAY        0.06          2.40 1972   0.12  -0.06     0.25
  MONTH TO DATE    3.00                      2.14   0.86     3.81
  SINCE DEC 1     13.13                      9.28   3.85    11.67
  SINCE JAN 1      6.57                      5.50   1.07     7.05

SNOWFALL (IN)
  YESTERDAY        2.4           9.1  1964   0.4    2.0       T
  MONTH TO DATE   61.5                       7.4   54.1     22.5
  SINCE DEC 1     96.1                      29.3   66.8     56.0
  SINCE JUL 1     98.7                      30.6   68.1     56.0
  SNOW DEPTH      MM

DEGREE DAYS
 HEATING
  YESTERDAY       45                        33     12       36
  MONTH TO DATE  880                       647    233      706
  SINCE DEC 1   2901                      2702    199     2836
  SINCE JUL 1   3914                      3757    157     3852

 COOLING
  YESTERDAY        0                         0      0        0
  MONTH TO DATE    0                         0      0        0
  SINCE DEC 1      0                         0      0        0
  SINCE JAN 1      0                         0      0        0
..................................................................


WIND (MPH)
  RESULTANT WIND SPEED  13   RESULTANT WIND DIRECTION   W (260)
  HIGHEST WIND SPEED    30   HIGHEST WIND DIRECTION     W (260)
  HIGHEST GUST SPEED    40   HIGHEST GUST DIRECTION     W (250)
  AVERAGE WIND SPEED    14.0


SKY COVER
  POSSIBLE SUNSHINE  MM
  AVERAGE SKY COVER 0.6


WEATHER CONDITIONS
 THE FOLLOWING WEATHER WAS RECORDED YESTERDAY.
  LIGHT SNOW
  FOG
  HAZE
  BLOWING SNOW


RELATIVE HUMIDITY (PERCENT)
 HIGHEST    92           100 AM
 LOWEST     50           300 PM
 AVERAGE    71

..........................................................


THE BOSTON MA CLIMATE NORMALS FOR TODAY
                         NORMAL    RECORD    YEAR
 MAXIMUM TEMPERATURE (F)   40        68      1930
 MINIMUM TEMPERATURE (F)   26         0      1950


SUNRISE AND SUNSET
FEBRUARY 20 2015......SUNRISE   634 AM EST   SUNSET   522 PM EST
FEBRUARY 21 2015......SUNRISE   632 AM EST   SUNSET   524 PM EST


-  INDICATES NEGATIVE NUMBERS.
R  INDICATES RECORD WAS SET OR TIED.
MM INDICATES DATA IS MISSING.
T  INDICATES TRACE AMOUNT.




$$
