000
CDUS41 KBOX 220618
CLIBOS


CLIMATE REPORT
NATIONAL WEATHER SERVICE TAUNTON MA
218 AM EDT THU SEP 22 2016


...................................

...THE BOSTON MA CLIMATE SUMMARY FOR SEPTEMBER 21 2016...

CLIMATE NORMAL PERIOD 1981 TO 2010
CLIMATE RECORD PERIOD 1872 TO 2016


WEATHER ITEM   OBSERVED TIME   RECORD YEAR NORMAL DEPARTURE LAST
                VALUE   (LST)  VALUE       VALUE  FROM      YEAR
                                                  NORMAL
..................................................................
TEMPERATURE (F)
 YESTERDAY
  MAXIMUM         83    252 PM  94    1895  71     12       66
  MINIMUM         69    559 AM  40    1929  56     13       53
                                      1904
  AVERAGE         76                        63     13       60

PRECIPITATION (IN)
  YESTERDAY        0.00          2.77 1961   0.13  -0.13     0.00
  MONTH TO DATE    0.69                      2.32  -1.63     1.43
  SINCE SEP 1      0.69                      2.32  -1.63     1.43
  SINCE JAN 1     20.95                     30.94  -9.99    24.21

SNOWFALL (IN)
  YESTERDAY        0.0           0.0  2002   0.0    0.0      0.0
                                      2001
                                      2000
  MONTH TO DATE    0.0                       0.0    0.0      0.0
  SINCE SEP 1      0.0                       0.0    0.0      0.0
  SINCE JUL 1      0.0                       0.0    0.0      0.0
  SNOW DEPTH      MM

DEGREE DAYS
 HEATING
  YESTERDAY        0                         4     -4        5
  MONTH TO DATE    6                        39    -33        5
  SINCE SEP 1      6                        39    -33        5
  SINCE JUL 1     13                        52    -39        6

 COOLING
  YESTERDAY       11                         2      9        0
  MONTH TO DATE  118                        70     48      151
  SINCE SEP 1    118                        70     48      151
  SINCE JAN 1   1012                       729    283      901
..................................................................


WIND (MPH)
  RESULTANT WIND SPEED   7   RESULTANT WIND DIRECTION  NW (300)
  HIGHEST WIND SPEED    16   HIGHEST WIND DIRECTION    NW (300)
  HIGHEST GUST SPEED    20   HIGHEST GUST DIRECTION     W (290)
  AVERAGE WIND SPEED     8.3


SKY COVER
  POSSIBLE SUNSHINE  MM
  AVERAGE SKY COVER 0.5


WEATHER CONDITIONS
 THE FOLLOWING WEATHER WAS RECORDED YESTERDAY.
  NO SIGNIFICANT WEATHER WAS OBSERVED.


RELATIVE HUMIDITY (PERCENT)
 HIGHEST    90           100 AM
 LOWEST     23           100 PM
 AVERAGE    57

..........................................................


THE BOSTON MA CLIMATE NORMALS FOR TODAY
                         NORMAL    RECORD    YEAR
 MAXIMUM TEMPERATURE (F)   70        94      1895
 MINIMUM TEMPERATURE (F)   55        35      1904


SUNRISE AND SUNSET
SEPTEMBER 22 2016.....SUNRISE   632 AM EDT   SUNSET   641 PM EDT
SEPTEMBER 23 2016.....SUNRISE   633 AM EDT   SUNSET   639 PM EDT


-  INDICATES NEGATIVE NUMBERS.
R  INDICATES RECORD WAS SET OR TIED.
MM INDICATES DATA IS MISSING.
T  INDICATES TRACE AMOUNT.




$$
