000
CDUS41 KBOX 192137
CLIBOS


CLIMATE REPORT
NATIONAL WEATHER SERVICE TAUNTON MA
535 PM EDT SUN JUL 19 2015


...................................

...THE BOSTON MA CLIMATE SUMMARY FOR JULY 19 2015...
VALID AS OF 0500 PM LOCAL TIME.

CLIMATE NORMAL PERIOD 1981 TO 2010
CLIMATE RECORD PERIOD 1872 TO 2015


WEATHER ITEM   OBSERVED TIME   RECORD YEAR NORMAL DEPARTURE LAST
                VALUE   (LST)  VALUE       VALUE  FROM      YEAR
                                                  NORMAL
..................................................................
TEMPERATURE (F)
 TODAY
  MAXIMUM         90   1253 PM  99    2013  82      8       72
  MINIMUM         71    537 AM  54    1881  66      5       63
                                      1875
  AVERAGE         81                        74      7       68

PRECIPITATION (IN)
  TODAY            T             1.68 1882   0.12  -0.12     0.00
  MONTH TO DATE    2.00                      1.98   0.02     4.11
  SINCE JUN 1      7.01                      5.66   1.35     6.73
  SINCE JAN 1     20.50                     23.82  -3.32    24.68

SNOWFALL (IN)
  TODAY            0.0           0.0  2002   0.0    0.0      0.0
                                      2001
                                      2000
  MONTH TO DATE    0.0                       0.0    0.0      0.0
  SINCE JUN 1      0.0                       0.0    0.0      0.0
  SINCE JUL 1      0.0                       0.0    0.0      0.0
  SNOW DEPTH      MM

DEGREE DAYS
 HEATING
  TODAY            0                         0      0        0
  MONTH TO DATE    1                         0      1        0
  SINCE JUN 1     99                        55     44       28
  SINCE JUL 1      1                         0      1        0

 COOLING
  TODAY           16                         9      7        3
  MONTH TO DATE  144                       160    -16      199
  SINCE JUN 1    241                       296    -55      337
  SINCE JAN 1    302                       326    -24      359
..................................................................


WIND (MPH)
  HIGHEST WIND SPEED    16   HIGHEST WIND DIRECTION    SW (220)
  HIGHEST GUST SPEED    25   HIGHEST GUST DIRECTION    SW (210)
  AVERAGE WIND SPEED     8.5


SKY COVER
  POSSIBLE SUNSHINE  MM
  AVERAGE SKY COVER 0.7


WEATHER CONDITIONS
 THE FOLLOWING WEATHER WAS RECORDED TODAY.
  NO SIGNIFICANT WEATHER WAS OBSERVED.


RELATIVE HUMIDITY (PERCENT)
 HIGHEST    93           200 AM
 LOWEST     52           100 PM
 AVERAGE    73

..........................................................


THE BOSTON MA CLIMATE NORMALS FOR TOMORROW
                         NORMAL    RECORD    YEAR
 MAXIMUM TEMPERATURE (F)   82        99      1991
 MINIMUM TEMPERATURE (F)   66        54      1890
                                             1879


SUNRISE AND SUNSET
JULY 19 2015..........SUNRISE   524 AM EDT   SUNSET   816 PM EDT
JULY 20 2015..........SUNRISE   525 AM EDT   SUNSET   816 PM EDT


-  INDICATES NEGATIVE NUMBERS.
R  INDICATES RECORD WAS SET OR TIED.
MM INDICATES DATA IS MISSING.
T  INDICATES TRACE AMOUNT.




$$
