000
CDUS41 KBOX 152137
CLIBOS


CLIMATE REPORT
NATIONAL WEATHER SERVICE TAUNTON MA
528 PM EDT TUE JUL 15 2014


...................................

...THE BOSTON MA CLIMATE SUMMARY FOR JULY 15 2014...
VALID AS OF 0500 PM LOCAL TIME.

CLIMATE NORMAL PERIOD 1981 TO 2010
CLIMATE RECORD PERIOD 1872 TO 2014


WEATHER ITEM   OBSERVED TIME   RECORD YEAR NORMAL DEPARTURE LAST
                VALUE   (LST)  VALUE       VALUE  FROM      YEAR
                                                  NORMAL
..................................................................
TEMPERATURE (F)
 TODAY
  MAXIMUM         85    149 PM  98    1995  82      3       92
                                      1984
  MINIMUM         71    217 AM  54    1929  66      5       74
  AVERAGE         78                        74      4       83

PRECIPITATION (IN)
  TODAY            T             1.35 1959   0.12  -0.12     0.00
  MONTH TO DATE    3.26                      1.51   1.75     0.22
  SINCE JUN 1      5.88                      5.19   0.69    10.72
  SINCE JAN 1     23.83                     23.35   0.48    24.97

SNOWFALL (IN)
  TODAY            0.0           0.0  2001   0.0    0.0      0.0
  MONTH TO DATE    0.0                       0.0    0.0      0.0
  SINCE JUN 1      0.0                       0.0    0.0      0.0
  SINCE JUL 1      0.0                       0.0    0.0      0.0
  SNOW DEPTH       0

DEGREE DAYS
 HEATING
  TODAY            0                         0      0        0
  MONTH TO DATE    0                         0      0        0
  SINCE JUN 1     28                        55    -27       25
  SINCE JUL 1      0                         0      0        0

 COOLING
  TODAY           13                         9      4       18
  MONTH TO DATE  173                       124     49      197
  SINCE JUN 1    311                       260     51      368
  SINCE JAN 1    333                       290     43      406
..................................................................


WIND (MPH)
  HIGHEST WIND SPEED    21   HIGHEST WIND DIRECTION     S (200)
  HIGHEST GUST SPEED    25   HIGHEST GUST DIRECTION     S (200)
  AVERAGE WIND SPEED    11.0


SKY COVER
  POSSIBLE SUNSHINE  MM
  AVERAGE SKY COVER 0.7


WEATHER CONDITIONS
 THE FOLLOWING WEATHER WAS RECORDED TODAY.
  LIGHT RAIN
  FOG


RELATIVE HUMIDITY (PERCENT)
 HIGHEST   100           700 AM
 LOWEST     70           100 PM
 AVERAGE    85

..........................................................


THE BOSTON MA CLIMATE NORMALS FOR TOMORROW
                         NORMAL    RECORD    YEAR
 MAXIMUM TEMPERATURE (F)   82        99      1983
 MINIMUM TEMPERATURE (F)   66        54      1884
                                             1878


SUNRISE AND SUNSET
JULY 15 2014..........SUNRISE   521 AM EDT   SUNSET   819 PM EDT
JULY 16 2014..........SUNRISE   521 AM EDT   SUNSET   818 PM EDT


-  INDICATES NEGATIVE NUMBERS.
R  INDICATES RECORD WAS SET OR TIED.
MM INDICATES DATA IS MISSING.
T  INDICATES TRACE AMOUNT.




$$
