000
CDUS41 KBOX 030545
CLIBOS


CLIMATE REPORT
NATIONAL WEATHER SERVICE TAUNTON MA
136 AM EDT THU AUG 3 2017


...................................

...THE BOSTON MA CLIMATE SUMMARY FOR AUGUST 2 2017...

CLIMATE NORMAL PERIOD 1981 TO 2010
CLIMATE RECORD PERIOD 1872 TO 2017


WEATHER ITEM   OBSERVED TIME   RECORD YEAR NORMAL DEPARTURE LAST
                VALUE   (LST)  VALUE       VALUE  FROM      YEAR
                                                  NORMAL
..................................................................
TEMPERATURE (F)
 YESTERDAY
  MAXIMUM         81   1140 AM 102    1975  81      0       74
  MINIMUM         68    942 PM  54    1947  66      2       65
  AVERAGE         75                        74      1       70

PRECIPITATION (IN)
  YESTERDAY        0.96          1.97 1946   0.12   0.84     0.04
  MONTH TO DATE    0.96                      0.24   0.72     0.04
  SINCE JUN 1      9.84                      7.35   2.49     2.24
  SINCE JAN 1     30.67                     25.51   5.16    18.58

SNOWFALL (IN)
  YESTERDAY        0.0           0.0  2002   0.0    0.0      0.0
                                      2001
                                      2000
  MONTH TO DATE    0.0                       0.0    0.0      0.0
  SINCE JUN 1      0.0                       0.0    0.0      0.0
  SINCE JUL 1      0.0                       0.0    0.0      0.0
  SNOW DEPTH      MM

DEGREE DAYS
 HEATING
  YESTERDAY        0                         0      0        0
  MONTH TO DATE    0                         0      0        0
  SINCE JUN 1     60                        61     -1       24
  SINCE JUL 1     10                         6      4        7

 COOLING
  YESTERDAY       10                         9      1        5
  MONTH TO DATE   19                        18      1       12
  SINCE JUN 1    460                       420     40      499
  SINCE JAN 1    520                       450     70      544
..................................................................


WIND (MPH)
  RESULTANT WIND SPEED   4   RESULTANT WIND DIRECTION   S (160)
  HIGHEST WIND SPEED    31   HIGHEST WIND DIRECTION    NW (310)
  HIGHEST GUST SPEED    41   HIGHEST GUST DIRECTION     N (340)
  AVERAGE WIND SPEED     8.5


SKY COVER
  POSSIBLE SUNSHINE  MM
  AVERAGE SKY COVER 0.6


WEATHER CONDITIONS
 THE FOLLOWING WEATHER WAS RECORDED YESTERDAY.
  THUNDERSTORM
  HEAVY RAIN
  LIGHT RAIN
  FOG
  HAZE


RELATIVE HUMIDITY (PERCENT)
 HIGHEST   100           200 AM
 LOWEST     71           300 PM
 AVERAGE    86

..........................................................


THE BOSTON MA CLIMATE NORMALS FOR TODAY
                         NORMAL    RECORD    YEAR
 MAXIMUM TEMPERATURE (F)   81        98      1930
 MINIMUM TEMPERATURE (F)   66        55      1964
                                             1953
                                             1927


SUNRISE AND SUNSET
AUGUST  3 2017........SUNRISE   539 AM EDT   SUNSET   801 PM EDT
AUGUST  4 2017........SUNRISE   540 AM EDT   SUNSET   800 PM EDT


-  INDICATES NEGATIVE NUMBERS.
R  INDICATES RECORD WAS SET OR TIED.
MM INDICATES DATA IS MISSING.
T  INDICATES TRACE AMOUNT.




$$
