652
CDUS41 KBOX 190650
CLIBOS


CLIMATE REPORT
NATIONAL WEATHER SERVICE TAUNTON MA
140 AM EST FRI JAN 19 2018


...................................

...THE BOSTON MA CLIMATE SUMMARY FOR JANUARY 18 2018...

CLIMATE NORMAL PERIOD 1981 TO 2010
CLIMATE RECORD PERIOD 1872 TO 2018


WEATHER ITEM   OBSERVED TIME   RECORD YEAR NORMAL DEPARTURE LAST
                VALUE   (LST)  VALUE       VALUE  FROM      YEAR
                                                  NORMAL
..................................................................
TEMPERATURE (F)
 YESTERDAY
  MAXIMUM         32        MM  63    1990  35     -3       40
  MINIMUM         21        MM  -3    1974  22     -1       32
  AVERAGE         27                        29     -2       36

PRECIPITATION (IN)
  YESTERDAY        0.00          1.41 1915   0.10  -0.10     0.36
  MONTH TO DATE    3.42                      1.98   1.44     2.66
  SINCE DEC 1      5.91                      5.76   0.15     5.91
  SINCE JAN 1      3.42                      1.98   1.44     2.66

SNOWFALL (IN)
  YESTERDAY        0.0           9.3  2009   0.4   -0.4      0.0
  MONTH TO DATE   15.4                       7.7    7.7      8.3
  SINCE DEC 1     24.6                      16.7    7.9     14.2
  SINCE JUL 1     24.6                      18.0    6.6     14.2
  SNOW DEPTH      MM

DEGREE DAYS
 HEATING
  YESTERDAY       38                        36      2       29
  MONTH TO DATE  723                       644     79      568
  SINCE DEC 1   1780                      1583    197     1484
  SINCE JUL 1   2607                      2638    -31     2399

 COOLING
  YESTERDAY        0                         0      0        0
  MONTH TO DATE    0                         0      0        0
  SINCE DEC 1      0                         0      0        0
  SINCE JAN 1      0                         0      0        0
..................................................................


WIND (MPH)
  RESULTANT WIND SPEED  11   RESULTANT WIND DIRECTION  NW (300)
  HIGHEST WIND SPEED    14   HIGHEST WIND DIRECTION    NW (320)
  HIGHEST GUST SPEED    22   HIGHEST GUST DIRECTION    NW (320)
  AVERAGE WIND SPEED    11.2


SKY COVER
  POSSIBLE SUNSHINE  MM
  AVERAGE SKY COVER 0.2


WEATHER CONDITIONS
 THE FOLLOWING WEATHER WAS RECORDED YESTERDAY.
  NO SIGNIFICANT WEATHER WAS OBSERVED.


RELATIVE HUMIDITY (PERCENT)
 HIGHEST    85           100 AM
 LOWEST     53           300 PM
 AVERAGE    69

..........................................................


THE BOSTON MA CLIMATE NORMALS FOR TODAY
                         NORMAL    RECORD    YEAR
 MAXIMUM TEMPERATURE (F)   35        61      1951
                                             1915
 MINIMUM TEMPERATURE (F)   22        -6      1904


SUNRISE AND SUNSET
JANUARY 19 2018.......SUNRISE   709 AM EST   SUNSET   442 PM EST
JANUARY 20 2018.......SUNRISE   708 AM EST   SUNSET   443 PM EST


-  INDICATES NEGATIVE NUMBERS.
R  INDICATES RECORD WAS SET OR TIED.
MM INDICATES DATA IS MISSING.
T  INDICATES TRACE AMOUNT.




$$
