874
CDUS41 KBOX 010532
CLIBOS


CLIMATE REPORT
NATIONAL WEATHER SERVICE TAUNTON MA
1232 AM EST MON FEB 1 2016


...................................

...THE BOSTON MA CLIMATE SUMMARY FOR JANUARY 31 2016...

CLIMATE NORMAL PERIOD 1981 TO 2010
CLIMATE RECORD PERIOD 1872 TO 2016


WEATHER ITEM   OBSERVED TIME   RECORD YEAR NORMAL DEPARTURE LAST
                VALUE   (LST)  VALUE       VALUE  FROM      YEAR
                                                  NORMAL
..................................................................
TEMPERATURE (F)
 YESTERDAY
  MAXIMUM         57    250 PM  62    1913  36     21       21
  MINIMUM         38   1224 AM  -8    1920  23     15       11
  AVERAGE         48                        29     19       16

PRECIPITATION (IN)
  YESTERDAY        0.00          1.02 1914   0.11  -0.11     0.05
  MONTH TO DATE    3.27                      3.36  -0.09     3.57
  SINCE DEC 1      7.55                      7.14   0.41    10.13
  SINCE JAN 1      3.27                      3.36  -0.09     3.57

SNOWFALL (IN)
  YESTERDAY        0.0           7.4  1931   0.4   -0.4      1.3
  MONTH TO DATE    9.5                      12.9   -3.4     34.3
  SINCE DEC 1     10.4                      21.9  -11.5     34.6
  SINCE JUL 1     10.4                      23.2  -12.8     37.2
  SNOW DEPTH      MM

DEGREE DAYS
 HEATING
  YESTERDAY       17                        36    -19       49
  MONTH TO DATE 1001                      1112   -111     1198
  SINCE DEC 1   1604                      2055   -451     2021
  SINCE JUL 1   2459                      3110   -651     3034

 COOLING
  YESTERDAY        0                         0      0        0
  MONTH TO DATE    0                         0      0        0
  SINCE DEC 1      0                         0      0        0
  SINCE JAN 1      0                         0      0        0
..................................................................


WIND (MPH)
  RESULTANT WIND SPEED  12   RESULTANT WIND DIRECTION  SW (220)
  HIGHEST WIND SPEED    25   HIGHEST WIND DIRECTION    SW (230)
  HIGHEST GUST SPEED    31   HIGHEST GUST DIRECTION    SW (230)
  AVERAGE WIND SPEED    11.9


SKY COVER
  POSSIBLE SUNSHINE  MM
  AVERAGE SKY COVER 0.8


WEATHER CONDITIONS
 THE FOLLOWING WEATHER WAS RECORDED YESTERDAY.
  NO SIGNIFICANT WEATHER WAS OBSERVED.


RELATIVE HUMIDITY (PERCENT)
 HIGHEST    70           900 PM
 LOWEST     38           100 PM
 AVERAGE    54

..........................................................


THE BOSTON MA CLIMATE NORMALS FOR TODAY
                         NORMAL    RECORD    YEAR
 MAXIMUM TEMPERATURE (F)   36        66      1989
 MINIMUM TEMPERATURE (F)   23        -7      1920


SUNRISE AND SUNSET
FEBRUARY  1 2016......SUNRISE   658 AM EST   SUNSET   458 PM EST
FEBRUARY  2 2016......SUNRISE   657 AM EST   SUNSET   459 PM EST


-  INDICATES NEGATIVE NUMBERS.
R  INDICATES RECORD WAS SET OR TIED.
MM INDICATES DATA IS MISSING.
T  INDICATES TRACE AMOUNT.




$$
