000
CDUS41 KBOX 112132
CLIBOS


CLIMATE REPORT
NATIONAL WEATHER SERVICE TAUNTON MA
421 PM EST THU DEC 11 2014


...................................

...THE BOSTON MA CLIMATE SUMMARY FOR DECEMBER 11 2014...
VALID AS OF 0400 PM LOCAL TIME.

CLIMATE NORMAL PERIOD 1981 TO 2010
CLIMATE RECORD PERIOD 1872 TO 2014


WEATHER ITEM   OBSERVED TIME   RECORD YEAR NORMAL DEPARTURE LAST
                VALUE   (LST)  VALUE       VALUE  FROM      YEAR
                                                  NORMAL
..................................................................
TEMPERATURE (F)
 TODAY
  MAXIMUM         39    207 AM  68    1911  43     -4       32
  MINIMUM         33    124 PM  -2    1876  30      3       24
  AVERAGE         36                        36      0       28

PRECIPITATION (IN)
  TODAY            0.02          1.52 1936   0.13  -0.11     0.00
  MONTH TO DATE    5.11                      1.44   3.67     1.17
  SINCE DEC 1      5.11                      1.44   3.67     1.17
  SINCE JAN 1     43.80                     41.43   2.37    36.91

SNOWFALL (IN)
  TODAY           MM             2.7  1986   0.2   MM        0.0
  MONTH TO DATE    0.3                       2.3   -2.0      0.8
  SINCE DEC 1      0.3                       2.3   -2.0      0.8
  SINCE JUL 1      2.9                       3.6   -0.7      0.8
  SNOW DEPTH      MM

DEGREE DAYS
 HEATING
  TODAY           29                        29      0       37
  MONTH TO DATE  296                       297     -1      296
  SINCE DEC 1    296                       297     -1      296
  SINCE JUL 1   1309                      1352    -43     1312

 COOLING
  TODAY            0                         0      0        0
  MONTH TO DATE    0                         0      0        0
  SINCE DEC 1      0                         0      0        0
  SINCE JAN 1    769                       747     22      920
..................................................................


WIND (MPH)
  HIGHEST WIND SPEED    21   HIGHEST WIND DIRECTION    SW (240)
  HIGHEST GUST SPEED    28   HIGHEST GUST DIRECTION     W (250)
  AVERAGE WIND SPEED    12.2


SKY COVER
  POSSIBLE SUNSHINE  MM
  AVERAGE SKY COVER 1.0


WEATHER CONDITIONS
 THE FOLLOWING WEATHER WAS RECORDED TODAY.
  LIGHT RAIN
  LIGHT SNOW
  FOG


RELATIVE HUMIDITY (PERCENT)
 HIGHEST    92          1200 AM
 LOWEST     82           900 AM
 AVERAGE    87

..........................................................


THE BOSTON MA CLIMATE NORMALS FOR TOMORROW
                         NORMAL    RECORD    YEAR
 MAXIMUM TEMPERATURE (F)   42        68      1979
                                             1911
 MINIMUM TEMPERATURE (F)   29         2      1988


SUNRISE AND SUNSET
DECEMBER 11 2014......SUNRISE   703 AM EST   SUNSET   412 PM EST
DECEMBER 12 2014......SUNRISE   704 AM EST   SUNSET   412 PM EST


-  INDICATES NEGATIVE NUMBERS.
R  INDICATES RECORD WAS SET OR TIED.
MM INDICATES DATA IS MISSING.
T  INDICATES TRACE AMOUNT.




$$
