000
CDUS41 KBOX 070531
CLIBOS


CLIMATE REPORT
NATIONAL WEATHER SERVICE TAUNTON MA
128 AM EDT SAT OCT 7 2017


...................................

...THE BOSTON MA CLIMATE SUMMARY FOR OCTOBER 6 2017...

CLIMATE NORMAL PERIOD 1981 TO 2010
CLIMATE RECORD PERIOD 1872 TO 2017


WEATHER ITEM   OBSERVED TIME   RECORD YEAR NORMAL DEPARTURE LAST
                VALUE   (LST)  VALUE       VALUE  FROM      YEAR
                                                  NORMAL
..................................................................
TEMPERATURE (F)
 YESTERDAY
  MAXIMUM         78   1139 AM  86    1990  65     13       67
                                      1946
  MINIMUM         60   1115 PM  31    1883  50     10       49
  AVERAGE         69                        57     12       58

PRECIPITATION (IN)
  YESTERDAY        T             3.00 1962   0.14  -0.14     0.00
  MONTH TO DATE    T                         0.77  -0.77     0.74
  SINCE SEP 1      3.73                      4.21  -0.48     2.12
  SINCE JAN 1     35.02                     32.83   2.19    22.38

SNOWFALL (IN)
  YESTERDAY        0.0           0.0  2009   0.0    0.0      0.0
                                      2008
                                      2007
  MONTH TO DATE    0.0                       0.0    0.0      0.0
  SINCE SEP 1      0.0                       0.0    0.0      0.0
  SINCE JUL 1      0.0                       0.0    0.0      0.0
  SNOW DEPTH      MM

DEGREE DAYS
 HEATING
  YESTERDAY        0                         8     -8        7
  MONTH TO DATE   21                        45    -24       47
  SINCE SEP 1     58                       129    -71       93
  SINCE JUL 1     70                       142    -72      100

 COOLING
  YESTERDAY        4                         1      3        0
  MONTH TO DATE   11                         6      5        0
  SINCE SEP 1    122                        87     35      128
  SINCE JAN 1    851                       746    105     1022
..................................................................


WIND (MPH)
  RESULTANT WIND SPEED   3   RESULTANT WIND DIRECTION   W (270)
  HIGHEST WIND SPEED    15   HIGHEST WIND DIRECTION    NW (320)
  HIGHEST GUST SPEED    22   HIGHEST GUST DIRECTION    NW (330)
  AVERAGE WIND SPEED     6.2


SKY COVER
  POSSIBLE SUNSHINE  MM
  AVERAGE SKY COVER 0.6


WEATHER CONDITIONS
 THE FOLLOWING WEATHER WAS RECORDED YESTERDAY.
  LIGHT RAIN
  HAZE


RELATIVE HUMIDITY (PERCENT)
 HIGHEST    84           900 PM
 LOWEST     36          1100 AM
 AVERAGE    60

..........................................................


THE BOSTON MA CLIMATE NORMALS FOR TODAY
                         NORMAL    RECORD    YEAR
 MAXIMUM TEMPERATURE (F)   65        90      1963
 MINIMUM TEMPERATURE (F)   49        30      1883


SUNRISE AND SUNSET
OCTOBER  7 2017.......SUNRISE   648 AM EDT   SUNSET   615 PM EDT
OCTOBER  8 2017.......SUNRISE   649 AM EDT   SUNSET   613 PM EDT


-  INDICATES NEGATIVE NUMBERS.
R  INDICATES RECORD WAS SET OR TIED.
MM INDICATES DATA IS MISSING.
T  INDICATES TRACE AMOUNT.




$$
