000
CDUS41 KBOX 180612
CLIBOS


CLIMATE REPORT
NATIONAL WEATHER SERVICE TAUNTON MA
211 AM EDT SAT JUL 18 2015


...................................

...THE BOSTON MA CLIMATE SUMMARY FOR JULY 17 2015...

CLIMATE NORMAL PERIOD 1981 TO 2010
CLIMATE RECORD PERIOD 1872 TO 2015


WEATHER ITEM   OBSERVED TIME   RECORD YEAR NORMAL DEPARTURE LAST
                VALUE   (LST)  VALUE       VALUE  FROM      YEAR
                                                  NORMAL
..................................................................
TEMPERATURE (F)
 YESTERDAY
  MAXIMUM         75    607 PM  98    1999  82     -7       81
                                      1977
  MINIMUM         60    443 AM  54    1946  66     -6       67
                                      1892
  AVERAGE         68                        74     -6       74

PRECIPITATION (IN)
  YESTERDAY        T             1.12 1989   0.12  -0.12     0.00
  MONTH TO DATE    1.86                      1.74   0.12     4.11
  SINCE JUN 1      6.87                      5.42   1.45     6.73
  SINCE JAN 1     20.36                     23.58  -3.22    24.68

SNOWFALL (IN)
  YESTERDAY        0.0           0.0  2002   0.0    0.0      0.0
                                      2001
                                      2000
  MONTH TO DATE    0.0                       0.0    0.0      0.0
  SINCE JUN 1      0.0                       0.0    0.0      0.0
  SINCE JUL 1      0.0                       0.0    0.0      0.0
  SNOW DEPTH      MM

DEGREE DAYS
 HEATING
  YESTERDAY        0                         0      0        0
  MONTH TO DATE    1                         0      1        0
  SINCE JUN 1     99                        55     44       28
  SINCE JUL 1      1                         0      1        0

 COOLING
  YESTERDAY        3                         9     -6        9
  MONTH TO DATE  122                       142    -20      190
  SINCE JUN 1    219                       278    -59      328
  SINCE JAN 1    280                       308    -28      350
..................................................................


WIND (MPH)
  RESULTANT WIND SPEED   4   RESULTANT WIND DIRECTION   S (160)
  HIGHEST WIND SPEED    17   HIGHEST WIND DIRECTION     S (190)
  HIGHEST GUST SPEED    25   HIGHEST GUST DIRECTION     S (170)
  AVERAGE WIND SPEED     9.1


SKY COVER
  POSSIBLE SUNSHINE  MM
  AVERAGE SKY COVER 0.6


WEATHER CONDITIONS
 THE FOLLOWING WEATHER WAS RECORDED YESTERDAY.
  LIGHT RAIN


RELATIVE HUMIDITY (PERCENT)
 HIGHEST    84           100 AM
 LOWEST     60           600 PM
 AVERAGE    72

..........................................................


THE BOSTON MA CLIMATE NORMALS FOR TODAY
                         NORMAL    RECORD    YEAR
 MAXIMUM TEMPERATURE (F)   82        98      1982
 MINIMUM TEMPERATURE (F)   66        54      1881


SUNRISE AND SUNSET
JULY 18 2015..........SUNRISE   523 AM EDT   SUNSET   817 PM EDT
JULY 19 2015..........SUNRISE   524 AM EDT   SUNSET   816 PM EDT


-  INDICATES NEGATIVE NUMBERS.
R  INDICATES RECORD WAS SET OR TIED.
MM INDICATES DATA IS MISSING.
T  INDICATES TRACE AMOUNT.




$$
