000
CDUS41 KBOX 090538
CLIBOS


CLIMATE REPORT
NATIONAL WEATHER SERVICE TAUNTON MA
138 AM EDT SUN APR 9 2017


...................................

...THE BOSTON MA CLIMATE SUMMARY FOR APRIL 8 2017...

CLIMATE NORMAL PERIOD 1981 TO 2010
CLIMATE RECORD PERIOD 1872 TO 2017


WEATHER ITEM   OBSERVED TIME   RECORD YEAR NORMAL DEPARTURE LAST
                VALUE   (LST)  VALUE       VALUE  FROM      YEAR
                                                  NORMAL
..................................................................
TEMPERATURE (F)
 YESTERDAY
  MAXIMUM         49    333 PM  85    1991  53     -4       53
  MINIMUM         38    606 AM  21    1888  38      0       37
  AVERAGE         44                        46     -2       45

PRECIPITATION (IN)
  YESTERDAY        0.00          1.18 1894   0.14  -0.14      T
  MONTH TO DATE    3.60                      1.09   2.51     2.30
  SINCE MAR 1      7.78                      5.41   2.37     5.46
  SINCE JAN 1     15.25                     12.02   3.23    12.90

SNOWFALL (IN)
  YESTERDAY        0.0           4.6  1894   0.1   -0.1      0.0
  MONTH TO DATE    1.2                       0.9    0.3      6.6
  SINCE MAR 1     11.3                       8.7    2.6     10.7
  SINCE JUL 1     47.6                      42.8    4.8     36.1
  SNOW DEPTH      MM

DEGREE DAYS
 HEATING
  YESTERDAY       21                        20      1       20
  MONTH TO DATE  175                       167      8      183
  SINCE MAR 1   1126                       996    130      871
  SINCE JUL 1   4665                      5038   -373     4201

 COOLING
  YESTERDAY        0                         0      0        0
  MONTH TO DATE    0                         0      0        0
  SINCE MAR 1      0                         0      0        0
  SINCE JAN 1      0                         0      0        0
..................................................................


WIND (MPH)
  RESULTANT WIND SPEED  15   RESULTANT WIND DIRECTION   W (290)
  HIGHEST WIND SPEED    26   HIGHEST WIND DIRECTION     W (290)
  HIGHEST GUST SPEED    34   HIGHEST GUST DIRECTION     W (290)
  AVERAGE WIND SPEED    16.2


SKY COVER
  POSSIBLE SUNSHINE  MM
  AVERAGE SKY COVER 0.7


WEATHER CONDITIONS
 THE FOLLOWING WEATHER WAS RECORDED YESTERDAY.
  NO SIGNIFICANT WEATHER WAS OBSERVED.


RELATIVE HUMIDITY (PERCENT)
 HIGHEST    70           200 AM
 LOWEST     39           100 PM
 AVERAGE    55

..........................................................


THE BOSTON MA CLIMATE NORMALS FOR TODAY
                         NORMAL    RECORD    YEAR
 MAXIMUM TEMPERATURE (F)   53        85      1991
 MINIMUM TEMPERATURE (F)   39        24      1888
                                             1876


SUNRISE AND SUNSET
APRIL  9 2017.........SUNRISE   613 AM EDT   SUNSET   719 PM EDT
APRIL 10 2017.........SUNRISE   611 AM EDT   SUNSET   720 PM EDT


-  INDICATES NEGATIVE NUMBERS.
R  INDICATES RECORD WAS SET OR TIED.
MM INDICATES DATA IS MISSING.
T  INDICATES TRACE AMOUNT.




$$
