000
CDUS41 KBOX 240539
CLIBOS


CLIMATE REPORT
NATIONAL WEATHER SERVICE TAUNTON MA
135 AM EDT WED JUN 24 2015


...................................

...THE BOSTON MA CLIMATE SUMMARY FOR JUNE 23 2015...

CLIMATE NORMAL PERIOD 1981 TO 2010
CLIMATE RECORD PERIOD 1872 TO 2015


WEATHER ITEM   OBSERVED TIME   RECORD YEAR NORMAL DEPARTURE LAST
                VALUE   (LST)  VALUE       VALUE  FROM      YEAR
                                                  NORMAL
..................................................................
TEMPERATURE (F)
 YESTERDAY
  MAXIMUM         88    258 PM  96    1888  78     10       77
  MINIMUM         60   1256 AM  47    1932  62     -2       59
                                      1877
  AVERAGE         74                        70      4       68

PRECIPITATION (IN)
  YESTERDAY        0.01          1.36 2006   0.09  -0.08     0.00
  MONTH TO DATE    3.38                      3.00   0.38     2.34
  SINCE JUN 1      3.38                      3.00   0.38     2.34
  SINCE JAN 1     16.87                     21.16  -4.29    20.29

SNOWFALL (IN)
  YESTERDAY        0.0           0.0  2002   0.0    0.0      0.0
                                      2001
                                      2000
  MONTH TO DATE    0.0                       0.0    0.0      0.0
  SINCE JUN 1      0.0                       0.0    0.0      0.0
  SINCE JUL 1    110.6                      43.8   66.8     58.9
  SNOW DEPTH      MM

DEGREE DAYS
 HEATING
  YESTERDAY        0                         1     -1        0
  MONTH TO DATE   86                        51     35       28
  SINCE JUN 1     86                        51     35       28
  SINCE JUL 1   6017                      5677    340     5857

 COOLING
  YESTERDAY        9                         6      3        3
  MONTH TO DATE   74                        90    -16       85
  SINCE JUN 1     74                        90    -16       85
  SINCE JAN 1    135                       120     15      107
..................................................................


WIND (MPH)
  RESULTANT WIND SPEED   9   RESULTANT WIND DIRECTION  SW (220)
  HIGHEST WIND SPEED    28   HIGHEST WIND DIRECTION    SW (220)
  HIGHEST GUST SPEED    33   HIGHEST GUST DIRECTION    SW (230)
  AVERAGE WIND SPEED    11.5


SKY COVER
  POSSIBLE SUNSHINE  MM
  AVERAGE SKY COVER 0.7


WEATHER CONDITIONS
 THE FOLLOWING WEATHER WAS RECORDED YESTERDAY.
  LIGHT RAIN


RELATIVE HUMIDITY (PERCENT)
 HIGHEST   100           300 AM
 LOWEST     60          1100 PM
 AVERAGE    80

..........................................................


THE BOSTON MA CLIMATE NORMALS FOR TODAY
                         NORMAL    RECORD    YEAR
 MAXIMUM TEMPERATURE (F)   79        95      2013
                                             1976
 MINIMUM TEMPERATURE (F)   62        46      1932


SUNRISE AND SUNSET
JUNE 24 2015..........SUNRISE   508 AM EDT   SUNSET   825 PM EDT
JUNE 25 2015..........SUNRISE   508 AM EDT   SUNSET   825 PM EDT


-  INDICATES NEGATIVE NUMBERS.
R  INDICATES RECORD WAS SET OR TIED.
MM INDICATES DATA IS MISSING.
T  INDICATES TRACE AMOUNT.




$$
