000
CDUS41 KBOX 200528
CLIBOS


CLIMATE REPORT
NATIONAL WEATHER SERVICE TAUNTON MA
127 AM EDT FRI MAR 20 2015


...................................

...THE BOSTON MA CLIMATE SUMMARY FOR MARCH 19 2015...

CLIMATE NORMAL PERIOD 1981 TO 2010
CLIMATE RECORD PERIOD 1872 TO 2015


WEATHER ITEM   OBSERVED TIME   RECORD YEAR NORMAL DEPARTURE LAST
                VALUE   (LST)  VALUE       VALUE  FROM      YEAR
                                                  NORMAL
..................................................................
TEMPERATURE (F)
 YESTERDAY
  MAXIMUM         34    448 PM  74    2012  46    -12       41
  MINIMUM         19    602 AM   5    1876  32    -13       27
  AVERAGE         27                        39    -12       34

PRECIPITATION (IN)
  YESTERDAY        0.00          1.35 2013   0.15  -0.15      T
  MONTH TO DATE    1.74                      2.55  -0.81     0.53
  SINCE MAR 1      1.74                      2.55  -0.81     0.53
  SINCE JAN 1      8.68                      9.16  -0.48     7.90

SNOWFALL (IN)
  YESTERDAY        0.0          13.2  1956   0.2   -0.2      0.0
  MONTH TO DATE    6.6                       5.6    1.0      2.2
  SINCE MAR 1      6.6                       5.6    1.0      2.2
  SINCE JUL 1    108.6                      39.7   68.9     58.6
  SNOW DEPTH      MM

DEGREE DAYS
 HEATING
  YESTERDAY       38                        26     12       31
  MONTH TO DATE  622                       539     83      642
  SINCE MAR 1    622                       539     83      642
  SINCE JUL 1   4937                      4581    356     4790

 COOLING
  YESTERDAY        0                         0      0        0
  MONTH TO DATE    0                         0      0        0
  SINCE MAR 1      0                         0      0        0
  SINCE JAN 1      0                         0      0        0
..................................................................


WIND (MPH)
  RESULTANT WIND SPEED  16   RESULTANT WIND DIRECTION  NW (310)
  HIGHEST WIND SPEED    30   HIGHEST WIND DIRECTION    NW (310)
  HIGHEST GUST SPEED    41   HIGHEST GUST DIRECTION    NW (320)
  AVERAGE WIND SPEED    15.6


SKY COVER
  POSSIBLE SUNSHINE  MM
  AVERAGE SKY COVER 0.1


WEATHER CONDITIONS
 THE FOLLOWING WEATHER WAS RECORDED YESTERDAY.
  NO SIGNIFICANT WEATHER WAS OBSERVED.


RELATIVE HUMIDITY (PERCENT)
 HIGHEST    39           300 AM
 LOWEST     21           100 PM
 AVERAGE    30

..........................................................


THE BOSTON MA CLIMATE NORMALS FOR TODAY
                         NORMAL    RECORD    YEAR
 MAXIMUM TEMPERATURE (F)   46        79      1945
 MINIMUM TEMPERATURE (F)   32        10      1885


SUNRISE AND SUNSET
MARCH 20 2015.........SUNRISE   648 AM EDT   SUNSET   656 PM EDT
MARCH 21 2015.........SUNRISE   646 AM EDT   SUNSET   657 PM EDT


-  INDICATES NEGATIVE NUMBERS.
R  INDICATES RECORD WAS SET OR TIED.
MM INDICATES DATA IS MISSING.
T  INDICATES TRACE AMOUNT.




$$
