000
CDUS41 KBOX 102204
CLIBOS


CLIMATE REPORT
NATIONAL WEATHER SERVICE TAUNTON MA
600 PM EDT SUN JUL 10 2016


...................................

...THE BOSTON MA CLIMATE SUMMARY FOR JULY 10 2016...
VALID AS OF 0600 PM LOCAL TIME.

CLIMATE NORMAL PERIOD 1981 TO 2010
CLIMATE RECORD PERIOD 1872 TO 2016


WEATHER ITEM   OBSERVED TIME   RECORD YEAR NORMAL DEPARTURE LAST
                VALUE   (LST)  VALUE       VALUE  FROM      YEAR
                                                  NORMAL
..................................................................
TEMPERATURE (F)
 TODAY
  MAXIMUM         64    311 PM 101    1880  81    -17       77
  MINIMUM         60    537 AM  53    1890  65     -5       60
  AVERAGE         62                        73    -11       69

PRECIPITATION (IN)
  TODAY            0.08          2.39 1955   0.11  -0.03     1.12
  MONTH TO DATE    0.64                      0.94  -0.30     1.83
  SINCE JUN 1      1.97                      4.62  -2.65     6.84
  SINCE JAN 1     18.31                     22.78  -4.47    20.33

SNOWFALL (IN)
  TODAY            0.0           T    1955   0.0    0.0      0.0
  MONTH TO DATE    0.0                       0.0    0.0      0.0
  SINCE JUN 1      0.0                       0.0    0.0      0.0
  SINCE JUL 1      0.0                       0.0    0.0      0.0
  SNOW DEPTH       0

DEGREE DAYS
 HEATING
  TODAY            3                         0      3        0
  MONTH TO DATE    7                         0      7        0
  SINCE JUN 1     24                        55    -31       98
  SINCE JUL 1      7                         0      7        0

 COOLING
  TODAY            0                         8     -8        4
  MONTH TO DATE   69                        79    -10       66
  SINCE JUN 1    198                       215    -17      163
  SINCE JAN 1    243                       245     -2      224
..................................................................


WIND (MPH)
  HIGHEST WIND SPEED    10   HIGHEST WIND DIRECTION     E (70)
  HIGHEST GUST SPEED    14   HIGHEST GUST DIRECTION     E (110)
  AVERAGE WIND SPEED     7.9


SKY COVER
  POSSIBLE SUNSHINE  MM
  AVERAGE SKY COVER 0.7


WEATHER CONDITIONS
 THE FOLLOWING WEATHER WAS RECORDED TODAY.
  LIGHT RAIN
  FOG


RELATIVE HUMIDITY (PERCENT)
 HIGHEST    97           500 AM
 LOWEST     84          1200 PM
 AVERAGE    91

..........................................................


THE BOSTON MA CLIMATE NORMALS FOR TOMORROW
                         NORMAL    RECORD    YEAR
 MAXIMUM TEMPERATURE (F)   82       100      1911
 MINIMUM TEMPERATURE (F)   65        54      1890


SUNRISE AND SUNSET
JULY 10 2016..........SUNRISE   517 AM EDT   SUNSET   822 PM EDT
JULY 11 2016..........SUNRISE   518 AM EDT   SUNSET   821 PM EDT


-  INDICATES NEGATIVE NUMBERS.
R  INDICATES RECORD WAS SET OR TIED.
MM INDICATES DATA IS MISSING.
T  INDICATES TRACE AMOUNT.




$$
