000
CDUS41 KBOX 212136
CLIBOS


CLIMATE REPORT
NATIONAL WEATHER SERVICE TAUNTON MA
433 PM EST SAT FEB 21 2015


...................................

...THE BOSTON MA CLIMATE SUMMARY FOR FEBRUARY 21 2015...
VALID AS OF 0400 PM LOCAL TIME.

CLIMATE NORMAL PERIOD 1981 TO 2010
CLIMATE RECORD PERIOD 1872 TO 2015


WEATHER ITEM   OBSERVED TIME   RECORD YEAR NORMAL DEPARTURE LAST
                VALUE   (LST)  VALUE       VALUE  FROM      YEAR
                                                  NORMAL
..................................................................
TEMPERATURE (F)
 TODAY
  MAXIMUM         30    334 PM  63    1906  40    -10       44
  MINIMUM          4    637 AM  -1    1950  26    -22       34
  AVERAGE         17                        33    -16       39

PRECIPITATION (IN)
  TODAY            0.01          2.45 1898   0.12  -0.11     0.22
  MONTH TO DATE    3.01                      2.37   0.64     4.11
  SINCE DEC 1     13.14                      9.51   3.63    11.97
  SINCE JAN 1      6.58                      5.73   0.85     7.35

SNOWFALL (IN)
  TODAY            T             8.5  1947   0.4   -0.4      0.0
  MONTH TO DATE   61.5                       8.2   53.3     22.5
  SINCE DEC 1     96.1                      30.1   66.0     56.0
  SINCE JUL 1     98.7                      31.4   67.3     56.0
  SNOW DEPTH      MM

DEGREE DAYS
 HEATING
  TODAY           48                        32     16       26
  MONTH TO DATE  980                       711    269      756
  SINCE DEC 1   3001                      2766    235     2886
  SINCE JUL 1   4014                      3821    193     3902

 COOLING
  TODAY            0                         0      0        0
  MONTH TO DATE    0                         0      0        0
  SINCE DEC 1      0                         0      0        0
  SINCE JAN 1      0                         0      0        0
..................................................................


WIND (MPH)
  HIGHEST WIND SPEED    26   HIGHEST WIND DIRECTION     S (200)
  HIGHEST GUST SPEED    35   HIGHEST GUST DIRECTION    SW (210)
  AVERAGE WIND SPEED    12.1


SKY COVER
  POSSIBLE SUNSHINE  MM
  AVERAGE SKY COVER 0.4


WEATHER CONDITIONS
 THE FOLLOWING WEATHER WAS RECORDED TODAY.
  LIGHT SNOW
  FOG


RELATIVE HUMIDITY (PERCENT)
 HIGHEST    69           500 AM
 LOWEST     48          1200 AM
 AVERAGE    59

..........................................................


THE BOSTON MA CLIMATE NORMALS FOR TOMORROW
                         NORMAL    RECORD    YEAR
 MAXIMUM TEMPERATURE (F)   40        66      1997
 MINIMUM TEMPERATURE (F)   26         2      1918


SUNRISE AND SUNSET
FEBRUARY 21 2015......SUNRISE   632 AM EST   SUNSET   524 PM EST
FEBRUARY 22 2015......SUNRISE   631 AM EST   SUNSET   525 PM EST


-  INDICATES NEGATIVE NUMBERS.
R  INDICATES RECORD WAS SET OR TIED.
MM INDICATES DATA IS MISSING.
T  INDICATES TRACE AMOUNT.




$$
