000
CDUS41 KBOX 142129
CLIBOS


CLIMATE REPORT
NATIONAL WEATHER SERVICE TAUNTON MA
427 PM EST FRI NOV 14 2014


...................................

...THE BOSTON MA CLIMATE SUMMARY FOR NOVEMBER 14 2014...
VALID AS OF 0400 PM LOCAL TIME.

CLIMATE NORMAL PERIOD 1981 TO 2010
CLIMATE RECORD PERIOD 1872 TO 2014


WEATHER ITEM   OBSERVED TIME   RECORD YEAR NORMAL DEPARTURE LAST
                VALUE   (LST)  VALUE       VALUE  FROM      YEAR
                                                  NORMAL
..................................................................
TEMPERATURE (F)
 TODAY
  MAXIMUM         44    308 PM  71    1993  52     -8       52
                                      1989
                                      1973
  MINIMUM         34    358 AM  16    1905  39     -5       30
  AVERAGE         39                        45     -6       41

PRECIPITATION (IN)
  TODAY            0.23          1.49 2009   0.13   0.10     0.00
  MONTH TO DATE    1.78                      1.82  -0.04     0.39
  SINCE SEP 1      8.31                      9.20  -0.89     3.21
  SINCE JAN 1     35.20                     37.82  -2.62    33.41

SNOWFALL (IN)
  TODAY            T             0.9  1997   0.1   -0.1      0.0
  MONTH TO DATE    T                         0.3   -0.3       T
  SINCE SEP 1      T                         0.3   -0.3       T
  SINCE JUL 1      T                         0.3   -0.3       T
  SNOW DEPTH      MM

DEGREE DAYS
 HEATING
  TODAY           26                        20      6       24
  MONTH TO DATE  255                       250      5      263
  SINCE SEP 1    602                       684    -82      613
  SINCE JUL 1    602                       697    -95      615

 COOLING
  TODAY            0                         0      0        0
  MONTH TO DATE    0                         0      0        1
  SINCE SEP 1    130                        88     42       99
  SINCE JAN 1    769                       747     22      920
..................................................................


WIND (MPH)
  HIGHEST WIND SPEED    20   HIGHEST WIND DIRECTION     N (350)
  HIGHEST GUST SPEED    25   HIGHEST GUST DIRECTION    NW (310)
  AVERAGE WIND SPEED    11.6


SKY COVER
  POSSIBLE SUNSHINE  MM
  AVERAGE SKY COVER 0.7


WEATHER CONDITIONS
 THE FOLLOWING WEATHER WAS RECORDED TODAY.
  RAIN
  LIGHT RAIN
  SNOW
  LIGHT SNOW
  FOG


RELATIVE HUMIDITY (PERCENT)
 HIGHEST   100           400 AM
 LOWEST     33           400 PM
 AVERAGE    67

..........................................................


THE BOSTON MA CLIMATE NORMALS FOR TOMORROW
                         NORMAL    RECORD    YEAR
 MAXIMUM TEMPERATURE (F)   52        78      1993
 MINIMUM TEMPERATURE (F)   38        17      1933


SUNRISE AND SUNSET
NOVEMBER 14 2014......SUNRISE   634 AM EST   SUNSET   423 PM EST
NOVEMBER 15 2014......SUNRISE   635 AM EST   SUNSET   422 PM EST


-  INDICATES NEGATIVE NUMBERS.
R  INDICATES RECORD WAS SET OR TIED.
MM INDICATES DATA IS MISSING.
T  INDICATES TRACE AMOUNT.




$$
