000
CDUS41 KBOX 242142
CLIBOS


CLIMATE REPORT
NATIONAL WEATHER SERVICE TAUNTON MA
538 PM EDT WED SEP 24 2014


...................................

...THE BOSTON MA CLIMATE SUMMARY FOR SEPTEMBER 24 2014...
VALID AS OF 0500 PM LOCAL TIME.

CLIMATE NORMAL PERIOD 1981 TO 2010
CLIMATE RECORD PERIOD 1872 TO 2014


WEATHER ITEM   OBSERVED TIME   RECORD YEAR NORMAL DEPARTURE LAST
                VALUE   (LST)  VALUE       VALUE  FROM      YEAR
                                                  NORMAL
..................................................................
TEMPERATURE (F)
 TODAY
  MAXIMUM         66   1150 AM  90    1959  70     -4       68
  MINIMUM         54    604 AM  39    1974  54      0       47
                                      1963
                                      1885
  AVERAGE         60                        62     -2       58

PRECIPITATION (IN)
  TODAY            0.00          1.25 1955   0.13  -0.13     0.00
  MONTH TO DATE    0.52                      2.69  -2.17     2.21
  SINCE SEP 1      0.52                      2.69  -2.17     2.21
  SINCE JAN 1     27.41                     31.31  -3.90    32.41

SNOWFALL (IN)
  TODAY            0.0           0.0  2002   0.0    0.0      0.0
                                      2001
                                      2000
  MONTH TO DATE    0.0                       0.0    0.0      0.0
  SINCE SEP 1      0.0                       0.0    0.0      0.0
  SINCE JUL 1      0.0                       0.0    0.0      0.0
  SNOW DEPTH      MM

DEGREE DAYS
 HEATING
  TODAY            5                         4      1        7
  MONTH TO DATE   58                        51      7       49
  SINCE SEP 1     58                        51      7       49
  SINCE JUL 1     58                        64     -6       51

 COOLING
  TODAY            0                         1     -1        0
  MONTH TO DATE  104                        74     30       82
  SINCE SEP 1    104                        74     30       82
  SINCE JAN 1    743                       733     10      903
..................................................................


WIND (MPH)
  HIGHEST WIND SPEED    15   HIGHEST WIND DIRECTION    NE (60)
  HIGHEST GUST SPEED    20   HIGHEST GUST DIRECTION    NE (50)
  AVERAGE WIND SPEED     9.7


SKY COVER
  POSSIBLE SUNSHINE  MM
  AVERAGE SKY COVER 0.4


WEATHER CONDITIONS
 THE FOLLOWING WEATHER WAS RECORDED TODAY.
  NO SIGNIFICANT WEATHER WAS OBSERVED.


RELATIVE HUMIDITY (PERCENT)
 HIGHEST    83           600 AM
 LOWEST     64          1200 AM
 AVERAGE    74

..........................................................


THE BOSTON MA CLIMATE NORMALS FOR TOMORROW
                         NORMAL    RECORD    YEAR
 MAXIMUM TEMPERATURE (F)   69        89      1926
 MINIMUM TEMPERATURE (F)   54        38      1950


SUNRISE AND SUNSET
SEPTEMBER 24 2014.....SUNRISE   634 AM EDT   SUNSET   638 PM EDT
SEPTEMBER 25 2014.....SUNRISE   635 AM EDT   SUNSET   636 PM EDT


-  INDICATES NEGATIVE NUMBERS.
R  INDICATES RECORD WAS SET OR TIED.
MM INDICATES DATA IS MISSING.
T  INDICATES TRACE AMOUNT.




$$
