663
CDUS41 KBOX 170615
CLIBOS


CLIMATE REPORT
NATIONAL WEATHER SERVICE TAUNTON MA
115 AM EST FRI NOV 17 2017


...................................

...THE BOSTON MA CLIMATE SUMMARY FOR NOVEMBER 16 2017...

CLIMATE NORMAL PERIOD 1981 TO 2010
CLIMATE RECORD PERIOD 1872 TO 2017


WEATHER ITEM   OBSERVED TIME   RECORD YEAR NORMAL DEPARTURE LAST
                VALUE   (LST)  VALUE       VALUE  FROM      YEAR
                                                  NORMAL
..................................................................
TEMPERATURE (F)
 YESTERDAY
  MAXIMUM         50   1233 PM  76    1927  51     -1       55
  MINIMUM         38   1237 AM  12    1933  38      0       51
  AVERAGE         44                        45     -1       53

PRECIPITATION (IN)
  YESTERDAY        0.19          1.69 1983   0.13   0.06     0.03
  MONTH TO DATE    0.59                      2.09  -1.50     1.20
  SINCE SEP 1      8.46                      9.47  -1.01     8.04
  SINCE JAN 1     39.75                     38.09   1.66    28.30

SNOWFALL (IN)
  YESTERDAY        0.0           0.4  1916   0.0    0.0      0.0
  MONTH TO DATE    0.0                       0.3   -0.3       T
  SINCE SEP 1      0.0                       0.3   -0.3       T
  SINCE JUL 1      0.0                       0.3   -0.3       T
  SNOW DEPTH      MM

DEGREE DAYS
 HEATING
  YESTERDAY       21                        20      1       12
  MONTH TO DATE  314                       290     24      250
  SINCE SEP 1    496                       724   -228      601
  SINCE JUL 1    508                       737   -229      608

 COOLING
  YESTERDAY        0                         0      0        0
  MONTH TO DATE    0                         0      0        0
  SINCE SEP 1    151                        88     63      141
  SINCE JAN 1    880                       747    133     1035
..................................................................


WIND (MPH)
  RESULTANT WIND SPEED   5   RESULTANT WIND DIRECTION   S (180)
  HIGHEST WIND SPEED    23   HIGHEST WIND DIRECTION     W (270)
  HIGHEST GUST SPEED    30   HIGHEST GUST DIRECTION     W (270)
  AVERAGE WIND SPEED    10.1


SKY COVER
  POSSIBLE SUNSHINE  MM
  AVERAGE SKY COVER 0.9


WEATHER CONDITIONS
 THE FOLLOWING WEATHER WAS RECORDED YESTERDAY.
  RAIN
  LIGHT RAIN
  FOG


RELATIVE HUMIDITY (PERCENT)
 HIGHEST   100           300 PM
 LOWEST     76           600 AM
 AVERAGE    88

..........................................................


THE BOSTON MA CLIMATE NORMALS FOR TODAY
                         NORMAL    RECORD    YEAR
 MAXIMUM TEMPERATURE (F)   51        76      1928
 MINIMUM TEMPERATURE (F)   38        14      1924


SUNRISE AND SUNSET
NOVEMBER 17 2017......SUNRISE   638 AM EST   SUNSET   420 PM EST
NOVEMBER 18 2017......SUNRISE   639 AM EST   SUNSET   419 PM EST


-  INDICATES NEGATIVE NUMBERS.
R  INDICATES RECORD WAS SET OR TIED.
MM INDICATES DATA IS MISSING.
T  INDICATES TRACE AMOUNT.




$$
