000
CDUS41 KBOX 172143
CLIBOS


CLIMATE REPORT
NATIONAL WEATHER SERVICE TAUNTON MA
532 PM EDT SUN APR 17 2016


...................................

...THE BOSTON MA CLIMATE SUMMARY FOR APRIL 17 2016...
VALID AS OF 0500 PM LOCAL TIME.

CLIMATE NORMAL PERIOD 1981 TO 2010
CLIMATE RECORD PERIOD 1872 TO 2016


WEATHER ITEM   OBSERVED TIME   RECORD YEAR NORMAL DEPARTURE LAST
                VALUE   (LST)  VALUE       VALUE  FROM      YEAR
                                                  NORMAL
..................................................................
TEMPERATURE (F)
 TODAY
  MAXIMUM         54    303 PM  93    2002  56     -2       65
  MINIMUM         39    440 AM  26    1908  41     -2       47
  AVERAGE         47                        49     -2       56

PRECIPITATION (IN)
  TODAY            0.00          2.47 1954   0.12  -0.12     0.06
  MONTH TO DATE    2.53                      2.28   0.25     0.96
  SINCE MAR 1      5.69                      6.60  -0.91     4.01
  SINCE JAN 1     13.13                     13.21  -0.08    10.95

SNOWFALL (IN)
  TODAY            0.0           0.6  1935   0.0    0.0      0.0
  MONTH TO DATE    6.6                       1.6    5.0       T
  SINCE MAR 1     10.7                       9.4    1.3      8.6
  SINCE JUL 1     36.1                      43.5   -7.4    110.6
  SNOW DEPTH      MM

DEGREE DAYS
 HEATING
  TODAY           18                        16      2        9
  MONTH TO DATE  357                       326     31      302
  SINCE MAR 1   1045                      1155   -110     1279
  SINCE JUL 1   4375                      5197   -822     5594

 COOLING
  TODAY            0                         0      0        0
  MONTH TO DATE    0                         0      0        0
  SINCE MAR 1      0                         0      0        0
  SINCE JAN 1      0                         0      0        0
..................................................................


WIND (MPH)
  HIGHEST WIND SPEED    12   HIGHEST WIND DIRECTION    SE (130)
  HIGHEST GUST SPEED    16   HIGHEST GUST DIRECTION    SE (120)
  AVERAGE WIND SPEED     7.7


SKY COVER
  POSSIBLE SUNSHINE  MM
  AVERAGE SKY COVER 0.2


WEATHER CONDITIONS
 THE FOLLOWING WEATHER WAS RECORDED TODAY.
  NO SIGNIFICANT WEATHER WAS OBSERVED.


RELATIVE HUMIDITY (PERCENT)
 HIGHEST    70           300 AM
 LOWEST     35           400 PM
 AVERAGE    53

..........................................................


THE BOSTON MA CLIMATE NORMALS FOR TOMORROW
                         NORMAL    RECORD    YEAR
 MAXIMUM TEMPERATURE (F)   57        94      1976
 MINIMUM TEMPERATURE (F)   42        26      1887
                                             1875


SUNRISE AND SUNSET
APRIL 17 2016.........SUNRISE   559 AM EDT   SUNSET   729 PM EDT
APRIL 18 2016.........SUNRISE   558 AM EDT   SUNSET   730 PM EDT


-  INDICATES NEGATIVE NUMBERS.
R  INDICATES RECORD WAS SET OR TIED.
MM INDICATES DATA IS MISSING.
T  INDICATES TRACE AMOUNT.




$$
