000
CDUS41 KBOX 140544
CLIBOS


CLIMATE REPORT
NATIONAL WEATHER SERVICE TAUNTON MA
1244 AM EST TUE FEB 14 2017


...................................

...THE BOSTON MA CLIMATE SUMMARY FOR FEBRUARY 13 2017...

CLIMATE NORMAL PERIOD 1981 TO 2010
CLIMATE RECORD PERIOD 1872 TO 2017


WEATHER ITEM   OBSERVED TIME   RECORD YEAR NORMAL DEPARTURE LAST
                VALUE   (LST)  VALUE       VALUE  FROM      YEAR
                                                  NORMAL
..................................................................
TEMPERATURE (F)
 YESTERDAY
  MAXIMUM         34    124 PM  66    1951  38     -4       24
  MINIMUM         24   1110 PM  -4    2016  24      0       -4
  AVERAGE         29                        31     -2       10

PRECIPITATION (IN)
  YESTERDAY        0.09          2.66 2008   0.12  -0.03     0.00
  MONTH TO DATE    2.83                      1.43   1.40     1.84
  SINCE DEC 1     10.33                      8.57   1.76     9.39
  SINCE JAN 1      7.08                      4.79   2.29     5.11

SNOWFALL (IN)
  YESTERDAY        2.2           9.5  1894   0.4    1.8      0.0
  MONTH TO DATE   19.8                       5.0   14.8     13.6
  SINCE DEC 1     34.6                      26.9    7.7     24.0
  SINCE JUL 1     34.6                      28.2    6.4     24.0
  SNOW DEPTH      MM

DEGREE DAYS
 HEATING
  YESTERDAY       36                        34      2       55
  MONTH TO DATE  451                       449      2      425
  SINCE DEC 1   2286                      2504   -218     2029
  SINCE JUL 1   3201                      3559   -358     2884

 COOLING
  YESTERDAY        0                         0      0        0
  MONTH TO DATE    0                         0      0        0
  SINCE DEC 1      0                         0      0        0
  SINCE JAN 1      0                         0      0        0
..................................................................


WIND (MPH)
  RESULTANT WIND SPEED  19   RESULTANT WIND DIRECTION  NW (320)
  HIGHEST WIND SPEED    35   HIGHEST WIND DIRECTION    NW (320)
  HIGHEST GUST SPEED    46   HIGHEST GUST DIRECTION    NW (320)
  AVERAGE WIND SPEED    20.0


SKY COVER
  POSSIBLE SUNSHINE  MM
  AVERAGE SKY COVER 0.8


WEATHER CONDITIONS
 THE FOLLOWING WEATHER WAS RECORDED YESTERDAY.
  RAIN
  LIGHT SNOW
  FOG


RELATIVE HUMIDITY (PERCENT)
 HIGHEST   100          1200 AM
 LOWEST     57           900 PM
 AVERAGE    79

..........................................................


THE BOSTON MA CLIMATE NORMALS FOR TODAY
                         NORMAL    RECORD    YEAR
 MAXIMUM TEMPERATURE (F)   39        59      1946
                                             1884
 MINIMUM TEMPERATURE (F)   25        -9      2016


SUNRISE AND SUNSET
FEBRUARY 14 2017......SUNRISE   642 AM EST   SUNSET   515 PM EST
FEBRUARY 15 2017......SUNRISE   640 AM EST   SUNSET   517 PM EST


-  INDICATES NEGATIVE NUMBERS.
R  INDICATES RECORD WAS SET OR TIED.
MM INDICATES DATA IS MISSING.
T  INDICATES TRACE AMOUNT.




$$
