000
CDUS41 KBOX 142127
CLIBOS


CLIMATE REPORT
NATIONAL WEATHER SERVICE TAUNTON MA
526 PM EDT THU MAY 14 2015


...................................

...THE BOSTON MA CLIMATE SUMMARY FOR MAY 14 2015...
VALID TODAY AS OF 0500 PM LOCAL TIME.

CLIMATE NORMAL PERIOD 1981 TO 2010
CLIMATE RECORD PERIOD 1872 TO 2015


WEATHER ITEM   OBSERVED TIME   RECORD YEAR NORMAL DEPARTURE LAST
                VALUE   (LST)  VALUE       VALUE  FROM      YEAR
                                                  NORMAL
..................................................................
TEMPERATURE (F)
 TODAY
  MAXIMUM         69   1259 PM  86    1879  65      4       63
  MINIMUM         49    418 AM  37    1895  49      0       46
  AVERAGE         59                        57      2       55

PRECIPITATION (IN)
  TODAY            0.00          3.77 2006   0.10  -0.10      T
  MONTH TO DATE    0.04                      1.46  -1.42     0.97
  SINCE MAR 1      5.37                      9.52  -4.15     8.69
  SINCE JAN 1     12.31                     16.13  -3.82    16.06

SNOWFALL (IN)
  TODAY            0.0           0.0  2002   0.0    0.0      0.0
                                      2001
                                      2000
  MONTH TO DATE    0.0                       0.1   -0.1      0.0
  SINCE MAR 1      8.6                       9.8   -1.2      2.5
  SINCE JUL 1    110.6                      43.9   66.7     58.9
  SNOW DEPTH      MM

DEGREE DAYS
 HEATING
  TODAY            6                         8     -2       10
  MONTH TO DATE   77                       141    -64      102
  SINCE MAR 1   1556                      1480     76     1573
  SINCE JUL 1   5871                      5522    349     5721

 COOLING
  TODAY            0                         1     -1        0
  MONTH TO DATE   15                         1     14       14
  SINCE MAR 1     15                         4     11       15
  SINCE JAN 1     15                         4     11       15
..................................................................


WIND (MPH)
  HIGHEST WIND SPEED    22   HIGHEST WIND DIRECTION     E (110)
  HIGHEST GUST SPEED    24   HIGHEST GUST DIRECTION     E (110)
  AVERAGE WIND SPEED    10.2


SKY COVER
  POSSIBLE SUNSHINE  MM
  AVERAGE SKY COVER 0.0


WEATHER CONDITIONS
 THE FOLLOWING WEATHER WAS RECORDED TODAY.
  NO SIGNIFICANT WEATHER WAS OBSERVED.


RELATIVE HUMIDITY (PERCENT)
 HIGHEST    51           400 PM
 LOWEST     17           100 PM
 AVERAGE    34

..........................................................


THE BOSTON MA CLIMATE NORMALS FOR TOMORROW
                         NORMAL    RECORD    YEAR
 MAXIMUM TEMPERATURE (F)   66        93      1900
 MINIMUM TEMPERATURE (F)   50        36      1947


SUNRISE AND SUNSET
MAY 14 2015...........SUNRISE   524 AM EDT   SUNSET   758 PM EDT
MAY 15 2015...........SUNRISE   523 AM EDT   SUNSET   759 PM EDT


-  INDICATES NEGATIVE NUMBERS.
R  INDICATES RECORD WAS SET OR TIED.
MM INDICATES DATA IS MISSING.
T  INDICATES TRACE AMOUNT.




$$
