000
CDUS41 KBOX 050543
CLIBOS


CLIMATE REPORT
NATIONAL WEATHER SERVICE TAUNTON MA
1238 AM EST THU JAN 5 2017


...................................

...THE BOSTON MA CLIMATE SUMMARY FOR JANUARY 4 2017...

CLIMATE NORMAL PERIOD 1981 TO 2010
CLIMATE RECORD PERIOD 1872 TO 2017


WEATHER ITEM   OBSERVED TIME   RECORD YEAR NORMAL DEPARTURE LAST
                VALUE   (LST)  VALUE       VALUE  FROM      YEAR
                                                  NORMAL
..................................................................
TEMPERATURE (F)
 YESTERDAY
  MAXIMUM         48        MM  64    1950  36     12       36
  MINIMUM         33        MM  -4    1981  23     10       14
  AVERAGE         41                        30     11       25

PRECIPITATION (IN)
  YESTERDAY        0.06          1.57 1982   0.11  -0.05      T
  MONTH TO DATE    1.02                      0.44   0.58      T
  SINCE DEC 1      4.27                      4.22   0.05     4.28
  SINCE JAN 1      1.02                      0.44   0.58      T

SNOWFALL (IN)
  YESTERDAY        T             7.9  1994   0.4   -0.4       T
  MONTH TO DATE    T                         1.6   -1.6       T
  SINCE DEC 1      5.9                      10.6   -4.7      0.9
  SINCE JUL 1      5.9                      11.9   -6.0      0.9
  SNOW DEPTH      MM

DEGREE DAYS
 HEATING
  YESTERDAY       24                        35    -11       40
  MONTH TO DATE  103                       140    -37      124
  SINCE DEC 1   1019                      1079    -60      727
  SINCE JUL 1   1934                      2134   -200     1582

 COOLING
  YESTERDAY        0                         0      0        0
  MONTH TO DATE    0                         0      0        0
  SINCE DEC 1      0                         0      0        0
  SINCE JAN 1      0                         0      0        0
..................................................................


WIND (MPH)
  RESULTANT WIND SPEED   9   RESULTANT WIND DIRECTION   W (260)
  HIGHEST WIND SPEED    20   HIGHEST WIND DIRECTION     W (270)
  HIGHEST GUST SPEED    37   HIGHEST GUST DIRECTION     W (250)
  AVERAGE WIND SPEED    12.5


SKY COVER
  POSSIBLE SUNSHINE  MM
  AVERAGE SKY COVER 0.9


WEATHER CONDITIONS
 THE FOLLOWING WEATHER WAS RECORDED YESTERDAY.
  LIGHT RAIN
  LIGHT SNOW
  FOG


RELATIVE HUMIDITY (PERCENT)
 HIGHEST   100          1200 AM
 LOWEST     56          1100 PM
 AVERAGE    78

..........................................................


THE BOSTON MA CLIMATE NORMALS FOR TODAY
                         NORMAL    RECORD    YEAR
 MAXIMUM TEMPERATURE (F)   36        63      2007
 MINIMUM TEMPERATURE (F)   23        -4      1981


SUNRISE AND SUNSET
JANUARY  5 2017.......SUNRISE   713 AM EST   SUNSET   426 PM EST
JANUARY  6 2017.......SUNRISE   713 AM EST   SUNSET   427 PM EST


-  INDICATES NEGATIVE NUMBERS.
R  INDICATES RECORD WAS SET OR TIED.
MM INDICATES DATA IS MISSING.
T  INDICATES TRACE AMOUNT.




$$
