000
CDUS41 KBOX 112138
CLIBOS


CLIMATE REPORT
NATIONAL WEATHER SERVICE TAUNTON MA
428 PM EST SAT NOV 11 2017


...................................

...THE BOSTON MA CLIMATE SUMMARY FOR NOVEMBER 11 2017...
VALID AS OF 0400 PM LOCAL TIME.

CLIMATE NORMAL PERIOD 1981 TO 2010
CLIMATE RECORD PERIOD 1872 TO 2017


WEATHER ITEM   OBSERVED TIME   RECORD YEAR NORMAL DEPARTURE LAST
                VALUE   (LST)  VALUE       VALUE  FROM      YEAR
                                                  NORMAL
..................................................................
TEMPERATURE (F)
 TODAY
  MAXIMUM         37    330 PM  69    2002  53    -16       60
                                      1966
  MINIMUM         23R   715 AM  24    1901  39    -16       38
  AVERAGE         30                        46    -16       49

PRECIPITATION (IN)
  TODAY            0.00          1.10 1991   0.13  -0.13     0.00
  MONTH TO DATE    0.27                      1.42  -1.15     0.18
  SINCE SEP 1      8.14                      8.80  -0.66     7.02
  SINCE JAN 1     39.43                     37.42   2.01    27.28

SNOWFALL (IN)
  TODAY            0.0           3.0  1987   0.0    0.0      0.0
  MONTH TO DATE    0.0                       0.2   -0.2       T
  SINCE SEP 1      0.0                       0.2   -0.2       T
  SINCE JUL 1      0.0                       0.2   -0.2       T
  SNOW DEPTH      MM

DEGREE DAYS
 HEATING
  TODAY           35                        19     16       16
  MONTH TO DATE  190                       192     -2      175
  SINCE SEP 1    372                       626   -254      526
  SINCE JUL 1    384                       639   -255      533

 COOLING
  TODAY            0                         0      0        0
  MONTH TO DATE    0                         0      0        0
  SINCE SEP 1    151                        88     63      141
  SINCE JAN 1    880                       747    133     1035
..................................................................


WIND (MPH)
  HIGHEST WIND SPEED    20   HIGHEST WIND DIRECTION    NW (310)
  HIGHEST GUST SPEED    27   HIGHEST GUST DIRECTION    NW (300)
  AVERAGE WIND SPEED    12.3


SKY COVER
  POSSIBLE SUNSHINE  MM
  AVERAGE SKY COVER 0.0


WEATHER CONDITIONS
 THE FOLLOWING WEATHER WAS RECORDED TODAY.
  NO SIGNIFICANT WEATHER WAS OBSERVED.


RELATIVE HUMIDITY (PERCENT)
 HIGHEST    54           700 AM
 LOWEST     27           300 PM
 AVERAGE    41

..........................................................


THE BOSTON MA CLIMATE NORMALS FOR TOMORROW
                         NORMAL    RECORD    YEAR
 MAXIMUM TEMPERATURE (F)   53        76      1909
 MINIMUM TEMPERATURE (F)   39        25      1926
                                             1894


SUNRISE AND SUNSET
NOVEMBER 11 2017......SUNRISE   630 AM EST   SUNSET   426 PM EST
NOVEMBER 12 2017......SUNRISE   631 AM EST   SUNSET   425 PM EST


-  INDICATES NEGATIVE NUMBERS.
R  INDICATES RECORD WAS SET OR TIED.
MM INDICATES DATA IS MISSING.
T  INDICATES TRACE AMOUNT.




$$
