000
CDUS41 KBOX 090612
CLIBOS


CLIMATE REPORT
NATIONAL WEATHER SERVICE TAUNTON MA
210 AM EDT SAT JUL 9 2016


...................................

...THE BOSTON MA CLIMATE SUMMARY FOR JULY 8 2016...

CLIMATE NORMAL PERIOD 1981 TO 2010
CLIMATE RECORD PERIOD 1872 TO 2016


WEATHER ITEM   OBSERVED TIME   RECORD YEAR NORMAL DEPARTURE LAST
                VALUE   (LST)  VALUE       VALUE  FROM      YEAR
                                                  NORMAL
..................................................................
TEMPERATURE (F)
 YESTERDAY
  MAXIMUM         67    122 PM  99    1937  81    -14       88
  MINIMUM         61   1141 PM  55    2000  65     -4       69
                                      1909
  AVERAGE         64                        73     -9       79

PRECIPITATION (IN)
  YESTERDAY        0.02          1.87 1915   0.09  -0.07      T
  MONTH TO DATE    0.45                      0.73  -0.28     0.56
  SINCE JUN 1      1.78                      4.41  -2.63     5.57
  SINCE JAN 1     18.12                     22.57  -4.45    19.06

SNOWFALL (IN)
  YESTERDAY        0.0           0.0  2002   0.0    0.0      0.0
                                      2001
                                      2000
  MONTH TO DATE    0.0                       0.0    0.0      0.0
  SINCE JUN 1      0.0                       0.0    0.0      0.0
  SINCE JUL 1      0.0                       0.0    0.0      0.0
  SNOW DEPTH       0

DEGREE DAYS
 HEATING
  YESTERDAY        1                         0      1        0
  MONTH TO DATE    1                         0      1        0
  SINCE JUN 1     18                        55    -37       98
  SINCE JUL 1      1                         0      1        0

 COOLING
  YESTERDAY        0                         8     -8       14
  MONTH TO DATE   69                        63      6       61
  SINCE JUN 1    198                       199     -1      158
  SINCE JAN 1    243                       229     14      219
..................................................................


WIND (MPH)
  RESULTANT WIND SPEED  10   RESULTANT WIND DIRECTION  NE (60)
  HIGHEST WIND SPEED    16   HIGHEST WIND DIRECTION     E (70)
  HIGHEST GUST SPEED    20   HIGHEST GUST DIRECTION    NE (60)
  AVERAGE WIND SPEED    10.4


SKY COVER
  POSSIBLE SUNSHINE  MM
  AVERAGE SKY COVER 1.0


WEATHER CONDITIONS
 THE FOLLOWING WEATHER WAS RECORDED YESTERDAY.
  LIGHT RAIN
  FOG
  FOG W/VISIBILITY <= 1/4 MILE


RELATIVE HUMIDITY (PERCENT)
 HIGHEST   100           100 AM
 LOWEST     73           100 PM
 AVERAGE    87

..........................................................


THE BOSTON MA CLIMATE NORMALS FOR TODAY
                         NORMAL    RECORD    YEAR
 MAXIMUM TEMPERATURE (F)   81        99      1981
                                             1912
 MINIMUM TEMPERATURE (F)   65        53      1909


SUNRISE AND SUNSET
JULY  9 2016..........SUNRISE   516 AM EDT   SUNSET   822 PM EDT
JULY 10 2016..........SUNRISE   517 AM EDT   SUNSET   822 PM EDT


-  INDICATES NEGATIVE NUMBERS.
R  INDICATES RECORD WAS SET OR TIED.
MM INDICATES DATA IS MISSING.
T  INDICATES TRACE AMOUNT.




$$
