000
CDUS41 KBOX 100556
CLIBOS


CLIMATE REPORT
NATIONAL WEATHER SERVICE TAUNTON MA
1256 AM EST WED DEC 10 2014


...................................

...THE BOSTON MA CLIMATE SUMMARY FOR DECEMBER 9 2014...

CLIMATE NORMAL PERIOD 1981 TO 2010
CLIMATE RECORD PERIOD 1872 TO 2014


WEATHER ITEM   OBSERVED TIME   RECORD YEAR NORMAL DEPARTURE LAST
                VALUE   (LST)  VALUE       VALUE  FROM      YEAR
                                                  NORMAL
..................................................................
TEMPERATURE (F)
 YESTERDAY
  MAXIMUM         49   1158 PM  70    1966  43      6       43
  MINIMUM         29   1200 AM  -8    1902  31     -2       26
  AVERAGE         39                        37      2       35

PRECIPITATION (IN)
  YESTERDAY        2.90R         1.29 1956   0.13   2.77     0.43
  MONTH TO DATE    4.81                      1.18   3.63     1.10
  SINCE DEC 1      4.81                      1.18   3.63     1.10
  SINCE JAN 1     43.50                     41.17   2.33    36.84

SNOWFALL (IN)
  YESTERDAY        T             8.6  2005   0.2   -0.2      0.4
  MONTH TO DATE    0.3                       1.8   -1.5      0.5
  SINCE DEC 1      0.3                       1.8   -1.5      0.5
  SINCE JUL 1      2.9                       3.1   -0.2      0.5
  SNOW DEPTH      MM

DEGREE DAYS
 HEATING
  YESTERDAY       26                        28     -2       30
  MONTH TO DATE  245                       240      5      227
  SINCE DEC 1    245                       240      5      227
  SINCE JUL 1   1258                      1295    -37     1243

 COOLING
  YESTERDAY        0                         0      0        0
  MONTH TO DATE    0                         0      0        0
  SINCE DEC 1      0                         0      0        0
  SINCE JAN 1    769                       747     22      920
..................................................................


WIND (MPH)
  RESULTANT WIND SPEED  20   RESULTANT WIND DIRECTION  NE (50)
  HIGHEST WIND SPEED    38   HIGHEST WIND DIRECTION    NE (50)
  HIGHEST GUST SPEED    52   HIGHEST GUST DIRECTION    NE (50)
  AVERAGE WIND SPEED    19.7


SKY COVER
  POSSIBLE SUNSHINE  MM
  AVERAGE SKY COVER 1.0


WEATHER CONDITIONS
 THE FOLLOWING WEATHER WAS RECORDED YESTERDAY.
  HEAVY RAIN
  RAIN
  LIGHT RAIN
  LT FREEZING RAIN
  LIGHT SNOW
  SLEET
  FOG


RELATIVE HUMIDITY (PERCENT)
 HIGHEST   100          1200 AM
 LOWEST     86           300 AM
 AVERAGE    93

..........................................................


THE BOSTON MA CLIMATE NORMALS FOR TODAY
                         NORMAL    RECORD    YEAR
 MAXIMUM TEMPERATURE (F)   43        64      1907
                                             1897
 MINIMUM TEMPERATURE (F)   30        -1      1902


SUNRISE AND SUNSET
DECEMBER 10 2014......SUNRISE   702 AM EST   SUNSET   411 PM EST
DECEMBER 11 2014......SUNRISE   703 AM EST   SUNSET   412 PM EST


-  INDICATES NEGATIVE NUMBERS.
R  INDICATES RECORD WAS SET OR TIED.
MM INDICATES DATA IS MISSING.
T  INDICATES TRACE AMOUNT.




$$
