000
CDUS41 KBOX 182125
CLIBOS


CLIMATE REPORT
NATIONAL WEATHER SERVICE TAUNTON MA
523 PM EDT MON APR 18 2016


...................................

...THE BOSTON MA CLIMATE SUMMARY FOR APRIL 18 2016...
VALID TODAY AS OF 0500 PM LOCAL TIME.

CLIMATE NORMAL PERIOD 1981 TO 2010
CLIMATE RECORD PERIOD 1872 TO 2016


WEATHER ITEM   OBSERVED TIME   RECORD YEAR NORMAL DEPARTURE LAST
                VALUE   (LST)  VALUE       VALUE  FROM      YEAR
                                                  NORMAL
..................................................................
TEMPERATURE (F)
 TODAY
  MAXIMUM         67    910 AM  94    1976  57     10       60
  MINIMUM         42    408 AM  26    1887  42      0       43
                                      1875
  AVERAGE         55                        49      6       52

PRECIPITATION (IN)
  TODAY            0.00          1.90 1879   0.11  -0.11     0.00
  MONTH TO DATE    2.53                      2.39   0.14     0.96
  SINCE MAR 1      5.69                      6.71  -1.02     4.01
  SINCE JAN 1     13.13                     13.32  -0.19    10.95

SNOWFALL (IN)
  TODAY            0.0           1.6  1965   0.1   -0.1      0.0
  MONTH TO DATE    6.6                       1.7    4.9       T
  SINCE MAR 1     10.7                       9.5    1.2      8.6
  SINCE JUL 1     36.1                      43.6   -7.5    110.6
  SNOW DEPTH       0

DEGREE DAYS
 HEATING
  TODAY           10                        16     -6       13
  MONTH TO DATE  367                       342     25      315
  SINCE MAR 1   1055                      1171   -116     1292
  SINCE JUL 1   4385                      5213   -828     5607

 COOLING
  TODAY            0                         0      0        0
  MONTH TO DATE    0                         0      0        0
  SINCE MAR 1      0                         0      0        0
  SINCE JAN 1      0                         0      0        0
..................................................................


WIND (MPH)
  HIGHEST WIND SPEED    23   HIGHEST WIND DIRECTION    NE (60)
  HIGHEST GUST SPEED    26   HIGHEST GUST DIRECTION    NE (60)
  AVERAGE WIND SPEED     8.9


SKY COVER
  POSSIBLE SUNSHINE  MM
  AVERAGE SKY COVER 0.5


WEATHER CONDITIONS
 THE FOLLOWING WEATHER WAS RECORDED TODAY.
  NO SIGNIFICANT WEATHER WAS OBSERVED.


RELATIVE HUMIDITY (PERCENT)
 HIGHEST    65           100 AM
 LOWEST     26           900 AM
 AVERAGE    46

..........................................................


THE BOSTON MA CLIMATE NORMALS FOR TOMORROW
                         NORMAL    RECORD    YEAR
 MAXIMUM TEMPERATURE (F)   57        87      1914
 MINIMUM TEMPERATURE (F)   42        22      1875


SUNRISE AND SUNSET
APRIL 18 2016.........SUNRISE   558 AM EDT   SUNSET   730 PM EDT
APRIL 19 2016.........SUNRISE   556 AM EDT   SUNSET   731 PM EDT


-  INDICATES NEGATIVE NUMBERS.
R  INDICATES RECORD WAS SET OR TIED.
MM INDICATES DATA IS MISSING.
T  INDICATES TRACE AMOUNT.




$$
