000
CDUS41 KBOX 062141
CLIBOS


CLIMATE REPORT
NATIONAL WEATHER SERVICE TAUNTON MA
531 PM EDT WED SEP 6 2017


...................................

...THE BOSTON MA CLIMATE SUMMARY FOR SEPTEMBER 6 2017...
VALID AS OF 0500 PM LOCAL TIME.

CLIMATE NORMAL PERIOD 1981 TO 2010
CLIMATE RECORD PERIOD 1872 TO 2017


WEATHER ITEM   OBSERVED TIME   RECORD YEAR NORMAL DEPARTURE LAST
                VALUE   (LST)  VALUE       VALUE  FROM      YEAR
                                                  NORMAL
..................................................................
TEMPERATURE (F)
 TODAY
  MAXIMUM         79    950 AM  94    1983  76      3       72
  MINIMUM         66    146 PM  43    1888  61      5       63
  AVERAGE         73                        68      5       68

PRECIPITATION (IN)
  TODAY            0.08          2.10 1896   0.10  -0.02     0.14
  MONTH TO DATE    0.36                      0.61  -0.25     0.23
  SINCE SEP 1      0.36                      0.61  -0.25     0.23
  SINCE JAN 1     31.65                     29.23   2.42    20.49

SNOWFALL (IN)
  TODAY            0.0           0.0  2002   0.0    0.0      0.0
                                      2001
                                      2000
  MONTH TO DATE    0.0                       0.0    0.0      0.0
  SINCE SEP 1      0.0                       0.0    0.0      0.0
  SINCE JUL 1      0.0                       0.0    0.0      0.0
  SNOW DEPTH      MM

DEGREE DAYS
 HEATING
  TODAY            0                         1     -1        0
  MONTH TO DATE   12                         6      6        0
  SINCE SEP 1     12                         6      6        0
  SINCE JUL 1     24                        19      5        7

 COOLING
  TODAY            8                         4      4        3
  MONTH TO DATE   25                        28     -3       18
  SINCE SEP 1     25                        28     -3       18
  SINCE JAN 1    754                       687     67      912
..................................................................


WIND (MPH)
  HIGHEST WIND SPEED    21   HIGHEST WIND DIRECTION    NW (320)
  HIGHEST GUST SPEED    28   HIGHEST GUST DIRECTION    NW (310)
  AVERAGE WIND SPEED     9.0


SKY COVER
  POSSIBLE SUNSHINE  MM
  AVERAGE SKY COVER 0.8


WEATHER CONDITIONS
 THE FOLLOWING WEATHER WAS RECORDED TODAY.
  THUNDERSTORM
  HEAVY RAIN
  RAIN
  LIGHT RAIN
  FOG


RELATIVE HUMIDITY (PERCENT)
 HIGHEST   100           500 AM
 LOWEST     71          1000 AM
 AVERAGE    86

..........................................................


THE BOSTON MA CLIMATE NORMALS FOR TOMORROW
                         NORMAL    RECORD    YEAR
 MAXIMUM TEMPERATURE (F)   75       102      1881
 MINIMUM TEMPERATURE (F)   60        43      1888


SUNRISE AND SUNSET
SEPTEMBER  6 2017.....SUNRISE   615 AM EDT   SUNSET   709 PM EDT
SEPTEMBER  7 2017.....SUNRISE   616 AM EDT   SUNSET   707 PM EDT


-  INDICATES NEGATIVE NUMBERS.
R  INDICATES RECORD WAS SET OR TIED.
MM INDICATES DATA IS MISSING.
T  INDICATES TRACE AMOUNT.




$$
