000
CDUS41 KBOX 100552
CLIBOS


CLIMATE REPORT
NATIONAL WEATHER SERVICE TAUNTON MA
151 AM EDT THU APR 10 2014


...................................

...THE BOSTON MA CLIMATE SUMMARY FOR APRIL 9 2014...

CLIMATE NORMAL PERIOD 1981 TO 2010
CLIMATE RECORD PERIOD 1872 TO 2014


WEATHER ITEM   OBSERVED TIME   RECORD YEAR NORMAL DEPARTURE LAST
                VALUE   (LST)  VALUE       VALUE  FROM      YEAR
                                                  NORMAL
..................................................................
TEMPERATURE (F)
 YESTERDAY
  MAXIMUM         59   1252 PM  85    1991  53      6       73
  MINIMUM         41   1159 PM  24    1888  39      2       45
                                      1876
  AVERAGE         50                        46      4       59

PRECIPITATION (IN)
  YESTERDAY        0.00          1.72 1935   0.14  -0.14     0.06
  MONTH TO DATE    1.20                      1.23  -0.03     0.18
  SINCE MAR 1      5.68                      5.55   0.13     3.50
  SINCE JAN 1     13.05                     12.16   0.89     9.84

SNOWFALL (IN)
  YESTERDAY        0.0           9.1  1917   0.1   -0.1      0.0
  MONTH TO DATE    0.0                       1.0   -1.0       T
  SINCE MAR 1      2.2                       8.8   -6.6     20.6
  SINCE JUL 1     58.6                      42.9   15.7     63.4
  SNOW DEPTH      MM

DEGREE DAYS
 HEATING
  YESTERDAY       15                        19     -4        6
  MONTH TO DATE  171                       186    -15      171
  SINCE MAR 1   1141                      1015    126     1010
  SINCE JUL 1   5289                      5057    232     4812

 COOLING
  YESTERDAY        0                         0      0        0
  MONTH TO DATE    0                         0      0        0
  SINCE MAR 1      0                         0      0        0
  SINCE JAN 1      0                         0      0        0
..................................................................


WIND (MPH)
  RESULTANT WIND SPEED  13   RESULTANT WIND DIRECTION  NW (310)
  HIGHEST WIND SPEED    24   HIGHEST WIND DIRECTION    NW (320)
  HIGHEST GUST SPEED    32   HIGHEST GUST DIRECTION    NW (330)
  AVERAGE WIND SPEED    13.2


SKY COVER
  POSSIBLE SUNSHINE  MM
  AVERAGE SKY COVER 0.3


WEATHER CONDITIONS
 THE FOLLOWING WEATHER WAS RECORDED YESTERDAY.
  NO SIGNIFICANT WEATHER WAS OBSERVED.


RELATIVE HUMIDITY (PERCENT)
 HIGHEST    67           400 AM
 LOWEST     22          1000 PM
 AVERAGE    45

..........................................................


THE BOSTON MA CLIMATE NORMALS FOR TODAY
                         NORMAL    RECORD    YEAR
 MAXIMUM TEMPERATURE (F)   54        85      1922
 MINIMUM TEMPERATURE (F)   39        26      1997
                                             1985
                                             1917


SUNRISE AND SUNSET
APRIL 10 2014.........SUNRISE   611 AM EDT   SUNSET   720 PM EDT
APRIL 11 2014.........SUNRISE   610 AM EDT   SUNSET   721 PM EDT


-  INDICATES NEGATIVE NUMBERS.
R  INDICATES RECORD WAS SET OR TIED.
MM INDICATES DATA IS MISSING.
T  INDICATES TRACE AMOUNT.




$$
