000
CDUS41 KBOX 210538
CLIBOS


CLIMATE REPORT
NATIONAL WEATHER SERVICE TAUNTON MA
136 AM EDT WED JUN 21 2017


...................................

...THE BOSTON MA CLIMATE SUMMARY FOR JUNE 20 2017...

CLIMATE NORMAL PERIOD 1981 TO 2010
CLIMATE RECORD PERIOD 1872 TO 2017


WEATHER ITEM   OBSERVED TIME   RECORD YEAR NORMAL DEPARTURE LAST
                VALUE   (LST)  VALUE       VALUE  FROM      YEAR
                                                  NORMAL
..................................................................
TEMPERATURE (F)
 YESTERDAY
  MAXIMUM         86    245 PM  98    1953  78      8       83
  MINIMUM         68    553 AM  47    1918  61      7       60
  AVERAGE         77                        69      8       72

PRECIPITATION (IN)
  YESTERDAY        0.13          2.40 1945   0.11   0.02     0.00
  MONTH TO DATE    4.62                      2.71   1.91     1.20
  SINCE JUN 1      4.62                      2.71   1.91     1.20
  SINCE JAN 1     25.45                     20.87   4.58    17.54

SNOWFALL (IN)
  YESTERDAY        0.0           0.0  2002   0.0    0.0      0.0
                                      2001
                                      2000
  MONTH TO DATE    0.0                       0.0    0.0      0.0
  SINCE JUN 1      0.0                       0.0    0.0      0.0
  SINCE JUL 1     47.6                      43.8    3.8     36.1
  SNOW DEPTH      MM

DEGREE DAYS
 HEATING
  YESTERDAY        0                         1     -1        0
  MONTH TO DATE   50                        48      2       17
  SINCE JUN 1     50                        48      2       17
  SINCE JUL 1   5254                      5674   -420     4804

 COOLING
  YESTERDAY       12                         5      7        7
  MONTH TO DATE  102                        72     30       57
  SINCE JUN 1    102                        72     30       57
  SINCE JAN 1    162                       102     60      102
..................................................................


WIND (MPH)
  RESULTANT WIND SPEED  14   RESULTANT WIND DIRECTION  SW (230)
  HIGHEST WIND SPEED    25   HIGHEST WIND DIRECTION    SW (240)
  HIGHEST GUST SPEED    35   HIGHEST GUST DIRECTION     W (260)
  AVERAGE WIND SPEED    13.9


SKY COVER
  POSSIBLE SUNSHINE  MM
  AVERAGE SKY COVER 0.6


WEATHER CONDITIONS
 THE FOLLOWING WEATHER WAS RECORDED YESTERDAY.
  RAIN
  LIGHT RAIN
  FOG


RELATIVE HUMIDITY (PERCENT)
 HIGHEST   100          1200 AM
 LOWEST     34           500 PM
 AVERAGE    67

..........................................................


THE BOSTON MA CLIMATE NORMALS FOR TODAY
                         NORMAL    RECORD    YEAR
 MAXIMUM TEMPERATURE (F)   78        96      2012
 MINIMUM TEMPERATURE (F)   61        48      1940


SUNRISE AND SUNSET
JUNE 21 2017..........SUNRISE   507 AM EDT   SUNSET   825 PM EDT
JUNE 22 2017..........SUNRISE   508 AM EDT   SUNSET   825 PM EDT


-  INDICATES NEGATIVE NUMBERS.
R  INDICATES RECORD WAS SET OR TIED.
MM INDICATES DATA IS MISSING.
T  INDICATES TRACE AMOUNT.




$$
