000
CDUS41 KBOX 121927
CLIBOS


CLIMATE REPORT
NATIONAL WEATHER SERVICE TAUNTON MA
227 PM EST SUN FEB 12 2017


...................................

...THE BOSTON MA CLIMATE SUMMARY FOR FEBRUARY 11 2017...

CLIMATE NORMAL PERIOD 1981 TO 2010
CLIMATE RECORD PERIOD 1872 TO 2017


WEATHER ITEM   OBSERVED TIME   RECORD YEAR NORMAL DEPARTURE LAST
                VALUE   (LST)  VALUE       VALUE  FROM      YEAR
                                                  NORMAL
..................................................................
TEMPERATURE (F)
 YESTERDAY
  MAXIMUM         30    940 AM  62    1981  38     -8       31
  MINIMUM         15    105 AM  -4    1899  24     -9       11
  AVERAGE         23                        31     -8       21

PRECIPITATION (IN)
  YESTERDAY        0.21          1.67 1955   0.12   0.09     0.01
  MONTH TO DATE    1.97                      1.20   0.77     1.84
  SINCE DEC 1      9.47                      8.34   1.13     9.39
  SINCE JAN 1      6.22                      4.56   1.66     5.11

SNOWFALL (IN)
  YESTERDAY       MM            10.5  1933   0.4   MM        0.2
  MONTH TO DATE   12.9                       4.2    8.7     13.6
  SINCE DEC 1     27.7                      26.1    1.6     24.0
  SINCE JUL 1     27.7                      27.4    0.3     24.0
  SNOW DEPTH       0

DEGREE DAYS
 HEATING
  YESTERDAY       42                        34      8       44
  MONTH TO DATE  377                       381     -4      321
  SINCE DEC 1   2212                      2436   -224     1925
  SINCE JUL 1   3127                      3491   -364     2780

 COOLING
  YESTERDAY        0                         0      0        0
  MONTH TO DATE    0                         0      0        0
  SINCE DEC 1      0                         0      0        0
  SINCE JAN 1      0                         0      0        0
..................................................................


WIND (MPH)
  RESULTANT WIND SPEED   4   RESULTANT WIND DIRECTION  NW (330)
  HIGHEST WIND SPEED    15   HIGHEST WIND DIRECTION    NW (330)
  HIGHEST GUST SPEED    19   HIGHEST GUST DIRECTION    NW (330)
  AVERAGE WIND SPEED     9.0


SKY COVER
  POSSIBLE SUNSHINE  MM
  AVERAGE SKY COVER 1.0


WEATHER CONDITIONS
 THE FOLLOWING WEATHER WAS RECORDED YESTERDAY.
  SNOW
  LIGHT SNOW
  FOG


RELATIVE HUMIDITY (PERCENT)
 HIGHEST   100           600 AM
 LOWEST     84           400 AM
 AVERAGE    92

..........................................................


THE BOSTON MA CLIMATE NORMALS FOR TODAY
                         NORMAL    RECORD    YEAR
 MAXIMUM TEMPERATURE (F)   38        58      1999
                                             1984
 MINIMUM TEMPERATURE (F)   24       -11      1914


SUNRISE AND SUNSET
FEBRUARY 12 2017......SUNRISE   644 AM EST   SUNSET   513 PM EST
FEBRUARY 13 2017......SUNRISE   643 AM EST   SUNSET   514 PM EST


-  INDICATES NEGATIVE NUMBERS.
R  INDICATES RECORD WAS SET OR TIED.
MM INDICATES DATA IS MISSING.
T  INDICATES TRACE AMOUNT.




$$
