000
CDUS41 KBOX 092119
CLIBOS


CLIMATE REPORT
NATIONAL WEATHER SERVICE TAUNTON MA
419 PM EST THU NOV 9 2017


...................................

...THE BOSTON MA CLIMATE SUMMARY FOR NOVEMBER 9 2017...
VALID AS OF 0400 PM LOCAL TIME.

CLIMATE NORMAL PERIOD 1981 TO 2010
CLIMATE RECORD PERIOD 1872 TO 2017


WEATHER ITEM   OBSERVED TIME   RECORD YEAR NORMAL DEPARTURE LAST
                VALUE   (LST)  VALUE       VALUE  FROM      YEAR
                                                  NORMAL
..................................................................
TEMPERATURE (F)
 TODAY
  MAXIMUM         48    211 PM  74    1945  54     -6       62
  MINIMUM         34    603 AM  24    1971  40     -6       44
  AVERAGE         41                        47     -6       53

PRECIPITATION (IN)
  TODAY            0.00          2.01 1877   0.14  -0.14     0.01
  MONTH TO DATE    0.25                      1.16  -0.91     0.18
  SINCE SEP 1      8.12                      8.54  -0.42     7.02
  SINCE JAN 1     39.41                     37.16   2.25    27.28

SNOWFALL (IN)
  TODAY            0.0           0.3  1894   0.1   -0.1      0.0
  MONTH TO DATE    0.0                       0.2   -0.2       T
  SINCE SEP 1      0.0                       0.2   -0.2       T
  SINCE JUL 1      0.0                       0.2   -0.2       T
  SNOW DEPTH      MM

DEGREE DAYS
 HEATING
  TODAY           24                        18      6       12
  MONTH TO DATE  127                       154    -27      140
  SINCE SEP 1    309                       588   -279      491
  SINCE JUL 1    321                       601   -280      498

 COOLING
  TODAY            0                         0      0        0
  MONTH TO DATE    0                         0      0        0
  SINCE SEP 1    151                        88     63      141
  SINCE JAN 1    880                       747    133     1035
..................................................................


WIND (MPH)
  HIGHEST WIND SPEED    12   HIGHEST WIND DIRECTION     E (100)
  HIGHEST GUST SPEED    13   HIGHEST GUST DIRECTION     E (100)
  AVERAGE WIND SPEED     6.1


SKY COVER
  POSSIBLE SUNSHINE  MM
  AVERAGE SKY COVER 0.2


WEATHER CONDITIONS
 THE FOLLOWING WEATHER WAS RECORDED TODAY.
  NO SIGNIFICANT WEATHER WAS OBSERVED.


RELATIVE HUMIDITY (PERCENT)
 HIGHEST    82           300 AM
 LOWEST     53           900 AM
 AVERAGE    68

..........................................................


THE BOSTON MA CLIMATE NORMALS FOR TOMORROW
                         NORMAL    RECORD    YEAR
 MAXIMUM TEMPERATURE (F)   53        78      1931
 MINIMUM TEMPERATURE (F)   40        25      2004


SUNRISE AND SUNSET
NOVEMBER  9 2017......SUNRISE   628 AM EST   SUNSET   428 PM EST
NOVEMBER 10 2017......SUNRISE   629 AM EST   SUNSET   427 PM EST


-  INDICATES NEGATIVE NUMBERS.
R  INDICATES RECORD WAS SET OR TIED.
MM INDICATES DATA IS MISSING.
T  INDICATES TRACE AMOUNT.




$$
