040
CDUS41 KBOX 170549
CLIBOS


CLIMATE REPORT
NATIONAL WEATHER SERVICE TAUNTON MA
138 AM EDT MON JUL 17 2017


...................................

...THE BOSTON MA CLIMATE SUMMARY FOR JULY 16 2017...

CLIMATE NORMAL PERIOD 1981 TO 2010
CLIMATE RECORD PERIOD 1872 TO 2017


WEATHER ITEM   OBSERVED TIME   RECORD YEAR NORMAL DEPARTURE LAST
                VALUE   (LST)  VALUE       VALUE  FROM      YEAR
                                                  NORMAL
..................................................................
TEMPERATURE (F)
 YESTERDAY
  MAXIMUM         81   1156 AM  99    1983  82     -1       94
  MINIMUM         69    511 AM  54    1884  66      3       75
                                      1878
  AVERAGE         75                        74      1       85

PRECIPITATION (IN)
  YESTERDAY        0.00          0.97 2000   0.11  -0.11     0.00
  MONTH TO DATE    2.45                      1.62   0.83     0.65
  SINCE JUN 1      7.30                      5.30   2.00     1.98
  SINCE JAN 1     28.13                     23.46   4.67    18.32

SNOWFALL (IN)
  YESTERDAY        0.0           0.0  2002   0.0    0.0      0.0
                                      2001
                                      2000
  MONTH TO DATE    0.0                       0.0    0.0      0.0
  SINCE JUN 1      0.0                       0.0    0.0      0.0
  SINCE JUL 1      0.0                       0.0    0.0      0.0
  SNOW DEPTH      MM

DEGREE DAYS
 HEATING
  YESTERDAY        0                         0      0        0
  MONTH TO DATE    2                         0      2        7
  SINCE JUN 1     52                        55     -3       24
  SINCE JUL 1      2                         0      2        7

 COOLING
  YESTERDAY       10                         9      1       20
  MONTH TO DATE  133                       133      0      148
  SINCE JUN 1    324                       269     55      277
  SINCE JAN 1    384                       299     85      322
..................................................................


WIND (MPH)
  RESULTANT WIND SPEED   3   RESULTANT WIND DIRECTION  SE (150)
  HIGHEST WIND SPEED    18   HIGHEST WIND DIRECTION     E (110)
  HIGHEST GUST SPEED    21   HIGHEST GUST DIRECTION     E (110)
  AVERAGE WIND SPEED     9.5


SKY COVER
  POSSIBLE SUNSHINE  MM
  AVERAGE SKY COVER 0.2


WEATHER CONDITIONS
 THE FOLLOWING WEATHER WAS RECORDED YESTERDAY.
  NO SIGNIFICANT WEATHER WAS OBSERVED.


RELATIVE HUMIDITY (PERCENT)
 HIGHEST    90          1200 AM
 LOWEST     54          1200 PM
 AVERAGE    72

..........................................................


THE BOSTON MA CLIMATE NORMALS FOR TODAY
                         NORMAL    RECORD    YEAR
 MAXIMUM TEMPERATURE (F)   82        98      1999
                                             1977
 MINIMUM TEMPERATURE (F)   66        54      1946
                                             1892


SUNRISE AND SUNSET
JULY 17 2017..........SUNRISE   523 AM EDT   SUNSET   818 PM EDT
JULY 18 2017..........SUNRISE   523 AM EDT   SUNSET   817 PM EDT


-  INDICATES NEGATIVE NUMBERS.
R  INDICATES RECORD WAS SET OR TIED.
MM INDICATES DATA IS MISSING.
T  INDICATES TRACE AMOUNT.




$$
