000
CDUS41 KBOX 102125
CLIBOS


CLIMATE REPORT
NATIONAL WEATHER SERVICE TAUNTON MA
423 PM EST WED DEC 10 2014


...................................

...THE BOSTON MA CLIMATE SUMMARY FOR DECEMBER 10 2014...
VALID AS OF 0400 PM LOCAL TIME.

CLIMATE NORMAL PERIOD 1981 TO 2010
CLIMATE RECORD PERIOD 1872 TO 2014


WEATHER ITEM   OBSERVED TIME   RECORD YEAR NORMAL DEPARTURE LAST
                VALUE   (LST)  VALUE       VALUE  FROM      YEAR
                                                  NORMAL
..................................................................
TEMPERATURE (F)
 TODAY
  MAXIMUM         48   1206 AM  64    1907  43      5       38
                                      1897
  MINIMUM         41    259 PM  -1    1902  30     11       27
  AVERAGE         45                        37      8       33

PRECIPITATION (IN)
  TODAY            0.16          2.58 1878   0.13   0.03     0.07
  MONTH TO DATE    4.97                      1.31   3.66     1.17
  SINCE DEC 1      4.97                      1.31   3.66     1.17
  SINCE JAN 1     43.66                     41.30   2.36    36.91

SNOWFALL (IN)
  TODAY           MM             4.0  1928   0.3   MM        0.3
  MONTH TO DATE    0.3                       2.1   -1.8      0.8
  SINCE DEC 1      0.3                       2.1   -1.8      0.8
  SINCE JUL 1      2.9                       3.4   -0.5      0.8
  SNOW DEPTH      MM

DEGREE DAYS
 HEATING
  TODAY           20                        28     -8       32
  MONTH TO DATE  265                       268     -3      259
  SINCE DEC 1    265                       268     -3      259
  SINCE JUL 1   1278                      1323    -45     1275

 COOLING
  TODAY            0                         0      0        0
  MONTH TO DATE    0                         0      0        0
  SINCE DEC 1      0                         0      0        0
  SINCE JAN 1    769                       747     22      920
..................................................................


WIND (MPH)
  HIGHEST WIND SPEED    23   HIGHEST WIND DIRECTION     N (10)
  HIGHEST GUST SPEED    29   HIGHEST GUST DIRECTION    NE (30)
  AVERAGE WIND SPEED    14.1


SKY COVER
  POSSIBLE SUNSHINE  MM
  AVERAGE SKY COVER 1.0


WEATHER CONDITIONS
 THE FOLLOWING WEATHER WAS RECORDED TODAY.
  LIGHT RAIN
  FOG


RELATIVE HUMIDITY (PERCENT)
 HIGHEST   100          1200 AM
 LOWEST     89           500 AM
 AVERAGE    95

..........................................................


THE BOSTON MA CLIMATE NORMALS FOR TOMORROW
                         NORMAL    RECORD    YEAR
 MAXIMUM TEMPERATURE (F)   43        68      1911
 MINIMUM TEMPERATURE (F)   30        -2      1876


SUNRISE AND SUNSET
DECEMBER 10 2014......SUNRISE   702 AM EST   SUNSET   411 PM EST
DECEMBER 11 2014......SUNRISE   703 AM EST   SUNSET   412 PM EST


-  INDICATES NEGATIVE NUMBERS.
R  INDICATES RECORD WAS SET OR TIED.
MM INDICATES DATA IS MISSING.
T  INDICATES TRACE AMOUNT.




$$
