000
CDUS41 KBOX 040551
CLIBOS


CLIMATE REPORT
NATIONAL WEATHER SERVICE TAUNTON MA
148 AM EDT MON SEP 4 2017


...................................

...THE BOSTON MA CLIMATE SUMMARY FOR SEPTEMBER 3 2017...

CLIMATE NORMAL PERIOD 1981 TO 2010
CLIMATE RECORD PERIOD 1872 TO 2017


WEATHER ITEM   OBSERVED TIME   RECORD YEAR NORMAL DEPARTURE LAST
                VALUE   (LST)  VALUE       VALUE  FROM      YEAR
                                                  NORMAL
..................................................................
TEMPERATURE (F)
 YESTERDAY
  MAXIMUM         64    541 PM  97    1929  76    -12       70
  MINIMUM         57    948 AM  47    1893  62     -5       60
                                      1885
  AVERAGE         61                        69     -8       65

PRECIPITATION (IN)
  YESTERDAY        0.28          3.15 1972   0.10   0.18     0.00
  MONTH TO DATE    0.28                      0.30  -0.02     0.02
  SINCE SEP 1      0.28                      0.30  -0.02     0.02
  SINCE JAN 1     31.57                     28.92   2.65    20.28

SNOWFALL (IN)
  YESTERDAY        0.0           0.0  2002   0.0    0.0      0.0
                                      2001
                                      2000
  MONTH TO DATE    0.0                       0.0    0.0      0.0
  SINCE SEP 1      0.0                       0.0    0.0      0.0
  SINCE JUL 1      0.0                       0.0    0.0      0.0
  SNOW DEPTH      MM

DEGREE DAYS
 HEATING
  YESTERDAY        4                         1      3        0
  MONTH TO DATE   12                         3      9        0
  SINCE SEP 1     12                         3      9        0
  SINCE JUL 1     24                        16      8        7

 COOLING
  YESTERDAY        0                         5     -5        0
  MONTH TO DATE    0                        15    -15       12
  SINCE SEP 1      0                        15    -15       12
  SINCE JAN 1    729                       674     55      906
..................................................................


WIND (MPH)
  RESULTANT WIND SPEED   6   RESULTANT WIND DIRECTION   S (160)
  HIGHEST WIND SPEED    28   HIGHEST WIND DIRECTION    SE (120)
  HIGHEST GUST SPEED    37   HIGHEST GUST DIRECTION     W (290)
  AVERAGE WIND SPEED    13.0


SKY COVER
  POSSIBLE SUNSHINE  MM
  AVERAGE SKY COVER 0.9


WEATHER CONDITIONS
 THE FOLLOWING WEATHER WAS RECORDED YESTERDAY.
  RAIN
  LIGHT RAIN
  FOG
  HAZE


RELATIVE HUMIDITY (PERCENT)
 HIGHEST   100           200 PM
 LOWEST     64          1200 AM
 AVERAGE    82

..........................................................


THE BOSTON MA CLIMATE NORMALS FOR TODAY
                         NORMAL    RECORD    YEAR
 MAXIMUM TEMPERATURE (F)   76        94      1973
                                             1884
 MINIMUM TEMPERATURE (F)   61        43      1872


SUNRISE AND SUNSET
SEPTEMBER  4 2017.....SUNRISE   613 AM EDT   SUNSET   713 PM EDT
SEPTEMBER  5 2017.....SUNRISE   614 AM EDT   SUNSET   711 PM EDT


-  INDICATES NEGATIVE NUMBERS.
R  INDICATES RECORD WAS SET OR TIED.
MM INDICATES DATA IS MISSING.
T  INDICATES TRACE AMOUNT.




$$
