256
CDUS41 KBOX 161112
CLIBOS


CLIMATE REPORT
NATIONAL WEATHER SERVICE TAUNTON MA
601 AM EST FRI FEB 16 2018


...................................

...THE BOSTON MA CLIMATE SUMMARY FOR FEBRUARY 15 2018...

CLIMATE NORMAL PERIOD 1981 TO 2010
CLIMATE RECORD PERIOD 1872 TO 2018


WEATHER ITEM   OBSERVED TIME   RECORD YEAR NORMAL DEPARTURE LAST
                VALUE   (LST)  VALUE       VALUE  FROM      YEAR
                                                  NORMAL
..................................................................
TEMPERATURE (F)
 YESTERDAY
  MAXIMUM         49   1013 PM  61    1939  39     10       40
  MINIMUM         35    607 AM -14    1943  25     10       27
  AVERAGE         42                        32     10       34

PRECIPITATION (IN)
  YESTERDAY        T             1.56 1953   0.12  -0.12     0.22
  MONTH TO DATE    2.44                      1.66   0.78     3.05
  SINCE DEC 1      9.85                      8.80   1.05    10.55
  SINCE JAN 1      7.36                      5.02   2.34     7.30

SNOWFALL (IN)
  YESTERDAY        0.0          13.0  2015   0.4   -0.4      0.1
  MONTH TO DATE    2.2                       5.8   -3.6     19.9
  SINCE DEC 1     29.2                      27.7    1.5     34.7
  SINCE JUL 1     29.2                      29.0    0.2     34.7
  SNOW DEPTH      MM

DEGREE DAYS
 HEATING
  YESTERDAY       23                        33    -10       31
  MONTH TO DATE  473                       515    -42      519
  SINCE DEC 1   2649                      2570     79     2354
  SINCE JUL 1   3476                      3625   -149     3269

 COOLING
  YESTERDAY        0                         0      0        0
  MONTH TO DATE    0                         0      0        0
  SINCE DEC 1      0                         0      0        0
  SINCE JAN 1      0                         0      0        0
..................................................................


WIND (MPH)
  RESULTANT WIND SPEED   8   RESULTANT WIND DIRECTION  SW (220)
  HIGHEST WIND SPEED    17   HIGHEST WIND DIRECTION    SW (220)
  HIGHEST GUST SPEED    23   HIGHEST GUST DIRECTION    SW (240)
  AVERAGE WIND SPEED     8.4


SKY COVER
  POSSIBLE SUNSHINE  MM
  AVERAGE SKY COVER 0.9


WEATHER CONDITIONS
 THE FOLLOWING WEATHER WAS RECORDED YESTERDAY.
  LIGHT RAIN
  FOG


RELATIVE HUMIDITY (PERCENT)
 HIGHEST   100           600 AM
 LOWEST     79          1200 AM
 AVERAGE    90

..........................................................


THE BOSTON MA CLIMATE NORMALS FOR TODAY
                         NORMAL    RECORD    YEAR
 MAXIMUM TEMPERATURE (F)   39        60      1910
                                             1882
 MINIMUM TEMPERATURE (F)   25        -9      1943


SUNRISE AND SUNSET
FEBRUARY 16 2018......SUNRISE   639 AM EST   SUNSET   518 PM EST
FEBRUARY 17 2018......SUNRISE   638 AM EST   SUNSET   519 PM EST


-  INDICATES NEGATIVE NUMBERS.
R  INDICATES RECORD WAS SET OR TIED.
MM INDICATES DATA IS MISSING.
T  INDICATES TRACE AMOUNT.




$$
