000
CDUS41 KBOX 270550
CLIBOS


CLIMATE REPORT
NATIONAL WEATHER SERVICE TAUNTON MA
1249 AM EST FRI FEB 27 2015


...................................

...THE BOSTON MA CLIMATE SUMMARY FOR FEBRUARY 26 2015...

CLIMATE NORMAL PERIOD 1981 TO 2010
CLIMATE RECORD PERIOD 1872 TO 2015


WEATHER ITEM   OBSERVED TIME   RECORD YEAR NORMAL DEPARTURE LAST
                VALUE   (LST)  VALUE       VALUE  FROM      YEAR
                                                  NORMAL
..................................................................
TEMPERATURE (F)
 YESTERDAY
  MAXIMUM         22   1108 PM  68    1957  41    -19       32
  MINIMUM         17    715 AM  -1    1928  27    -10       16
  AVERAGE         20                        34    -14       24

PRECIPITATION (IN)
  YESTERDAY        0.02          1.75 1979   0.13  -0.11     0.00
  MONTH TO DATE    3.37                      2.99   0.38     4.11
  SINCE DEC 1     13.50                     10.13   3.37    11.97
  SINCE JAN 1      6.94                      6.35   0.59     7.35

SNOWFALL (IN)
  YESTERDAY        0.2           8.0  1934   0.4   -0.2      0.0
  MONTH TO DATE   64.8                      10.2   54.6     22.5
  SINCE DEC 1     99.4                      32.1   67.3     56.0
  SINCE JUL 1    102.0                      33.4   68.6     56.0
  SNOW DEPTH      MM

DEGREE DAYS
 HEATING
  YESTERDAY       45                        31     14       41
  MONTH TO DATE 1194                       869    325      911
  SINCE DEC 1   3215                      2924    291     3041
  SINCE JUL 1   4228                      3979    249     4057

 COOLING
  YESTERDAY        0                         0      0        0
  MONTH TO DATE    0                         0      0        0
  SINCE DEC 1      0                         0      0        0
  SINCE JAN 1      0                         0      0        0
..................................................................


WIND (MPH)
  RESULTANT WIND SPEED   7   RESULTANT WIND DIRECTION   N (340)
  HIGHEST WIND SPEED    18   HIGHEST WIND DIRECTION    NE (30)
  HIGHEST GUST SPEED    21   HIGHEST GUST DIRECTION    NE (30)
  AVERAGE WIND SPEED     9.2


SKY COVER
  POSSIBLE SUNSHINE  MM
  AVERAGE SKY COVER 0.9


WEATHER CONDITIONS
 THE FOLLOWING WEATHER WAS RECORDED YESTERDAY.
  LIGHT SNOW
  FOG
  HAZE


RELATIVE HUMIDITY (PERCENT)
 HIGHEST    84           100 PM
 LOWEST     45          1200 AM
 AVERAGE    65

..........................................................


THE BOSTON MA CLIMATE NORMALS FOR TODAY
                         NORMAL    RECORD    YEAR
 MAXIMUM TEMPERATURE (F)   41        64      1957
 MINIMUM TEMPERATURE (F)   27        -4      1900


SUNRISE AND SUNSET
FEBRUARY 27 2015......SUNRISE   623 AM EST   SUNSET   531 PM EST
FEBRUARY 28 2015......SUNRISE   622 AM EST   SUNSET   532 PM EST


-  INDICATES NEGATIVE NUMBERS.
R  INDICATES RECORD WAS SET OR TIED.
MM INDICATES DATA IS MISSING.
T  INDICATES TRACE AMOUNT.




$$
