000
CDUS41 KBOX 230539
CLIBOS


CLIMATE REPORT
NATIONAL WEATHER SERVICE TAUNTON MA
135 AM EDT THU JUL 23 2015


...................................

...THE BOSTON MA CLIMATE SUMMARY FOR JULY 22 2015...

CLIMATE NORMAL PERIOD 1981 TO 2010
CLIMATE RECORD PERIOD 1872 TO 2015


WEATHER ITEM   OBSERVED TIME   RECORD YEAR NORMAL DEPARTURE LAST
                VALUE   (LST)  VALUE       VALUE  FROM      YEAR
                                                  NORMAL
..................................................................
TEMPERATURE (F)
 YESTERDAY
  MAXIMUM         84    311 PM 103    2011  82      2       87
                                      1926
  MINIMUM         69    505 AM  55    1890  66      3       63
  AVERAGE         77                        74      3       75

PRECIPITATION (IN)
  YESTERDAY        0.00          1.20 1897   0.12  -0.12     0.00
  MONTH TO DATE    2.00                      2.33  -0.33     4.11
  SINCE JUN 1      7.01                      6.01   1.00     6.73
  SINCE JAN 1     20.50                     24.17  -3.67    24.68

SNOWFALL (IN)
  YESTERDAY        0.0           0.0  2002   0.0    0.0      0.0
                                      2001
                                      2000
  MONTH TO DATE    0.0                       0.0    0.0      0.0
  SINCE JUN 1      0.0                       0.0    0.0      0.0
  SINCE JUL 1      0.0                       0.0    0.0      0.0
  SNOW DEPTH       0

DEGREE DAYS
 HEATING
  YESTERDAY        0                         0      0        0
  MONTH TO DATE    1                         0      1        0
  SINCE JUN 1     99                        55     44       28
  SINCE JUL 1      1                         0      1        0

 COOLING
  YESTERDAY       12                         9      3       10
  MONTH TO DATE  183                       187     -4      213
  SINCE JUN 1    280                       323    -43      351
  SINCE JAN 1    341                       353    -12      373
..................................................................


WIND (MPH)
  RESULTANT WIND SPEED  11   RESULTANT WIND DIRECTION  NW (310)
  HIGHEST WIND SPEED    22   HIGHEST WIND DIRECTION    NW (320)
  HIGHEST GUST SPEED    29   HIGHEST GUST DIRECTION    NW (310)
  AVERAGE WIND SPEED    11.6


SKY COVER
  POSSIBLE SUNSHINE  MM
  AVERAGE SKY COVER 0.5


WEATHER CONDITIONS
 THE FOLLOWING WEATHER WAS RECORDED YESTERDAY.
  NO SIGNIFICANT WEATHER WAS OBSERVED.


RELATIVE HUMIDITY (PERCENT)
 HIGHEST    84          1200 AM
 LOWEST     31           100 PM
 AVERAGE    58

..........................................................


THE BOSTON MA CLIMATE NORMALS FOR TODAY
                         NORMAL    RECORD    YEAR
 MAXIMUM TEMPERATURE (F)   82       100      1952
 MINIMUM TEMPERATURE (F)   66        54      1992


SUNRISE AND SUNSET
JULY 23 2015..........SUNRISE   528 AM EDT   SUNSET   813 PM EDT
JULY 24 2015..........SUNRISE   528 AM EDT   SUNSET   812 PM EDT


-  INDICATES NEGATIVE NUMBERS.
R  INDICATES RECORD WAS SET OR TIED.
MM INDICATES DATA IS MISSING.
T  INDICATES TRACE AMOUNT.




$$
