012
CDUS41 KBOX 160547
CLIBOS


CLIMATE REPORT
NATIONAL WEATHER SERVICE TAUNTON MA
142 AM EDT THU MAR 16 2017


...................................

...THE BOSTON MA CLIMATE SUMMARY FOR MARCH 15 2017...

CLIMATE NORMAL PERIOD 1981 TO 2010
CLIMATE RECORD PERIOD 1872 TO 2017


WEATHER ITEM   OBSERVED TIME   RECORD YEAR NORMAL DEPARTURE LAST
                VALUE   (LST)  VALUE       VALUE  FROM      YEAR
                                                  NORMAL
..................................................................
TEMPERATURE (F)
 YESTERDAY
  MAXIMUM         28    452 PM  72    1990  45    -17       45
                                      1945
  MINIMUM         19    726 AM  12    1993  31    -12       41
                                      1932
                                      1876
  AVERAGE         24                        38    -14       43

PRECIPITATION (IN)
  YESTERDAY        0.00          2.11 2010   0.13  -0.13     1.14
  MONTH TO DATE    1.93                      1.97  -0.04     2.22
  SINCE MAR 1      1.93                      1.97  -0.04     2.22
  SINCE JAN 1      9.40                      8.58   0.82     9.66

SNOWFALL (IN)
  YESTERDAY        0.0           7.1  1967   0.2   -0.2      0.0
  MONTH TO DATE    9.5                       4.6    4.9      0.5
  SINCE MAR 1      9.5                       4.6    4.9      0.5
  SINCE JUL 1     45.8                      38.7    7.1     25.9
  SNOW DEPTH      MM

DEGREE DAYS
 HEATING
  YESTERDAY       41                        27     14       22
  MONTH TO DATE  501                       433     68      340
  SINCE MAR 1    501                       433     68      340
  SINCE JUL 1   4040                      4475   -435     3670

 COOLING
  YESTERDAY        0                         0      0        0
  MONTH TO DATE    0                         0      0        0
  SINCE MAR 1      0                         0      0        0
  SINCE JAN 1      0                         0      0        0
..................................................................


WIND (MPH)
  RESULTANT WIND SPEED  19   RESULTANT WIND DIRECTION   W (260)
  HIGHEST WIND SPEED    26   HIGHEST WIND DIRECTION     W (270)
  HIGHEST GUST SPEED    38   HIGHEST GUST DIRECTION     W (250)
  AVERAGE WIND SPEED    19.4


SKY COVER
  POSSIBLE SUNSHINE  MM
  AVERAGE SKY COVER 0.4


WEATHER CONDITIONS
 THE FOLLOWING WEATHER WAS RECORDED YESTERDAY.
  NO SIGNIFICANT WEATHER WAS OBSERVED.


RELATIVE HUMIDITY (PERCENT)
 HIGHEST    75          1200 AM
 LOWEST     46           200 PM
 AVERAGE    61

..........................................................


THE BOSTON MA CLIMATE NORMALS FOR TODAY
                         NORMAL    RECORD    YEAR
 MAXIMUM TEMPERATURE (F)   45        71      2000
                                             1935
 MINIMUM TEMPERATURE (F)   31        10      1872


SUNRISE AND SUNSET
MARCH 16 2017.........SUNRISE   654 AM EDT   SUNSET   652 PM EDT
MARCH 17 2017.........SUNRISE   652 AM EDT   SUNSET   653 PM EDT


-  INDICATES NEGATIVE NUMBERS.
R  INDICATES RECORD WAS SET OR TIED.
MM INDICATES DATA IS MISSING.
T  INDICATES TRACE AMOUNT.




$$
