000
CDUS41 KBOX 230543
CLIBOS


CLIMATE REPORT
NATIONAL WEATHER SERVICE TAUNTON MA
143 AM EDT SAT APR 23 2016


...................................

...THE BOSTON MA CLIMATE SUMMARY FOR APRIL 22 2016...

CLIMATE NORMAL PERIOD 1981 TO 2010
CLIMATE RECORD PERIOD 1872 TO 2016


WEATHER ITEM   OBSERVED TIME   RECORD YEAR NORMAL DEPARTURE LAST
                VALUE   (LST)  VALUE       VALUE  FROM      YEAR
                                                  NORMAL
..................................................................
TEMPERATURE (F)
 YESTERDAY
  MAXIMUM         78    308 PM  88    1977  58     20       67
  MINIMUM         58    359 AM  26    1875  43     15       43
  AVERAGE         68                        50     18       55

PRECIPITATION (IN)
  YESTERDAY        T             1.89 1937   0.12  -0.12      T
  MONTH TO DATE    2.55                      2.84  -0.29     2.11
  SINCE MAR 1      5.71                      7.16  -1.45     5.16
  SINCE JAN 1     13.15                     13.77  -0.62    12.10

SNOWFALL (IN)
  YESTERDAY        0.0           1.3  1940   0.0    0.0      0.0
  MONTH TO DATE    6.6                       1.8    4.8       T
  SINCE MAR 1     10.7                       9.6    1.1      8.6
  SINCE JUL 1     36.1                      43.7   -7.6    110.6
  SNOW DEPTH      MM

DEGREE DAYS
 HEATING
  YESTERDAY        0                        15    -15       10
  MONTH TO DATE  405                       403      2      372
  SINCE MAR 1   1093                      1232   -139     1349
  SINCE JUL 1   4423                      5274   -851     5664

 COOLING
  YESTERDAY        3                         0      3        0
  MONTH TO DATE    3                         0      3        0
  SINCE MAR 1      3                         0      3        0
  SINCE JAN 1      3                         0      3        0
..................................................................


WIND (MPH)
  RESULTANT WIND SPEED   4   RESULTANT WIND DIRECTION   S (200)
  HIGHEST WIND SPEED    21   HIGHEST WIND DIRECTION    SW (210)
  HIGHEST GUST SPEED    35   HIGHEST GUST DIRECTION    SW (220)
  AVERAGE WIND SPEED     7.8


SKY COVER
  POSSIBLE SUNSHINE  MM
  AVERAGE SKY COVER 0.9


WEATHER CONDITIONS
 THE FOLLOWING WEATHER WAS RECORDED YESTERDAY.
  LIGHT RAIN


RELATIVE HUMIDITY (PERCENT)
 HIGHEST    90           800 PM
 LOWEST     37           300 PM
 AVERAGE    64

..........................................................


THE BOSTON MA CLIMATE NORMALS FOR TODAY
                         NORMAL    RECORD    YEAR
 MAXIMUM TEMPERATURE (F)   58        86      2007
 MINIMUM TEMPERATURE (F)   43        29      1933


SUNRISE AND SUNSET
APRIL 23 2016.........SUNRISE   550 AM EDT   SUNSET   735 PM EDT
APRIL 24 2016.........SUNRISE   549 AM EDT   SUNSET   736 PM EDT


-  INDICATES NEGATIVE NUMBERS.
R  INDICATES RECORD WAS SET OR TIED.
MM INDICATES DATA IS MISSING.
T  INDICATES TRACE AMOUNT.




$$
