000
CDUS41 KBOX 042119
CLIBOS


CLIMATE REPORT
NATIONAL WEATHER SERVICE TAUNTON MA
518 PM EDT WED OCT 4 2017


...................................

...THE BOSTON MA CLIMATE SUMMARY FOR OCTOBER 4 2017...
VALID TODAY AS OF 0500 PM LOCAL TIME.

CLIMATE NORMAL PERIOD 1981 TO 2010
CLIMATE RECORD PERIOD 1872 TO 2017


WEATHER ITEM   OBSERVED TIME   RECORD YEAR NORMAL DEPARTURE LAST
                VALUE   (LST)  VALUE       VALUE  FROM      YEAR
                                                  NORMAL
..................................................................
TEMPERATURE (F)
 TODAY
  MAXIMUM         77    316 PM  86    2007  66     11       63
  MINIMUM         53    601 AM  34    1888  51      2       50
  AVERAGE         65                        58      7       57

PRECIPITATION (IN)
  TODAY            0.00          1.57 1987   0.13  -0.13      T
  MONTH TO DATE    0.00                      0.51  -0.51     0.74
  SINCE SEP 1      3.73                      3.95  -0.22     2.12
  SINCE JAN 1     35.02                     32.57   2.45    22.38

SNOWFALL (IN)
  TODAY            0.0           0.0  2009   0.0    0.0      0.0
                                      2008
                                      2007
  MONTH TO DATE    0.0                       0.0    0.0      0.0
  SINCE SEP 1      0.0                       0.0    0.0      0.0
  SINCE JUL 1      0.0                       0.0    0.0      0.0
  SNOW DEPTH       0

DEGREE DAYS
 HEATING
  TODAY            0                         8     -8        8
  MONTH TO DATE   21                        29     -8       29
  SINCE SEP 1     58                       113    -55       75
  SINCE JUL 1     70                       126    -56       82

 COOLING
  TODAY            0                         1     -1        0
  MONTH TO DATE    0                         4     -4        0
  SINCE SEP 1    111                        85     26      128
  SINCE JAN 1    840                       744     96     1022
..................................................................


WIND (MPH)
  HIGHEST WIND SPEED    21   HIGHEST WIND DIRECTION    SW (220)
  HIGHEST GUST SPEED    26   HIGHEST GUST DIRECTION    SW (240)
  AVERAGE WIND SPEED    13.9


SKY COVER
  POSSIBLE SUNSHINE  MM
  AVERAGE SKY COVER 0.3


WEATHER CONDITIONS
 THE FOLLOWING WEATHER WAS RECORDED TODAY.
  NO SIGNIFICANT WEATHER WAS OBSERVED.


RELATIVE HUMIDITY (PERCENT)
 HIGHEST    83          1200 AM
 LOWEST     41           300 PM
 AVERAGE    62

..........................................................


THE BOSTON MA CLIMATE NORMALS FOR TOMORROW
                         NORMAL    RECORD    YEAR
 MAXIMUM TEMPERATURE (F)   65        87      1922
 MINIMUM TEMPERATURE (F)   50        28      1881


SUNRISE AND SUNSET
OCTOBER  4 2017.......SUNRISE   645 AM EDT   SUNSET   620 PM EDT
OCTOBER  5 2017.......SUNRISE   646 AM EDT   SUNSET   618 PM EDT


-  INDICATES NEGATIVE NUMBERS.
R  INDICATES RECORD WAS SET OR TIED.
MM INDICATES DATA IS MISSING.
T  INDICATES TRACE AMOUNT.




$$
