000
CDUS41 KBOX 192139
CLIBOS


CLIMATE REPORT
NATIONAL WEATHER SERVICE TAUNTON MA
528 PM EDT THU MAY 19 2016


...................................

...THE BOSTON MA CLIMATE SUMMARY FOR MAY 19 2016...
VALID AS OF 0500 PM LOCAL TIME.

CLIMATE NORMAL PERIOD 1981 TO 2010
CLIMATE RECORD PERIOD 1872 TO 2016


WEATHER ITEM   OBSERVED TIME   RECORD YEAR NORMAL DEPARTURE LAST
                VALUE   (LST)  VALUE       VALUE  FROM      YEAR
                                                  NORMAL
..................................................................
TEMPERATURE (F)
 TODAY
  MAXIMUM         60    249 PM  90    1986  67     -7       65
                                      1949
  MINIMUM         50    417 AM  38    1882  51     -1       52
  AVERAGE         55                        59     -4       59

PRECIPITATION (IN)
  TODAY            0.00          1.55 1900   0.11  -0.11     0.27
  MONTH TO DATE    1.44                      1.99  -0.55     0.31
  SINCE MAR 1      7.51                     10.05  -2.54     5.64
  SINCE JAN 1     14.95                     16.66  -1.71    12.58

SNOWFALL (IN)
  TODAY            0.0           0.0  2002   0.0    0.0      0.0
                                      2001
                                      2000
  MONTH TO DATE    0.0                       0.1   -0.1      0.0
  SINCE MAR 1     10.7                       9.8    0.9      8.6
  SINCE JUL 1     36.1                      43.9   -7.8    110.6
  SNOW DEPTH      MM

DEGREE DAYS
 HEATING
  TODAY           10                         7      3        6
  MONTH TO DATE  209                       179     30      108
  SINCE MAR 1   1432                      1518    -86     1587
  SINCE JUL 1   4762                      5560   -798     5902

 COOLING
  TODAY            0                         1     -1        0
  MONTH TO DATE    3                         6     -3       15
  SINCE MAR 1      6                         9     -3       15
  SINCE JAN 1      6                         9     -3       15
..................................................................


WIND (MPH)
  HIGHEST WIND SPEED    13   HIGHEST WIND DIRECTION     E (110)
  HIGHEST GUST SPEED    15   HIGHEST GUST DIRECTION     E (110)
  AVERAGE WIND SPEED     6.1


SKY COVER
  POSSIBLE SUNSHINE  MM
  AVERAGE SKY COVER 0.7


WEATHER CONDITIONS
 THE FOLLOWING WEATHER WAS RECORDED TODAY.
  NO SIGNIFICANT WEATHER WAS OBSERVED.


RELATIVE HUMIDITY (PERCENT)
 HIGHEST    80           200 AM
 LOWEST     51           200 PM
 AVERAGE    66

..........................................................


THE BOSTON MA CLIMATE NORMALS FOR TOMORROW
                         NORMAL    RECORD    YEAR
 MAXIMUM TEMPERATURE (F)   67        91      1996
 MINIMUM TEMPERATURE (F)   51        40      1892


SUNRISE AND SUNSET
MAY 19 2016...........SUNRISE   518 AM EDT   SUNSET   803 PM EDT
MAY 20 2016...........SUNRISE   518 AM EDT   SUNSET   804 PM EDT


-  INDICATES NEGATIVE NUMBERS.
R  INDICATES RECORD WAS SET OR TIED.
MM INDICATES DATA IS MISSING.
T  INDICATES TRACE AMOUNT.




$$
