000
CDUS41 KBOX 090541
CLIBOS


CLIMATE REPORT
NATIONAL WEATHER SERVICE TAUNTON MA
1241 AM EST TUE DEC 9 2014


...................................

...THE BOSTON MA CLIMATE SUMMARY FOR DECEMBER 8 2014...

CLIMATE NORMAL PERIOD 1981 TO 2010
CLIMATE RECORD PERIOD 1872 TO 2014


WEATHER ITEM   OBSERVED TIME   RECORD YEAR NORMAL DEPARTURE LAST
                VALUE   (LST)  VALUE       VALUE  FROM      YEAR
                                                  NORMAL
..................................................................
TEMPERATURE (F)
 YESTERDAY
  MAXIMUM         29   1159 PM  65    1927  44    -15       32
  MINIMUM         18    555 AM  -4    1902  31    -13       27
  AVERAGE         24                        37    -13       30

PRECIPITATION (IN)
  YESTERDAY        0.03          1.33 1969   0.12  -0.09     0.00
  MONTH TO DATE    1.91                      1.05   0.86     0.67
  SINCE DEC 1      1.91                      1.05   0.86     0.67
  SINCE JAN 1     40.60                     41.04  -0.44    36.41

SNOWFALL (IN)
  YESTERDAY        0.3           1.7  1922   0.3    0.0      0.0
  MONTH TO DATE    0.3                       1.6   -1.3      0.1
  SINCE DEC 1      0.3                       1.6   -1.3      0.1
  SINCE JUL 1      2.9                       2.9    0.0      0.1
  SNOW DEPTH      MM

DEGREE DAYS
 HEATING
  YESTERDAY       41                        28     13       35
  MONTH TO DATE  219                       212      7      197
  SINCE DEC 1    219                       212      7      197
  SINCE JUL 1   1232                      1267    -35     1213

 COOLING
  YESTERDAY        0                         0      0        0
  MONTH TO DATE    0                         0      0        0
  SINCE DEC 1      0                         0      0        0
  SINCE JAN 1    769                       747     22      920
..................................................................


WIND (MPH)
  RESULTANT WIND SPEED  13   RESULTANT WIND DIRECTION   N (350)
  HIGHEST WIND SPEED    21   HIGHEST WIND DIRECTION     N (340)
  HIGHEST GUST SPEED    28   HIGHEST GUST DIRECTION     N (350)
  AVERAGE WIND SPEED    13.2


SKY COVER
  POSSIBLE SUNSHINE  MM
  AVERAGE SKY COVER 1.0


WEATHER CONDITIONS
 THE FOLLOWING WEATHER WAS RECORDED YESTERDAY.
  LIGHT SNOW
  FOG


RELATIVE HUMIDITY (PERCENT)
 HIGHEST    92          1100 PM
 LOWEST     47          1200 AM
 AVERAGE    70

..........................................................


THE BOSTON MA CLIMATE NORMALS FOR TODAY
                         NORMAL    RECORD    YEAR
 MAXIMUM TEMPERATURE (F)   43        70      1966
 MINIMUM TEMPERATURE (F)   31        -8      1902


SUNRISE AND SUNSET
DECEMBER  9 2014......SUNRISE   701 AM EST   SUNSET   411 PM EST
DECEMBER 10 2014......SUNRISE   702 AM EST   SUNSET   411 PM EST


-  INDICATES NEGATIVE NUMBERS.
R  INDICATES RECORD WAS SET OR TIED.
MM INDICATES DATA IS MISSING.
T  INDICATES TRACE AMOUNT.




$$
