000
CDUS41 KBOX 122123
CLIBOS


CLIMATE REPORT
NATIONAL WEATHER SERVICE TAUNTON MA
422 PM EST SUN FEB 12 2017


...................................

...THE BOSTON MA CLIMATE SUMMARY FOR FEBRUARY 12 2017...
VALID AS OF 0400 PM LOCAL TIME.

CLIMATE NORMAL PERIOD 1981 TO 2010
CLIMATE RECORD PERIOD 1872 TO 2017


WEATHER ITEM   OBSERVED TIME   RECORD YEAR NORMAL DEPARTURE LAST
                VALUE   (LST)  VALUE       VALUE  FROM      YEAR
                                                  NORMAL
..................................................................
TEMPERATURE (F)
 TODAY
  MAXIMUM         35    124 PM  58    1999  38     -3       24
                                      1984
  MINIMUM         19    329 AM -11    1914  24     -5        8
  AVERAGE         27                        31     -4       16

PRECIPITATION (IN)
  TODAY            0.25          4.45 1886   0.11   0.14     0.00
  MONTH TO DATE    2.22                      1.31   0.91     1.84
  SINCE DEC 1      9.72                      8.45   1.27     9.39
  SINCE JAN 1      6.47                      4.67   1.80     5.11

SNOWFALL (IN)
  TODAY           MM            17.5  2006   0.4   MM        0.0
  MONTH TO DATE   16.1                       4.6   11.5     13.6
  SINCE DEC 1     30.9                      26.5    4.4     24.0
  SINCE JUL 1     30.9                      27.8    3.1     24.0
  SNOW DEPTH      MM

DEGREE DAYS
 HEATING
  TODAY           38                        34      4       49
  MONTH TO DATE  415                       415      0      370
  SINCE DEC 1   2250                      2470   -220     1974
  SINCE JUL 1   3165                      3525   -360     2829

 COOLING
  TODAY            0                         0      0        0
  MONTH TO DATE    0                         0      0        0
  SINCE DEC 1      0                         0      0        0
  SINCE JAN 1      0                         0      0        0
..................................................................


WIND (MPH)
  HIGHEST WIND SPEED    26   HIGHEST WIND DIRECTION     E (90)
  HIGHEST GUST SPEED    30   HIGHEST GUST DIRECTION     E (90)
  AVERAGE WIND SPEED    13.4


SKY COVER
  POSSIBLE SUNSHINE  MM
  AVERAGE SKY COVER 1.0


WEATHER CONDITIONS
 THE FOLLOWING WEATHER WAS RECORDED TODAY.
  LIGHT RAIN
  SNOW
  LIGHT SNOW
  FOG


RELATIVE HUMIDITY (PERCENT)
 HIGHEST   100           100 PM
 LOWEST     84          1200 AM
 AVERAGE    92

..........................................................


THE BOSTON MA CLIMATE NORMALS FOR TOMORROW
                         NORMAL    RECORD    YEAR
 MAXIMUM TEMPERATURE (F)   38        66      1951
 MINIMUM TEMPERATURE (F)   24        -4      2016


SUNRISE AND SUNSET
FEBRUARY 12 2017......SUNRISE   644 AM EST   SUNSET   513 PM EST
FEBRUARY 13 2017......SUNRISE   643 AM EST   SUNSET   514 PM EST


-  INDICATES NEGATIVE NUMBERS.
R  INDICATES RECORD WAS SET OR TIED.
MM INDICATES DATA IS MISSING.
T  INDICATES TRACE AMOUNT.




$$
