000
CDUS41 KBOX 132142
CLIBOS


CLIMATE REPORT
NATIONAL WEATHER SERVICE TAUNTON MA
541 PM EDT WED AUG 13 2014


...................................

...THE BOSTON MA CLIMATE SUMMARY FOR AUGUST 13 2014...
VALID AS OF 0500 PM LOCAL TIME.

CLIMATE NORMAL PERIOD 1981 TO 2010
CLIMATE RECORD PERIOD 1872 TO 2014


WEATHER ITEM   OBSERVED TIME   RECORD YEAR NORMAL DEPARTURE LAST
                VALUE   (LST)  VALUE       VALUE  FROM      YEAR
                                                  NORMAL
..................................................................
TEMPERATURE (F)
 TODAY
  MAXIMUM         68    359 PM 100    1944  80    -12       73
  MINIMUM         65    154 PM  53    1902  65      0       66
  AVERAGE         67                        73     -6       70

PRECIPITATION (IN)
  TODAY            0.95          2.13 1989   0.11   0.84      T
  MONTH TO DATE    1.00                      1.53  -0.53     1.82
  SINCE JUN 1      8.19                      8.64  -0.45    15.93
  SINCE JAN 1     26.14                     26.80  -0.66    30.18

SNOWFALL (IN)
  TODAY            0.0           T    1994   0.0    0.0      0.0
  MONTH TO DATE    0.0                       0.0    0.0      0.0
  SINCE JUN 1      0.0                       0.0    0.0      0.0
  SINCE JUL 1      0.0                       0.0    0.0      0.0
  SNOW DEPTH       0

DEGREE DAYS
 HEATING
  TODAY            0                         0      0        0
  MONTH TO DATE    0                         0      0        0
  SINCE JUN 1     28                        61    -33       27
  SINCE JUL 1      0                         6     -6        2

 COOLING
  TODAY            2                         8     -6        5
  MONTH TO DATE   91                       108    -17      100
  SINCE JUN 1    520                       510     10      654
  SINCE JAN 1    542                       540      2      692
..................................................................


WIND (MPH)
  HIGHEST WIND SPEED    25   HIGHEST WIND DIRECTION     E (100)
  HIGHEST GUST SPEED    31   HIGHEST GUST DIRECTION     E (100)
  AVERAGE WIND SPEED    14.3


SKY COVER
  POSSIBLE SUNSHINE  MM
  AVERAGE SKY COVER 0.9


WEATHER CONDITIONS
 THE FOLLOWING WEATHER WAS RECORDED TODAY.
  HEAVY RAIN
  RAIN
  LIGHT RAIN
  FOG


RELATIVE HUMIDITY (PERCENT)
 HIGHEST   100           700 AM
 LOWEST     81           200 AM
 AVERAGE    91

..........................................................


THE BOSTON MA CLIMATE NORMALS FOR TOMORROW
                         NORMAL    RECORD    YEAR
 MAXIMUM TEMPERATURE (F)   80       101      2002
 MINIMUM TEMPERATURE (F)   65        52      1964
                                             1882


SUNRISE AND SUNSET
AUGUST 13 2014........SUNRISE   549 AM EDT   SUNSET   748 PM EDT
AUGUST 14 2014........SUNRISE   550 AM EDT   SUNSET   747 PM EDT


-  INDICATES NEGATIVE NUMBERS.
R  INDICATES RECORD WAS SET OR TIED.
MM INDICATES DATA IS MISSING.
T  INDICATES TRACE AMOUNT.




$$
