000
CDUS41 KBOX 050557
CLIBOS


CLIMATE REPORT
NATIONAL WEATHER SERVICE TAUNTON MA
1251 AM EST THU MAR 5 2015


...................................

...THE BOSTON MA CLIMATE SUMMARY FOR MARCH 4 2015...

CLIMATE NORMAL PERIOD 1981 TO 2010
CLIMATE RECORD PERIOD 1872 TO 2015


WEATHER ITEM   OBSERVED TIME   RECORD YEAR NORMAL DEPARTURE LAST
                VALUE   (LST)  VALUE       VALUE  FROM      YEAR
                                                  NORMAL
..................................................................
TEMPERATURE (F)
 YESTERDAY
  MAXIMUM         43    322 PM  70    1974  42      1       31
  MINIMUM         33   1202 AM   2    1950  28      5       12
  AVERAGE         38                        35      3       22

PRECIPITATION (IN)
  YESTERDAY        0.02          2.64 1881   0.13  -0.11     0.00
  MONTH TO DATE    0.46                      0.53  -0.07      T
  SINCE MAR 1      0.46                      0.53  -0.07      T
  SINCE JAN 1      7.40                      7.14   0.26     7.37

SNOWFALL (IN)
  YESTERDAY        0.0          12.0  1891   0.3   -0.3      0.0
  MONTH TO DATE    3.7                       1.4    2.3       T
  SINCE MAR 1      3.7                       1.4    2.3       T
  SINCE JUL 1    105.7                      35.5   70.2     56.4
  SNOW DEPTH      MM

DEGREE DAYS
 HEATING
  YESTERDAY       27                        30     -3       43
  MONTH TO DATE  142                       121     21      154
  SINCE MAR 1    142                       121     21      154
  SINCE JUL 1   4457                      4163    294     4302

 COOLING
  YESTERDAY        0                         0      0        0
  MONTH TO DATE    0                         0      0        0
  SINCE MAR 1      0                         0      0        0
  SINCE JAN 1      0                         0      0        0
..................................................................


WIND (MPH)
  RESULTANT WIND SPEED  12   RESULTANT WIND DIRECTION  SW (240)
  HIGHEST WIND SPEED    21   HIGHEST WIND DIRECTION     W (260)
  HIGHEST GUST SPEED    30   HIGHEST GUST DIRECTION     W (260)
  AVERAGE WIND SPEED    11.3


SKY COVER
  POSSIBLE SUNSHINE  MM
  AVERAGE SKY COVER 0.9


WEATHER CONDITIONS
 THE FOLLOWING WEATHER WAS RECORDED YESTERDAY.
  LIGHT RAIN
  LT FREEZING RAIN
  FOG


RELATIVE HUMIDITY (PERCENT)
 HIGHEST    92           300 AM
 LOWEST     57           300 PM
 AVERAGE    75

..........................................................


THE BOSTON MA CLIMATE NORMALS FOR TODAY
                         NORMAL    RECORD    YEAR
 MAXIMUM TEMPERATURE (F)   42        72      1880
 MINIMUM TEMPERATURE (F)   28        -4      1872


SUNRISE AND SUNSET
MARCH  5 2015.........SUNRISE   613 AM EST   SUNSET   538 PM EST
MARCH  6 2015.........SUNRISE   612 AM EST   SUNSET   540 PM EST


-  INDICATES NEGATIVE NUMBERS.
R  INDICATES RECORD WAS SET OR TIED.
MM INDICATES DATA IS MISSING.
T  INDICATES TRACE AMOUNT.




$$
