000
CDUS41 KBOX 190601
CLIBOS


CLIMATE REPORT
NATIONAL WEATHER SERVICE TAUNTON MA
157 AM EDT FRI SEP 19 2014


...................................

...THE BOSTON MA CLIMATE SUMMARY FOR SEPTEMBER 18 2014...

CLIMATE NORMAL PERIOD 1981 TO 2010
CLIMATE RECORD PERIOD 1872 TO 2014


WEATHER ITEM   OBSERVED TIME   RECORD YEAR NORMAL DEPARTURE LAST
                VALUE   (LST)  VALUE       VALUE  FROM      YEAR
                                                  NORMAL
..................................................................
TEMPERATURE (F)
 YESTERDAY
  MAXIMUM         75    133 PM  90    1955  72      3       75
                                      1906
                                      1891
  MINIMUM         55   1159 PM  43    1875  57     -2       51
  AVERAGE         65                        64      1       63

PRECIPITATION (IN)
  YESTERDAY        0.00          2.87 2004   0.12  -0.12     0.00
  MONTH TO DATE    0.51                      1.95  -1.44     1.84
  SINCE SEP 1      0.51                      1.95  -1.44     1.84
  SINCE JAN 1     27.40                     30.57  -3.17    32.04

SNOWFALL (IN)
  YESTERDAY        0.0           0.0  2002   0.0    0.0      0.0
                                      2001
                                      2000
  MONTH TO DATE    0.0                       0.0    0.0      0.0
  SINCE SEP 1      0.0                       0.0    0.0      0.0
  SINCE JUL 1      0.0                       0.0    0.0      0.0
  SNOW DEPTH       0

DEGREE DAYS
 HEATING
  YESTERDAY        0                         3     -3        2
  MONTH TO DATE   29                        29      0       30
  SINCE SEP 1     29                        29      0       30
  SINCE JUL 1     29                        42    -13       32

 COOLING
  YESTERDAY        0                         2     -2        0
  MONTH TO DATE   96                        64     32       80
  SINCE SEP 1     96                        64     32       80
  SINCE JAN 1    735                       723     12      901
..................................................................


WIND (MPH)
  RESULTANT WIND SPEED   4   RESULTANT WIND DIRECTION  NW (330)
  HIGHEST WIND SPEED    20   HIGHEST WIND DIRECTION     N (360)
  HIGHEST GUST SPEED    24   HIGHEST GUST DIRECTION     N (360)
  AVERAGE WIND SPEED     7.1


SKY COVER
  POSSIBLE SUNSHINE  MM
  AVERAGE SKY COVER 0.4


WEATHER CONDITIONS
 THE FOLLOWING WEATHER WAS RECORDED YESTERDAY.
  NO SIGNIFICANT WEATHER WAS OBSERVED.


RELATIVE HUMIDITY (PERCENT)
 HIGHEST    72           300 AM
 LOWEST     35          1200 PM
 AVERAGE    54

..........................................................


THE BOSTON MA CLIMATE NORMALS FOR TODAY
                         NORMAL    RECORD    YEAR
 MAXIMUM TEMPERATURE (F)   71        92      1983
 MINIMUM TEMPERATURE (F)   56        42      1929


SUNRISE AND SUNSET
SEPTEMBER 19 2014.....SUNRISE   628 AM EDT   SUNSET   647 PM EDT
SEPTEMBER 20 2014.....SUNRISE   629 AM EDT   SUNSET   645 PM EDT


-  INDICATES NEGATIVE NUMBERS.
R  INDICATES RECORD WAS SET OR TIED.
MM INDICATES DATA IS MISSING.
T  INDICATES TRACE AMOUNT.




$$
