000
CDUS41 KBOX 292142
CLIBOS


CLIMATE REPORT
NATIONAL WEATHER SERVICE TAUNTON MA
531 PM EDT MON MAY 29 2017


...................................

...THE BOSTON MA CLIMATE SUMMARY FOR MAY 29 2017...
VALID TODAY AS OF 0500 PM LOCAL TIME.

CLIMATE NORMAL PERIOD 1981 TO 2010
CLIMATE RECORD PERIOD 1872 TO 2017


WEATHER ITEM   OBSERVED TIME   RECORD YEAR NORMAL DEPARTURE LAST
                VALUE   (LST)  VALUE       VALUE  FROM      YEAR
                                                  NORMAL
..................................................................
TEMPERATURE (F)
 TODAY
  MAXIMUM         54   1227 AM  94    1931  70    -16       77
                                      1929
  MINIMUM         49    221 PM  39    1902  54     -5       53
  AVERAGE         52                        62    -10       65

PRECIPITATION (IN)
  TODAY            0.02          1.63 1990   0.13  -0.11      T
  MONTH TO DATE    3.36                      3.24   0.12     1.70
  SINCE MAR 1     13.27                     11.30   1.97     7.77
  SINCE JAN 1     20.74                     17.91   2.83    15.21

SNOWFALL (IN)
  TODAY            0.0           T    1949   0.0    0.0      0.0
  MONTH TO DATE    0.0                       0.1   -0.1      0.0
  SINCE MAR 1     11.3                       9.8    1.5     10.7
  SINCE JUL 1     47.6                      43.9    3.7     36.1
  SNOW DEPTH      MM

DEGREE DAYS
 HEATING
  TODAY           13                         5      8        0
  MONTH TO DATE  289                       237     52      233
  SINCE MAR 1   1650                      1576     74     1456
  SINCE JUL 1   5189                      5618   -429     4786

 COOLING
  TODAY            0                         2     -2        0
  MONTH TO DATE   41                        19     22       29
  SINCE MAR 1     60                        22     38       32
  SINCE JAN 1     60                        22     38       32
..................................................................


WIND (MPH)
  HIGHEST WIND SPEED    17   HIGHEST WIND DIRECTION     E (80)
  HIGHEST GUST SPEED    20   HIGHEST GUST DIRECTION     E (90)
  AVERAGE WIND SPEED    10.7


SKY COVER
  POSSIBLE SUNSHINE  MM
  AVERAGE SKY COVER 0.9


WEATHER CONDITIONS
 THE FOLLOWING WEATHER WAS RECORDED TODAY.
  LIGHT RAIN
  FOG


RELATIVE HUMIDITY (PERCENT)
 HIGHEST   100           700 AM
 LOWEST     83          1200 AM
 AVERAGE    92

..........................................................


THE BOSTON MA CLIMATE NORMALS FOR TOMORROW
                         NORMAL    RECORD    YEAR
 MAXIMUM TEMPERATURE (F)   71        96      1929
 MINIMUM TEMPERATURE (F)   54        35      1884


SUNRISE AND SUNSET
MAY 29 2017...........SUNRISE   511 AM EDT   SUNSET   812 PM EDT
MAY 30 2017...........SUNRISE   511 AM EDT   SUNSET   813 PM EDT


-  INDICATES NEGATIVE NUMBERS.
R  INDICATES RECORD WAS SET OR TIED.
MM INDICATES DATA IS MISSING.
T  INDICATES TRACE AMOUNT.




$$
