000
CDUS41 KBOX 190607
CLIBOS


CLIMATE REPORT
NATIONAL WEATHER SERVICE TAUNTON MA
106 AM EST MON FEB 19 2018


...................................

...THE BOSTON MA CLIMATE SUMMARY FOR FEBRUARY 18 2018...

CLIMATE NORMAL PERIOD 1981 TO 2010
CLIMATE RECORD PERIOD 1872 TO 2018


WEATHER ITEM   OBSERVED TIME   RECORD YEAR NORMAL DEPARTURE LAST
                VALUE   (LST)  VALUE       VALUE  FROM      YEAR
                                                  NORMAL
..................................................................
TEMPERATURE (F)
 YESTERDAY
  MAXIMUM         44    418 PM  66    1981  39      5       49
  MINIMUM         32   1159 PM  -4    1958  25      7       26
  AVERAGE         38                        32      6       38

PRECIPITATION (IN)
  YESTERDAY        0.35          1.91 1998   0.12   0.23     0.00
  MONTH TO DATE    2.98                      2.02   0.96     3.12
  SINCE DEC 1     10.39                      9.16   1.23    10.62
  SINCE JAN 1      7.90                      5.38   2.52     7.37

SNOWFALL (IN)
  YESTERDAY        3.7          10.2  1893   0.4    3.3      0.0
  MONTH TO DATE    7.8                       7.0    0.8     21.5
  SINCE DEC 1     34.8                      28.9    5.9     36.3
  SINCE JUL 1     34.8                      30.2    4.6     36.3
  SNOW DEPTH      MM

DEGREE DAYS
 HEATING
  YESTERDAY       27                        33     -6       27
  MONTH TO DATE  555                       614    -59      613
  SINCE DEC 1   2731                      2669     62     2448
  SINCE JUL 1   3558                      3724   -166     3363

 COOLING
  YESTERDAY        0                         0      0        0
  MONTH TO DATE    0                         0      0        0
  SINCE DEC 1      0                         0      0        0
  SINCE JAN 1      0                         0      0        0
..................................................................


WIND (MPH)
  RESULTANT WIND SPEED   8   RESULTANT WIND DIRECTION  NW (320)
  HIGHEST WIND SPEED    21   HIGHEST WIND DIRECTION    NW (320)
  HIGHEST GUST SPEED    29   HIGHEST GUST DIRECTION    NW (300)
  AVERAGE WIND SPEED    10.2


SKY COVER
  POSSIBLE SUNSHINE  MM
  AVERAGE SKY COVER 0.6


WEATHER CONDITIONS
 THE FOLLOWING WEATHER WAS RECORDED YESTERDAY.
  LIGHT SNOW
  FOG


RELATIVE HUMIDITY (PERCENT)
 HIGHEST   100           200 AM
 LOWEST     43           400 PM
 AVERAGE    72

..........................................................


THE BOSTON MA CLIMATE NORMALS FOR TODAY
                         NORMAL    RECORD    YEAR
 MAXIMUM TEMPERATURE (F)   40        65      1961
 MINIMUM TEMPERATURE (F)   25         4      1936
                                             1903
                                             1885


SUNRISE AND SUNSET
FEBRUARY 19 2018......SUNRISE   635 AM EST   SUNSET   522 PM EST
FEBRUARY 20 2018......SUNRISE   633 AM EST   SUNSET   523 PM EST


-  INDICATES NEGATIVE NUMBERS.
R  INDICATES RECORD WAS SET OR TIED.
MM INDICATES DATA IS MISSING.
T  INDICATES TRACE AMOUNT.




$$
