585
CDUS41 KBOX 210525
CLIBOS


CLIMATE REPORT
NATIONAL WEATHER SERVICE TAUNTON MA
125 AM EDT FRI JUL 21 2017


...................................

...THE BOSTON MA CLIMATE SUMMARY FOR JULY 20 2017...

CLIMATE NORMAL PERIOD 1981 TO 2010
CLIMATE RECORD PERIOD 1872 TO 2017


WEATHER ITEM   OBSERVED TIME   RECORD YEAR NORMAL DEPARTURE LAST
                VALUE   (LST)  VALUE       VALUE  FROM      YEAR
                                                  NORMAL
..................................................................
TEMPERATURE (F)
 YESTERDAY
  MAXIMUM         92    157 PM  99    1991  82     10       84
  MINIMUM         71    953 PM  54    1890  66      5       65
                                      1879
  AVERAGE         82                        74      8       75

PRECIPITATION (IN)
  YESTERDAY        T             1.78 1982   0.11  -0.11     0.00
  MONTH TO DATE    2.57                      2.09   0.48     0.66
  SINCE JUN 1      7.42                      5.77   1.65     1.99
  SINCE JAN 1     28.25                     23.93   4.32    18.33

SNOWFALL (IN)
  YESTERDAY        0.0           0.0  2002   0.0    0.0      0.0
                                      2001
                                      2000
  MONTH TO DATE    0.0                       0.0    0.0      0.0
  SINCE JUN 1      0.0                       0.0    0.0      0.0
  SINCE JUL 1      0.0                       0.0    0.0      0.0
  SNOW DEPTH      MM

DEGREE DAYS
 HEATING
  YESTERDAY        0                         0      0        0
  MONTH TO DATE    2                         0      2        7
  SINCE JUN 1     52                        55     -3       24
  SINCE JUL 1      2                         0      2        7

 COOLING
  YESTERDAY       17                         9      8       10
  MONTH TO DATE  189                       169     20      194
  SINCE JUN 1    380                       305     75      323
  SINCE JAN 1    440                       335    105      368
..................................................................


WIND (MPH)
  RESULTANT WIND SPEED   6   RESULTANT WIND DIRECTION   W (270)
  HIGHEST WIND SPEED    18   HIGHEST WIND DIRECTION    SW (230)
  HIGHEST GUST SPEED    26   HIGHEST GUST DIRECTION    SW (220)
  AVERAGE WIND SPEED     7.7


SKY COVER
  POSSIBLE SUNSHINE  MM
  AVERAGE SKY COVER 0.6


WEATHER CONDITIONS
 THE FOLLOWING WEATHER WAS RECORDED YESTERDAY.
  NO SIGNIFICANT WEATHER WAS OBSERVED.


RELATIVE HUMIDITY (PERCENT)
 HIGHEST    84          1000 PM
 LOWEST     44          1100 AM
 AVERAGE    64

..........................................................


THE BOSTON MA CLIMATE NORMALS FOR TODAY
                         NORMAL    RECORD    YEAR
 MAXIMUM TEMPERATURE (F)   82       102      1977
 MINIMUM TEMPERATURE (F)   66        52      1890


SUNRISE AND SUNSET
JULY 21 2017..........SUNRISE   526 AM EDT   SUNSET   814 PM EDT
JULY 22 2017..........SUNRISE   527 AM EDT   SUNSET   814 PM EDT


-  INDICATES NEGATIVE NUMBERS.
R  INDICATES RECORD WAS SET OR TIED.
MM INDICATES DATA IS MISSING.
T  INDICATES TRACE AMOUNT.




$$
