000
CDUS41 KBOX 270548
CLIBOS


CLIMATE REPORT
NATIONAL WEATHER SERVICE TAUNTON MA
1246 AM EST TUE JAN 27 2015


...................................

...THE BOSTON MA CLIMATE SUMMARY FOR JANUARY 26 2015...

CLIMATE NORMAL PERIOD 1981 TO 2010
CLIMATE RECORD PERIOD 1872 TO 2015


WEATHER ITEM   OBSERVED TIME   RECORD YEAR NORMAL DEPARTURE LAST
                VALUE   (LST)  VALUE       VALUE  FROM      YEAR
                                                  NORMAL
..................................................................
TEMPERATURE (F)
 YESTERDAY
  MAXIMUM         29    706 PM  72    1950  36     -7       26
  MINIMUM         11    713 AM   0    1927  22    -11       16
  AVERAGE         20                        29     -9       21

PRECIPITATION (IN)
  YESTERDAY        0.10          1.18 1958   0.11  -0.01     0.00
  MONTH TO DATE    2.50                      2.84  -0.34     3.21
  SINCE DEC 1      9.06                      6.62   2.44     7.83
  SINCE JAN 1      2.50                      2.84  -0.34     3.21

SNOWFALL (IN)
  YESTERDAY        2.3           6.5  1949   0.4    1.9      0.0
  MONTH TO DATE   10.0                      10.9   -0.9     21.8
  SINCE DEC 1     10.3                      19.9   -9.6     33.5
  SINCE JUL 1     12.9                      21.2   -8.3     33.5
  SNOW DEPTH      MM

DEGREE DAYS
 HEATING
  YESTERDAY       45                        36      9       44
  MONTH TO DATE  973                       932     41      960
  SINCE DEC 1   1796                      1871    -75     1933
  SINCE JUL 1   2809                      2926   -117     2949

 COOLING
  YESTERDAY        0                         0      0        0
  MONTH TO DATE    0                         0      0        0
  SINCE DEC 1      0                         0      0        0
  SINCE JAN 1      0                         0      0        0
..................................................................


WIND (MPH)
  RESULTANT WIND SPEED  13   RESULTANT WIND DIRECTION   N (10)
  HIGHEST WIND SPEED    33   HIGHEST WIND DIRECTION    NE (30)
  HIGHEST GUST SPEED    43   HIGHEST GUST DIRECTION    NE (30)
  AVERAGE WIND SPEED    16.3


SKY COVER
  POSSIBLE SUNSHINE  MM
  AVERAGE SKY COVER 1.0


WEATHER CONDITIONS
 THE FOLLOWING WEATHER WAS RECORDED YESTERDAY.
  SNOW
  LIGHT SNOW
  FOG
  HAZE


RELATIVE HUMIDITY (PERCENT)
 HIGHEST    92           900 PM
 LOWEST     49          1200 AM
 AVERAGE    71

..........................................................


THE BOSTON MA CLIMATE NORMALS FOR TODAY
                         NORMAL    RECORD    YEAR
 MAXIMUM TEMPERATURE (F)   36        63      1974
 MINIMUM TEMPERATURE (F)   22        -6      1924


SUNRISE AND SUNSET
JANUARY 27 2015.......SUNRISE   703 AM EST   SUNSET   451 PM EST
JANUARY 28 2015.......SUNRISE   702 AM EST   SUNSET   453 PM EST


-  INDICATES NEGATIVE NUMBERS.
R  INDICATES RECORD WAS SET OR TIED.
MM INDICATES DATA IS MISSING.
T  INDICATES TRACE AMOUNT.




$$
