588
CDUS41 KBOX 240546
CLIBOS


CLIMATE REPORT
NATIONAL WEATHER SERVICE TAUNTON MA
1241 AM EST FRI NOV 24 2017


...................................

...THE BOSTON MA CLIMATE SUMMARY FOR NOVEMBER 23 2017...

CLIMATE NORMAL PERIOD 1981 TO 2010
CLIMATE RECORD PERIOD 1872 TO 2017


WEATHER ITEM   OBSERVED TIME   RECORD YEAR NORMAL DEPARTURE LAST
                VALUE   (LST)  VALUE       VALUE  FROM      YEAR
                                                  NORMAL
..................................................................
TEMPERATURE (F)
 YESTERDAY
  MAXIMUM         43    239 PM  77    1931  49     -6       45
  MINIMUM         32    751 AM  11    1880  36     -4       33
  AVERAGE         38                        43     -5       39

PRECIPITATION (IN)
  YESTERDAY        0.00          3.31 1992   0.14  -0.14     0.00
  MONTH TO DATE    1.80                      3.04  -1.24     1.28
  SINCE SEP 1      9.67                     10.42  -0.75     8.12
  SINCE JAN 1     40.96                     39.04   1.92    28.38

SNOWFALL (IN)
  YESTERDAY        0.0           4.8  1897   0.1   -0.1      0.0
  MONTH TO DATE    T                         0.7   -0.7       T
  SINCE SEP 1      T                         0.7   -0.7       T
  SINCE JUL 1      T                         0.7   -0.7       T
  SNOW DEPTH      MM

DEGREE DAYS
 HEATING
  YESTERDAY       27                        23      4       26
  MONTH TO DATE  471                       442     29      402
  SINCE SEP 1    653                       876   -223      753
  SINCE JUL 1    665                       889   -224      760

 COOLING
  YESTERDAY        0                         0      0        0
  MONTH TO DATE    0                         0      0        0
  SINCE SEP 1    151                        88     63      141
  SINCE JAN 1    880                       747    133     1035
..................................................................


WIND (MPH)
  RESULTANT WIND SPEED   9   RESULTANT WIND DIRECTION  NW (300)
  HIGHEST WIND SPEED    23   HIGHEST WIND DIRECTION    NW (310)
  HIGHEST GUST SPEED    31   HIGHEST GUST DIRECTION    NW (300)
  AVERAGE WIND SPEED     9.1


SKY COVER
  POSSIBLE SUNSHINE  MM
  AVERAGE SKY COVER 0.3


WEATHER CONDITIONS
 THE FOLLOWING WEATHER WAS RECORDED YESTERDAY.
  NO SIGNIFICANT WEATHER WAS OBSERVED.


RELATIVE HUMIDITY (PERCENT)
 HIGHEST    64           300 AM
 LOWEST     33           400 PM
 AVERAGE    49

..........................................................


THE BOSTON MA CLIMATE NORMALS FOR TODAY
                         NORMAL    RECORD    YEAR
 MAXIMUM TEMPERATURE (F)   49        72      1931
 MINIMUM TEMPERATURE (F)   36        11      1880


SUNRISE AND SUNSET
NOVEMBER 24 2017......SUNRISE   646 AM EST   SUNSET   415 PM EST
NOVEMBER 25 2017......SUNRISE   647 AM EST   SUNSET   415 PM EST


-  INDICATES NEGATIVE NUMBERS.
R  INDICATES RECORD WAS SET OR TIED.
MM INDICATES DATA IS MISSING.
T  INDICATES TRACE AMOUNT.




$$
