502
CDUS41 KBOX 140545
CLIBOS


CLIMATE REPORT
NATIONAL WEATHER SERVICE TAUNTON MA
143 AM EDT FRI APR 14 2017


...................................

...THE BOSTON MA CLIMATE SUMMARY FOR APRIL 13 2017...

CLIMATE NORMAL PERIOD 1981 TO 2010
CLIMATE RECORD PERIOD 1872 TO 2017


WEATHER ITEM   OBSERVED TIME   RECORD YEAR NORMAL DEPARTURE LAST
                VALUE   (LST)  VALUE       VALUE  FROM      YEAR
                                                  NORMAL
..................................................................
TEMPERATURE (F)
 YESTERDAY
  MAXIMUM         59    330 PM  86    1977  55      4       50
  MINIMUM         45    441 AM  20    1874  40      5       38
  AVERAGE         52                        47      5       44

PRECIPITATION (IN)
  YESTERDAY        0.00          1.97 2004   0.14  -0.14     0.00
  MONTH TO DATE    3.62                      1.79   1.83     2.53
  SINCE MAR 1      7.80                      6.11   1.69     5.69
  SINCE JAN 1     15.27                     12.72   2.55    13.13

SNOWFALL (IN)
  YESTERDAY        0.0           5.0  1933   0.1   -0.1      0.0
  MONTH TO DATE    1.2                       1.4   -0.2      6.6
  SINCE MAR 1     11.3                       9.2    2.1     10.7
  SINCE JUL 1     47.6                      43.3    4.3     36.1
  SNOW DEPTH      MM

DEGREE DAYS
 HEATING
  YESTERDAY       13                        18     -5       21
  MONTH TO DATE  216                       259    -43      282
  SINCE MAR 1   1167                      1088     79      970
  SINCE JUL 1   4706                      5130   -424     4300

 COOLING
  YESTERDAY        0                         0      0        0
  MONTH TO DATE    3                         0      3        0
  SINCE MAR 1      3                         0      3        0
  SINCE JAN 1      3                         0      3        0
..................................................................


WIND (MPH)
  RESULTANT WIND SPEED  10   RESULTANT WIND DIRECTION  NW (310)
  HIGHEST WIND SPEED    22   HIGHEST WIND DIRECTION     N (340)
  HIGHEST GUST SPEED    30   HIGHEST GUST DIRECTION    NW (330)
  AVERAGE WIND SPEED    11.2


SKY COVER
  POSSIBLE SUNSHINE  MM
  AVERAGE SKY COVER 0.6


WEATHER CONDITIONS
 THE FOLLOWING WEATHER WAS RECORDED YESTERDAY.
  NO SIGNIFICANT WEATHER WAS OBSERVED.


RELATIVE HUMIDITY (PERCENT)
 HIGHEST    60           300 AM
 LOWEST     33           500 PM
 AVERAGE    47

..........................................................


THE BOSTON MA CLIMATE NORMALS FOR TODAY
                         NORMAL    RECORD    YEAR
 MAXIMUM TEMPERATURE (F)   55        81      1945
 MINIMUM TEMPERATURE (F)   40        26      1940


SUNRISE AND SUNSET
APRIL 14 2017.........SUNRISE   604 AM EDT   SUNSET   725 PM EDT
APRIL 15 2017.........SUNRISE   603 AM EDT   SUNSET   726 PM EDT


-  INDICATES NEGATIVE NUMBERS.
R  INDICATES RECORD WAS SET OR TIED.
MM INDICATES DATA IS MISSING.
T  INDICATES TRACE AMOUNT.




$$
