061
CDUS41 KBOX 190534
CLIBOS


CLIMATE REPORT
NATIONAL WEATHER SERVICE TAUNTON MA
134 AM EDT TUE JUL 19 2016


...................................

...THE BOSTON MA CLIMATE SUMMARY FOR JULY 18 2016...

CLIMATE NORMAL PERIOD 1981 TO 2010
CLIMATE RECORD PERIOD 1872 TO 2016


WEATHER ITEM   OBSERVED TIME   RECORD YEAR NORMAL DEPARTURE LAST
                VALUE   (LST)  VALUE       VALUE  FROM      YEAR
                                                  NORMAL
..................................................................
TEMPERATURE (F)
 YESTERDAY
  MAXIMUM         95    119 PM  98    1982  82     13       78
  MINIMUM         67    252 AM  54    1881  66      1       64
  AVERAGE         81                        74      7       71

PRECIPITATION (IN)
  YESTERDAY        0.01          2.52 1912   0.12  -0.11     0.14
  MONTH TO DATE    0.66                      1.86  -1.20     2.00
  SINCE JUN 1      1.99                      5.54  -3.55     7.01
  SINCE JAN 1     18.33                     23.70  -5.37    20.50

SNOWFALL (IN)
  YESTERDAY        0.0           0.0  2002   0.0    0.0      0.0
                                      2001
                                      2000
  MONTH TO DATE    0.0                       0.0    0.0      0.0
  SINCE JUN 1      0.0                       0.0    0.0      0.0
  SINCE JUL 1      0.0                       0.0    0.0      0.0
  SNOW DEPTH      MM

DEGREE DAYS
 HEATING
  YESTERDAY        0                         0      0        0
  MONTH TO DATE    7                         0      7        1
  SINCE JUN 1     24                        55    -31       99
  SINCE JUL 1      7                         0      7        1

 COOLING
  YESTERDAY       16                         9      7        6
  MONTH TO DATE  173                       151     22      128
  SINCE JUN 1    302                       287     15      225
  SINCE JAN 1    347                       317     30      286
..................................................................


WIND (MPH)
  RESULTANT WIND SPEED  11   RESULTANT WIND DIRECTION  SW (220)
  HIGHEST WIND SPEED    30   HIGHEST WIND DIRECTION    SW (240)
  HIGHEST GUST SPEED    40   HIGHEST GUST DIRECTION    SW (240)
  AVERAGE WIND SPEED    11.9


SKY COVER
  POSSIBLE SUNSHINE  MM
  AVERAGE SKY COVER 0.6


WEATHER CONDITIONS
 THE FOLLOWING WEATHER WAS RECORDED YESTERDAY.
  THUNDERSTORM
  LIGHT RAIN


RELATIVE HUMIDITY (PERCENT)
 HIGHEST    97           400 AM
 LOWEST     33          1100 AM
 AVERAGE    65

..........................................................


THE BOSTON MA CLIMATE NORMALS FOR TODAY
                         NORMAL    RECORD    YEAR
 MAXIMUM TEMPERATURE (F)   82        99      2013
 MINIMUM TEMPERATURE (F)   66        54      1881
                                             1875


SUNRISE AND SUNSET
JULY 19 2016..........SUNRISE   525 AM EDT   SUNSET   816 PM EDT
JULY 20 2016..........SUNRISE   525 AM EDT   SUNSET   815 PM EDT


-  INDICATES NEGATIVE NUMBERS.
R  INDICATES RECORD WAS SET OR TIED.
MM INDICATES DATA IS MISSING.
T  INDICATES TRACE AMOUNT.




$$
