000
CDUS41 KBOX 122136
CLIBOS


CLIMATE REPORT
NATIONAL WEATHER SERVICE TAUNTON MA
535 PM EDT FRI SEP 12 2014


...................................

...THE BOSTON MA CLIMATE SUMMARY FOR SEPTEMBER 12 2014...
VALID TODAY AS OF 0500 PM LOCAL TIME.

CLIMATE NORMAL PERIOD 1981 TO 2010
CLIMATE RECORD PERIOD 1872 TO 2014


WEATHER ITEM   OBSERVED TIME   RECORD YEAR NORMAL DEPARTURE LAST
                VALUE   (LST)  VALUE       VALUE  FROM      YEAR
                                                  NORMAL
..................................................................
TEMPERATURE (F)
 TODAY
  MAXIMUM         68   1156 AM  93    1961  74     -6       88
  MINIMUM         60    605 AM  43    1875  59      1       67
  AVERAGE         64                        66     -2       78

PRECIPITATION (IN)
  TODAY            0.00          2.95 1960   0.12  -0.12     0.57
  MONTH TO DATE    0.38                      1.26  -0.88     1.45
  SINCE SEP 1      0.38                      1.26  -0.88     1.45
  SINCE JAN 1     27.27                     29.88  -2.61    31.65

SNOWFALL (IN)
  TODAY            0.0           0.0  2002   0.0    0.0      0.0
                                      2001
                                      2000
  MONTH TO DATE    0.0                       0.0    0.0      0.0
  SINCE SEP 1      0.0                       0.0    0.0      0.0
  SINCE JUL 1      0.0                       0.0    0.0      0.0
  SNOW DEPTH      MM

DEGREE DAYS
 HEATING
  TODAY            1                         2     -1        0
  MONTH TO DATE    1                        14    -13        7
  SINCE SEP 1      1                        14    -13        7
  SINCE JUL 1      1                        27    -26        9

 COOLING
  TODAY            0                         3     -3       13
  MONTH TO DATE   96                        49     47       76
  SINCE SEP 1     96                        49     47       76
  SINCE JAN 1    735                       708     27      897
..................................................................


WIND (MPH)
  HIGHEST WIND SPEED    17   HIGHEST WIND DIRECTION     N (340)
  HIGHEST GUST SPEED    23   HIGHEST GUST DIRECTION     N (340)
  AVERAGE WIND SPEED     9.7


SKY COVER
  POSSIBLE SUNSHINE  MM
  AVERAGE SKY COVER 0.2


WEATHER CONDITIONS
 THE FOLLOWING WEATHER WAS RECORDED TODAY.
  NO SIGNIFICANT WEATHER WAS OBSERVED.


RELATIVE HUMIDITY (PERCENT)
 HIGHEST    78           200 AM
 LOWEST     48          1100 AM
 AVERAGE    63

..........................................................


THE BOSTON MA CLIMATE NORMALS FOR TOMORROW
                         NORMAL    RECORD    YEAR
 MAXIMUM TEMPERATURE (F)   74        93      1957
 MINIMUM TEMPERATURE (F)   59        45      1985
                                             1911


SUNRISE AND SUNSET
SEPTEMBER 12 2014.....SUNRISE   621 AM EDT   SUNSET   659 PM EDT
SEPTEMBER 13 2014.....SUNRISE   622 AM EDT   SUNSET   657 PM EDT


-  INDICATES NEGATIVE NUMBERS.
R  INDICATES RECORD WAS SET OR TIED.
MM INDICATES DATA IS MISSING.
T  INDICATES TRACE AMOUNT.




$$
