000
CDUS41 KBOX 191535
CLIBOS


CLIMATE REPORT
NATIONAL WEATHER SERVICE TAUNTON MA
1035 AM EST WED NOV 19 2014


...................................

...THE BOSTON MA CLIMATE SUMMARY FOR NOVEMBER 18 2014...

CLIMATE NORMAL PERIOD 1981 TO 2010
CLIMATE RECORD PERIOD 1872 TO 2014


WEATHER ITEM   OBSERVED TIME   RECORD YEAR NORMAL DEPARTURE LAST
                VALUE   (LST)  VALUE       VALUE  FROM      YEAR
                                                  NORMAL
..................................................................
TEMPERATURE (F)
 YESTERDAY
  MAXIMUM         44   1219 AM  73    1953  51     -7       67
  MINIMUM         27   1159 PM  14    1936  37    -10       50
  AVERAGE         36                        44     -8       59

PRECIPITATION (IN)
  YESTERDAY        0.00          3.09 1878   0.13  -0.13     0.15
  MONTH TO DATE    3.42                      2.36   1.06     0.58
  SINCE SEP 1      9.95                      9.74   0.21     3.40
  SINCE JAN 1     36.84                     38.36  -1.52    33.60

SNOWFALL (IN)
  YESTERDAY        0.0           2.2  1980   0.0    0.0      0.0
  MONTH TO DATE    T                         0.4   -0.4       T
  SINCE SEP 1      T                         0.4   -0.4       T
  SINCE JUL 1      T                         0.4   -0.4       T
  SNOW DEPTH      MM

DEGREE DAYS
 HEATING
  YESTERDAY       29                        21      8        6
  MONTH TO DATE  365                       332     33      317
  SINCE SEP 1    712                       766    -54      667
  SINCE JUL 1    712                       779    -67      669

 COOLING
  YESTERDAY        0                         0      0        0
  MONTH TO DATE    0                         0      0        1
  SINCE SEP 1    130                        88     42       99
  SINCE JAN 1    769                       747     22      920
..................................................................


WIND (MPH)
  RESULTANT WIND SPEED  15   RESULTANT WIND DIRECTION   W (270)
  HIGHEST WIND SPEED    25   HIGHEST WIND DIRECTION     W (280)
  HIGHEST GUST SPEED    33   HIGHEST GUST DIRECTION     W (260)
  AVERAGE WIND SPEED    15.7


SKY COVER
  POSSIBLE SUNSHINE  MM
  AVERAGE SKY COVER 0.3


WEATHER CONDITIONS
 THE FOLLOWING WEATHER WAS RECORDED YESTERDAY.
  NO SIGNIFICANT WEATHER WAS OBSERVED.


RELATIVE HUMIDITY (PERCENT)
 HIGHEST   100          1200 AM
 LOWEST     32           500 PM
 AVERAGE    66

..........................................................


THE BOSTON MA CLIMATE NORMALS FOR TODAY
                         NORMAL    RECORD    YEAR
 MAXIMUM TEMPERATURE (F)   50        75      1941
 MINIMUM TEMPERATURE (F)   37        14      1936


SUNRISE AND SUNSET
NOVEMBER 19 2014......SUNRISE   640 AM EST   SUNSET   419 PM EST
NOVEMBER 20 2014......SUNRISE   641 AM EST   SUNSET   418 PM EST


-  INDICATES NEGATIVE NUMBERS.
R  INDICATES RECORD WAS SET OR TIED.
MM INDICATES DATA IS MISSING.
T  INDICATES TRACE AMOUNT.




$$
