000
CDUS41 KBOX 180606
CLIBOS


CLIMATE REPORT
NATIONAL WEATHER SERVICE TAUNTON MA
200 AM EDT SAT MAR 18 2017


...................................

...THE BOSTON MA CLIMATE SUMMARY FOR MARCH 17 2017...

CLIMATE NORMAL PERIOD 1981 TO 2010
CLIMATE RECORD PERIOD 1872 TO 2017


WEATHER ITEM   OBSERVED TIME   RECORD YEAR NORMAL DEPARTURE LAST
                VALUE   (LST)  VALUE       VALUE  FROM      YEAR
                                                  NORMAL
..................................................................
TEMPERATURE (F)
 YESTERDAY
  MAXIMUM         42    506 PM  70    1990  46     -4       64
  MINIMUM         27    604 AM  10    1916  31     -4       43
  AVERAGE         35                        38     -3       54

PRECIPITATION (IN)
  YESTERDAY        0.00          1.58 1968   0.14  -0.14     0.07
  MONTH TO DATE    1.93                      2.25  -0.32     2.32
  SINCE MAR 1      1.93                      2.25  -0.32     2.32
  SINCE JAN 1      9.40                      8.86   0.54     9.76

SNOWFALL (IN)
  YESTERDAY        0.0           3.1  1993   0.2   -0.2      0.0
  MONTH TO DATE    9.5                       5.1    4.4      0.5
  SINCE MAR 1      9.5                       5.1    4.4      0.5
  SINCE JUL 1     45.8                      39.2    6.6     25.9
  SNOW DEPTH      MM

DEGREE DAYS
 HEATING
  YESTERDAY       30                        27      3       11
  MONTH TO DATE  567                       487     80      371
  SINCE MAR 1    567                       487     80      371
  SINCE JUL 1   4106                      4529   -423     3701

 COOLING
  YESTERDAY        0                         0      0        0
  MONTH TO DATE    0                         0      0        0
  SINCE MAR 1      0                         0      0        0
  SINCE JAN 1      0                         0      0        0
..................................................................


WIND (MPH)
  RESULTANT WIND SPEED   8   RESULTANT WIND DIRECTION   W (290)
  HIGHEST WIND SPEED    18   HIGHEST WIND DIRECTION    NW (310)
  HIGHEST GUST SPEED    25   HIGHEST GUST DIRECTION     W (290)
  AVERAGE WIND SPEED     9.6


SKY COVER
  POSSIBLE SUNSHINE  MM
  AVERAGE SKY COVER 0.3


WEATHER CONDITIONS
 THE FOLLOWING WEATHER WAS RECORDED YESTERDAY.
  NO SIGNIFICANT WEATHER WAS OBSERVED.


RELATIVE HUMIDITY (PERCENT)
 HIGHEST    50           600 AM
 LOWEST     25           500 PM
 AVERAGE    38

..........................................................


THE BOSTON MA CLIMATE NORMALS FOR TODAY
                         NORMAL    RECORD    YEAR
 MAXIMUM TEMPERATURE (F)   46        74      2012
 MINIMUM TEMPERATURE (F)   32         5      1885


SUNRISE AND SUNSET
MARCH 18 2017.........SUNRISE   651 AM EDT   SUNSET   654 PM EDT
MARCH 19 2017.........SUNRISE   649 AM EDT   SUNSET   655 PM EDT


-  INDICATES NEGATIVE NUMBERS.
R  INDICATES RECORD WAS SET OR TIED.
MM INDICATES DATA IS MISSING.
T  INDICATES TRACE AMOUNT.




$$
