000
CDUS41 KBOX 302130
CLIBOS


CLIMATE REPORT
NATIONAL WEATHER SERVICE TAUNTON MA
530 PM EDT SAT SEP 30 2017


...................................

...THE BOSTON MA CLIMATE SUMMARY FOR SEPTEMBER 30 2017...
VALID TODAY AS OF 0500 PM LOCAL TIME.

CLIMATE NORMAL PERIOD 1981 TO 2010
CLIMATE RECORD PERIOD 1872 TO 2017


WEATHER ITEM   OBSERVED TIME   RECORD YEAR NORMAL DEPARTURE LAST
                VALUE   (LST)  VALUE       VALUE  FROM      YEAR
                                                  NORMAL
..................................................................
TEMPERATURE (F)
 TODAY
  MAXIMUM         59    545 AM  87    1986  67     -8       62
  MINIMUM         53    359 PM  36    1888  52      1       56
  AVERAGE         56                        60     -4       59

PRECIPITATION (IN)
  TODAY            1.55          2.46 2015   0.13   1.42     0.13
  MONTH TO DATE    3.73                      3.44   0.29     1.38
  SINCE SEP 1      3.73                      3.44   0.29     1.38
  SINCE JAN 1     35.02                     32.06   2.96    21.64

SNOWFALL (IN)
  TODAY            0.0           0.0  2002   0.0    0.0      0.0
                                      2001
                                      2000
  MONTH TO DATE    0.0                       0.0    0.0      0.0
  SINCE SEP 1      0.0                       0.0    0.0      0.0
  SINCE JUL 1      0.0                       0.0    0.0      0.0
  SNOW DEPTH      MM

DEGREE DAYS
 HEATING
  TODAY            9                         6      3        6
  MONTH TO DATE   36                        84    -48       46
  SINCE SEP 1     36                        84    -48       46
  SINCE JUL 1     48                        97    -49       53

 COOLING
  TODAY            0                         1     -1        0
  MONTH TO DATE  111                        81     30      128
  SINCE SEP 1    111                        81     30      128
  SINCE JAN 1    840                       740    100     1022
..................................................................


WIND (MPH)
  HIGHEST WIND SPEED    26   HIGHEST WIND DIRECTION    NE (30)
  HIGHEST GUST SPEED    36   HIGHEST GUST DIRECTION    NE (40)
  AVERAGE WIND SPEED     8.8


SKY COVER
  POSSIBLE SUNSHINE  MM
  AVERAGE SKY COVER 0.9


WEATHER CONDITIONS
 THE FOLLOWING WEATHER WAS RECORDED TODAY.
  THUNDERSTORM
  HEAVY RAIN
  RAIN
  LIGHT RAIN
  FOG


RELATIVE HUMIDITY (PERCENT)
 HIGHEST    93           800 AM
 LOWEST     72           300 AM
 AVERAGE    83

..........................................................


THE BOSTON MA CLIMATE NORMALS FOR TOMORROW
                         NORMAL    RECORD    YEAR
 MAXIMUM TEMPERATURE (F)   67        90      1881
 MINIMUM TEMPERATURE (F)   52        36      1992


SUNRISE AND SUNSET
SEPTEMBER 30 2017.....SUNRISE   640 AM EDT   SUNSET   627 PM EDT
OCTOBER  1 2017.......SUNRISE   641 AM EDT   SUNSET   625 PM EDT


-  INDICATES NEGATIVE NUMBERS.
R  INDICATES RECORD WAS SET OR TIED.
MM INDICATES DATA IS MISSING.
T  INDICATES TRACE AMOUNT.




$$
