000
CDUS41 KBOX 070548
CLIBOS


CLIMATE REPORT
NATIONAL WEATHER SERVICE TAUNTON MA
137 AM EDT SUN AUG 7 2016


...................................

...THE BOSTON MA CLIMATE SUMMARY FOR AUGUST 6 2016...

CLIMATE NORMAL PERIOD 1981 TO 2010
CLIMATE RECORD PERIOD 1872 TO 2016


WEATHER ITEM   OBSERVED TIME   RECORD YEAR NORMAL DEPARTURE LAST
                VALUE   (LST)  VALUE       VALUE  FROM      YEAR
                                                  NORMAL
..................................................................
TEMPERATURE (F)
 YESTERDAY
  MAXIMUM         89    536 PM  97    1931  81      8       82
  MINIMUM         70    504 AM  52    1883  66      4       65
  AVERAGE         80                        73      7       74

PRECIPITATION (IN)
  YESTERDAY        0.02          2.60 1967   0.12  -0.10     0.00
  MONTH TO DATE    0.06                      0.73  -0.67     0.49
  SINCE JUN 1      2.26                      7.84  -5.58     7.59
  SINCE JAN 1     18.60                     26.00  -7.40    21.08

SNOWFALL (IN)
  YESTERDAY        0.0           0.0  2002   0.0    0.0      0.0
                                      2001
                                      2000
  MONTH TO DATE    0.0                       0.0    0.0      0.0
  SINCE JUN 1      0.0                       0.0    0.0      0.0
  SINCE JUL 1      0.0                       0.0    0.0      0.0
  SNOW DEPTH      MM

DEGREE DAYS
 HEATING
  YESTERDAY        0                         0      0        0
  MONTH TO DATE    0                         0      0        0
  SINCE JUN 1     24                        61    -37       99
  SINCE JUL 1      7                         6      1        1

 COOLING
  YESTERDAY       15                         8      7        9
  MONTH TO DATE   53                        52      1       73
  SINCE JUN 1    540                       454     86      455
  SINCE JAN 1    585                       484    101      516
..................................................................


WIND (MPH)
  RESULTANT WIND SPEED  11   RESULTANT WIND DIRECTION  SW (230)
  HIGHEST WIND SPEED    18   HIGHEST WIND DIRECTION    SW (240)
  HIGHEST GUST SPEED    32   HIGHEST GUST DIRECTION    SW (230)
  AVERAGE WIND SPEED    12.1


SKY COVER
  POSSIBLE SUNSHINE  MM
  AVERAGE SKY COVER 0.4


WEATHER CONDITIONS
 THE FOLLOWING WEATHER WAS RECORDED YESTERDAY.
  LIGHT RAIN
  FOG


RELATIVE HUMIDITY (PERCENT)
 HIGHEST    84           500 AM
 LOWEST     50           400 PM
 AVERAGE    67

..........................................................


THE BOSTON MA CLIMATE NORMALS FOR TODAY
                         NORMAL    RECORD    YEAR
 MAXIMUM TEMPERATURE (F)   81        98      1924
 MINIMUM TEMPERATURE (F)   66        55      1964
                                             1885
                                             1883


SUNRISE AND SUNSET
AUGUST  7 2016........SUNRISE   543 AM EDT   SUNSET   756 PM EDT
AUGUST  8 2016........SUNRISE   544 AM EDT   SUNSET   754 PM EDT


-  INDICATES NEGATIVE NUMBERS.
R  INDICATES RECORD WAS SET OR TIED.
MM INDICATES DATA IS MISSING.
T  INDICATES TRACE AMOUNT.




$$
