000
CDUS41 KBOX 041813
CLIBOS


CLIMATE REPORT
NATIONAL WEATHER SERVICE TAUNTON MA
109 PM EST MON DEC 4 2017


...................................

...THE BOSTON MA CLIMATE SUMMARY FOR DECEMBER 3 2017...

CLIMATE NORMAL PERIOD 1981 TO 2010
CLIMATE RECORD PERIOD 1872 TO 2017


WEATHER ITEM   OBSERVED TIME   RECORD YEAR NORMAL DEPARTURE LAST
                VALUE   (LST)  VALUE       VALUE  FROM      YEAR
                                                  NORMAL
..................................................................
TEMPERATURE (F)
 YESTERDAY
  MAXIMUM         44    238 PM  69    2009  46     -2       44
  MINIMUM         34    700 AM   0    1890  33      1       35
  AVERAGE         39                        39      0       40

PRECIPITATION (IN)
  YESTERDAY        0.00          1.82 1986   0.13  -0.13     0.00
  MONTH TO DATE    0.09                      0.39  -0.30     0.31
  SINCE DEC 1      0.09                      0.39  -0.30     0.31
  SINCE JAN 1     41.05                     40.38   0.67    30.11

SNOWFALL (IN)
  YESTERDAY        0.0           4.0  1893   0.2   -0.2      0.0
  MONTH TO DATE    0.0                       0.5   -0.5      0.0
  SINCE DEC 1      0.0                       0.5   -0.5      0.0
  SINCE JUL 1      T                         1.8   -1.8       T
  SNOW DEPTH       0

DEGREE DAYS
 HEATING
  YESTERDAY       26                        26      0       25
  MONTH TO DATE   72                        77     -5       60
  SINCE DEC 1     72                        77     -5       60
  SINCE JUL 1    899                      1132   -233      975

 COOLING
  YESTERDAY        0                         0      0        0
  MONTH TO DATE    0                         0      0        0
  SINCE DEC 1      0                         0      0        0
  SINCE JAN 1    880                       747    133     1035
..................................................................


WIND (MPH)
  RESULTANT WIND SPEED   4   RESULTANT WIND DIRECTION   N (360)
  HIGHEST WIND SPEED     8   HIGHEST WIND DIRECTION    NW (320)
  HIGHEST GUST SPEED    12   HIGHEST GUST DIRECTION    NW (330)
  AVERAGE WIND SPEED     4.9


SKY COVER
  POSSIBLE SUNSHINE  MM
  AVERAGE SKY COVER 0.8


WEATHER CONDITIONS
 THE FOLLOWING WEATHER WAS RECORDED YESTERDAY.
  NO SIGNIFICANT WEATHER WAS OBSERVED.


RELATIVE HUMIDITY (PERCENT)
 HIGHEST    82           300 AM
 LOWEST     53          1100 AM
 AVERAGE    68

..........................................................


THE BOSTON MA CLIMATE NORMALS FOR TODAY
                         NORMAL    RECORD    YEAR
 MAXIMUM TEMPERATURE (F)   45        70      1982
 MINIMUM TEMPERATURE (F)   32         2      1940


SUNRISE AND SUNSET
DECEMBER  4 2017......SUNRISE   657 AM EST   SUNSET   412 PM EST
DECEMBER  5 2017......SUNRISE   658 AM EST   SUNSET   412 PM EST


-  INDICATES NEGATIVE NUMBERS.
R  INDICATES RECORD WAS SET OR TIED.
MM INDICATES DATA IS MISSING.
T  INDICATES TRACE AMOUNT.




$$
