000
CDUS41 KBOX 110545
CLIBOS


CLIMATE REPORT
NATIONAL WEATHER SERVICE TAUNTON MA
142 AM EDT SUN JUN 11 2017


...................................

...THE BOSTON MA CLIMATE SUMMARY FOR JUNE 10 2017...

CLIMATE NORMAL PERIOD 1981 TO 2010
CLIMATE RECORD PERIOD 1872 TO 2017


WEATHER ITEM   OBSERVED TIME   RECORD YEAR NORMAL DEPARTURE LAST
                VALUE   (LST)  VALUE       VALUE  FROM      YEAR
                                                  NORMAL
..................................................................
TEMPERATURE (F)
 YESTERDAY
  MAXIMUM         85    142 PM  96    1959  74     11       72
  MINIMUM         61    441 AM  45    1881  58      3       55
  AVERAGE         73                        66      7       64

PRECIPITATION (IN)
  YESTERDAY        0.00          4.36 1881   0.14  -0.14     0.00
  MONTH TO DATE    1.78                      1.43   0.35     1.06
  SINCE JUN 1      1.78                      1.43   0.35     1.06
  SINCE JAN 1     22.61                     19.59   3.02    17.40

SNOWFALL (IN)
  YESTERDAY        0.0           T    1952   0.0    0.0      0.0
  MONTH TO DATE    0.0                       0.0    0.0      0.0
  SINCE JUN 1      0.0                       0.0    0.0      0.0
  SINCE JUL 1     47.6                      43.8    3.8     36.1
  SNOW DEPTH       0

DEGREE DAYS
 HEATING
  YESTERDAY        0                         2     -2        1
  MONTH TO DATE   48                        32     16       12
  SINCE JUN 1     48                        32     16       12
  SINCE JUL 1   5252                      5658   -406     4799

 COOLING
  YESTERDAY        8                         4      4        0
  MONTH TO DATE   13                        27    -14       22
  SINCE JUN 1     13                        27    -14       22
  SINCE JAN 1     73                        57     16       67
..................................................................


WIND (MPH)
  RESULTANT WIND SPEED   9   RESULTANT WIND DIRECTION  SW (220)
  HIGHEST WIND SPEED    20   HIGHEST WIND DIRECTION    SW (230)
  HIGHEST GUST SPEED    26   HIGHEST GUST DIRECTION     W (250)
  AVERAGE WIND SPEED    11.4


SKY COVER
  POSSIBLE SUNSHINE  MM
  AVERAGE SKY COVER 0.4


WEATHER CONDITIONS
 THE FOLLOWING WEATHER WAS RECORDED YESTERDAY.
  NO SIGNIFICANT WEATHER WAS OBSERVED.


RELATIVE HUMIDITY (PERCENT)
 HIGHEST    67           500 AM
 LOWEST     37           100 PM
 AVERAGE    52

..........................................................


THE BOSTON MA CLIMATE NORMALS FOR TODAY
                         NORMAL    RECORD    YEAR
 MAXIMUM TEMPERATURE (F)   75        98      1984
 MINIMUM TEMPERATURE (F)   58        46      1881


SUNRISE AND SUNSET
JUNE 11 2017..........SUNRISE   507 AM EDT   SUNSET   821 PM EDT
JUNE 12 2017..........SUNRISE   507 AM EDT   SUNSET   822 PM EDT


-  INDICATES NEGATIVE NUMBERS.
R  INDICATES RECORD WAS SET OR TIED.
MM INDICATES DATA IS MISSING.
T  INDICATES TRACE AMOUNT.




$$
