717
CDUS41 KBOX 092126
CLIBOS


CLIMATE REPORT
NATIONAL WEATHER SERVICE TAUNTON MA
426 PM EST MON JAN 9 2017


...................................

...THE BOSTON MA CLIMATE SUMMARY FOR JANUARY 9 2017...
VALID TODAY AS OF 0400 PM LOCAL TIME.

CLIMATE NORMAL PERIOD 1981 TO 2010
CLIMATE RECORD PERIOD 1872 TO 2017


WEATHER ITEM   OBSERVED TIME   RECORD YEAR NORMAL DEPARTURE LAST
                VALUE   (LST)  VALUE       VALUE  FROM      YEAR
                                                  NORMAL
..................................................................
TEMPERATURE (F)
 TODAY
  MAXIMUM         20    336 PM  64    1937  36    -16       41
  MINIMUM         11    816 AM  -4    1968  22    -11       38
  AVERAGE         16                        29    -13       40

PRECIPITATION (IN)
  TODAY            0.00          2.14 1884   0.11  -0.11     0.01
  MONTH TO DATE    1.09                      0.99   0.10     0.01
  SINCE DEC 1      4.34                      4.77  -0.43     4.29
  SINCE JAN 1      1.09                      0.99   0.10     0.01

SNOWFALL (IN)
  TODAY            0.0           9.0  1904   0.5   -0.5      0.0
  MONTH TO DATE    8.3                       3.8    4.5       T
  SINCE DEC 1     14.2                      12.8    1.4      0.9
  SINCE JUL 1     14.2                      14.1    0.1      0.9
  SNOW DEPTH      MM

DEGREE DAYS
 HEATING
  TODAY           49                        36     13       25
  MONTH TO DATE  314                       320     -6      288
  SINCE DEC 1   1230                      1259    -29      891
  SINCE JUL 1   2145                      2314   -169     1746

 COOLING
  TODAY            0                         0      0        0
  MONTH TO DATE    0                         0      0        0
  SINCE DEC 1      0                         0      0        0
  SINCE JAN 1      0                         0      0        0
..................................................................


WIND (MPH)
  HIGHEST WIND SPEED    20   HIGHEST WIND DIRECTION     W (290)
  HIGHEST GUST SPEED    24   HIGHEST GUST DIRECTION     W (280)
  AVERAGE WIND SPEED    11.4


SKY COVER
  POSSIBLE SUNSHINE  MM
  AVERAGE SKY COVER 0.3


WEATHER CONDITIONS
 THE FOLLOWING WEATHER WAS RECORDED TODAY.
  NO SIGNIFICANT WEATHER WAS OBSERVED.


RELATIVE HUMIDITY (PERCENT)
 HIGHEST    66           600 AM
 LOWEST     43           100 PM
 AVERAGE    55

..........................................................


THE BOSTON MA CLIMATE NORMALS FOR TOMORROW
                         NORMAL    RECORD    YEAR
 MAXIMUM TEMPERATURE (F)   36        58      2016
 MINIMUM TEMPERATURE (F)   22        -3      2004


SUNRISE AND SUNSET
JANUARY  9 2017.......SUNRISE   713 AM EST   SUNSET   430 PM EST
JANUARY 10 2017.......SUNRISE   712 AM EST   SUNSET   431 PM EST


-  INDICATES NEGATIVE NUMBERS.
R  INDICATES RECORD WAS SET OR TIED.
MM INDICATES DATA IS MISSING.
T  INDICATES TRACE AMOUNT.




$$
