000
CDUS41 KBOX 152137
CLIBOS


CLIMATE REPORT
NATIONAL WEATHER SERVICE TAUNTON MA
526 PM EDT FRI JUL 15 2016


...................................

...THE BOSTON MA CLIMATE SUMMARY FOR JULY 15 2016...
VALID AS OF 0500 PM LOCAL TIME.

CLIMATE NORMAL PERIOD 1981 TO 2010
CLIMATE RECORD PERIOD 1872 TO 2016


WEATHER ITEM   OBSERVED TIME   RECORD YEAR NORMAL DEPARTURE LAST
                VALUE   (LST)  VALUE       VALUE  FROM      YEAR
                                                  NORMAL
..................................................................
TEMPERATURE (F)
 TODAY
  MAXIMUM         96    300 PM  98    1995  82     14       82
                                      1984
  MINIMUM         72        MM  54    1929  66      6       67
  AVERAGE         84                        74     10       75

PRECIPITATION (IN)
  TODAY            0.00          1.35 1959   0.12  -0.12      T
  MONTH TO DATE    0.65                      1.51  -0.86     1.86
  SINCE JUN 1      1.98                      5.19  -3.21     6.87
  SINCE JAN 1     18.32                     23.35  -5.03    20.36

SNOWFALL (IN)
  TODAY            0.0           0.0  2001   0.0    0.0      0.0
  MONTH TO DATE    0.0                       0.0    0.0      0.0
  SINCE JUN 1      0.0                       0.0    0.0      0.0
  SINCE JUL 1      0.0                       0.0    0.0      0.0
  SNOW DEPTH       0

DEGREE DAYS
 HEATING
  TODAY            0                         0      0        0
  MONTH TO DATE    7                         0      7        0
  SINCE JUN 1     24                        55    -31       98
  SINCE JUL 1      7                         0      7        0

 COOLING
  TODAY           19                         9     10       10
  MONTH TO DATE  128                       124      4      119
  SINCE JUN 1    257                       260     -3      216
  SINCE JAN 1    302                       290     12      277
..................................................................


WIND (MPH)
  HIGHEST WIND SPEED    16   HIGHEST WIND DIRECTION    SW (240)
  HIGHEST GUST SPEED    22   HIGHEST GUST DIRECTION     W (280)
  AVERAGE WIND SPEED     8.1


SKY COVER
  POSSIBLE SUNSHINE  MM
  AVERAGE SKY COVER 0.4


WEATHER CONDITIONS
 THE FOLLOWING WEATHER WAS RECORDED TODAY.
  NO SIGNIFICANT WEATHER WAS OBSERVED.


RELATIVE HUMIDITY (PERCENT)
 HIGHEST    93           100 AM
 LOWEST     29           300 PM
 AVERAGE    61

..........................................................


THE BOSTON MA CLIMATE NORMALS FOR TOMORROW
                         NORMAL    RECORD    YEAR
 MAXIMUM TEMPERATURE (F)   82        99      1983
 MINIMUM TEMPERATURE (F)   66        54      1884
                                             1878


SUNRISE AND SUNSET
JULY 15 2016..........SUNRISE   521 AM EDT   SUNSET   819 PM EDT
JULY 16 2016..........SUNRISE   522 AM EDT   SUNSET   818 PM EDT


-  INDICATES NEGATIVE NUMBERS.
R  INDICATES RECORD WAS SET OR TIED.
MM INDICATES DATA IS MISSING.
T  INDICATES TRACE AMOUNT.




$$
