000
CDUS41 KBOX 170547
CLIBOS


CLIMATE REPORT
NATIONAL WEATHER SERVICE TAUNTON MA
1239 AM EST TUE FEB 17 2015


...................................

...THE BOSTON MA CLIMATE SUMMARY FOR FEBRUARY 16 2015...

CLIMATE NORMAL PERIOD 1981 TO 2010
CLIMATE RECORD PERIOD 1872 TO 2015


WEATHER ITEM   OBSERVED TIME   RECORD YEAR NORMAL DEPARTURE LAST
                VALUE   (LST)  VALUE       VALUE  FROM      YEAR
                                                  NORMAL
..................................................................
TEMPERATURE (F)
 YESTERDAY
  MAXIMUM         19    400 PM  60    1910  39    -20       33
                                      1882
  MINIMUM         -3    309 AM  -9    1943  25    -28       23
  AVERAGE          8                        32    -24       28

PRECIPITATION (IN)
  YESTERDAY        0.00          2.64 1958   0.12  -0.12     0.02
  MONTH TO DATE    2.91                      1.78   1.13     3.34
  SINCE DEC 1     13.04                      8.92   4.12    11.20
  SINCE JAN 1      6.48                      5.14   1.34     6.58

SNOWFALL (IN)
  YESTERDAY        0.0          19.3  1958   0.4   -0.4      0.4
  MONTH TO DATE   58.5                       6.2   52.3     20.0
  SINCE DEC 1     93.1                      28.1   65.0     53.5
  SINCE JUL 1     95.7                      29.4   66.3     53.5
  SNOW DEPTH      MM

DEGREE DAYS
 HEATING
  YESTERDAY       57                        33     24       37
  MONTH TO DATE  745                       548    197      587
  SINCE DEC 1   2766                      2603    163     2717
  SINCE JUL 1   3779                      3658    121     3733

 COOLING
  YESTERDAY        0                         0      0        0
  MONTH TO DATE    0                         0      0        0
  SINCE DEC 1      0                         0      0        0
  SINCE JAN 1      0                         0      0        0
..................................................................


WIND (MPH)
  RESULTANT WIND SPEED  20   RESULTANT WIND DIRECTION   W (290)
  HIGHEST WIND SPEED    31   HIGHEST WIND DIRECTION     W (290)
  HIGHEST GUST SPEED    41   HIGHEST GUST DIRECTION    NW (300)
  AVERAGE WIND SPEED    19.6


SKY COVER
  POSSIBLE SUNSHINE  MM
  AVERAGE SKY COVER 0.4


WEATHER CONDITIONS
 THE FOLLOWING WEATHER WAS RECORDED YESTERDAY.
  BLOWING SNOW


RELATIVE HUMIDITY (PERCENT)
 HIGHEST    56           100 AM
 LOWEST     31           300 PM
 AVERAGE    44

..........................................................


THE BOSTON MA CLIMATE NORMALS FOR TODAY
                         NORMAL    RECORD    YEAR
 MAXIMUM TEMPERATURE (F)   39        61      1981
 MINIMUM TEMPERATURE (F)   25       -11      1896


SUNRISE AND SUNSET
FEBRUARY 17 2015......SUNRISE   638 AM EST   SUNSET   519 PM EST
FEBRUARY 18 2015......SUNRISE   637 AM EST   SUNSET   520 PM EST


-  INDICATES NEGATIVE NUMBERS.
R  INDICATES RECORD WAS SET OR TIED.
MM INDICATES DATA IS MISSING.
T  INDICATES TRACE AMOUNT.




$$
