000
CDUS41 KBOX 021707
CLIBOS


CLIMATE REPORT
NATIONAL WEATHER SERVICE TAUNTON MA
104 PM EDT WED AUG 2 2017


...................................

...THE BOSTON MA CLIMATE SUMMARY FOR AUGUST 1 2017...

CLIMATE NORMAL PERIOD 1981 TO 2010
CLIMATE RECORD PERIOD 1872 TO 2017


WEATHER ITEM   OBSERVED TIME   RECORD YEAR NORMAL DEPARTURE LAST
                VALUE   (LST)  VALUE       VALUE  FROM      YEAR
                                                  NORMAL
..................................................................
TEMPERATURE (F)
 YESTERDAY
  MAXIMUM         80   1232 PM  98    1975  81     -1       75
                                      1955
                                      1917
  MINIMUM         67    239 AM  54    1891  66      1       69
  AVERAGE         74                        74      0       72

PRECIPITATION (IN)
  YESTERDAY        0.00          3.58 1985   0.12  -0.12      T
  MONTH TO DATE    0.00                      0.12  -0.12      T
  SINCE JUN 1      8.88                      7.23   1.65     2.20
  SINCE JAN 1     29.71                     25.39   4.32    18.54

SNOWFALL (IN)
  YESTERDAY        0.0           0.0  2001   0.0    0.0      0.0
  MONTH TO DATE    0.0                       0.0    0.0      0.0
  SINCE JUN 1      0.0                       0.0    0.0      0.0
  SINCE JUL 1      0.0                       0.0    0.0      0.0
  SNOW DEPTH      MM

DEGREE DAYS
 HEATING
  YESTERDAY        0                         0      0        0
  MONTH TO DATE    0                         0      0        0
  SINCE JUN 1     60                        61     -1       24
  SINCE JUL 1     10                         6      4        7

 COOLING
  YESTERDAY        9                         9      0        7
  MONTH TO DATE    9                         9      0        7
  SINCE JUN 1    450                       411     39      494
  SINCE JAN 1    510                       441     69      539
..................................................................


WIND (MPH)
  RESULTANT WIND SPEED   3   RESULTANT WIND DIRECTION  SE (130)
  HIGHEST WIND SPEED    15   HIGHEST WIND DIRECTION     E (110)
  HIGHEST GUST SPEED    18   HIGHEST GUST DIRECTION    SE (120)
  AVERAGE WIND SPEED     7.6


SKY COVER
  POSSIBLE SUNSHINE  MM
  AVERAGE SKY COVER 0.2


WEATHER CONDITIONS
 THE FOLLOWING WEATHER WAS RECORDED YESTERDAY.
  NO SIGNIFICANT WEATHER WAS OBSERVED.


RELATIVE HUMIDITY (PERCENT)
 HIGHEST    84           900 PM
 LOWEST     62           800 AM
 AVERAGE    73

..........................................................


THE BOSTON MA CLIMATE NORMALS FOR TODAY
                         NORMAL    RECORD    YEAR
 MAXIMUM TEMPERATURE (F)   81       102      1975
 MINIMUM TEMPERATURE (F)   66        54      1947


SUNRISE AND SUNSET
AUGUST  2 2017........SUNRISE   538 AM EDT   SUNSET   802 PM EDT
AUGUST  3 2017........SUNRISE   539 AM EDT   SUNSET   801 PM EDT


-  INDICATES NEGATIVE NUMBERS.
R  INDICATES RECORD WAS SET OR TIED.
MM INDICATES DATA IS MISSING.
T  INDICATES TRACE AMOUNT.




$$
