000
CDUS41 KBOX 211047
CLIBOS


CLIMATE REPORT
NATIONAL WEATHER SERVICE TAUNTON MA
642 AM EDT SAT MAR 21 2015


...................................

...THE BOSTON MA CLIMATE SUMMARY FOR MARCH 20 2015...

CLIMATE NORMAL PERIOD 1981 TO 2010
CLIMATE RECORD PERIOD 1872 TO 2015


WEATHER ITEM   OBSERVED TIME   RECORD YEAR NORMAL DEPARTURE LAST
                VALUE   (LST)  VALUE       VALUE  FROM      YEAR
                                                  NORMAL
..................................................................
TEMPERATURE (F)
 YESTERDAY
  MAXIMUM         32    419 PM  79    1945  46    -14       52
  MINIMUM         23    606 AM  10    1885  32     -9       37
  AVERAGE         28                        39    -11       45

PRECIPITATION (IN)
  YESTERDAY        0.05          1.58 1881   0.15  -0.10     0.29
  MONTH TO DATE    1.79                      2.70  -0.91     0.82
  SINCE MAR 1      1.79                      2.70  -0.91     0.82
  SINCE JAN 1      8.73                      9.31  -0.58     8.19

SNOWFALL (IN)
  YESTERDAY        0.5          10.2  1944   0.3    0.2      0.0
  MONTH TO DATE    7.1                       5.9    1.2      2.2
  SINCE MAR 1      7.1                       5.9    1.2      2.2
  SINCE JUL 1    109.1                      40.0   69.1     58.6
  SNOW DEPTH      MM

DEGREE DAYS
 HEATING
  YESTERDAY       37                        26     11       20
  MONTH TO DATE  659                       565     94      662
  SINCE MAR 1    659                       565     94      662
  SINCE JUL 1   4974                      4607    367     4810

 COOLING
  YESTERDAY        0                         0      0        0
  MONTH TO DATE    0                         0      0        0
  SINCE MAR 1      0                         0      0        0
  SINCE JAN 1      0                         0      0        0
..................................................................


WIND (MPH)
  RESULTANT WIND SPEED   0   RESULTANT WIND DIRECTION  NE (50)
  HIGHEST WIND SPEED    12   HIGHEST WIND DIRECTION    SW (210)
  HIGHEST GUST SPEED    26   HIGHEST GUST DIRECTION    NE (40)
  AVERAGE WIND SPEED     3.6


SKY COVER
  POSSIBLE SUNSHINE  MM
  AVERAGE SKY COVER 0.8


WEATHER CONDITIONS
 THE FOLLOWING WEATHER WAS RECORDED YESTERDAY.
  LIGHT SNOW
  FOG


RELATIVE HUMIDITY (PERCENT)
 HIGHEST   100          1100 PM
 LOWEST     33           800 AM
 AVERAGE    67

..........................................................


THE BOSTON MA CLIMATE NORMALS FOR TODAY
                         NORMAL    RECORD    YEAR
 MAXIMUM TEMPERATURE (F)   47        83      1921
 MINIMUM TEMPERATURE (F)   32         7      1885


SUNRISE AND SUNSET
MARCH 21 2015.........SUNRISE   646 AM EDT   SUNSET   657 PM EDT
MARCH 22 2015.........SUNRISE   644 AM EDT   SUNSET   658 PM EDT


-  INDICATES NEGATIVE NUMBERS.
R  INDICATES RECORD WAS SET OR TIED.
MM INDICATES DATA IS MISSING.
T  INDICATES TRACE AMOUNT.




$$
