000
CDUS41 KBOX 100532
CLIBOS


CLIMATE REPORT
NATIONAL WEATHER SERVICE TAUNTON MA
132 AM EDT TUE MAY 10 2016


...................................

...THE BOSTON MA CLIMATE SUMMARY FOR MAY 9 2016...

CLIMATE NORMAL PERIOD 1981 TO 2010
CLIMATE RECORD PERIOD 1872 TO 2016


WEATHER ITEM   OBSERVED TIME   RECORD YEAR NORMAL DEPARTURE LAST
                VALUE   (LST)  VALUE       VALUE  FROM      YEAR
                                                  NORMAL
..................................................................
TEMPERATURE (F)
 YESTERDAY
  MAXIMUM         66    410 PM  95    1979  64      2       71
  MINIMUM         46    413 AM  35    1977  48     -2       46
  AVERAGE         56                        56      0       59

PRECIPITATION (IN)
  YESTERDAY        0.00          2.50 1954   0.10  -0.10     0.00
  MONTH TO DATE    1.33                      0.95   0.38     0.02
  SINCE MAR 1      7.40                      9.01  -1.61     5.35
  SINCE JAN 1     14.84                     15.62  -0.78    12.29

SNOWFALL (IN)
  YESTERDAY        0.0           T    1977   0.0    0.0      0.0
  MONTH TO DATE    0.0                       0.1   -0.1      0.0
  SINCE MAR 1     10.7                       9.8    0.9      8.6
  SINCE JUL 1     36.1                      43.9   -7.8    110.6
  SNOW DEPTH      MM

DEGREE DAYS
 HEATING
  YESTERDAY        9                        10     -1        6
  MONTH TO DATE  140                        98     42       67
  SINCE MAR 1   1363                      1437    -74     1546
  SINCE JUL 1   4693                      5479   -786     5861

 COOLING
  YESTERDAY        0                         0      0        0
  MONTH TO DATE    0                         0      0        3
  SINCE MAR 1      3                         3      0        3
  SINCE JAN 1      3                         3      0        3
..................................................................


WIND (MPH)
  RESULTANT WIND SPEED  13   RESULTANT WIND DIRECTION   W (280)
  HIGHEST WIND SPEED    28   HIGHEST WIND DIRECTION     W (270)
  HIGHEST GUST SPEED    38   HIGHEST GUST DIRECTION     W (290)
  AVERAGE WIND SPEED    15.0


SKY COVER
  POSSIBLE SUNSHINE  MM
  AVERAGE SKY COVER 0.3


WEATHER CONDITIONS
 THE FOLLOWING WEATHER WAS RECORDED YESTERDAY.
  NO SIGNIFICANT WEATHER WAS OBSERVED.


RELATIVE HUMIDITY (PERCENT)
 HIGHEST    60           400 AM
 LOWEST     22           300 PM
 AVERAGE    41

..........................................................


THE BOSTON MA CLIMATE NORMALS FOR TODAY
                         NORMAL    RECORD    YEAR
 MAXIMUM TEMPERATURE (F)   64        94      1979
                                             1896
 MINIMUM TEMPERATURE (F)   48        34      1902
                                             1900


SUNRISE AND SUNSET
MAY 10 2016...........SUNRISE   528 AM EDT   SUNSET   754 PM EDT
MAY 11 2016...........SUNRISE   526 AM EDT   SUNSET   755 PM EDT


-  INDICATES NEGATIVE NUMBERS.
R  INDICATES RECORD WAS SET OR TIED.
MM INDICATES DATA IS MISSING.
T  INDICATES TRACE AMOUNT.




$$
