000
CDUS41 KBOX 300602
CLIBOS


CLIMATE REPORT
NATIONAL WEATHER SERVICE TAUNTON MA
102 AM EST SAT JAN 30 2016


...................................

...THE BOSTON MA CLIMATE SUMMARY FOR JANUARY 29 2016...

CLIMATE NORMAL PERIOD 1981 TO 2010
CLIMATE RECORD PERIOD 1872 TO 2016


WEATHER ITEM   OBSERVED TIME   RECORD YEAR NORMAL DEPARTURE LAST
                VALUE   (LST)  VALUE       VALUE  FROM      YEAR
                                                  NORMAL
..................................................................
TEMPERATURE (F)
 YESTERDAY
  MAXIMUM         41    345 PM  65    2002  36      5       32
  MINIMUM         33    616 AM  -6    1888  22     11       10
  AVERAGE         37                        29      8       21

PRECIPITATION (IN)
  YESTERDAY        T             1.27 1973   0.11  -0.11      T
  MONTH TO DATE    3.27                      3.15   0.12     3.46
  SINCE DEC 1      7.55                      6.93   0.62    10.02
  SINCE JAN 1      3.27                      3.15   0.12     3.46

SNOWFALL (IN)
  YESTERDAY        T             3.7  1928   0.4   -0.4       T
  MONTH TO DATE    9.5                      12.1   -2.6     32.3
  SINCE DEC 1     10.4                      21.1  -10.7     32.6
  SINCE JUL 1     10.4                      22.4  -12.0     35.2
  SNOW DEPTH      MM

DEGREE DAYS
 HEATING
  YESTERDAY       28                        36     -8       44
  MONTH TO DATE  956                      1040    -84     1111
  SINCE DEC 1   1559                      1979   -420     1934
  SINCE JUL 1   2414                      3034   -620     2947

 COOLING
  YESTERDAY        0                         0      0        0
  MONTH TO DATE    0                         0      0        0
  SINCE DEC 1      0                         0      0        0
  SINCE JAN 1      0                         0      0        0
..................................................................


WIND (MPH)
  RESULTANT WIND SPEED   6   RESULTANT WIND DIRECTION  NW (300)
  HIGHEST WIND SPEED    18   HIGHEST WIND DIRECTION    NW (300)
  HIGHEST GUST SPEED    28   HIGHEST GUST DIRECTION     W (290)
  AVERAGE WIND SPEED     7.4


SKY COVER
  POSSIBLE SUNSHINE  MM
  AVERAGE SKY COVER 0.9


WEATHER CONDITIONS
 THE FOLLOWING WEATHER WAS RECORDED YESTERDAY.
  FOG


RELATIVE HUMIDITY (PERCENT)
 HIGHEST    92           900 AM
 LOWEST     59           200 PM
 AVERAGE    76

..........................................................


THE BOSTON MA CLIMATE NORMALS FOR TODAY
                         NORMAL    RECORD    YEAR
 MAXIMUM TEMPERATURE (F)   36        63      1914
 MINIMUM TEMPERATURE (F)   22        -5      1873


SUNRISE AND SUNSET
JANUARY 30 2016.......SUNRISE   700 AM EST   SUNSET   455 PM EST
JANUARY 31 2016.......SUNRISE   659 AM EST   SUNSET   456 PM EST


-  INDICATES NEGATIVE NUMBERS.
R  INDICATES RECORD WAS SET OR TIED.
MM INDICATES DATA IS MISSING.
T  INDICATES TRACE AMOUNT.




$$
