000
CDUS41 KBOX 081619
CLIBOS


CLIMATE REPORT
NATIONAL WEATHER SERVICE TAUNTON MA
1108 AM EST WED MAR 8 2017


...................................

...THE BOSTON MA CLIMATE SUMMARY FOR MARCH 7 2017...

CLIMATE NORMAL PERIOD 1981 TO 2010
CLIMATE RECORD PERIOD 1872 TO 2017


WEATHER ITEM   OBSERVED TIME   RECORD YEAR NORMAL DEPARTURE LAST
                VALUE   (LST)  VALUE       VALUE  FROM      YEAR
                                                  NORMAL
..................................................................
TEMPERATURE (F)
 YESTERDAY
  MAXIMUM         MM        MM  69    1946  43     MM       51
  MINIMUM         MM        MM   2    1872  29     MM       30
  AVERAGE         MM                        36     MM       41

PRECIPITATION (IN)
  YESTERDAY        0.02          1.91 1967   0.14  -0.12     0.00
  MONTH TO DATE    0.04                      0.93  -0.89     0.38
  SINCE MAR 1      0.04                      0.93  -0.89     0.38
  SINCE JAN 1      7.51                      7.54  -0.03     7.82

SNOWFALL (IN)
  YESTERDAY       MM             9.9  1967   0.4   MM        0.0
  MONTH TO DATE    0.1                       2.4   -2.3      0.5
  SINCE MAR 1      0.1                       2.4   -2.3      0.5
  SINCE JUL 1     36.4                      36.5   -0.1     25.9
  SNOW DEPTH       0

DEGREE DAYS
 HEATING
  YESTERDAY       MM                        29     MM       24
  MONTH TO DATE  197                       209    -12      211
  SINCE MAR 1    197                       209    -12      211
  SINCE JUL 1   3736                      4251   -515     3541

 COOLING
  YESTERDAY       MM                         0     MM        0
  MONTH TO DATE    0                         0      0        0
  SINCE MAR 1      0                         0      0        0
  SINCE JAN 1      0                         0      0        0
..................................................................


WIND (MPH)
  RESULTANT WIND SPEED   9   RESULTANT WIND DIRECTION   S (170)
  HIGHEST WIND SPEED    16   HIGHEST WIND DIRECTION     S (180)
  HIGHEST GUST SPEED    MM   HIGHEST GUST DIRECTION    MM
  AVERAGE WIND SPEED     8.8


SKY COVER
  POSSIBLE SUNSHINE  MM
  AVERAGE SKY COVER 0.9


WEATHER CONDITIONS
 THE FOLLOWING WEATHER WAS RECORDED YESTERDAY.
  LIGHT RAIN


RELATIVE HUMIDITY (PERCENT)
 HIGHEST    93           800 PM
 LOWEST     58          1200 AM
 AVERAGE    76

..........................................................


THE BOSTON MA CLIMATE NORMALS FOR TODAY
                         NORMAL    RECORD    YEAR
 MAXIMUM TEMPERATURE (F)   43        68      2012
 MINIMUM TEMPERATURE (F)   29         7      2007
                                             1986


SUNRISE AND SUNSET
MARCH  8 2017.........SUNRISE   608 AM EST   SUNSET   543 PM EST
MARCH  9 2017.........SUNRISE   606 AM EST   SUNSET   544 PM EST


-  INDICATES NEGATIVE NUMBERS.
R  INDICATES RECORD WAS SET OR TIED.
MM INDICATES DATA IS MISSING.
T  INDICATES TRACE AMOUNT.




$$
