000
CDUS41 KBOX 190558
CLIBOS


CLIMATE REPORT
NATIONAL WEATHER SERVICE TAUNTON MA
1251 AM EST THU FEB 19 2015


...................................

...THE BOSTON MA CLIMATE SUMMARY FOR FEBRUARY 18 2015...

CLIMATE NORMAL PERIOD 1981 TO 2010
CLIMATE RECORD PERIOD 1872 TO 2015


WEATHER ITEM   OBSERVED TIME   RECORD YEAR NORMAL DEPARTURE LAST
                VALUE   (LST)  VALUE       VALUE  FROM      YEAR
                                                  NORMAL
..................................................................
TEMPERATURE (F)
 YESTERDAY
  MAXIMUM         29   1250 PM  66    1981  39    -10       35
  MINIMUM         17    711 AM  -4    1958  25     -8       14
  AVERAGE         23                        32     -9       25

PRECIPITATION (IN)
  YESTERDAY        0.01          1.91 1998   0.12  -0.11     0.22
  MONTH TO DATE    2.94                      2.02   0.92     3.56
  SINCE DEC 1     13.07                      9.16   3.91    11.42
  SINCE JAN 1      6.51                      5.38   1.13     6.80

SNOWFALL (IN)
  YESTERDAY        T            10.2  1893   0.4   -0.4      2.5
  MONTH TO DATE   59.1                       7.0   52.1     22.5
  SINCE DEC 1     93.7                      28.9   64.8     56.0
  SINCE JUL 1     96.3                      30.2   66.1     56.0
  SNOW DEPTH      MM

DEGREE DAYS
 HEATING
  YESTERDAY       42                        33      9       40
  MONTH TO DATE  835                       614    221      670
  SINCE DEC 1   2856                      2669    187     2800
  SINCE JUL 1   3869                      3724    145     3816

 COOLING
  YESTERDAY        0                         0      0        0
  MONTH TO DATE    0                         0      0        0
  SINCE DEC 1      0                         0      0        0
  SINCE JAN 1      0                         0      0        0
..................................................................


WIND (MPH)
  RESULTANT WIND SPEED   4   RESULTANT WIND DIRECTION   N (340)
  HIGHEST WIND SPEED    14   HIGHEST WIND DIRECTION     W (280)
  HIGHEST GUST SPEED    17   HIGHEST GUST DIRECTION     W (280)
  AVERAGE WIND SPEED     5.4


SKY COVER
  POSSIBLE SUNSHINE  MM
  AVERAGE SKY COVER 0.9


WEATHER CONDITIONS
 THE FOLLOWING WEATHER WAS RECORDED YESTERDAY.
  LIGHT SNOW
  FOG
  HAZE


RELATIVE HUMIDITY (PERCENT)
 HIGHEST    81           700 PM
 LOWEST     50          1100 AM
 AVERAGE    66

..........................................................


THE BOSTON MA CLIMATE NORMALS FOR TODAY
                         NORMAL    RECORD    YEAR
 MAXIMUM TEMPERATURE (F)   40        65      1961
 MINIMUM TEMPERATURE (F)   25         4      1936
                                             1903
                                             1885


SUNRISE AND SUNSET
FEBRUARY 19 2015......SUNRISE   635 AM EST   SUNSET   521 PM EST
FEBRUARY 20 2015......SUNRISE   634 AM EST   SUNSET   522 PM EST


-  INDICATES NEGATIVE NUMBERS.
R  INDICATES RECORD WAS SET OR TIED.
MM INDICATES DATA IS MISSING.
T  INDICATES TRACE AMOUNT.




$$
