000
CDUS41 KBOX 260620
CLIBOS


CLIMATE REPORT
NATIONAL WEATHER SERVICE TAUNTON MA
217 AM EDT WED AUG 26 2015


...................................

...THE BOSTON MA CLIMATE SUMMARY FOR AUGUST 25 2015...

CLIMATE NORMAL PERIOD 1981 TO 2010
CLIMATE RECORD PERIOD 1872 TO 2015


WEATHER ITEM   OBSERVED TIME   RECORD YEAR NORMAL DEPARTURE LAST
                VALUE   (LST)  VALUE       VALUE  FROM      YEAR
                                                  NORMAL
..................................................................
TEMPERATURE (F)
 YESTERDAY
  MAXIMUM         81    546 PM  96    2007  78      3       81
                                      1948
  MINIMUM         67    553 AM  46    1940  64      3       67
  AVERAGE         74                        71      3       74

PRECIPITATION (IN)
  YESTERDAY        0.00          2.76 2010   0.10  -0.10     0.00
  MONTH TO DATE    2.19                      2.77  -0.58     1.19
  SINCE JUN 1      9.29                      9.88  -0.59     8.38
  SINCE JAN 1     22.78                     28.04  -5.26    26.33

SNOWFALL (IN)
  YESTERDAY        0.0           0.0  2001   0.0    0.0      0.0
  MONTH TO DATE    0.0                       0.0    0.0      0.0
  SINCE JUN 1      0.0                       0.0    0.0      0.0
  SINCE JUL 1      0.0                       0.0    0.0      0.0
  SNOW DEPTH      MM

DEGREE DAYS
 HEATING
  YESTERDAY        0                         0      0        0
  MONTH TO DATE    0                         0      0        0
  SINCE JUN 1     99                        61     38       28
  SINCE JUL 1      1                         6     -5        0

 COOLING
  YESTERDAY        9                         6      3        9
  MONTH TO DATE  243                       193     50      141
  SINCE JUN 1    625                       595     30      570
  SINCE JAN 1    686                       625     61      592
..................................................................


WIND (MPH)
  RESULTANT WIND SPEED   6   RESULTANT WIND DIRECTION  SE (130)
  HIGHEST WIND SPEED    17   HIGHEST WIND DIRECTION     S (180)
  HIGHEST GUST SPEED    21   HIGHEST GUST DIRECTION     S (180)
  AVERAGE WIND SPEED     8.6


SKY COVER
  POSSIBLE SUNSHINE  MM
  AVERAGE SKY COVER 0.7


WEATHER CONDITIONS
 THE FOLLOWING WEATHER WAS RECORDED YESTERDAY.
  FOG
  FOG W/VISIBILITY <= 1/4 MILE


RELATIVE HUMIDITY (PERCENT)
 HIGHEST   100           300 AM
 LOWEST     62           600 PM
 AVERAGE    81

..........................................................


THE BOSTON MA CLIMATE NORMALS FOR TODAY
                         NORMAL    RECORD    YEAR
 MAXIMUM TEMPERATURE (F)   78        99      1948
 MINIMUM TEMPERATURE (F)   63        50      1942
                                             1885


SUNRISE AND SUNSET
AUGUST 26 2015........SUNRISE   603 AM EDT   SUNSET   729 PM EDT
AUGUST 27 2015........SUNRISE   604 AM EDT   SUNSET   727 PM EDT


-  INDICATES NEGATIVE NUMBERS.
R  INDICATES RECORD WAS SET OR TIED.
MM INDICATES DATA IS MISSING.
T  INDICATES TRACE AMOUNT.




$$
