000
CDUS41 KBOX 092134
CLIBOS


CLIMATE REPORT
NATIONAL WEATHER SERVICE TAUNTON MA
531 PM EDT SUN APR 9 2017


...................................

...THE BOSTON MA CLIMATE SUMMARY FOR APRIL 9 2017...
VALID TODAY AS OF 0500 PM LOCAL TIME.

CLIMATE NORMAL PERIOD 1981 TO 2010
CLIMATE RECORD PERIOD 1872 TO 2017


WEATHER ITEM   OBSERVED TIME   RECORD YEAR NORMAL DEPARTURE LAST
                VALUE   (LST)  VALUE       VALUE  FROM      YEAR
                                                  NORMAL
..................................................................
TEMPERATURE (F)
 TODAY
  MAXIMUM         66    358 PM  85    1991  53     13       46
  MINIMUM         40    545 AM  24    1888  39      1       32
                                      1876
  AVERAGE         53                        46      7       39

PRECIPITATION (IN)
  TODAY            0.00          1.72 1935   0.14  -0.14     0.00
  MONTH TO DATE    3.60                      1.23   2.37     2.30
  SINCE MAR 1      7.78                      5.55   2.23     5.46
  SINCE JAN 1     15.25                     12.16   3.09    12.90

SNOWFALL (IN)
  TODAY            0.0           9.1  1917   0.1   -0.1      0.0
  MONTH TO DATE    1.2                       1.0    0.2      6.6
  SINCE MAR 1     11.3                       8.8    2.5     10.7
  SINCE JUL 1     47.6                      42.9    4.7     36.1
  SNOW DEPTH       0

DEGREE DAYS
 HEATING
  TODAY           12                        19     -7       26
  MONTH TO DATE  187                       186      1      209
  SINCE MAR 1   1138                      1015    123      897
  SINCE JUL 1   4677                      5057   -380     4227

 COOLING
  TODAY            0                         0      0        0
  MONTH TO DATE    0                         0      0        0
  SINCE MAR 1      0                         0      0        0
  SINCE JAN 1      0                         0      0        0
..................................................................


WIND (MPH)
  HIGHEST WIND SPEED    21   HIGHEST WIND DIRECTION     W (270)
  HIGHEST GUST SPEED    24   HIGHEST GUST DIRECTION     W (260)
  AVERAGE WIND SPEED    10.1


SKY COVER
  POSSIBLE SUNSHINE  MM
  AVERAGE SKY COVER 0.2


WEATHER CONDITIONS
 THE FOLLOWING WEATHER WAS RECORDED TODAY.
  NO SIGNIFICANT WEATHER WAS OBSERVED.


RELATIVE HUMIDITY (PERCENT)
 HIGHEST    57           100 AM
 LOWEST     18           200 PM
 AVERAGE    38

..........................................................


THE BOSTON MA CLIMATE NORMALS FOR TOMORROW
                         NORMAL    RECORD    YEAR
 MAXIMUM TEMPERATURE (F)   54        85      1922
 MINIMUM TEMPERATURE (F)   39        26      1997
                                             1985
                                             1917


SUNRISE AND SUNSET
APRIL  9 2017.........SUNRISE   613 AM EDT   SUNSET   719 PM EDT
APRIL 10 2017.........SUNRISE   611 AM EDT   SUNSET   720 PM EDT


-  INDICATES NEGATIVE NUMBERS.
R  INDICATES RECORD WAS SET OR TIED.
MM INDICATES DATA IS MISSING.
T  INDICATES TRACE AMOUNT.




$$
