000
CDUS41 KBOX 120547
CLIBOS


CLIMATE REPORT
NATIONAL WEATHER SERVICE TAUNTON MA
145 AM EDT TUE AUG 12 2014


...................................

...THE BOSTON MA CLIMATE SUMMARY FOR AUGUST 11 2014...

CLIMATE NORMAL PERIOD 1981 TO 2010
CLIMATE RECORD PERIOD 1872 TO 2014


WEATHER ITEM   OBSERVED TIME   RECORD YEAR NORMAL DEPARTURE LAST
                VALUE   (LST)  VALUE       VALUE  FROM      YEAR
                                                  NORMAL
..................................................................
TEMPERATURE (F)
 YESTERDAY
  MAXIMUM         84    304 PM  99    1944  80      4       81
  MINIMUM         65    349 AM  54    1879  65      0       63
  AVERAGE         75                        73      2       72

PRECIPITATION (IN)
  YESTERDAY        0.00          2.80 1990   0.12  -0.12     0.00
  MONTH TO DATE    0.05                      1.32  -1.27     1.82
  SINCE JUN 1      7.24                      8.43  -1.19    15.93
  SINCE JAN 1     25.19                     26.59  -1.40    30.18

SNOWFALL (IN)
  YESTERDAY        0.0           T    1954   0.0    0.0      0.0
  MONTH TO DATE    0.0                       0.0    0.0      0.0
  SINCE JUN 1      0.0                       0.0    0.0      0.0
  SINCE JUL 1      0.0                       0.0    0.0      0.0
  SNOW DEPTH      MM

DEGREE DAYS
 HEATING
  YESTERDAY        0                         0      0        0
  MONTH TO DATE    0                         0      0        0
  SINCE JUN 1     28                        61    -33       27
  SINCE JUL 1      0                         6     -6        2

 COOLING
  YESTERDAY       10                         8      2        7
  MONTH TO DATE   81                        92    -11       85
  SINCE JUN 1    510                       494     16      639
  SINCE JAN 1    532                       524      8      677
..................................................................


WIND (MPH)
  RESULTANT WIND SPEED   7   RESULTANT WIND DIRECTION   S (190)
  HIGHEST WIND SPEED    17   HIGHEST WIND DIRECTION    SW (210)
  HIGHEST GUST SPEED    22   HIGHEST GUST DIRECTION     S (190)
  AVERAGE WIND SPEED     9.0


SKY COVER
  POSSIBLE SUNSHINE  MM
  AVERAGE SKY COVER 0.3


WEATHER CONDITIONS
 THE FOLLOWING WEATHER WAS RECORDED YESTERDAY.
  NO SIGNIFICANT WEATHER WAS OBSERVED.


RELATIVE HUMIDITY (PERCENT)
 HIGHEST    81          1200 AM
 LOWEST     42           500 PM
 AVERAGE    62

..........................................................


THE BOSTON MA CLIMATE NORMALS FOR TODAY
                         NORMAL    RECORD    YEAR
 MAXIMUM TEMPERATURE (F)   80       101      1944
 MINIMUM TEMPERATURE (F)   65        53      1930


SUNRISE AND SUNSET
AUGUST 12 2014........SUNRISE   548 AM EDT   SUNSET   750 PM EDT
AUGUST 13 2014........SUNRISE   549 AM EDT   SUNSET   748 PM EDT


-  INDICATES NEGATIVE NUMBERS.
R  INDICATES RECORD WAS SET OR TIED.
MM INDICATES DATA IS MISSING.
T  INDICATES TRACE AMOUNT.




$$
