000
CDUS41 KBOX 080538
CLIBOS


CLIMATE REPORT
NATIONAL WEATHER SERVICE TAUNTON MA
136 AM EDT FRI JUL 8 2016


...................................

...THE BOSTON MA CLIMATE SUMMARY FOR JULY 7 2016...

CLIMATE NORMAL PERIOD 1981 TO 2010
CLIMATE RECORD PERIOD 1872 TO 2016


WEATHER ITEM   OBSERVED TIME   RECORD YEAR NORMAL DEPARTURE LAST
                VALUE   (LST)  VALUE       VALUE  FROM      YEAR
                                                  NORMAL
..................................................................
TEMPERATURE (F)
 YESTERDAY
  MAXIMUM         79   1217 AM  99    1993  81     -2       84
  MINIMUM         61    912 PM  52    1902  65     -4       65
  AVERAGE         70                        73     -3       75

PRECIPITATION (IN)
  YESTERDAY        0.00          1.16 1984   0.10  -0.10     0.02
  MONTH TO DATE    0.43                      0.64  -0.21     0.56
  SINCE JUN 1      1.76                      4.32  -2.56     5.57
  SINCE JAN 1     18.10                     22.48  -4.38    19.06

SNOWFALL (IN)
  YESTERDAY        0.0           0.0  2002   0.0    0.0      0.0
                                      2001
                                      2000
  MONTH TO DATE    0.0                       0.0    0.0      0.0
  SINCE JUN 1      0.0                       0.0    0.0      0.0
  SINCE JUL 1      0.0                       0.0    0.0      0.0
  SNOW DEPTH       0

DEGREE DAYS
 HEATING
  YESTERDAY        0                         0      0        0
  MONTH TO DATE    0                         0      0        0
  SINCE JUN 1     17                        55    -38       98
  SINCE JUL 1      0                         0      0        0

 COOLING
  YESTERDAY        5                         8     -3       10
  MONTH TO DATE   69                        55     14       47
  SINCE JUN 1    198                       191      7      144
  SINCE JAN 1    243                       221     22      205
..................................................................


WIND (MPH)
  RESULTANT WIND SPEED   5   RESULTANT WIND DIRECTION   E (70)
  HIGHEST WIND SPEED    15   HIGHEST WIND DIRECTION     E (90)
  HIGHEST GUST SPEED    18   HIGHEST GUST DIRECTION     E (110)
  AVERAGE WIND SPEED     8.1


SKY COVER
  POSSIBLE SUNSHINE  MM
  AVERAGE SKY COVER 0.7


WEATHER CONDITIONS
 THE FOLLOWING WEATHER WAS RECORDED YESTERDAY.
  FOG
  FOG W/VISIBILITY <= 1/4 MILE


RELATIVE HUMIDITY (PERCENT)
 HIGHEST   100           600 PM
 LOWEST     62          1200 AM
 AVERAGE    81

..........................................................


THE BOSTON MA CLIMATE NORMALS FOR TODAY
                         NORMAL    RECORD    YEAR
 MAXIMUM TEMPERATURE (F)   81        99      1937
 MINIMUM TEMPERATURE (F)   65        55      2000
                                             1909


SUNRISE AND SUNSET
JULY  8 2016..........SUNRISE   516 AM EDT   SUNSET   823 PM EDT
JULY  9 2016..........SUNRISE   516 AM EDT   SUNSET   822 PM EDT


-  INDICATES NEGATIVE NUMBERS.
R  INDICATES RECORD WAS SET OR TIED.
MM INDICATES DATA IS MISSING.
T  INDICATES TRACE AMOUNT.




$$
