000
CDUS41 KBOX 052200
CLIBOS


CLIMATE REPORT
NATIONAL WEATHER SERVICE TAUNTON MA
549 PM EDT FRI AUG 5 2016


...................................

...THE BOSTON MA CLIMATE SUMMARY FOR AUGUST 5 2016...
VALID AS OF 0500 PM LOCAL TIME.

CLIMATE NORMAL PERIOD 1981 TO 2010
CLIMATE RECORD PERIOD 1872 TO 2016


WEATHER ITEM   OBSERVED TIME   RECORD YEAR NORMAL DEPARTURE LAST
                VALUE   (LST)  VALUE       VALUE  FROM      YEAR
                                                  NORMAL
..................................................................
TEMPERATURE (F)
 TODAY
  MAXIMUM         89    305 PM 100    1955  81      8       85
  MINIMUM         64    535 AM  54    1972  66     -2       65
  AVERAGE         77                        73      4       75

PRECIPITATION (IN)
  TODAY            0.00          2.49 1952   0.12  -0.12     0.00
  MONTH TO DATE    0.04                      0.61  -0.57     0.49
  SINCE JUN 1      2.24                      7.72  -5.48     7.59
  SINCE JAN 1     18.58                     25.88  -7.30    21.08

SNOWFALL (IN)
  TODAY            0.0           0.0  2002   0.0    0.0      0.0
                                      2001
                                      2000
  MONTH TO DATE    0.0                       0.0    0.0      0.0
  SINCE JUN 1      0.0                       0.0    0.0      0.0
  SINCE JUL 1      0.0                       0.0    0.0      0.0
  SNOW DEPTH       0

DEGREE DAYS
 HEATING
  TODAY            0                         0      0        0
  MONTH TO DATE    0                         0      0        0
  SINCE JUN 1     24                        61    -37       99
  SINCE JUL 1      7                         6      1        1

 COOLING
  TODAY           12                         8      4       10
  MONTH TO DATE   38                        44     -6       64
  SINCE JUN 1    525                       446     79      446
  SINCE JAN 1    570                       476     94      507
..................................................................


WIND (MPH)
  HIGHEST WIND SPEED    22   HIGHEST WIND DIRECTION     S (170)
  HIGHEST GUST SPEED    26   HIGHEST GUST DIRECTION     S (190)
  AVERAGE WIND SPEED     9.5


SKY COVER
  POSSIBLE SUNSHINE  MM
  AVERAGE SKY COVER 0.3


WEATHER CONDITIONS
 THE FOLLOWING WEATHER WAS RECORDED TODAY.
  NO SIGNIFICANT WEATHER WAS OBSERVED.


RELATIVE HUMIDITY (PERCENT)
 HIGHEST    87           500 AM
 LOWEST     29           200 PM
 AVERAGE    58

..........................................................


THE BOSTON MA CLIMATE NORMALS FOR TOMORROW
                         NORMAL    RECORD    YEAR
 MAXIMUM TEMPERATURE (F)   81        97      1931
 MINIMUM TEMPERATURE (F)   66        52      1883


SUNRISE AND SUNSET
AUGUST  5 2016........SUNRISE   541 AM EDT   SUNSET   758 PM EDT
AUGUST  6 2016........SUNRISE   542 AM EDT   SUNSET   757 PM EDT


-  INDICATES NEGATIVE NUMBERS.
R  INDICATES RECORD WAS SET OR TIED.
MM INDICATES DATA IS MISSING.
T  INDICATES TRACE AMOUNT.




$$
