000
CDUS41 KBOX 172121
CLIBOS


CLIMATE REPORT
NATIONAL WEATHER SERVICE TAUNTON MA
421 PM EST FRI FEB 17 2017


...................................

...THE BOSTON MA CLIMATE SUMMARY FOR FEBRUARY 17 2017...
VALID AS OF 0400 PM LOCAL TIME.

CLIMATE NORMAL PERIOD 1981 TO 2010
CLIMATE RECORD PERIOD 1872 TO 2017


WEATHER ITEM   OBSERVED TIME   RECORD YEAR NORMAL DEPARTURE LAST
                VALUE   (LST)  VALUE       VALUE  FROM      YEAR
                                                  NORMAL
..................................................................
TEMPERATURE (F)
 TODAY
  MAXIMUM         41    329 PM  61    1981  39      2       46
  MINIMUM         23    651 AM -11    1896  25     -2       34
  AVERAGE         32                        32      0       40

PRECIPITATION (IN)
  TODAY            0.00          1.60 1952   0.12  -0.12     0.00
  MONTH TO DATE    3.12                      1.90   1.22     2.76
  SINCE DEC 1     10.62                      9.04   1.58    10.31
  SINCE JAN 1      7.37                      5.26   2.11     6.03

SNOWFALL (IN)
  TODAY            0.0          23.6  2003   0.4   -0.4      0.0
  MONTH TO DATE   21.5                       6.6   14.9     14.9
  SINCE DEC 1     36.3                      28.5    7.8     25.3
  SINCE JUL 1     36.3                      29.8    6.5     25.3
  SNOW DEPTH      MM

DEGREE DAYS
 HEATING
  TODAY           33                        33      0       25
  MONTH TO DATE  586                       581      5      580
  SINCE DEC 1   2421                      2636   -215     2184
  SINCE JUL 1   3336                      3691   -355     3039

 COOLING
  TODAY            0                         0      0        0
  MONTH TO DATE    0                         0      0        0
  SINCE DEC 1      0                         0      0        0
  SINCE JAN 1      0                         0      0        0
..................................................................


WIND (MPH)
  HIGHEST WIND SPEED    23   HIGHEST WIND DIRECTION     W (290)
  HIGHEST GUST SPEED    30   HIGHEST GUST DIRECTION     W (280)
  AVERAGE WIND SPEED    14.4


SKY COVER
  POSSIBLE SUNSHINE  MM
  AVERAGE SKY COVER 0.1


WEATHER CONDITIONS
 THE FOLLOWING WEATHER WAS RECORDED TODAY.
  NO SIGNIFICANT WEATHER WAS OBSERVED.


RELATIVE HUMIDITY (PERCENT)
 HIGHEST    63          1200 AM
 LOWEST     33           400 PM
 AVERAGE    48

..........................................................


THE BOSTON MA CLIMATE NORMALS FOR TOMORROW
                         NORMAL    RECORD    YEAR
 MAXIMUM TEMPERATURE (F)   39        66      1981
 MINIMUM TEMPERATURE (F)   25        -4      1958


SUNRISE AND SUNSET
FEBRUARY 17 2017......SUNRISE   637 AM EST   SUNSET   519 PM EST
FEBRUARY 18 2017......SUNRISE   636 AM EST   SUNSET   521 PM EST


-  INDICATES NEGATIVE NUMBERS.
R  INDICATES RECORD WAS SET OR TIED.
MM INDICATES DATA IS MISSING.
T  INDICATES TRACE AMOUNT.




$$
