725
CDUS41 KBOX 150541
CLIBOS


CLIMATE REPORT
NATIONAL WEATHER SERVICE TAUNTON MA
141 AM EDT SAT JUL 15 2017


...................................

...THE BOSTON MA CLIMATE SUMMARY FOR JULY 14 2017...

CLIMATE NORMAL PERIOD 1981 TO 2010
CLIMATE RECORD PERIOD 1872 TO 2017


WEATHER ITEM   OBSERVED TIME   RECORD YEAR NORMAL DEPARTURE LAST
                VALUE   (LST)  VALUE       VALUE  FROM      YEAR
                                                  NORMAL
..................................................................
TEMPERATURE (F)
 YESTERDAY
  MAXIMUM         67    230 PM 100    1995  82    -15       87
  MINIMUM         60    552 AM  55    1999  66     -6       69
                                      1937
  AVERAGE         64                        74    -10       78

PRECIPITATION (IN)
  YESTERDAY        0.00          2.05 1960   0.12  -0.12      T
  MONTH TO DATE    2.45                      1.39   1.06     0.65
  SINCE JUN 1      7.30                      5.07   2.23     1.98
  SINCE JAN 1     28.13                     23.23   4.90    18.32

SNOWFALL (IN)
  YESTERDAY        0.0           0.0  2002   0.0    0.0      0.0
                                      2001
                                      2000
  MONTH TO DATE    0.0                       0.0    0.0      0.0
  SINCE JUN 1      0.0                       0.0    0.0      0.0
  SINCE JUL 1      0.0                       0.0    0.0      0.0
  SNOW DEPTH       0

DEGREE DAYS
 HEATING
  YESTERDAY        1                         0      1        0
  MONTH TO DATE    2                         0      2        7
  SINCE JUN 1     52                        55     -3       24
  SINCE JUL 1      2                         0      2        7

 COOLING
  YESTERDAY        0                         9     -9       13
  MONTH TO DATE  120                       115      5      109
  SINCE JUN 1    311                       251     60      238
  SINCE JAN 1    371                       281     90      283
..................................................................


WIND (MPH)
  RESULTANT WIND SPEED   6   RESULTANT WIND DIRECTION  NE (60)
  HIGHEST WIND SPEED    13   HIGHEST WIND DIRECTION     E (90)
  HIGHEST GUST SPEED    17   HIGHEST GUST DIRECTION     E (110)
  AVERAGE WIND SPEED     7.3


SKY COVER
  POSSIBLE SUNSHINE  MM
  AVERAGE SKY COVER 0.9


WEATHER CONDITIONS
 THE FOLLOWING WEATHER WAS RECORDED YESTERDAY.
  NO SIGNIFICANT WEATHER WAS OBSERVED.


RELATIVE HUMIDITY (PERCENT)
 HIGHEST    90           400 AM
 LOWEST     78           100 PM
 AVERAGE    84

..........................................................


THE BOSTON MA CLIMATE NORMALS FOR TODAY
                         NORMAL    RECORD    YEAR
 MAXIMUM TEMPERATURE (F)   82        98      1995
                                             1984
 MINIMUM TEMPERATURE (F)   66        54      1929


SUNRISE AND SUNSET
JULY 15 2017..........SUNRISE   521 AM EDT   SUNSET   819 PM EDT
JULY 16 2017..........SUNRISE   522 AM EDT   SUNSET   818 PM EDT


-  INDICATES NEGATIVE NUMBERS.
R  INDICATES RECORD WAS SET OR TIED.
MM INDICATES DATA IS MISSING.
T  INDICATES TRACE AMOUNT.




$$
