000
CDUS41 KBOX 100147
CLIBOS


CLIMATE REPORT
NATIONAL WEATHER SERVICE TAUNTON MA
837 PM EST TUE JAN 9 2018


...................................

...THE BOSTON MA CLIMATE SUMMARY FOR JANUARY 9 2018...
VALID TODAY AS OF 0800 PM LOCAL TIME.

CLIMATE NORMAL PERIOD 1981 TO 2010
CLIMATE RECORD PERIOD 1872 TO 2018


WEATHER ITEM   OBSERVED TIME   RECORD YEAR NORMAL DEPARTURE LAST
                VALUE   (LST)  VALUE       VALUE  FROM      YEAR
                                                  NORMAL
..................................................................
TEMPERATURE (F)
 TODAY
  MAXIMUM         43    348 PM  64    1937  36      7       20
  MINIMUM         32    655 AM  -4    1968  22     10       11
  AVERAGE         38                        29      9       16

PRECIPITATION (IN)
  TODAY            0.00          2.14 1884   0.11  -0.11     0.00
  MONTH TO DATE    1.35                      0.99   0.36     1.62
  SINCE DEC 1      3.84                      4.77  -0.93     4.87
  SINCE JAN 1      1.35                      0.99   0.36     1.62

SNOWFALL (IN)
  TODAY            0.0           9.0  1904   0.5   -0.5      0.0
  MONTH TO DATE   13.4                       3.8    9.6      8.3
  SINCE DEC 1     22.6                      12.8    9.8     14.2
  SINCE JUL 1     22.6                      14.1    8.5     14.2
  SNOW DEPTH      MM

DEGREE DAYS
 HEATING
  TODAY           27                        36     -9       49
  MONTH TO DATE  423                       320    103      314
  SINCE DEC 1   1480                      1259    221     1230
  SINCE JUL 1   2307                      2314     -7     2145

 COOLING
  TODAY            0                         0      0        0
  MONTH TO DATE    0                         0      0        0
  SINCE DEC 1      0                         0      0        0
  SINCE JAN 1      0                         0      0        0
..................................................................


WIND (MPH)
  HIGHEST WIND SPEED    25   HIGHEST WIND DIRECTION     W (280)
  HIGHEST GUST SPEED    32   HIGHEST GUST DIRECTION     W (290)
  AVERAGE WIND SPEED    13.4


SKY COVER
  POSSIBLE SUNSHINE  MM
  AVERAGE SKY COVER 0.7


WEATHER CONDITIONS
 THE FOLLOWING WEATHER WAS RECORDED TODAY.
  NO SIGNIFICANT WEATHER WAS OBSERVED.


RELATIVE HUMIDITY (PERCENT)
 HIGHEST    78           100 AM
 LOWEST     44           500 PM
 AVERAGE    61

..........................................................


THE BOSTON MA CLIMATE NORMALS FOR TOMORROW
                         NORMAL    RECORD    YEAR
 MAXIMUM TEMPERATURE (F)   36        58      2016
 MINIMUM TEMPERATURE (F)   22        -3      2004


SUNRISE AND SUNSET
JANUARY  9 2018.......SUNRISE   713 AM EST   SUNSET   430 PM EST
JANUARY 10 2018.......SUNRISE   713 AM EST   SUNSET   431 PM EST


-  INDICATES NEGATIVE NUMBERS.
R  INDICATES RECORD WAS SET OR TIED.
MM INDICATES DATA IS MISSING.
T  INDICATES TRACE AMOUNT.




$$
