000
CDUS41 KBOX 170539
CLIBOS


CLIMATE REPORT
NATIONAL WEATHER SERVICE TAUNTON MA
136 AM EDT SUN APR 17 2016


...................................

...THE BOSTON MA CLIMATE SUMMARY FOR APRIL 16 2016...

CLIMATE NORMAL PERIOD 1981 TO 2010
CLIMATE RECORD PERIOD 1872 TO 2016


WEATHER ITEM   OBSERVED TIME   RECORD YEAR NORMAL DEPARTURE LAST
                VALUE   (LST)  VALUE       VALUE  FROM      YEAR
                                                  NORMAL
..................................................................
TEMPERATURE (F)
 YESTERDAY
  MAXIMUM         54    227 PM  87    2012  56     -2       60
  MINIMUM         41    513 AM  28    1943  41      0       41
                                      1928
                                      1908
  AVERAGE         48                        48      0       51

PRECIPITATION (IN)
  YESTERDAY        0.00          2.50 1929   0.12  -0.12     0.00
  MONTH TO DATE    2.53                      2.16   0.37     0.90
  SINCE MAR 1      5.69                      6.48  -0.79     3.95
  SINCE JAN 1     13.13                     13.09   0.04    10.89

SNOWFALL (IN)
  YESTERDAY        0.0           1.0  1992   0.1   -0.1      0.0
  MONTH TO DATE    6.6                       1.6    5.0       T
  SINCE MAR 1     10.7                       9.4    1.3      8.6
  SINCE JUL 1     36.1                      43.5   -7.4    110.6
  SNOW DEPTH       0

DEGREE DAYS
 HEATING
  YESTERDAY       17                        17      0       14
  MONTH TO DATE  339                       310     29      293
  SINCE MAR 1   1027                      1139   -112     1270
  SINCE JUL 1   4357                      5181   -824     5585

 COOLING
  YESTERDAY        0                         0      0        0
  MONTH TO DATE    0                         0      0        0
  SINCE MAR 1      0                         0      0        0
  SINCE JAN 1      0                         0      0        0
..................................................................


WIND (MPH)
  RESULTANT WIND SPEED  13   RESULTANT WIND DIRECTION  NE (30)
  HIGHEST WIND SPEED    28   HIGHEST WIND DIRECTION    NE (30)
  HIGHEST GUST SPEED    35   HIGHEST GUST DIRECTION    NE (30)
  AVERAGE WIND SPEED    13.3


SKY COVER
  POSSIBLE SUNSHINE  MM
  AVERAGE SKY COVER 0.4


WEATHER CONDITIONS
 THE FOLLOWING WEATHER WAS RECORDED YESTERDAY.
  NO SIGNIFICANT WEATHER WAS OBSERVED.


RELATIVE HUMIDITY (PERCENT)
 HIGHEST    65           800 PM
 LOWEST     38           100 PM
 AVERAGE    52

..........................................................


THE BOSTON MA CLIMATE NORMALS FOR TODAY
                         NORMAL    RECORD    YEAR
 MAXIMUM TEMPERATURE (F)   56        93      2002
 MINIMUM TEMPERATURE (F)   41        26      1908


SUNRISE AND SUNSET
APRIL 17 2016.........SUNRISE   559 AM EDT   SUNSET   729 PM EDT
APRIL 18 2016.........SUNRISE   558 AM EDT   SUNSET   730 PM EDT


-  INDICATES NEGATIVE NUMBERS.
R  INDICATES RECORD WAS SET OR TIED.
MM INDICATES DATA IS MISSING.
T  INDICATES TRACE AMOUNT.




$$
