406
CDUS41 KBOX 200556
CLIBOS


CLIMATE REPORT
NATIONAL WEATHER SERVICE TAUNTON MA
155 AM EDT TUE SEP 20 2016


...................................

...THE BOSTON MA CLIMATE SUMMARY FOR SEPTEMBER 19 2016...

CLIMATE NORMAL PERIOD 1981 TO 2010
CLIMATE RECORD PERIOD 1872 TO 2016


WEATHER ITEM   OBSERVED TIME   RECORD YEAR NORMAL DEPARTURE LAST
                VALUE   (LST)  VALUE       VALUE  FROM      YEAR
                                                  NORMAL
..................................................................
TEMPERATURE (F)
 YESTERDAY
  MAXIMUM         74    546 AM  92    1983  71      3       79
  MINIMUM         67    724 PM  42    1929  56     11       62
  AVERAGE         71                        64      7       71

PRECIPITATION (IN)
  YESTERDAY        0.33          1.21 1936   0.12   0.21     0.00
  MONTH TO DATE    0.69                      2.07  -1.38     1.43
  SINCE SEP 1      0.69                      2.07  -1.38     1.43
  SINCE JAN 1     20.95                     30.69  -9.74    24.21

SNOWFALL (IN)
  YESTERDAY        0.0           0.0  2002   0.0    0.0      0.0
                                      2001
                                      2000
  MONTH TO DATE    0.0                       0.0    0.0      0.0
  SINCE SEP 1      0.0                       0.0    0.0      0.0
  SINCE JUL 1      0.0                       0.0    0.0      0.0
  SNOW DEPTH      MM

DEGREE DAYS
 HEATING
  YESTERDAY        0                         3     -3        0
  MONTH TO DATE    6                        32    -26        0
  SINCE SEP 1      6                        32    -26        0
  SINCE JUL 1     13                        45    -32        1

 COOLING
  YESTERDAY        6                         2      4        6
  MONTH TO DATE  101                        66     35      150
  SINCE SEP 1    101                        66     35      150
  SINCE JAN 1    995                       725    270      900
..................................................................


WIND (MPH)
  RESULTANT WIND SPEED   4   RESULTANT WIND DIRECTION   S (180)
  HIGHEST WIND SPEED    14   HIGHEST WIND DIRECTION     S (200)
  HIGHEST GUST SPEED    16   HIGHEST GUST DIRECTION     S (200)
  AVERAGE WIND SPEED     6.3


SKY COVER
  POSSIBLE SUNSHINE  MM
  AVERAGE SKY COVER 1.0


WEATHER CONDITIONS
 THE FOLLOWING WEATHER WAS RECORDED YESTERDAY.
  RAIN
  LIGHT RAIN
  FOG


RELATIVE HUMIDITY (PERCENT)
 HIGHEST   100          1200 PM
 LOWEST     87           600 AM
 AVERAGE    94

..........................................................


THE BOSTON MA CLIMATE NORMALS FOR TODAY
                         NORMAL    RECORD    YEAR
 MAXIMUM TEMPERATURE (F)   71        97      1983
 MINIMUM TEMPERATURE (F)   56        42      1979
                                             1964
                                             1929


SUNRISE AND SUNSET
SEPTEMBER 20 2016.....SUNRISE   630 AM EDT   SUNSET   644 PM EDT
SEPTEMBER 21 2016.....SUNRISE   631 AM EDT   SUNSET   642 PM EDT


-  INDICATES NEGATIVE NUMBERS.
R  INDICATES RECORD WAS SET OR TIED.
MM INDICATES DATA IS MISSING.
T  INDICATES TRACE AMOUNT.




$$
