368
CDUS41 KBOX 182155
CLIBOS


CLIMATE REPORT
NATIONAL WEATHER SERVICE TAUNTON MA
555 PM EDT SAT MAR 18 2017


...................................

...THE BOSTON MA CLIMATE SUMMARY FOR MARCH 18 2017...
VALID TODAY AS OF 0500 PM LOCAL TIME.

CLIMATE NORMAL PERIOD 1981 TO 2010
CLIMATE RECORD PERIOD 1872 TO 2017


WEATHER ITEM   OBSERVED TIME   RECORD YEAR NORMAL DEPARTURE LAST
                VALUE   (LST)  VALUE       VALUE  FROM      YEAR
                                                  NORMAL
..................................................................
TEMPERATURE (F)
 TODAY
  MAXIMUM         36    229 PM  74    2012  46    -10       52
  MINIMUM         24    554 AM   5    1885  32     -8       35
  AVERAGE         30                        39     -9       44

PRECIPITATION (IN)
  TODAY            0.00          3.49 1968   0.15  -0.15     0.03
  MONTH TO DATE    1.93                      2.40  -0.47     2.35
  SINCE MAR 1      1.93                      2.40  -0.47     2.35
  SINCE JAN 1      9.40                      9.01   0.39     9.79

SNOWFALL (IN)
  TODAY            0.0           9.4  1977   0.3   -0.3      0.0
  MONTH TO DATE    9.5                       5.4    4.1      0.5
  SINCE MAR 1      9.5                       5.4    4.1      0.5
  SINCE JUL 1     45.8                      39.5    6.3     25.9
  SNOW DEPTH      MM

DEGREE DAYS
 HEATING
  TODAY           35                        26      9       21
  MONTH TO DATE  602                       513     89      392
  SINCE MAR 1    602                       513     89      392
  SINCE JUL 1   4141                      4555   -414     3722

 COOLING
  TODAY            0                         0      0        0
  MONTH TO DATE    0                         0      0        0
  SINCE MAR 1      0                         0      0        0
  SINCE JAN 1      0                         0      0        0
..................................................................


WIND (MPH)
  HIGHEST WIND SPEED    16   HIGHEST WIND DIRECTION    NE (60)
  HIGHEST GUST SPEED    20   HIGHEST GUST DIRECTION    NE (60)
  AVERAGE WIND SPEED    10.2


SKY COVER
  POSSIBLE SUNSHINE  MM
  AVERAGE SKY COVER 0.2


WEATHER CONDITIONS
 THE FOLLOWING WEATHER WAS RECORDED TODAY.
  NO SIGNIFICANT WEATHER WAS OBSERVED.


RELATIVE HUMIDITY (PERCENT)
 HIGHEST    69           800 AM
 LOWEST     43           100 AM
 AVERAGE    56

..........................................................


THE BOSTON MA CLIMATE NORMALS FOR TOMORROW
                         NORMAL    RECORD    YEAR
 MAXIMUM TEMPERATURE (F)   46        74      2012
 MINIMUM TEMPERATURE (F)   32         5      1876


SUNRISE AND SUNSET
MARCH 18 2017.........SUNRISE   651 AM EDT   SUNSET   654 PM EDT
MARCH 19 2017.........SUNRISE   649 AM EDT   SUNSET   655 PM EDT


-  INDICATES NEGATIVE NUMBERS.
R  INDICATES RECORD WAS SET OR TIED.
MM INDICATES DATA IS MISSING.
T  INDICATES TRACE AMOUNT.




$$
