000
CDUS41 KBOX 090546
CLIBOS


CLIMATE REPORT
NATIONAL WEATHER SERVICE TAUNTON MA
142 AM EDT TUE SEP 9 2014


...................................

...THE BOSTON MA CLIMATE SUMMARY FOR SEPTEMBER 8 2014...

CLIMATE NORMAL PERIOD 1981 TO 2010
CLIMATE RECORD PERIOD 1872 TO 2014


WEATHER ITEM   OBSERVED TIME   RECORD YEAR NORMAL DEPARTURE LAST
                VALUE   (LST)  VALUE       VALUE  FROM      YEAR
                                                  NORMAL
..................................................................
TEMPERATURE (F)
 YESTERDAY
  MAXIMUM         71   1138 AM  95    2007  75     -4       78
                                      1872
  MINIMUM         59    508 AM  48    1978  60     -1       56
                                      1903
  AVERAGE         65                        68     -3       67

PRECIPITATION (IN)
  YESTERDAY        0.00          1.65 2004   0.10  -0.10      T
  MONTH TO DATE    0.38                      0.82  -0.44     0.85
  SINCE SEP 1      0.38                      0.82  -0.44     0.85
  SINCE JAN 1     27.27                     29.44  -2.17    31.05

SNOWFALL (IN)
  YESTERDAY        0.0           0.0  2002   0.0    0.0      0.0
                                      2001
                                      2000
  MONTH TO DATE    0.0                       0.0    0.0      0.0
  SINCE SEP 1      0.0                       0.0    0.0      0.0
  SINCE JUL 1      0.0                       0.0    0.0      0.0
  SNOW DEPTH      MM

DEGREE DAYS
 HEATING
  YESTERDAY        0                         1     -1        0
  MONTH TO DATE    0                         8     -8        4
  SINCE SEP 1      0                         8     -8        4
  SINCE JUL 1      0                        21    -21        6

 COOLING
  YESTERDAY        0                         4     -4        2
  MONTH TO DATE   90                        36     54       42
  SINCE SEP 1     90                        36     54       42
  SINCE JAN 1    729                       695     34      863
..................................................................


WIND (MPH)
  RESULTANT WIND SPEED   8   RESULTANT WIND DIRECTION  NE (50)
  HIGHEST WIND SPEED    17   HIGHEST WIND DIRECTION    NE (50)
  HIGHEST GUST SPEED    23   HIGHEST GUST DIRECTION    NE (60)
  AVERAGE WIND SPEED    10.1


SKY COVER
  POSSIBLE SUNSHINE  MM
  AVERAGE SKY COVER 0.4


WEATHER CONDITIONS
 THE FOLLOWING WEATHER WAS RECORDED YESTERDAY.
  NO SIGNIFICANT WEATHER WAS OBSERVED.


RELATIVE HUMIDITY (PERCENT)
 HIGHEST    78           500 AM
 LOWEST     59           300 PM
 AVERAGE    69

..........................................................


THE BOSTON MA CLIMATE NORMALS FOR TODAY
                         NORMAL    RECORD    YEAR
 MAXIMUM TEMPERATURE (F)   75        91      1971
 MINIMUM TEMPERATURE (F)   60        45      1938


SUNRISE AND SUNSET
SEPTEMBER  9 2014.....SUNRISE   618 AM EDT   SUNSET   704 PM EDT
SEPTEMBER 10 2014.....SUNRISE   619 AM EDT   SUNSET   703 PM EDT


-  INDICATES NEGATIVE NUMBERS.
R  INDICATES RECORD WAS SET OR TIED.
MM INDICATES DATA IS MISSING.
T  INDICATES TRACE AMOUNT.




$$
