000
CDUS41 KBOX 280531
CLIBOS


CLIMATE REPORT
NATIONAL WEATHER SERVICE TAUNTON MA
1230 AM EST THU JAN 28 2016


...................................

...THE BOSTON MA CLIMATE SUMMARY FOR JANUARY 27 2016...

CLIMATE NORMAL PERIOD 1981 TO 2010
CLIMATE RECORD PERIOD 1872 TO 2016


WEATHER ITEM   OBSERVED TIME   RECORD YEAR NORMAL DEPARTURE LAST
                VALUE   (LST)  VALUE       VALUE  FROM      YEAR
                                                  NORMAL
..................................................................
TEMPERATURE (F)
 YESTERDAY
  MAXIMUM         45    207 PM  63    1974  36      9       19
  MINIMUM         31   1153 PM  -6    1924  22      9       14
  AVERAGE         38                        29      9       17

PRECIPITATION (IN)
  YESTERDAY        0.00          1.82 1996   0.10  -0.10     0.95
  MONTH TO DATE    3.27                      2.94   0.33     3.45
  SINCE DEC 1      7.55                      6.72   0.83    10.01
  SINCE JAN 1      3.27                      2.94   0.33     3.45

SNOWFALL (IN)
  YESTERDAY        0.0          22.1  2015   0.4   -0.4     22.1
  MONTH TO DATE    9.5                      11.3   -1.8     32.1
  SINCE DEC 1     10.4                      20.3   -9.9     32.4
  SINCE JUL 1     10.4                      21.6  -11.2     35.0
  SNOW DEPTH      MM

DEGREE DAYS
 HEATING
  YESTERDAY       27                        36     -9       48
  MONTH TO DATE  897                       968    -71     1021
  SINCE DEC 1   1500                      1907   -407     1844
  SINCE JUL 1   2355                      2962   -607     2857

 COOLING
  YESTERDAY        0                         0      0        0
  MONTH TO DATE    0                         0      0        0
  SINCE DEC 1      0                         0      0        0
  SINCE JAN 1      0                         0      0        0
..................................................................


WIND (MPH)
  RESULTANT WIND SPEED  12   RESULTANT WIND DIRECTION   W (280)
  HIGHEST WIND SPEED    21   HIGHEST WIND DIRECTION     W (290)
  HIGHEST GUST SPEED    29   HIGHEST GUST DIRECTION     W (290)
  AVERAGE WIND SPEED    12.0


SKY COVER
  POSSIBLE SUNSHINE  MM
  AVERAGE SKY COVER 0.6


WEATHER CONDITIONS
 THE FOLLOWING WEATHER WAS RECORDED YESTERDAY.
  NO SIGNIFICANT WEATHER WAS OBSERVED.


RELATIVE HUMIDITY (PERCENT)
 HIGHEST    70          1200 AM
 LOWEST     40           700 PM
 AVERAGE    55

..........................................................


THE BOSTON MA CLIMATE NORMALS FOR TODAY
                         NORMAL    RECORD    YEAR
 MAXIMUM TEMPERATURE (F)   36        63      1916
 MINIMUM TEMPERATURE (F)   22        -5      1935


SUNRISE AND SUNSET
JANUARY 28 2016.......SUNRISE   702 AM EST   SUNSET   452 PM EST
JANUARY 29 2016.......SUNRISE   701 AM EST   SUNSET   454 PM EST


-  INDICATES NEGATIVE NUMBERS.
R  INDICATES RECORD WAS SET OR TIED.
MM INDICATES DATA IS MISSING.
T  INDICATES TRACE AMOUNT.




$$
