000
CDUS41 KBOX 090549
CLIBOS


CLIMATE REPORT
NATIONAL WEATHER SERVICE TAUNTON MA
1243 AM EST MON JAN 9 2017


...................................

...THE BOSTON MA CLIMATE SUMMARY FOR JANUARY 8 2017...

CLIMATE NORMAL PERIOD 1981 TO 2010
CLIMATE RECORD PERIOD 1872 TO 2017


WEATHER ITEM   OBSERVED TIME   RECORD YEAR NORMAL DEPARTURE LAST
                VALUE   (LST)  VALUE       VALUE  FROM      YEAR
                                                  NORMAL
..................................................................
TEMPERATURE (F)
 YESTERDAY
  MAXIMUM         22    410 PM  67    2008  36    -14       42
  MINIMUM         13    848 AM  -6    1878  22     -9       30
  AVERAGE         18                        29    -11       36

PRECIPITATION (IN)
  YESTERDAY        0.01          1.47 1979   0.11  -0.10     0.00
  MONTH TO DATE    1.09                      0.88   0.21      T
  SINCE DEC 1      4.34                      4.66  -0.32     4.28
  SINCE JAN 1      1.09                      0.88   0.21      T

SNOWFALL (IN)
  YESTERDAY        0.2          13.2  1996   0.4   -0.2      0.0
  MONTH TO DATE    8.3                       3.3    5.0       T
  SINCE DEC 1     14.2                      12.3    1.9      0.9
  SINCE JUL 1     14.2                      13.6    0.6      0.9
  SNOW DEPTH      MM

DEGREE DAYS
 HEATING
  YESTERDAY       47                        36     11       29
  MONTH TO DATE  265                       284    -19      263
  SINCE DEC 1   1181                      1223    -42      866
  SINCE JUL 1   2096                      2278   -182     1721

 COOLING
  YESTERDAY        0                         0      0        0
  MONTH TO DATE    0                         0      0        0
  SINCE DEC 1      0                         0      0        0
  SINCE JAN 1      0                         0      0        0
..................................................................


WIND (MPH)
  RESULTANT WIND SPEED  13   RESULTANT WIND DIRECTION  NW (310)
  HIGHEST WIND SPEED    20   HIGHEST WIND DIRECTION    NW (320)
  HIGHEST GUST SPEED    27   HIGHEST GUST DIRECTION    NW (320)
  AVERAGE WIND SPEED    13.3


SKY COVER
  POSSIBLE SUNSHINE  MM
  AVERAGE SKY COVER 0.4


WEATHER CONDITIONS
 THE FOLLOWING WEATHER WAS RECORDED YESTERDAY.
  LIGHT SNOW
  FOG
  HAZE
  BLOWING SNOW


RELATIVE HUMIDITY (PERCENT)
 HIGHEST    84          1200 AM
 LOWEST     39           100 PM
 AVERAGE    62

..........................................................


THE BOSTON MA CLIMATE NORMALS FOR TODAY
                         NORMAL    RECORD    YEAR
 MAXIMUM TEMPERATURE (F)   36        64      1937
 MINIMUM TEMPERATURE (F)   22        -4      1968


SUNRISE AND SUNSET
JANUARY  9 2017.......SUNRISE   713 AM EST   SUNSET   430 PM EST
JANUARY 10 2017.......SUNRISE   712 AM EST   SUNSET   431 PM EST


-  INDICATES NEGATIVE NUMBERS.
R  INDICATES RECORD WAS SET OR TIED.
MM INDICATES DATA IS MISSING.
T  INDICATES TRACE AMOUNT.




$$
