000
CDUS41 KBOX 162121
CLIBOS


CLIMATE REPORT
NATIONAL WEATHER SERVICE TAUNTON MA
421 PM EST TUE DEC 16 2014


...................................

...THE BOSTON MA CLIMATE SUMMARY FOR DECEMBER 16 2014...
VALID AS OF 0400 PM LOCAL TIME.

CLIMATE NORMAL PERIOD 1981 TO 2010
CLIMATE RECORD PERIOD 1872 TO 2014


WEATHER ITEM   OBSERVED TIME   RECORD YEAR NORMAL DEPARTURE LAST
                VALUE   (LST)  VALUE       VALUE  FROM      YEAR
                                                  NORMAL
..................................................................
TEMPERATURE (F)
 TODAY
  MAXIMUM         41    126 PM  64    1971  41      0       30
  MINIMUM         35    513 AM   1    1883  28      7       20
                                      1876
  AVERAGE         38                        35      3       25

PRECIPITATION (IN)
  TODAY            T             1.81 1960   0.12  -0.12      T
  MONTH TO DATE    5.11                      2.05   3.06     2.03
  SINCE DEC 1      5.11                      2.05   3.06     2.03
  SINCE JAN 1     43.80                     42.04   1.76    37.77

SNOWFALL (IN)
  TODAY           MM             7.6  2007   0.3   MM         T
  MONTH TO DATE    0.3                       3.7   -3.4      5.0
  SINCE DEC 1      0.3                       3.7   -3.4      5.0
  SINCE JUL 1      2.9                       5.0   -2.1      5.0
  SNOW DEPTH       0

DEGREE DAYS
 HEATING
  TODAY           27                        30     -3       40
  MONTH TO DATE  435                       445    -10      498
  SINCE DEC 1    435                       445    -10      498
  SINCE JUL 1   1448                      1500    -52     1514

 COOLING
  TODAY            0                         0      0        0
  MONTH TO DATE    0                         0      0        0
  SINCE DEC 1      0                         0      0        0
  SINCE JAN 1    769                       747     22      920
..................................................................


WIND (MPH)
  HIGHEST WIND SPEED     8   HIGHEST WIND DIRECTION     W (280)
  HIGHEST GUST SPEED     9   HIGHEST GUST DIRECTION     E (90)
  AVERAGE WIND SPEED     3.8


SKY COVER
  POSSIBLE SUNSHINE  MM
  AVERAGE SKY COVER 1.0


WEATHER CONDITIONS
 THE FOLLOWING WEATHER WAS RECORDED TODAY.
  LIGHT RAIN
  FOG


RELATIVE HUMIDITY (PERCENT)
 HIGHEST    92           400 PM
 LOWEST     73          1100 AM
 AVERAGE    83

..........................................................


THE BOSTON MA CLIMATE NORMALS FOR TOMORROW
                         NORMAL    RECORD    YEAR
 MAXIMUM TEMPERATURE (F)   41        64      2000
 MINIMUM TEMPERATURE (F)   28        -4      1919
                                             1876


SUNRISE AND SUNSET
DECEMBER 16 2014......SUNRISE   707 AM EST   SUNSET   413 PM EST
DECEMBER 17 2014......SUNRISE   708 AM EST   SUNSET   413 PM EST


-  INDICATES NEGATIVE NUMBERS.
R  INDICATES RECORD WAS SET OR TIED.
MM INDICATES DATA IS MISSING.
T  INDICATES TRACE AMOUNT.




$$
