000
CDUS41 KBOX 072138
CLIBOS


CLIMATE REPORT
NATIONAL WEATHER SERVICE TAUNTON MA
428 PM EST WED FEB 7 2018


...................................

...THE BOSTON MA CLIMATE SUMMARY FOR FEBRUARY 7 2018...
VALID TODAY AS OF 0400 PM LOCAL TIME.

CLIMATE NORMAL PERIOD 1981 TO 2010
CLIMATE RECORD PERIOD 1872 TO 2018


WEATHER ITEM   OBSERVED TIME   RECORD YEAR NORMAL DEPARTURE LAST
                VALUE   (LST)  VALUE       VALUE  FROM      YEAR
                                                  NORMAL
..................................................................
TEMPERATURE (F)
 TODAY
  MAXIMUM         35    359 PM  56    1925  37     -2       38
                                      1878
  MINIMUM         23    520 AM  -5    1875  23      0       33
  AVERAGE         29                        30     -1       36

PRECIPITATION (IN)
  TODAY            0.36          1.93 1978   0.11   0.25     0.44
  MONTH TO DATE    1.30                      0.76   0.54     0.49
  SINCE DEC 1      8.71                      7.90   0.81     7.99
  SINCE JAN 1      6.22                      4.12   2.10     4.74

SNOWFALL (IN)
  TODAY            2.1          19.0  1978   0.4    1.7      1.2
  MONTH TO DATE    2.2                       2.7   -0.5      2.0
  SINCE DEC 1     29.2                      24.6    4.6     16.8
  SINCE JUL 1     29.2                      25.9    3.3     16.8
  SNOW DEPTH      MM

DEGREE DAYS
 HEATING
  TODAY           36                        35      1       29
  MONTH TO DATE  247                       245      2      222
  SINCE DEC 1   2423                      2300    123     2057
  SINCE JUL 1   3250                      3355   -105     2972

 COOLING
  TODAY            0                         0      0        0
  MONTH TO DATE    0                         0      0        0
  SINCE DEC 1      0                         0      0        0
  SINCE JAN 1      0                         0      0        0
..................................................................


WIND (MPH)
  HIGHEST WIND SPEED    13   HIGHEST WIND DIRECTION     E (90)
  HIGHEST GUST SPEED    17   HIGHEST GUST DIRECTION     E (80)
  AVERAGE WIND SPEED     6.5


SKY COVER
  POSSIBLE SUNSHINE  MM
  AVERAGE SKY COVER 0.6


WEATHER CONDITIONS
 THE FOLLOWING WEATHER WAS RECORDED TODAY.
  RAIN
  SNOW
  LIGHT SNOW
  FOG


RELATIVE HUMIDITY (PERCENT)
 HIGHEST   100           100 PM
 LOWEST     57           200 AM
 AVERAGE    79

..........................................................


THE BOSTON MA CLIMATE NORMALS FOR TOMORROW
                         NORMAL    RECORD    YEAR
 MAXIMUM TEMPERATURE (F)   38        66      1933
 MINIMUM TEMPERATURE (F)   24       -12      1934


SUNRISE AND SUNSET
FEBRUARY  7 2018......SUNRISE   651 AM EST   SUNSET   506 PM EST
FEBRUARY  8 2018......SUNRISE   650 AM EST   SUNSET   507 PM EST


-  INDICATES NEGATIVE NUMBERS.
R  INDICATES RECORD WAS SET OR TIED.
MM INDICATES DATA IS MISSING.
T  INDICATES TRACE AMOUNT.




$$
