000
CDUS41 KBOX 190544
CLIBOS


CLIMATE REPORT
NATIONAL WEATHER SERVICE TAUNTON MA
144 AM EDT THU MAR 19 2015


...................................

...THE BOSTON MA CLIMATE SUMMARY FOR MARCH 18 2015...

CLIMATE NORMAL PERIOD 1981 TO 2010
CLIMATE RECORD PERIOD 1872 TO 2015


WEATHER ITEM   OBSERVED TIME   RECORD YEAR NORMAL DEPARTURE LAST
                VALUE   (LST)  VALUE       VALUE  FROM      YEAR
                                                  NORMAL
..................................................................
TEMPERATURE (F)
 YESTERDAY
  MAXIMUM         30    336 PM  74    2012  46    -16       33
  MINIMUM         22   1159 PM   5    1885  32    -10       20
  AVERAGE         26                        39    -13       27

PRECIPITATION (IN)
  YESTERDAY        0.00          3.49 1968   0.15  -0.15     0.00
  MONTH TO DATE    1.74                      2.40  -0.66     0.53
  SINCE MAR 1      1.74                      2.40  -0.66     0.53
  SINCE JAN 1      8.68                      9.01  -0.33     7.90

SNOWFALL (IN)
  YESTERDAY        0.0           9.4  1977   0.3   -0.3      0.0
  MONTH TO DATE    6.6                       5.4    1.2      2.2
  SINCE MAR 1      6.6                       5.4    1.2      2.2
  SINCE JUL 1    108.6                      39.5   69.1     58.6
  SNOW DEPTH      MM

DEGREE DAYS
 HEATING
  YESTERDAY       39                        26     13       38
  MONTH TO DATE  584                       513     71      611
  SINCE MAR 1    584                       513     71      611
  SINCE JUL 1   4899                      4555    344     4759

 COOLING
  YESTERDAY        0                         0      0        0
  MONTH TO DATE    0                         0      0        0
  SINCE MAR 1      0                         0      0        0
  SINCE JAN 1      0                         0      0        0
..................................................................


WIND (MPH)
  RESULTANT WIND SPEED  21   RESULTANT WIND DIRECTION  NW (300)
  HIGHEST WIND SPEED    36   HIGHEST WIND DIRECTION    NW (300)
  HIGHEST GUST SPEED    52   HIGHEST GUST DIRECTION    NW (300)
  AVERAGE WIND SPEED    21.6


SKY COVER
  POSSIBLE SUNSHINE  MM
  AVERAGE SKY COVER 0.2


WEATHER CONDITIONS
 THE FOLLOWING WEATHER WAS RECORDED YESTERDAY.
  NO SIGNIFICANT WEATHER WAS OBSERVED.


RELATIVE HUMIDITY (PERCENT)
 HIGHEST    46           400 AM
 LOWEST     23           200 PM
 AVERAGE    35

..........................................................


THE BOSTON MA CLIMATE NORMALS FOR TODAY
                         NORMAL    RECORD    YEAR
 MAXIMUM TEMPERATURE (F)   46        74      2012
 MINIMUM TEMPERATURE (F)   32         5      1876


SUNRISE AND SUNSET
MARCH 19 2015.........SUNRISE   650 AM EDT   SUNSET   655 PM EDT
MARCH 20 2015.........SUNRISE   648 AM EDT   SUNSET   656 PM EDT


-  INDICATES NEGATIVE NUMBERS.
R  INDICATES RECORD WAS SET OR TIED.
MM INDICATES DATA IS MISSING.
T  INDICATES TRACE AMOUNT.




$$
