000
CDUS41 KBOX 062131
CLIBOS


CLIMATE REPORT
NATIONAL WEATHER SERVICE TAUNTON MA
429 PM EST MON NOV 6 2017


...................................

...THE BOSTON MA CLIMATE SUMMARY FOR NOVEMBER 6 2017...
VALID AS OF 0400 PM LOCAL TIME.

CLIMATE NORMAL PERIOD 1981 TO 2010
CLIMATE RECORD PERIOD 1872 TO 2017


WEATHER ITEM   OBSERVED TIME   RECORD YEAR NORMAL DEPARTURE LAST
                VALUE   (LST)  VALUE       VALUE  FROM      YEAR
                                                  NORMAL
..................................................................
TEMPERATURE (F)
 TODAY
  MAXIMUM         64    211 PM  73    2015  55      9       52
                                      1959
                                      1948
  MINIMUM         60   1210 AM  21    1879  41     19       43
  AVERAGE         62                        48     14       48

PRECIPITATION (IN)
  TODAY            0.04          1.58 1966   0.13  -0.09     0.09
  MONTH TO DATE    0.05                      0.77  -0.72     0.17
  SINCE SEP 1      7.92                      8.15  -0.23     7.01
  SINCE JAN 1     39.21                     36.77   2.44    27.27

SNOWFALL (IN)
  TODAY            0.0           3.5  1894   0.0    0.0       T
  MONTH TO DATE    0.0                       0.1   -0.1       T
  SINCE SEP 1      0.0                       0.1   -0.1       T
  SINCE JUL 1      0.0                       0.1   -0.1       T
  SNOW DEPTH      MM

DEGREE DAYS
 HEATING
  TODAY            3                        17    -14       17
  MONTH TO DATE   36                       100    -64       89
  SINCE SEP 1    218                       534   -316      440
  SINCE JUL 1    230                       547   -317      447

 COOLING
  TODAY            0                         0      0        0
  MONTH TO DATE    0                         0      0        0
  SINCE SEP 1    151                        88     63      141
  SINCE JAN 1    880                       747    133     1035
..................................................................


WIND (MPH)
  HIGHEST WIND SPEED    20   HIGHEST WIND DIRECTION    SW (230)
  HIGHEST GUST SPEED    27   HIGHEST GUST DIRECTION    SW (240)
  AVERAGE WIND SPEED    13.4


SKY COVER
  POSSIBLE SUNSHINE  MM
  AVERAGE SKY COVER 0.9


WEATHER CONDITIONS
 THE FOLLOWING WEATHER WAS RECORDED TODAY.
  LIGHT RAIN
  FOG


RELATIVE HUMIDITY (PERCENT)
 HIGHEST   100          1200 AM
 LOWEST     87          1000 AM
 AVERAGE    94

..........................................................


THE BOSTON MA CLIMATE NORMALS FOR TOMORROW
                         NORMAL    RECORD    YEAR
 MAXIMUM TEMPERATURE (F)   54        77      1938
 MINIMUM TEMPERATURE (F)   40        25      1884
                                             1878


SUNRISE AND SUNSET
NOVEMBER  6 2017......SUNRISE   624 AM EST   SUNSET   431 PM EST
NOVEMBER  7 2017......SUNRISE   625 AM EST   SUNSET   430 PM EST


-  INDICATES NEGATIVE NUMBERS.
R  INDICATES RECORD WAS SET OR TIED.
MM INDICATES DATA IS MISSING.
T  INDICATES TRACE AMOUNT.




$$
