000
CDUS41 KBOX 110623
CLIBOS


CLIMATE REPORT
NATIONAL WEATHER SERVICE TAUNTON MA
213 AM EDT TUE JUL 11 2017


...................................

...THE BOSTON MA CLIMATE SUMMARY FOR JULY 10 2017...

CLIMATE NORMAL PERIOD 1981 TO 2010
CLIMATE RECORD PERIOD 1872 TO 2017


WEATHER ITEM   OBSERVED TIME   RECORD YEAR NORMAL DEPARTURE LAST
                VALUE   (LST)  VALUE       VALUE  FROM      YEAR
                                                  NORMAL
..................................................................
TEMPERATURE (F)
 YESTERDAY
  MAXIMUM         87    237 PM 101    1880  81      6       64
  MINIMUM         65    528 AM  53    1890  65      0       59
  AVERAGE         76                        73      3       62

PRECIPITATION (IN)
  YESTERDAY        T             2.39 1955   0.11  -0.11     0.09
  MONTH TO DATE    0.81                      0.94  -0.13     0.65
  SINCE JUN 1      5.66                      4.62   1.04     1.98
  SINCE JAN 1     26.49                     22.78   3.71    18.32

SNOWFALL (IN)
  YESTERDAY        0.0           T    1955   0.0    0.0      0.0
  MONTH TO DATE    0.0                       0.0    0.0      0.0
  SINCE JUN 1      0.0                       0.0    0.0      0.0
  SINCE JUL 1      0.0                       0.0    0.0      0.0
  SNOW DEPTH      MM

DEGREE DAYS
 HEATING
  YESTERDAY        0                         0      0        3
  MONTH TO DATE    0                         0      0        7
  SINCE JUN 1     50                        55     -5       24
  SINCE JUL 1      0                         0      0        7

 COOLING
  YESTERDAY       11                         8      3        0
  MONTH TO DATE   99                        79     20       69
  SINCE JUN 1    290                       215     75      198
  SINCE JAN 1    350                       245    105      243
..................................................................


WIND (MPH)
  RESULTANT WIND SPEED  12   RESULTANT WIND DIRECTION  SW (230)
  HIGHEST WIND SPEED    22   HIGHEST WIND DIRECTION    SW (210)
  HIGHEST GUST SPEED    30   HIGHEST GUST DIRECTION    SW (230)
  AVERAGE WIND SPEED    12.5


SKY COVER
  POSSIBLE SUNSHINE  MM
  AVERAGE SKY COVER 0.4


WEATHER CONDITIONS
 THE FOLLOWING WEATHER WAS RECORDED YESTERDAY.
  LIGHT RAIN


RELATIVE HUMIDITY (PERCENT)
 HIGHEST    78           500 AM
 LOWEST     32           200 PM
 AVERAGE    55

..........................................................


THE BOSTON MA CLIMATE NORMALS FOR TODAY
                         NORMAL    RECORD    YEAR
 MAXIMUM TEMPERATURE (F)   82       100      1911
 MINIMUM TEMPERATURE (F)   65        54      1890


SUNRISE AND SUNSET
JULY 11 2017..........SUNRISE   518 AM EDT   SUNSET   821 PM EDT
JULY 12 2017..........SUNRISE   518 AM EDT   SUNSET   821 PM EDT


-  INDICATES NEGATIVE NUMBERS.
R  INDICATES RECORD WAS SET OR TIED.
MM INDICATES DATA IS MISSING.
T  INDICATES TRACE AMOUNT.




$$
