000
CDUS41 KBOX 120533
CLIBOS


CLIMATE REPORT
NATIONAL WEATHER SERVICE TAUNTON MA
133 AM EDT TUE SEP 12 2017


...................................

...THE BOSTON MA CLIMATE SUMMARY FOR SEPTEMBER 11 2017...

CLIMATE NORMAL PERIOD 1981 TO 2010
CLIMATE RECORD PERIOD 1872 TO 2017


WEATHER ITEM   OBSERVED TIME   RECORD YEAR NORMAL DEPARTURE LAST
                VALUE   (LST)  VALUE       VALUE  FROM      YEAR
                                                  NORMAL
..................................................................
TEMPERATURE (F)
 YESTERDAY
  MAXIMUM         80    252 PM  99    1983  74      6       83
  MINIMUM         55    343 AM  40    1917  59     -4       63
  AVERAGE         68                        67      1       73

PRECIPITATION (IN)
  YESTERDAY        0.00          5.63 1954   0.10  -0.10     0.03
  MONTH TO DATE    1.11                      1.14  -0.03     0.30
  SINCE SEP 1      1.11                      1.14  -0.03     0.30
  SINCE JAN 1     32.40                     29.76   2.64    20.56

SNOWFALL (IN)
  YESTERDAY        0.0           0.0  2002   0.0    0.0      0.0
                                      2001
                                      2000
  MONTH TO DATE    0.0                       0.0    0.0      0.0
  SINCE SEP 1      0.0                       0.0    0.0      0.0
  SINCE JUL 1      0.0                       0.0    0.0      0.0
  SNOW DEPTH      MM

DEGREE DAYS
 HEATING
  YESTERDAY        0                         2     -2        0
  MONTH TO DATE   17                        12      5        0
  SINCE SEP 1     17                        12      5        0
  SINCE JUL 1     29                        25      4        7

 COOLING
  YESTERDAY        3                         3      0        8
  MONTH TO DATE   31                        46    -15       65
  SINCE SEP 1     31                        46    -15       65
  SINCE JAN 1    760                       705     55      959
..................................................................


WIND (MPH)
  RESULTANT WIND SPEED   9   RESULTANT WIND DIRECTION  NW (300)
  HIGHEST WIND SPEED    15   HIGHEST WIND DIRECTION    NW (300)
  HIGHEST GUST SPEED    20   HIGHEST GUST DIRECTION    NW (320)
  AVERAGE WIND SPEED     9.8


SKY COVER
  POSSIBLE SUNSHINE  MM
  AVERAGE SKY COVER 0.2


WEATHER CONDITIONS
 THE FOLLOWING WEATHER WAS RECORDED YESTERDAY.
  NO SIGNIFICANT WEATHER WAS OBSERVED.


RELATIVE HUMIDITY (PERCENT)
 HIGHEST    72           300 AM
 LOWEST     30           200 PM
 AVERAGE    51

..........................................................


THE BOSTON MA CLIMATE NORMALS FOR TODAY
                         NORMAL    RECORD    YEAR
 MAXIMUM TEMPERATURE (F)   74        93      1961
 MINIMUM TEMPERATURE (F)   59        43      1875


SUNRISE AND SUNSET
SEPTEMBER 12 2017.....SUNRISE   621 AM EDT   SUNSET   659 PM EDT
SEPTEMBER 13 2017.....SUNRISE   622 AM EDT   SUNSET   657 PM EDT


-  INDICATES NEGATIVE NUMBERS.
R  INDICATES RECORD WAS SET OR TIED.
MM INDICATES DATA IS MISSING.
T  INDICATES TRACE AMOUNT.




$$
