000
CDUS41 KBOX 040549
CLIBOS


CLIMATE REPORT
NATIONAL WEATHER SERVICE TAUNTON MA
137 AM EDT MON JUL 4 2016


...................................

...THE BOSTON MA CLIMATE SUMMARY FOR JULY 3 2016...

CLIMATE NORMAL PERIOD 1981 TO 2010
CLIMATE RECORD PERIOD 1872 TO 2016


WEATHER ITEM   OBSERVED TIME   RECORD YEAR NORMAL DEPARTURE LAST
                VALUE   (LST)  VALUE       VALUE  FROM      YEAR
                                                  NORMAL
..................................................................
TEMPERATURE (F)
 YESTERDAY
  MAXIMUM         84    338 PM 102    1911  81      3       76
  MINIMUM         64    426 AM  51    1914  64      0       63
  AVERAGE         74                        72      2       70

PRECIPITATION (IN)
  YESTERDAY        0.00          2.03 1916   0.09  -0.09     0.00
  MONTH TO DATE    0.20                      0.27  -0.07     0.54
  SINCE JUN 1      1.53                      3.95  -2.42     5.55
  SINCE JAN 1     17.87                     22.11  -4.24    19.04

SNOWFALL (IN)
  YESTERDAY        0.0           0.0  2002   0.0    0.0      0.0
                                      2001
                                      2000
  MONTH TO DATE    0.0                       0.0    0.0      0.0
  SINCE JUN 1      0.0                       0.0    0.0      0.0
  SINCE JUL 1      0.0                       0.0    0.0      0.0
  SNOW DEPTH      MM

DEGREE DAYS
 HEATING
  YESTERDAY        0                         0      0        0
  MONTH TO DATE    0                         0      0        0
  SINCE JUN 1     17                        55    -38       98
  SINCE JUL 1      0                         0      0        0

 COOLING
  YESTERDAY        9                         8      1        5
  MONTH TO DATE   29                        23      6       19
  SINCE JUN 1    158                       159     -1      116
  SINCE JAN 1    203                       189     14      177
..................................................................


WIND (MPH)
  RESULTANT WIND SPEED  10   RESULTANT WIND DIRECTION   W (260)
  HIGHEST WIND SPEED    18   HIGHEST WIND DIRECTION    SW (230)
  HIGHEST GUST SPEED    25   HIGHEST GUST DIRECTION     W (250)
  AVERAGE WIND SPEED    10.9


SKY COVER
  POSSIBLE SUNSHINE  MM
  AVERAGE SKY COVER 0.4


WEATHER CONDITIONS
 THE FOLLOWING WEATHER WAS RECORDED YESTERDAY.
  NO SIGNIFICANT WEATHER WAS OBSERVED.


RELATIVE HUMIDITY (PERCENT)
 HIGHEST    60           500 AM
 LOWEST     26           500 PM
 AVERAGE    43

..........................................................


THE BOSTON MA CLIMATE NORMALS FOR TODAY
                         NORMAL    RECORD    YEAR
 MAXIMUM TEMPERATURE (F)   81       104      1911
 MINIMUM TEMPERATURE (F)   64        53      1914


SUNRISE AND SUNSET
JULY  4 2016..........SUNRISE   513 AM EDT   SUNSET   824 PM EDT
JULY  5 2016..........SUNRISE   514 AM EDT   SUNSET   824 PM EDT


-  INDICATES NEGATIVE NUMBERS.
R  INDICATES RECORD WAS SET OR TIED.
MM INDICATES DATA IS MISSING.
T  INDICATES TRACE AMOUNT.




$$
