000
CDUS41 KBOX 092131
CLIBOS


CLIMATE REPORT
NATIONAL WEATHER SERVICE TAUNTON MA
530 PM EDT TUE AUG 9 2016


...................................

...THE BOSTON MA CLIMATE SUMMARY FOR AUGUST 9 2016...
VALID TODAY AS OF 0500 PM LOCAL TIME.

CLIMATE NORMAL PERIOD 1981 TO 2010
CLIMATE RECORD PERIOD 1872 TO 2016


WEATHER ITEM   OBSERVED TIME   RECORD YEAR NORMAL DEPARTURE LAST
                VALUE   (LST)  VALUE       VALUE  FROM      YEAR
                                                  NORMAL
..................................................................
TEMPERATURE (F)
 TODAY
  MAXIMUM         79    202 PM  99    1949  81     -2       73
  MINIMUM         70    529 AM  53    1899  66      4       62
  AVERAGE         75                        73      2       68

PRECIPITATION (IN)
  TODAY            0.00          3.27 1878   0.12  -0.12     0.00
  MONTH TO DATE    0.06                      1.09  -1.03     0.49
  SINCE JUN 1      2.26                      8.20  -5.94     7.59
  SINCE JAN 1     18.60                     26.36  -7.76    21.08

SNOWFALL (IN)
  TODAY            0.0           0.0  2002   0.0    0.0      0.0
                                      2001
                                      2000
  MONTH TO DATE    0.0                       0.0    0.0      0.0
  SINCE JUN 1      0.0                       0.0    0.0      0.0
  SINCE JUL 1      0.0                       0.0    0.0      0.0
  SNOW DEPTH      MM

DEGREE DAYS
 HEATING
  TODAY            0                         0      0        0
  MONTH TO DATE    0                         0      0        0
  SINCE JUN 1     24                        61    -37       99
  SINCE JUL 1      7                         6      1        1

 COOLING
  TODAY           10                         8      2        3
  MONTH TO DATE   90                        76     14       84
  SINCE JUN 1    577                       478     99      466
  SINCE JAN 1    622                       508    114      527
..................................................................


WIND (MPH)
  HIGHEST WIND SPEED    21   HIGHEST WIND DIRECTION    SE (120)
  HIGHEST GUST SPEED    25   HIGHEST GUST DIRECTION    SE (120)
  AVERAGE WIND SPEED    10.4


SKY COVER
  POSSIBLE SUNSHINE  MM
  AVERAGE SKY COVER 0.2


WEATHER CONDITIONS
 THE FOLLOWING WEATHER WAS RECORDED TODAY.
  NO SIGNIFICANT WEATHER WAS OBSERVED.


RELATIVE HUMIDITY (PERCENT)
 HIGHEST    64           400 PM
 LOWEST     43          1200 AM
 AVERAGE    54

..........................................................


THE BOSTON MA CLIMATE NORMALS FOR TOMORROW
                         NORMAL    RECORD    YEAR
 MAXIMUM TEMPERATURE (F)   81       101      1949
 MINIMUM TEMPERATURE (F)   65        53      1964


SUNRISE AND SUNSET
AUGUST  9 2016........SUNRISE   545 AM EDT   SUNSET   753 PM EDT
AUGUST 10 2016........SUNRISE   546 AM EDT   SUNSET   752 PM EDT


-  INDICATES NEGATIVE NUMBERS.
R  INDICATES RECORD WAS SET OR TIED.
MM INDICATES DATA IS MISSING.
T  INDICATES TRACE AMOUNT.




$$
