000
CDUS41 KBOX 250647
CLIBOS


CLIMATE REPORT
NATIONAL WEATHER SERVICE TAUNTON MA
146 AM EST WED FEB 25 2015


...................................

...THE BOSTON MA CLIMATE SUMMARY FOR FEBRUARY 24 2015...

CLIMATE NORMAL PERIOD 1981 TO 2010
CLIMATE RECORD PERIOD 1872 TO 2015


WEATHER ITEM   OBSERVED TIME   RECORD YEAR NORMAL DEPARTURE LAST
                VALUE   (LST)  VALUE       VALUE  FROM      YEAR
                                                  NORMAL
..................................................................
TEMPERATURE (F)
 YESTERDAY
  MAXIMUM         19   1159 PM  70    1985  41    -22       45
  MINIMUM          2    604 AM  -7    1894  26    -24       24
  AVERAGE         11                        33    -22       35

PRECIPITATION (IN)
  YESTERDAY        T             2.42 1969   0.12  -0.12     0.00
  MONTH TO DATE    3.28                      2.73   0.55     4.11
  SINCE DEC 1     13.41                      9.87   3.54    11.97
  SINCE JAN 1      6.85                      6.09   0.76     7.35

SNOWFALL (IN)
  YESTERDAY        T            13.7  1969   0.4   -0.4      0.0
  MONTH TO DATE   62.7                       9.4   53.3     22.5
  SINCE DEC 1     97.3                      31.3   66.0     56.0
  SINCE JUL 1     99.9                      32.6   67.3     56.0
  SNOW DEPTH      MM

DEGREE DAYS
 HEATING
  YESTERDAY       54                        32     22       30
  MONTH TO DATE 1109                       807    302      831
  SINCE DEC 1   3130                      2862    268     2961
  SINCE JUL 1   4143                      3917    226     3977

 COOLING
  YESTERDAY        0                         0      0        0
  MONTH TO DATE    0                         0      0        0
  SINCE DEC 1      0                         0      0        0
  SINCE JAN 1      0                         0      0        0
..................................................................


WIND (MPH)
  RESULTANT WIND SPEED   5   RESULTANT WIND DIRECTION  SW (230)
  HIGHEST WIND SPEED    20   HIGHEST WIND DIRECTION     S (190)
  HIGHEST GUST SPEED    24   HIGHEST GUST DIRECTION     S (190)
  AVERAGE WIND SPEED     9.4


SKY COVER
  POSSIBLE SUNSHINE  MM
  AVERAGE SKY COVER 0.6


WEATHER CONDITIONS
 THE FOLLOWING WEATHER WAS RECORDED YESTERDAY.
  LIGHT SNOW
  FOG


RELATIVE HUMIDITY (PERCENT)
 HIGHEST    80          1100 PM
 LOWEST     39           200 PM
 AVERAGE    60

..........................................................


THE BOSTON MA CLIMATE NORMALS FOR TODAY
                         NORMAL    RECORD    YEAR
 MAXIMUM TEMPERATURE (F)   41        65      1930
 MINIMUM TEMPERATURE (F)   27        -6      1894


SUNRISE AND SUNSET
FEBRUARY 25 2015......SUNRISE   626 AM EST   SUNSET   529 PM EST
FEBRUARY 26 2015......SUNRISE   625 AM EST   SUNSET   530 PM EST


-  INDICATES NEGATIVE NUMBERS.
R  INDICATES RECORD WAS SET OR TIED.
MM INDICATES DATA IS MISSING.
T  INDICATES TRACE AMOUNT.




$$
