142
CDUS41 KBOX 100549
CLIBOS


CLIMATE REPORT
NATIONAL WEATHER SERVICE TAUNTON MA
143 AM EDT TUE OCT 10 2017


...................................

...THE BOSTON MA CLIMATE SUMMARY FOR OCTOBER 9 2017...

CLIMATE NORMAL PERIOD 1981 TO 2010
CLIMATE RECORD PERIOD 1872 TO 2017


WEATHER ITEM   OBSERVED TIME   RECORD YEAR NORMAL DEPARTURE LAST
                VALUE   (LST)  VALUE       VALUE  FROM      YEAR
                                                  NORMAL
..................................................................
TEMPERATURE (F)
 YESTERDAY
  MAXIMUM         75   1208 PM  87    2011  64     11       65
  MINIMUM         67    522 AM  32    1873  49     18       48
  AVERAGE         71                        56     15       57

PRECIPITATION (IN)
  YESTERDAY        0.27          2.06 1906   0.13   0.14     1.84
  MONTH TO DATE    0.38                      1.15  -0.77     2.59
  SINCE SEP 1      4.11                      4.59  -0.48     3.97
  SINCE JAN 1     35.40                     33.21   2.19    24.23

SNOWFALL (IN)
  YESTERDAY        0.0           0.0  2009   0.0    0.0      0.0
                                      2008
                                      2007
  MONTH TO DATE    0.0                       0.0    0.0      0.0
  SINCE SEP 1      0.0                       0.0    0.0      0.0
  SINCE JUL 1      0.0                       0.0    0.0      0.0
  SNOW DEPTH      MM

DEGREE DAYS
 HEATING
  YESTERDAY        0                         9     -9        8
  MONTH TO DATE   21                        72    -51       64
  SINCE SEP 1     58                       156    -98      110
  SINCE JUL 1     70                       169    -99      117

 COOLING
  YESTERDAY        6                         0      6        0
  MONTH TO DATE   27                         6     21        0
  SINCE SEP 1    138                        87     51      128
  SINCE JAN 1    867                       746    121     1022
..................................................................


WIND (MPH)
  RESULTANT WIND SPEED   8   RESULTANT WIND DIRECTION   S (200)
  HIGHEST WIND SPEED    25   HIGHEST WIND DIRECTION     S (190)
  HIGHEST GUST SPEED    34   HIGHEST GUST DIRECTION     S (190)
  AVERAGE WIND SPEED    11.0


SKY COVER
  POSSIBLE SUNSHINE  MM
  AVERAGE SKY COVER 0.9


WEATHER CONDITIONS
 THE FOLLOWING WEATHER WAS RECORDED YESTERDAY.
  RAIN
  LIGHT RAIN
  FOG
  FOG W/VISIBILITY <= 1/4 MILE


RELATIVE HUMIDITY (PERCENT)
 HIGHEST   100          1200 AM
 LOWEST     93           200 AM
 AVERAGE    97

..........................................................


THE BOSTON MA CLIMATE NORMALS FOR TODAY
                         NORMAL    RECORD    YEAR
 MAXIMUM TEMPERATURE (F)   63        87      1939
 MINIMUM TEMPERATURE (F)   48        32      1979


SUNRISE AND SUNSET
OCTOBER 10 2017.......SUNRISE   651 AM EDT   SUNSET   610 PM EDT
OCTOBER 11 2017.......SUNRISE   653 AM EDT   SUNSET   608 PM EDT


-  INDICATES NEGATIVE NUMBERS.
R  INDICATES RECORD WAS SET OR TIED.
MM INDICATES DATA IS MISSING.
T  INDICATES TRACE AMOUNT.




$$
