567
CDUS41 KBOX 060554
CLIBOS


CLIMATE REPORT
NATIONAL WEATHER SERVICE TAUNTON MA
1247 AM EST WED DEC 6 2017


...................................

...THE BOSTON MA CLIMATE SUMMARY FOR DECEMBER 5 2017...

CLIMATE NORMAL PERIOD 1981 TO 2010
CLIMATE RECORD PERIOD 1872 TO 2017


WEATHER ITEM   OBSERVED TIME   RECORD YEAR NORMAL DEPARTURE LAST
                VALUE   (LST)  VALUE       VALUE  FROM      YEAR
                                                  NORMAL
..................................................................
TEMPERATURE (F)
 YESTERDAY
  MAXIMUM         59        MM  66    2001  45     14       40
  MINIMUM         38        MM   4    1926  32      6       31
  AVERAGE         49                        38     11       36

PRECIPITATION (IN)
  YESTERDAY        0.08          2.76 1993   0.13  -0.05     0.14
  MONTH TO DATE    0.17                      0.66  -0.49     0.45
  SINCE DEC 1      0.17                      0.66  -0.49     0.45
  SINCE JAN 1     41.13                     40.65   0.48    30.25

SNOWFALL (IN)
  YESTERDAY       MM             8.0  1926   0.2   MM        0.3
  MONTH TO DATE    0.0                       0.9   -0.9      0.3
  SINCE DEC 1      0.0                       0.9   -0.9      0.3
  SINCE JUL 1      T                         2.2   -2.2      0.3
  SNOW DEPTH      MM

DEGREE DAYS
 HEATING
  YESTERDAY       16                        27    -11       29
  MONTH TO DATE  115                       130    -15      117
  SINCE DEC 1    115                       130    -15      117
  SINCE JUL 1    942                      1185   -243     1032

 COOLING
  YESTERDAY        0                         0      0        0
  MONTH TO DATE    0                         0      0        0
  SINCE DEC 1      0                         0      0        0
  SINCE JAN 1    880                       747    133     1035
..................................................................


WIND (MPH)
  RESULTANT WIND SPEED  13   RESULTANT WIND DIRECTION   S (160)
  HIGHEST WIND SPEED    33   HIGHEST WIND DIRECTION     S (190)
  HIGHEST GUST SPEED    48   HIGHEST GUST DIRECTION     S (190)
  AVERAGE WIND SPEED    13.7


SKY COVER
  POSSIBLE SUNSHINE  MM
  AVERAGE SKY COVER 1.0


WEATHER CONDITIONS
 THE FOLLOWING WEATHER WAS RECORDED YESTERDAY.
  LIGHT RAIN
  FOG


RELATIVE HUMIDITY (PERCENT)
 HIGHEST   100           500 PM
 LOWEST     76          1000 AM
 AVERAGE    88

..........................................................


THE BOSTON MA CLIMATE NORMALS FOR TODAY
                         NORMAL    RECORD    YEAR
 MAXIMUM TEMPERATURE (F)   44        72      2001
 MINIMUM TEMPERATURE (F)   32         8      1935


SUNRISE AND SUNSET
DECEMBER  6 2017......SUNRISE   659 AM EST   SUNSET   411 PM EST
DECEMBER  7 2017......SUNRISE   700 AM EST   SUNSET   411 PM EST


-  INDICATES NEGATIVE NUMBERS.
R  INDICATES RECORD WAS SET OR TIED.
MM INDICATES DATA IS MISSING.
T  INDICATES TRACE AMOUNT.




$$
