000
CDUS41 KBOX 171024
CLIBOS


CLIMATE REPORT
NATIONAL WEATHER SERVICE TAUNTON MA
524 AM EST SAT JAN 17 2015


...................................

...THE BOSTON MA CLIMATE SUMMARY FOR JANUARY 16 2015...

CLIMATE NORMAL PERIOD 1981 TO 2010
CLIMATE RECORD PERIOD 1872 TO 2015


WEATHER ITEM   OBSERVED TIME   RECORD YEAR NORMAL DEPARTURE LAST
                VALUE   (LST)  VALUE       VALUE  FROM      YEAR
                                                  NORMAL
..................................................................
TEMPERATURE (F)
 YESTERDAY
  MAXIMUM         38    142 PM  64    1995  35      3       39
  MINIMUM         15   1159 PM  -7    2004  22     -7       33
  AVERAGE         27                        29     -2       36

PRECIPITATION (IN)
  YESTERDAY        0.00          1.05 1906   0.11  -0.11     0.00
  MONTH TO DATE    1.54                      1.77  -0.23     2.28
  SINCE DEC 1      8.10                      5.55   2.55     6.90
  SINCE JAN 1      1.54                      1.77  -0.23     2.28

SNOWFALL (IN)
  YESTERDAY        0.0           6.9  1965   0.5   -0.5      0.0
  MONTH TO DATE    2.6                       6.9   -4.3     15.3
  SINCE DEC 1      2.9                      15.9  -13.0     27.0
  SINCE JUL 1      5.5                      17.2  -11.7     27.0
  SNOW DEPTH      MM

DEGREE DAYS
 HEATING
  YESTERDAY       38                        36      2       29
  MONTH TO DATE  621                       572     49      559
  SINCE DEC 1   1444                      1511    -67     1532
  SINCE JUL 1   2457                      2566   -109     2548

 COOLING
  YESTERDAY        0                         0      0        0
  MONTH TO DATE    0                         0      0        0
  SINCE DEC 1      0                         0      0        0
  SINCE JAN 1      0                         0      0        0
..................................................................


WIND (MPH)
  RESULTANT WIND SPEED  13   RESULTANT WIND DIRECTION   W (270)
  HIGHEST WIND SPEED    29   HIGHEST WIND DIRECTION     W (290)
  HIGHEST GUST SPEED    39   HIGHEST GUST DIRECTION     W (290)
  AVERAGE WIND SPEED    15.7


SKY COVER
  POSSIBLE SUNSHINE  MM
  AVERAGE SKY COVER 0.3


WEATHER CONDITIONS
 THE FOLLOWING WEATHER WAS RECORDED YESTERDAY.
  NO SIGNIFICANT WEATHER WAS OBSERVED.


RELATIVE HUMIDITY (PERCENT)
 HIGHEST    71           500 AM
 LOWEST     33           600 PM
 AVERAGE    52

..........................................................


THE BOSTON MA CLIMATE NORMALS FOR TODAY
                         NORMAL    RECORD    YEAR
 MAXIMUM TEMPERATURE (F)   35        59      1913
 MINIMUM TEMPERATURE (F)   22        -4      1907


SUNRISE AND SUNSET
JANUARY 17 2015.......SUNRISE   710 AM EST   SUNSET   439 PM EST
JANUARY 18 2015.......SUNRISE   709 AM EST   SUNSET   440 PM EST


-  INDICATES NEGATIVE NUMBERS.
R  INDICATES RECORD WAS SET OR TIED.
MM INDICATES DATA IS MISSING.
T  INDICATES TRACE AMOUNT.




$$
