000
CDUS41 KBOX 252134
CLIBOS


CLIMATE REPORT
NATIONAL WEATHER SERVICE TAUNTON MA
533 PM EDT SAT JUL 25 2015


...................................

...THE BOSTON MA CLIMATE SUMMARY FOR JULY 25 2015...
VALID TODAY AS OF 0500 PM LOCAL TIME.

CLIMATE NORMAL PERIOD 1981 TO 2010
CLIMATE RECORD PERIOD 1872 TO 2015


WEATHER ITEM   OBSERVED TIME   RECORD YEAR NORMAL DEPARTURE LAST
                VALUE   (LST)  VALUE       VALUE  FROM      YEAR
                                                  NORMAL
..................................................................
TEMPERATURE (F)
 TODAY
  MAXIMUM         69    140 PM  96    1882  82    -13       83
  MINIMUM         62    725 AM  53    1901  66     -4       62
  AVERAGE         66                        74     -8       73

PRECIPITATION (IN)
  TODAY            0.00          1.92 1990   0.12  -0.12     0.00
  MONTH TO DATE    2.01                      2.68  -0.67     4.11
  SINCE JUN 1      7.02                      6.36   0.66     6.73
  SINCE JAN 1     20.51                     24.52  -4.01    24.68

SNOWFALL (IN)
  TODAY            0.0           0.0  2002   0.0    0.0      0.0
                                      2001
                                      2000
  MONTH TO DATE    0.0                       0.0    0.0      0.0
  SINCE JUN 1      0.0                       0.0    0.0      0.0
  SINCE JUL 1      0.0                       0.0    0.0      0.0
  SNOW DEPTH      MM

DEGREE DAYS
 HEATING
  TODAY            0                         0      0        0
  MONTH TO DATE    1                         0      1        0
  SINCE JUN 1     99                        55     44       28
  SINCE JUL 1      1                         0      1        0

 COOLING
  TODAY            1                         9     -8        8
  MONTH TO DATE  203                       214    -11      243
  SINCE JUN 1    300                       350    -50      381
  SINCE JAN 1    361                       380    -19      403
..................................................................


WIND (MPH)
  HIGHEST WIND SPEED    16   HIGHEST WIND DIRECTION     E (80)
  HIGHEST GUST SPEED    20   HIGHEST GUST DIRECTION     E (80)
  AVERAGE WIND SPEED     9.9


SKY COVER
  POSSIBLE SUNSHINE  MM
  AVERAGE SKY COVER 0.6


WEATHER CONDITIONS
 THE FOLLOWING WEATHER WAS RECORDED TODAY.
  NO SIGNIFICANT WEATHER WAS OBSERVED.


RELATIVE HUMIDITY (PERCENT)
 HIGHEST    93           300 AM
 LOWEST     68           200 PM
 AVERAGE    81

..........................................................


THE BOSTON MA CLIMATE NORMALS FOR TOMORROW
                         NORMAL    RECORD    YEAR
 MAXIMUM TEMPERATURE (F)   82        96      1989
                                             1963
                                             1892
 MINIMUM TEMPERATURE (F)   66        56      1920
                                             1884


SUNRISE AND SUNSET
JULY 25 2015..........SUNRISE   529 AM EDT   SUNSET   811 PM EDT
JULY 26 2015..........SUNRISE   530 AM EDT   SUNSET   810 PM EDT


-  INDICATES NEGATIVE NUMBERS.
R  INDICATES RECORD WAS SET OR TIED.
MM INDICATES DATA IS MISSING.
T  INDICATES TRACE AMOUNT.




$$
