000
CDUS41 KBOX 052132
CLIBOS


CLIMATE REPORT
NATIONAL WEATHER SERVICE TAUNTON MA
432 PM EST SUN MAR 5 2017


...................................

...THE BOSTON MA CLIMATE SUMMARY FOR MARCH 5 2017...
VALID AS OF 0400 PM LOCAL TIME.

CLIMATE NORMAL PERIOD 1981 TO 2010
CLIMATE RECORD PERIOD 1872 TO 2017


WEATHER ITEM   OBSERVED TIME   RECORD YEAR NORMAL DEPARTURE LAST
                VALUE   (LST)  VALUE       VALUE  FROM      YEAR
                                                  NORMAL
..................................................................
TEMPERATURE (F)
 TODAY
  MAXIMUM         32    319 PM  72    1880  42    -10       34
  MINIMUM          9    447 AM  -4    1872  28    -19       23
  AVERAGE         21                        35    -14       29

PRECIPITATION (IN)
  TODAY            0.00          1.28 1952   0.13  -0.13     0.00
  MONTH TO DATE    0.02                      0.66  -0.64     0.38
  SINCE MAR 1      0.02                      0.66  -0.64     0.38
  SINCE JAN 1      7.49                      7.27   0.22     7.82

SNOWFALL (IN)
  TODAY            0.0           8.7  1993   0.3   -0.3      0.0
  MONTH TO DATE    0.1                       1.7   -1.6      0.5
  SINCE MAR 1      0.1                       1.7   -1.6      0.5
  SINCE JUL 1     36.4                      35.8    0.6     25.9
  SNOW DEPTH      MM

DEGREE DAYS
 HEATING
  TODAY           44                        30     14       36
  MONTH TO DATE  159                       151      8      158
  SINCE MAR 1    159                       151      8      158
  SINCE JUL 1   3698                      4193   -495     3488

 COOLING
  TODAY            0                         0      0        0
  MONTH TO DATE    0                         0      0        0
  SINCE MAR 1      0                         0      0        0
  SINCE JAN 1      0                         0      0        0
..................................................................


WIND (MPH)
  HIGHEST WIND SPEED    29   HIGHEST WIND DIRECTION    NW (300)
  HIGHEST GUST SPEED    39   HIGHEST GUST DIRECTION    NW (320)
  AVERAGE WIND SPEED    19.1


SKY COVER
  POSSIBLE SUNSHINE  MM
  AVERAGE SKY COVER 0.0


WEATHER CONDITIONS
 THE FOLLOWING WEATHER WAS RECORDED TODAY.
  NO SIGNIFICANT WEATHER WAS OBSERVED.


RELATIVE HUMIDITY (PERCENT)
 HIGHEST    45           200 AM
 LOWEST     15           300 PM
 AVERAGE    30

..........................................................


THE BOSTON MA CLIMATE NORMALS FOR TOMORROW
                         NORMAL    RECORD    YEAR
 MAXIMUM TEMPERATURE (F)   43        70      1894
 MINIMUM TEMPERATURE (F)   28        -8      1872


SUNRISE AND SUNSET
MARCH  5 2017.........SUNRISE   613 AM EST   SUNSET   539 PM EST
MARCH  6 2017.........SUNRISE   611 AM EST   SUNSET   540 PM EST


-  INDICATES NEGATIVE NUMBERS.
R  INDICATES RECORD WAS SET OR TIED.
MM INDICATES DATA IS MISSING.
T  INDICATES TRACE AMOUNT.




$$
