000
CDUS41 KBOX 182154
CLIBOS


CLIMATE REPORT
NATIONAL WEATHER SERVICE TAUNTON MA
543 PM EDT SUN SEP 18 2016


...................................

...THE BOSTON MA CLIMATE SUMMARY FOR SEPTEMBER 18 2016...
VALID AS OF 0500 PM LOCAL TIME.

CLIMATE NORMAL PERIOD 1981 TO 2010
CLIMATE RECORD PERIOD 1872 TO 2016


WEATHER ITEM   OBSERVED TIME   RECORD YEAR NORMAL DEPARTURE LAST
                VALUE   (LST)  VALUE       VALUE  FROM      YEAR
                                                  NORMAL
..................................................................
TEMPERATURE (F)
 TODAY
  MAXIMUM         82    114 PM  90    1955  72     10       85
                                      1906
                                      1891
  MINIMUM         66    135 AM  43    1875  57      9       65
  AVERAGE         74                        64     10       75

PRECIPITATION (IN)
  TODAY            T             2.87 2004   0.12  -0.12     0.00
  MONTH TO DATE    0.36                      1.95  -1.59     1.43
  SINCE SEP 1      0.36                      1.95  -1.59     1.43
  SINCE JAN 1     20.62                     30.57  -9.95    24.21

SNOWFALL (IN)
  TODAY            0.0           0.0  2002   0.0    0.0      0.0
                                      2001
                                      2000
  MONTH TO DATE    0.0                       0.0    0.0      0.0
  SINCE SEP 1      0.0                       0.0    0.0      0.0
  SINCE JUL 1      0.0                       0.0    0.0      0.0
  SNOW DEPTH       0

DEGREE DAYS
 HEATING
  TODAY            0                         3     -3        0
  MONTH TO DATE    6                        29    -23        0
  SINCE SEP 1      6                        29    -23        0
  SINCE JUL 1     13                        42    -29        1

 COOLING
  TODAY            9                         2      7       10
  MONTH TO DATE   95                        64     31      144
  SINCE SEP 1     95                        64     31      144
  SINCE JAN 1    989                       723    266      894
..................................................................


WIND (MPH)
  HIGHEST WIND SPEED    24   HIGHEST WIND DIRECTION    SW (220)
  HIGHEST GUST SPEED    30   HIGHEST GUST DIRECTION    SW (210)
  AVERAGE WIND SPEED    15.1


SKY COVER
  POSSIBLE SUNSHINE  MM
  AVERAGE SKY COVER 0.9


WEATHER CONDITIONS
 THE FOLLOWING WEATHER WAS RECORDED TODAY.
  LIGHT RAIN


RELATIVE HUMIDITY (PERCENT)
 HIGHEST    93          1200 AM
 LOWEST     62          1000 AM
 AVERAGE    78

..........................................................


THE BOSTON MA CLIMATE NORMALS FOR TOMORROW
                         NORMAL    RECORD    YEAR
 MAXIMUM TEMPERATURE (F)   71        92      1983
 MINIMUM TEMPERATURE (F)   56        42      1929


SUNRISE AND SUNSET
SEPTEMBER 18 2016.....SUNRISE   628 AM EDT   SUNSET   648 PM EDT
SEPTEMBER 19 2016.....SUNRISE   629 AM EDT   SUNSET   646 PM EDT


-  INDICATES NEGATIVE NUMBERS.
R  INDICATES RECORD WAS SET OR TIED.
MM INDICATES DATA IS MISSING.
T  INDICATES TRACE AMOUNT.




$$
