000
CDUS41 KBOX 120810
CLIBOS


CLIMATE REPORT
NATIONAL WEATHER SERVICE TAUNTON MA
409 AM EDT SUN OCT 12 2014


...................................

...THE BOSTON MA CLIMATE SUMMARY FOR OCTOBER 11 2014...

CLIMATE NORMAL PERIOD 1981 TO 2010
CLIMATE RECORD PERIOD 1872 TO 2014


WEATHER ITEM   OBSERVED TIME   RECORD YEAR NORMAL DEPARTURE LAST
                VALUE   (LST)  VALUE       VALUE  FROM      YEAR
                                                  NORMAL
..................................................................
TEMPERATURE (F)
 YESTERDAY
  MAXIMUM         54   1208 AM  82    1955  63     -9       66
  MINIMUM         47   1159 PM  32    1979  48     -1       52
                                      1881
  AVERAGE         51                        56     -5       59

PRECIPITATION (IN)
  YESTERDAY        0.31          0.85 2006   0.13   0.18     0.00
  MONTH TO DATE    2.01                      1.41   0.60     0.45
  SINCE SEP 1      2.71                      4.85  -2.14     2.66
  SINCE JAN 1     29.60                     33.47  -3.87    32.86

SNOWFALL (IN)
  YESTERDAY        0.0           0.0  2013   0.0    0.0      0.0
  MONTH TO DATE    0.0                       0.0    0.0      0.0
  SINCE SEP 1      0.0                       0.0    0.0      0.0
  SINCE JUL 1      0.0                       0.0    0.0      0.0
  SNOW DEPTH      MM

DEGREE DAYS
 HEATING
  YESTERDAY       14                        10      4        6
  MONTH TO DATE   89                        91     -2       41
  SINCE SEP 1    165                       175    -10      124
  SINCE JUL 1    165                       188    -23      126

 COOLING
  YESTERDAY        0                         0      0        0
  MONTH TO DATE    1                         6     -5       16
  SINCE SEP 1    121                        87     34       98
  SINCE JAN 1    760                       746     14      919
..................................................................


WIND (MPH)
  RESULTANT WIND SPEED   4   RESULTANT WIND DIRECTION  NW (320)
  HIGHEST WIND SPEED    10   HIGHEST WIND DIRECTION     W (290)
  HIGHEST GUST SPEED    15   HIGHEST GUST DIRECTION     W (290)
  AVERAGE WIND SPEED     4.9


SKY COVER
  POSSIBLE SUNSHINE  MM
  AVERAGE SKY COVER 0.7


WEATHER CONDITIONS
 THE FOLLOWING WEATHER WAS RECORDED YESTERDAY.
  RAIN
  LIGHT RAIN
  FOG


RELATIVE HUMIDITY (PERCENT)
 HIGHEST    93           100 PM
 LOWEST     50          1200 AM
 AVERAGE    72

..........................................................


THE BOSTON MA CLIMATE NORMALS FOR TODAY
                         NORMAL    RECORD    YEAR
 MAXIMUM TEMPERATURE (F)   63        90      1954
 MINIMUM TEMPERATURE (F)   48        31      1876


SUNRISE AND SUNSET
OCTOBER 12 2014.......SUNRISE   653 AM EDT   SUNSET   607 PM EDT
OCTOBER 13 2014.......SUNRISE   655 AM EDT   SUNSET   605 PM EDT


-  INDICATES NEGATIVE NUMBERS.
R  INDICATES RECORD WAS SET OR TIED.
MM INDICATES DATA IS MISSING.
T  INDICATES TRACE AMOUNT.




$$
