000
CDUS41 KBOX 210612
CLIBOS


CLIMATE REPORT
NATIONAL WEATHER SERVICE TAUNTON MA
211 AM EDT SUN JUN 21 2015


...................................

...THE BOSTON MA CLIMATE SUMMARY FOR JUNE 20 2015...

CLIMATE NORMAL PERIOD 1981 TO 2010
CLIMATE RECORD PERIOD 1872 TO 2015


WEATHER ITEM   OBSERVED TIME   RECORD YEAR NORMAL DEPARTURE LAST
                VALUE   (LST)  VALUE       VALUE  FROM      YEAR
                                                  NORMAL
..................................................................
TEMPERATURE (F)
 YESTERDAY
  MAXIMUM         75    345 PM  98    1953  78     -3       77
  MINIMUM         58    445 AM  47    1918  61     -3       61
  AVERAGE         67                        69     -2       69

PRECIPITATION (IN)
  YESTERDAY        0.04          2.40 1945   0.11  -0.07     0.00
  MONTH TO DATE    1.65                      2.71  -1.06     2.34
  SINCE JUN 1      1.65                      2.71  -1.06     2.34
  SINCE JAN 1     15.14                     20.87  -5.73    20.29

SNOWFALL (IN)
  YESTERDAY        0.0           0.0  2014   0.0    0.0      0.0
  MONTH TO DATE    0.0                       0.0    0.0      0.0
  SINCE JUN 1      0.0                       0.0    0.0      0.0
  SINCE JUL 1    110.6                      43.8   66.8     58.9
  SNOW DEPTH      MM

DEGREE DAYS
 HEATING
  YESTERDAY        0                         1     -1        0
  MONTH TO DATE   86                        48     38       28
  SINCE JUN 1     86                        48     38       28
  SINCE JUL 1   6017                      5674    343     5857

 COOLING
  YESTERDAY        2                         5     -3        4
  MONTH TO DATE   58                        72    -14       81
  SINCE JUN 1     58                        72    -14       81
  SINCE JAN 1    119                       102     17      103
..................................................................


WIND (MPH)
  RESULTANT WIND SPEED   4   RESULTANT WIND DIRECTION   E (90)
  HIGHEST WIND SPEED    18   HIGHEST WIND DIRECTION     S (200)
  HIGHEST GUST SPEED    23   HIGHEST GUST DIRECTION    SW (210)
  AVERAGE WIND SPEED     9.1


SKY COVER
  POSSIBLE SUNSHINE  MM
  AVERAGE SKY COVER 0.6


WEATHER CONDITIONS
 THE FOLLOWING WEATHER WAS RECORDED YESTERDAY.
  NO SIGNIFICANT WEATHER WAS OBSERVED.


RELATIVE HUMIDITY (PERCENT)
 HIGHEST    78           200 PM
 LOWEST     49           400 PM
 AVERAGE    64

..........................................................


THE BOSTON MA CLIMATE NORMALS FOR TODAY
                         NORMAL    RECORD    YEAR
 MAXIMUM TEMPERATURE (F)   78        96      2012
 MINIMUM TEMPERATURE (F)   61        48      1940


SUNRISE AND SUNSET
JUNE 21 2015..........SUNRISE   507 AM EDT   SUNSET   824 PM EDT
JUNE 22 2015..........SUNRISE   508 AM EDT   SUNSET   825 PM EDT


-  INDICATES NEGATIVE NUMBERS.
R  INDICATES RECORD WAS SET OR TIED.
MM INDICATES DATA IS MISSING.
T  INDICATES TRACE AMOUNT.




$$
