000
CDUS41 KBOX 012135
CLIBOS


CLIMATE REPORT
NATIONAL WEATHER SERVICE TAUNTON MA
534 PM EDT TUE APR 1 2014


...................................

...THE BOSTON MA CLIMATE SUMMARY FOR APRIL 1 2014...
VALID TODAY AS OF 0500 PM LOCAL TIME.

CLIMATE NORMAL PERIOD 1981 TO 2010
CLIMATE RECORD PERIOD 1872 TO 2014


WEATHER ITEM   OBSERVED TIME   RECORD YEAR NORMAL DEPARTURE LAST
                VALUE   (LST)  VALUE       VALUE  FROM      YEAR
                                                  NORMAL
..................................................................
TEMPERATURE (F)
 TODAY
  MAXIMUM         47   1111 AM  76    1918  50     -3       62
  MINIMUM         34    552 AM  13    1923  36     -2       35
  AVERAGE         41                        43     -2       49

PRECIPITATION (IN)
  TODAY            0.00          4.29 2004   0.13  -0.13     0.12
  MONTH TO DATE    0.00                      0.13  -0.13     0.12
  SINCE MAR 1      4.48                      4.45   0.03     3.44
  SINCE JAN 1     11.85                     11.06   0.79     9.78

SNOWFALL (IN)
  TODAY            0.0          22.4  1997   0.1   -0.1      0.0
  MONTH TO DATE    0.0                       0.1   -0.1      0.0
  SINCE MAR 1      2.2                       7.9   -5.7     20.6
  SINCE JUL 1     58.6                      42.0   16.6     63.4
  SNOW DEPTH      MM

DEGREE DAYS
 HEATING
  TODAY           24                        22      2       16
  MONTH TO DATE   24                        22      2       16
  SINCE MAR 1    994                       851    143      855
  SINCE JUL 1   5142                      4893    249     4657

 COOLING
  TODAY            0                         0      0        0
  MONTH TO DATE    0                         0      0        0
  SINCE MAR 1      0                         0      0        0
  SINCE JAN 1      0                         0      0        0
..................................................................


WIND (MPH)
  HIGHEST WIND SPEED    18   HIGHEST WIND DIRECTION     E (100)
  HIGHEST GUST SPEED    23   HIGHEST GUST DIRECTION    NE (30)
  AVERAGE WIND SPEED    12.3


SKY COVER
  POSSIBLE SUNSHINE  MM
  AVERAGE SKY COVER 0.5


WEATHER CONDITIONS
 THE FOLLOWING WEATHER WAS RECORDED TODAY.
  NO SIGNIFICANT WEATHER WAS OBSERVED.


RELATIVE HUMIDITY (PERCENT)
 HIGHEST    70           300 AM
 LOWEST     49          1100 AM
 AVERAGE    60

..........................................................


THE BOSTON MA CLIMATE NORMALS FOR TOMORROW
                         NORMAL    RECORD    YEAR
 MAXIMUM TEMPERATURE (F)   51        75      1967
                                             1918
 MINIMUM TEMPERATURE (F)   36        19      1919


SUNRISE AND SUNSET
APRIL  1 2014.........SUNRISE   627 AM EDT   SUNSET   710 PM EDT
APRIL  2 2014.........SUNRISE   625 AM EDT   SUNSET   711 PM EDT


-  INDICATES NEGATIVE NUMBERS.
R  INDICATES RECORD WAS SET OR TIED.
MM INDICATES DATA IS MISSING.
T  INDICATES TRACE AMOUNT.




$$
