733
CDUS41 KBOX 252136
CLIBOS


CLIMATE REPORT
NATIONAL WEATHER SERVICE TAUNTON MA
426 PM EST FRI NOV 25 2016


...................................

...THE BOSTON MA CLIMATE SUMMARY FOR NOVEMBER 25 2016...
VALID AS OF 0400 PM LOCAL TIME.

CLIMATE NORMAL PERIOD 1981 TO 2010
CLIMATE RECORD PERIOD 1872 TO 2016


WEATHER ITEM   OBSERVED TIME   RECORD YEAR NORMAL DEPARTURE LAST
                VALUE   (LST)  VALUE       VALUE  FROM      YEAR
                                                  NORMAL
..................................................................
TEMPERATURE (F)
 TODAY
  MAXIMUM         48    127 PM  70    1979  48      0       44
  MINIMUM         39    736 AM  13    1938  35      4       30
  AVERAGE         44                        42      2       37

PRECIPITATION (IN)
  TODAY            0.03          2.76 1983   0.14  -0.11     0.00
  MONTH TO DATE    1.36                      3.31  -1.95     1.86
  SINCE SEP 1      8.20                     10.69  -2.49     7.53
  SINCE JAN 1     28.46                     39.31 -10.85    30.31

SNOWFALL (IN)
  TODAY           MM             4.7  1938   0.1   MM        0.0
  MONTH TO DATE    T                         0.8   -0.8      0.0
  SINCE SEP 1      T                         0.8   -0.8       T
  SINCE JUL 1      T                         0.8   -0.8       T
  SNOW DEPTH      MM

DEGREE DAYS
 HEATING
  TODAY           21                        23     -2       28
  MONTH TO DATE  449                       488    -39      391
  SINCE SEP 1    800                       922   -122      756
  SINCE JUL 1    807                       935   -128      757

 COOLING
  TODAY            0                         0      0        0
  MONTH TO DATE    0                         0      0        3
  SINCE SEP 1    141                        88     53      171
  SINCE JAN 1   1035                       747    288      921
..................................................................


WIND (MPH)
  HIGHEST WIND SPEED     8   HIGHEST WIND DIRECTION    NW (330)
  HIGHEST GUST SPEED    11   HIGHEST GUST DIRECTION    NE (50)
  AVERAGE WIND SPEED     4.5


SKY COVER
  POSSIBLE SUNSHINE  MM
  AVERAGE SKY COVER 1.0


WEATHER CONDITIONS
 THE FOLLOWING WEATHER WAS RECORDED TODAY.
  LIGHT RAIN
  FOG


RELATIVE HUMIDITY (PERCENT)
 HIGHEST   100          1200 AM
 LOWEST     92          1100 AM
 AVERAGE    96

..........................................................


THE BOSTON MA CLIMATE NORMALS FOR TOMORROW
                         NORMAL    RECORD    YEAR
 MAXIMUM TEMPERATURE (F)   48        67      1946
                                             1895
 MINIMUM TEMPERATURE (F)   35        12      1938
                                             1932
                                             1873


SUNRISE AND SUNSET
NOVEMBER 25 2016......SUNRISE   647 AM EST   SUNSET   415 PM EST
NOVEMBER 26 2016......SUNRISE   649 AM EST   SUNSET   414 PM EST


-  INDICATES NEGATIVE NUMBERS.
R  INDICATES RECORD WAS SET OR TIED.
MM INDICATES DATA IS MISSING.
T  INDICATES TRACE AMOUNT.




$$
