000
CDUS41 KBOX 032141
CLIBOS


CLIMATE REPORT
NATIONAL WEATHER SERVICE TAUNTON MA
538 PM EDT FRI NOV 3 2017


...................................

...THE BOSTON MA CLIMATE SUMMARY FOR NOVEMBER 3 2017...
VALID TODAY AS OF 0500 PM LOCAL TIME.

CLIMATE NORMAL PERIOD 1981 TO 2010
CLIMATE RECORD PERIOD 1872 TO 2017


WEATHER ITEM   OBSERVED TIME   RECORD YEAR NORMAL DEPARTURE LAST
                VALUE   (LST)  VALUE       VALUE  FROM      YEAR
                                                  NORMAL
..................................................................
TEMPERATURE (F)
 TODAY
  MAXIMUM         75    232 PM  76    1990  56     19       64
  MINIMUM         56    318 AM  27    1875  41     15       51
  AVERAGE         66                        48     18       58

PRECIPITATION (IN)
  TODAY            0.01          1.75 1954   0.13  -0.12     0.08
  MONTH TO DATE    0.01                      0.39  -0.38     0.08
  SINCE SEP 1      7.88                      7.77   0.11     6.92
  SINCE JAN 1     39.17                     36.39   2.78    27.18

SNOWFALL (IN)
  TODAY            0.0           T    1962   0.0    0.0      0.0
  MONTH TO DATE    0.0                       0.0    0.0      0.0
  SINCE SEP 1      0.0                       T      0.0      0.0
  SINCE JUL 1      0.0                       T      0.0      0.0
  SNOW DEPTH      MM

DEGREE DAYS
 HEATING
  TODAY            0                        17    -17        7
  MONTH TO DATE   21                        49    -28       36
  SINCE SEP 1    203                       483   -280      387
  SINCE JUL 1    215                       496   -281      394

 COOLING
  TODAY            1                         0      1        0
  MONTH TO DATE    1                         0      1        0
  SINCE SEP 1    152                        88     64      141
  SINCE JAN 1    881                       747    134     1035
..................................................................


WIND (MPH)
  HIGHEST WIND SPEED    23   HIGHEST WIND DIRECTION    SW (220)
  HIGHEST GUST SPEED    28   HIGHEST GUST DIRECTION    SW (220)
  AVERAGE WIND SPEED    12.3


SKY COVER
  POSSIBLE SUNSHINE  MM
  AVERAGE SKY COVER 0.7


WEATHER CONDITIONS
 THE FOLLOWING WEATHER WAS RECORDED TODAY.
  NO SIGNIFICANT WEATHER WAS OBSERVED.


RELATIVE HUMIDITY (PERCENT)
 HIGHEST   100           200 AM
 LOWEST     57           100 PM
 AVERAGE    79

..........................................................


THE BOSTON MA CLIMATE NORMALS FOR TOMORROW
                         NORMAL    RECORD    YEAR
 MAXIMUM TEMPERATURE (F)   55        78      1987
 MINIMUM TEMPERATURE (F)   41        21      1879


SUNRISE AND SUNSET
NOVEMBER  3 2017......SUNRISE   720 AM EDT   SUNSET   535 PM EDT
NOVEMBER  4 2017......SUNRISE   721 AM EDT   SUNSET   533 PM EDT


-  INDICATES NEGATIVE NUMBERS.
R  INDICATES RECORD WAS SET OR TIED.
MM INDICATES DATA IS MISSING.
T  INDICATES TRACE AMOUNT.




$$
