000
CDUS41 KBOX 050538
CLIBOS


CLIMATE REPORT
NATIONAL WEATHER SERVICE TAUNTON MA
135 AM EDT FRI SEP 5 2014


...................................

...THE BOSTON MA CLIMATE SUMMARY FOR SEPTEMBER 4 2014...

CLIMATE NORMAL PERIOD 1981 TO 2010
CLIMATE RECORD PERIOD 1872 TO 2014


WEATHER ITEM   OBSERVED TIME   RECORD YEAR NORMAL DEPARTURE LAST
                VALUE   (LST)  VALUE       VALUE  FROM      YEAR
                                                  NORMAL
..................................................................
TEMPERATURE (F)
 YESTERDAY
  MAXIMUM         83    549 PM  94    1973  76      7       82
                                      1884
  MINIMUM         66    533 AM  43    1872  61      5       63
  AVERAGE         75                        69      6       73

PRECIPITATION (IN)
  YESTERDAY        0.00          1.73 1905   0.10  -0.10     0.00
  MONTH TO DATE    0.01                      0.40  -0.39     0.76
  SINCE SEP 1      0.01                      0.40  -0.39     0.76
  SINCE JAN 1     26.90                     29.02  -2.12    30.96

SNOWFALL (IN)
  YESTERDAY        0.0           0.0  2002   0.0    0.0      0.0
                                      2001
                                      2000
  MONTH TO DATE    0.0                       0.0    0.0      0.0
  SINCE SEP 1      0.0                       0.0    0.0      0.0
  SINCE JUL 1      0.0                       0.0    0.0      0.0
  SNOW DEPTH      MM

DEGREE DAYS
 HEATING
  YESTERDAY        0                         1     -1        0
  MONTH TO DATE    0                         4     -4        0
  SINCE SEP 1      0                         4     -4        0
  SINCE JUL 1      0                        17    -17        2

 COOLING
  YESTERDAY       10                         5      5        8
  MONTH TO DATE   55                        20     35       37
  SINCE SEP 1     55                        20     35       37
  SINCE JAN 1    694                       679     15      858
..................................................................


WIND (MPH)
  RESULTANT WIND SPEED   3   RESULTANT WIND DIRECTION  SW (220)
  HIGHEST WIND SPEED    18   HIGHEST WIND DIRECTION    SW (220)
  HIGHEST GUST SPEED    25   HIGHEST GUST DIRECTION     W (250)
  AVERAGE WIND SPEED     8.4


SKY COVER
  POSSIBLE SUNSHINE  MM
  AVERAGE SKY COVER 0.2


WEATHER CONDITIONS
 THE FOLLOWING WEATHER WAS RECORDED YESTERDAY.
  NO SIGNIFICANT WEATHER WAS OBSERVED.


RELATIVE HUMIDITY (PERCENT)
 HIGHEST    73           400 AM
 LOWEST     42           100 PM
 AVERAGE    58

..........................................................


THE BOSTON MA CLIMATE NORMALS FOR TODAY
                         NORMAL    RECORD    YEAR
 MAXIMUM TEMPERATURE (F)   76        93      1880
 MINIMUM TEMPERATURE (F)   61        48      1896
                                             1872


SUNRISE AND SUNSET
SEPTEMBER  5 2014.....SUNRISE   613 AM EDT   SUNSET   711 PM EDT
SEPTEMBER  6 2014.....SUNRISE   614 AM EDT   SUNSET   710 PM EDT


-  INDICATES NEGATIVE NUMBERS.
R  INDICATES RECORD WAS SET OR TIED.
MM INDICATES DATA IS MISSING.
T  INDICATES TRACE AMOUNT.




$$
