000
CDUS41 KBOX 230540
CLIBOS


CLIMATE REPORT
NATIONAL WEATHER SERVICE TAUNTON MA
136 AM EDT TUE JUN 23 2015


...................................

...THE BOSTON MA CLIMATE SUMMARY FOR JUNE 22 2015...

CLIMATE NORMAL PERIOD 1981 TO 2010
CLIMATE RECORD PERIOD 1872 TO 2015


WEATHER ITEM   OBSERVED TIME   RECORD YEAR NORMAL DEPARTURE LAST
                VALUE   (LST)  VALUE       VALUE  FROM      YEAR
                                                  NORMAL
..................................................................
TEMPERATURE (F)
 YESTERDAY
  MAXIMUM         77    537 PM  97    1983  78     -1       71
  MINIMUM         61    419 AM  46    1940  62     -1       59
  AVERAGE         69                        70     -1       65

PRECIPITATION (IN)
  YESTERDAY        0.00          1.82 2011   0.10  -0.10     0.00
  MONTH TO DATE    3.37                      2.91   0.46     2.34
  SINCE JUN 1      3.37                      2.91   0.46     2.34
  SINCE JAN 1     16.86                     21.07  -4.21    20.29

SNOWFALL (IN)
  YESTERDAY        0.0           0.0  2001   0.0    0.0      0.0
  MONTH TO DATE    0.0                       0.0    0.0      0.0
  SINCE JUN 1      0.0                       0.0    0.0      0.0
  SINCE JUL 1    110.6                      43.8   66.8     58.9
  SNOW DEPTH      MM

DEGREE DAYS
 HEATING
  YESTERDAY        0                         1     -1        0
  MONTH TO DATE   86                        50     36       28
  SINCE JUN 1     86                        50     36       28
  SINCE JUL 1   6017                      5676    341     5857

 COOLING
  YESTERDAY        4                         6     -2        0
  MONTH TO DATE   65                        84    -19       82
  SINCE JUN 1     65                        84    -19       82
  SINCE JAN 1    126                       114     12      104
..................................................................


WIND (MPH)
  RESULTANT WIND SPEED   5   RESULTANT WIND DIRECTION   E (80)
  HIGHEST WIND SPEED    13   HIGHEST WIND DIRECTION     E (70)
  HIGHEST GUST SPEED    15   HIGHEST GUST DIRECTION     E (80)
  AVERAGE WIND SPEED     5.7


SKY COVER
  POSSIBLE SUNSHINE  MM
  AVERAGE SKY COVER 0.6


WEATHER CONDITIONS
 THE FOLLOWING WEATHER WAS RECORDED YESTERDAY.
  FOG
  FOG W/VISIBILITY <= 1/4 MILE


RELATIVE HUMIDITY (PERCENT)
 HIGHEST   100          1200 AM
 LOWEST     68           500 PM
 AVERAGE    84

..........................................................


THE BOSTON MA CLIMATE NORMALS FOR TODAY
                         NORMAL    RECORD    YEAR
 MAXIMUM TEMPERATURE (F)   78        96      1888
 MINIMUM TEMPERATURE (F)   62        47      1932
                                             1877


SUNRISE AND SUNSET
JUNE 23 2015..........SUNRISE   508 AM EDT   SUNSET   825 PM EDT
JUNE 24 2015..........SUNRISE   508 AM EDT   SUNSET   825 PM EDT


-  INDICATES NEGATIVE NUMBERS.
R  INDICATES RECORD WAS SET OR TIED.
MM INDICATES DATA IS MISSING.
T  INDICATES TRACE AMOUNT.




$$
