000
CDUS41 KBOX 140553
CLIBOS


CLIMATE REPORT
NATIONAL WEATHER SERVICE TAUNTON MA
152 AM EDT THU SEP 14 2017


...................................

...THE BOSTON MA CLIMATE SUMMARY FOR SEPTEMBER 13 2017...

CLIMATE NORMAL PERIOD 1981 TO 2010
CLIMATE RECORD PERIOD 1872 TO 2017


WEATHER ITEM   OBSERVED TIME   RECORD YEAR NORMAL DEPARTURE LAST
                VALUE   (LST)  VALUE       VALUE  FROM      YEAR
                                                  NORMAL
..................................................................
TEMPERATURE (F)
 YESTERDAY
  MAXIMUM         78   1253 PM  93    1957  74      4       83
  MINIMUM         64    603 AM  45    1985  59      5       60
                                      1911
  AVERAGE         71                        66      5       72

PRECIPITATION (IN)
  YESTERDAY        0.03          2.30 1987   0.11  -0.08     0.00
                                      1918
  MONTH TO DATE    1.14                      1.37  -0.23     0.30
  SINCE SEP 1      1.14                      1.37  -0.23     0.30
  SINCE JAN 1     32.43                     29.99   2.44    20.56

SNOWFALL (IN)
  YESTERDAY        0.0           0.0  2002   0.0    0.0      0.0
                                      2001
                                      2000
  MONTH TO DATE    0.0                       0.0    0.0      0.0
  SINCE SEP 1      0.0                       0.0    0.0      0.0
  SINCE JUL 1      0.0                       0.0    0.0      0.0
  SNOW DEPTH      MM

DEGREE DAYS
 HEATING
  YESTERDAY        0                         2     -2        0
  MONTH TO DATE   17                        16      1        0
  SINCE SEP 1     17                        16      1        0
  SINCE JUL 1     29                        29      0        7

 COOLING
  YESTERDAY        6                         3      3        7
  MONTH TO DATE   46                        52     -6       73
  SINCE SEP 1     46                        52     -6       73
  SINCE JAN 1    775                       711     64      967
..................................................................


WIND (MPH)
  RESULTANT WIND SPEED   2   RESULTANT WIND DIRECTION   S (200)
  HIGHEST WIND SPEED    15   HIGHEST WIND DIRECTION     E (110)
  HIGHEST GUST SPEED    22   HIGHEST GUST DIRECTION    SW (240)
  AVERAGE WIND SPEED     8.5


SKY COVER
  POSSIBLE SUNSHINE  MM
  AVERAGE SKY COVER 0.4


WEATHER CONDITIONS
 THE FOLLOWING WEATHER WAS RECORDED YESTERDAY.
  THUNDERSTORM
  LIGHT RAIN


RELATIVE HUMIDITY (PERCENT)
 HIGHEST    76           500 PM
 LOWEST     47           100 PM
 AVERAGE    62

..........................................................


THE BOSTON MA CLIMATE NORMALS FOR TODAY
                         NORMAL    RECORD    YEAR
 MAXIMUM TEMPERATURE (F)   73        92      1931
                                             1915
 MINIMUM TEMPERATURE (F)   58        40      1884


SUNRISE AND SUNSET
SEPTEMBER 14 2017.....SUNRISE   623 AM EDT   SUNSET   655 PM EDT
SEPTEMBER 15 2017.....SUNRISE   624 AM EDT   SUNSET   653 PM EDT


-  INDICATES NEGATIVE NUMBERS.
R  INDICATES RECORD WAS SET OR TIED.
MM INDICATES DATA IS MISSING.
T  INDICATES TRACE AMOUNT.




$$
