000
CDUS41 KBOX 142122
CLIBOS


CLIMATE REPORT
NATIONAL WEATHER SERVICE TAUNTON MA
522 PM EDT TUE OCT 14 2014


...................................

...THE BOSTON MA CLIMATE SUMMARY FOR OCTOBER 14 2014...
VALID AS OF 0500 PM LOCAL TIME.

CLIMATE NORMAL PERIOD 1981 TO 2010
CLIMATE RECORD PERIOD 1872 TO 2014


WEATHER ITEM   OBSERVED TIME   RECORD YEAR NORMAL DEPARTURE LAST
                VALUE   (LST)  VALUE       VALUE  FROM      YEAR
                                                  NORMAL
..................................................................
TEMPERATURE (F)
 TODAY
  MAXIMUM         78   1259 PM  81    1923  62     16       61
  MINIMUM         57   1213 AM  31    1875  47     10       44
  AVERAGE         68                        54     14       53

PRECIPITATION (IN)
  TODAY            0.00          3.34 1990   0.13  -0.13     0.00
  MONTH TO DATE    2.01                      1.78   0.23     0.45
  SINCE SEP 1      2.71                      5.22  -2.51     2.66
  SINCE JAN 1     29.60                     33.84  -4.24    32.86

SNOWFALL (IN)
  TODAY            0.0           0.4  1913   0.0    0.0      0.0
  MONTH TO DATE    0.0                       0.0    0.0      0.0
  SINCE SEP 1      0.0                       0.0    0.0      0.0
  SINCE JUL 1      0.0                       0.0    0.0      0.0
  SNOW DEPTH      MM

DEGREE DAYS
 HEATING
  TODAY            0                        11    -11       12
  MONTH TO DATE  113                       122     -9       71
  SINCE SEP 1    189                       206    -17      154
  SINCE JUL 1    189                       219    -30      156

 COOLING
  TODAY            3                         0      3        0
  MONTH TO DATE    4                         6     -2       16
  SINCE SEP 1    124                        87     37       98
  SINCE JAN 1    763                       746     17      919
..................................................................


WIND (MPH)
  HIGHEST WIND SPEED    23   HIGHEST WIND DIRECTION     S (200)
  HIGHEST GUST SPEED    28   HIGHEST GUST DIRECTION    SW (220)
  AVERAGE WIND SPEED    10.8


SKY COVER
  POSSIBLE SUNSHINE  MM
  AVERAGE SKY COVER 0.7


WEATHER CONDITIONS
 THE FOLLOWING WEATHER WAS RECORDED TODAY.
  NO SIGNIFICANT WEATHER WAS OBSERVED.


RELATIVE HUMIDITY (PERCENT)
 HIGHEST    93           700 AM
 LOWEST     56           100 PM
 AVERAGE    75

..........................................................


THE BOSTON MA CLIMATE NORMALS FOR TOMORROW
                         NORMAL    RECORD    YEAR
 MAXIMUM TEMPERATURE (F)   62        86      1897
 MINIMUM TEMPERATURE (F)   47        31      1876


SUNRISE AND SUNSET
OCTOBER 14 2014.......SUNRISE   656 AM EDT   SUNSET   604 PM EDT
OCTOBER 15 2014.......SUNRISE   657 AM EDT   SUNSET   602 PM EDT


-  INDICATES NEGATIVE NUMBERS.
R  INDICATES RECORD WAS SET OR TIED.
MM INDICATES DATA IS MISSING.
T  INDICATES TRACE AMOUNT.




$$
