000
CDUS41 KBOX 150542
CLIBOS


CLIMATE REPORT
NATIONAL WEATHER SERVICE TAUNTON MA
137 AM EDT FRI JUL 15 2016


...................................

...THE BOSTON MA CLIMATE SUMMARY FOR JULY 14 2016...

CLIMATE NORMAL PERIOD 1981 TO 2010
CLIMATE RECORD PERIOD 1872 TO 2016


WEATHER ITEM   OBSERVED TIME   RECORD YEAR NORMAL DEPARTURE LAST
                VALUE   (LST)  VALUE       VALUE  FROM      YEAR
                                                  NORMAL
..................................................................
TEMPERATURE (F)
 YESTERDAY
  MAXIMUM         87   1117 AM 100    1995  82      5       82
  MINIMUM         69    438 AM  55    1999  66      3       65
                                      1937
  AVERAGE         78                        74      4       74

PRECIPITATION (IN)
  YESTERDAY        T             2.05 1960   0.12  -0.12     0.03
  MONTH TO DATE    0.65                      1.39  -0.74     1.86
  SINCE JUN 1      1.98                      5.07  -3.09     6.87
  SINCE JAN 1     18.32                     23.23  -4.91    20.36

SNOWFALL (IN)
  YESTERDAY        0.0           0.0  2002   0.0    0.0      0.0
                                      2001
                                      2000
  MONTH TO DATE    0.0                       0.0    0.0      0.0
  SINCE JUN 1      0.0                       0.0    0.0      0.0
  SINCE JUL 1      0.0                       0.0    0.0      0.0
  SNOW DEPTH      MM

DEGREE DAYS
 HEATING
  YESTERDAY        0                         0      0        0
  MONTH TO DATE    7                         0      7        0
  SINCE JUN 1     24                        55    -31       98
  SINCE JUL 1      7                         0      7        0

 COOLING
  YESTERDAY       13                         9      4        9
  MONTH TO DATE  109                       115     -6      109
  SINCE JUN 1    238                       251    -13      206
  SINCE JAN 1    283                       281      2      267
..................................................................


WIND (MPH)
  RESULTANT WIND SPEED  14   RESULTANT WIND DIRECTION   S (200)
  HIGHEST WIND SPEED    26   HIGHEST WIND DIRECTION     S (200)
  HIGHEST GUST SPEED    36   HIGHEST GUST DIRECTION     S (200)
  AVERAGE WIND SPEED    14.4


SKY COVER
  POSSIBLE SUNSHINE  MM
  AVERAGE SKY COVER 0.5


WEATHER CONDITIONS
 THE FOLLOWING WEATHER WAS RECORDED YESTERDAY.
  LIGHT RAIN


RELATIVE HUMIDITY (PERCENT)
 HIGHEST    87           700 PM
 LOWEST     57          1100 AM
 AVERAGE    72

..........................................................


THE BOSTON MA CLIMATE NORMALS FOR TODAY
                         NORMAL    RECORD    YEAR
 MAXIMUM TEMPERATURE (F)   82        98      1995
                                             1984
 MINIMUM TEMPERATURE (F)   66        54      1929


SUNRISE AND SUNSET
JULY 15 2016..........SUNRISE   521 AM EDT   SUNSET   819 PM EDT
JULY 16 2016..........SUNRISE   522 AM EDT   SUNSET   818 PM EDT


-  INDICATES NEGATIVE NUMBERS.
R  INDICATES RECORD WAS SET OR TIED.
MM INDICATES DATA IS MISSING.
T  INDICATES TRACE AMOUNT.




$$
