000
CDUS41 KBOX 010631
CLIBOS


CLIMATE REPORT
NATIONAL WEATHER SERVICE TAUNTON MA
121 AM EST SUN JAN 1 2017


...................................

...THE BOSTON MA CLIMATE SUMMARY FOR DECEMBER 31 2016...

CLIMATE NORMAL PERIOD 1981 TO 2010
CLIMATE RECORD PERIOD 1872 TO 2016


WEATHER ITEM   OBSERVED TIME   RECORD YEAR NORMAL DEPARTURE LAST
                VALUE   (LST)  VALUE       VALUE  FROM      YEAR
                                                  NORMAL
..................................................................
TEMPERATURE (F)
 YESTERDAY
  MAXIMUM         42   1003 PM  65    1932  37      5       47
  MINIMUM         26    744 AM  -8    1917  24      2       33
  AVERAGE         34                        30      4       40

PRECIPITATION (IN)
  YESTERDAY        0.07          1.68 1906   0.10  -0.03     0.08
  MONTH TO DATE    3.25                      3.78  -0.53     4.28
  SINCE DEC 1      3.25                      3.78  -0.53     4.28
  SINCE JAN 1     33.05                     43.77 -10.72    34.80

SNOWFALL (IN)
  YESTERDAY        0.0           6.5  2008   0.4   -0.4      0.0
  MONTH TO DATE    5.9                       9.0   -3.1      0.9
  SINCE DEC 1      5.9                       9.0   -3.1      0.9
  SINCE JUL 1      5.9                      10.3   -4.4      0.9
  SNOW DEPTH      MM

DEGREE DAYS
 HEATING
  YESTERDAY       31                        35     -4       25
  MONTH TO DATE  916                       937    -21      603
  SINCE DEC 1    916                       939    -23      603
  SINCE JUL 1   1831                      1994   -163     1458

 COOLING
  YESTERDAY        0                         0      0        0
  MONTH TO DATE    0                         0      0        0
  SINCE DEC 1      0                         0      0        0
  SINCE JAN 1   1035                       747    288      921
..................................................................


WIND (MPH)
  RESULTANT WIND SPEED  12   RESULTANT WIND DIRECTION  SW (230)
  HIGHEST WIND SPEED    32   HIGHEST WIND DIRECTION    SW (220)
  HIGHEST GUST SPEED    39   HIGHEST GUST DIRECTION    SW (220)
  AVERAGE WIND SPEED    14.1


SKY COVER
  POSSIBLE SUNSHINE  MM
  AVERAGE SKY COVER 0.5


WEATHER CONDITIONS
 THE FOLLOWING WEATHER WAS RECORDED YESTERDAY.
  LIGHT RAIN


RELATIVE HUMIDITY (PERCENT)
 HIGHEST    86          1000 PM
 LOWEST     47          1200 AM
 AVERAGE    67

..........................................................


THE BOSTON MA CLIMATE NORMALS FOR TODAY
                         NORMAL    RECORD    YEAR
 MAXIMUM TEMPERATURE (F)   37        70      1876
 MINIMUM TEMPERATURE (F)   24        -3      1918


SUNRISE AND SUNSET
JANUARY  1 2017.......SUNRISE   713 AM EST   SUNSET   422 PM EST
JANUARY  2 2017.......SUNRISE   713 AM EST   SUNSET   423 PM EST


-  INDICATES NEGATIVE NUMBERS.
R  INDICATES RECORD WAS SET OR TIED.
MM INDICATES DATA IS MISSING.
T  INDICATES TRACE AMOUNT.




$$
