000
CDUS41 KBOX 190003 CCA
CLIBOS

CLIMATE REPORT
NATIONAL WEATHER SERVICE TAUNTON MA
723 PM EDT WED MAY 18 2016


...................................

...THE BOSTON MA CLIMATE SUMMARY FOR MAY 18 2016...
VALID AS OF 0700 PM LOCAL TIME.

CLIMATE NORMAL PERIOD 1981 TO 2010
CLIMATE RECORD PERIOD 1872 TO 2016


WEATHER ITEM   OBSERVED TIME   RECORD YEAR NORMAL DEPARTURE LAST
                VALUE   (LST)  VALUE       VALUE  FROM      YEAR
                                                  NORMAL
..................................................................
TEMPERATURE (F)
 TODAY
  MAXIMUM         59    112 AM  91    1936  67     -8       58
  MINIMUM         49    450 AM  37    2002  50     -1       49
  AVERAGE         54                        59     -5       54

PRECIPITATION (IN)
  TODAY            0.00          1.72 2007   0.11  -0.11     0.00
  MONTH TO DATE    1.44                      1.88  -0.44     0.04
  SINCE MAR 1      7.51                      9.94  -2.43     5.37
  SINCE JAN 1     14.95                     16.55  -1.60    12.31

SNOWFALL (IN)
  TODAY            0.0           0.0  2001   0.0    0.0      0.0
                                      2000
  MONTH TO DATE    0.0                       0.1   -0.1      0.0
  SINCE MAR 1     10.7                       9.8    0.9      8.6
  SINCE JUL 1     36.1                      43.9   -7.8    110.6
  SNOW DEPTH      MM

DEGREE DAYS
 HEATING
  TODAY           MM                         7     MM       11
  MONTH TO DATE  188                       172     16      102
  SINCE MAR 1   1411                      1511   -100     1581
  SINCE JUL 1   4741                      5553   -812     5896

 COOLING
  TODAY           MM                         1     MM        0
  MONTH TO DATE    3                         5     -2       15
  SINCE MAR 1      6                         8     -2       15
  SINCE JAN 1      6                         8     -2       15
..................................................................


WIND (MPH)
  HIGHEST WIND SPEED    16   HIGHEST WIND DIRECTION     E (110)
  HIGHEST GUST SPEED    22   HIGHEST GUST DIRECTION     E (90)
  AVERAGE WIND SPEED    11.3


SKY COVER
  POSSIBLE SUNSHINE  MM
  AVERAGE SKY COVER 0.6


WEATHER CONDITIONS
 THE FOLLOWING WEATHER WAS RECORDED TODAY.
  NO SIGNIFICANT WEATHER WAS OBSERVED.


RELATIVE HUMIDITY (PERCENT)
 HIGHEST    66           500 AM
 LOWEST     44           100 AM
 AVERAGE    55

..........................................................


THE BOSTON MA CLIMATE NORMALS FOR TOMORROW
                         NORMAL    RECORD    YEAR
 MAXIMUM TEMPERATURE (F)   67        90      1986
                                             1949
 MINIMUM TEMPERATURE (F)   51        38      1882


SUNRISE AND SUNSET
MAY 18 2016...........SUNRISE   519 AM EDT   SUNSET   802 PM EDT
MAY 19 2016...........SUNRISE   518 AM EDT   SUNSET   803 PM EDT


-  INDICATES NEGATIVE NUMBERS.
R  INDICATES RECORD WAS SET OR TIED.
MM INDICATES DATA IS MISSING.
T  INDICATES TRACE AMOUNT.




$$
