840
CDUS41 KBOX 090531
CLIBOS


CLIMATE REPORT
NATIONAL WEATHER SERVICE TAUNTON MA
1230 AM EST TUE JAN 9 2018


...................................

...THE BOSTON MA CLIMATE SUMMARY FOR JANUARY 8 2018...

CLIMATE NORMAL PERIOD 1981 TO 2010
CLIMATE RECORD PERIOD 1872 TO 2018


WEATHER ITEM   OBSERVED TIME   RECORD YEAR NORMAL DEPARTURE LAST
                VALUE   (LST)  VALUE       VALUE  FROM      YEAR
                                                  NORMAL
..................................................................
TEMPERATURE (F)
 YESTERDAY
  MAXIMUM         35    536 PM  67    2008  36     -1       22
  MINIMUM         17   1218 AM  -6    1878  22     -5       13
  AVERAGE         26                        29     -3       18

PRECIPITATION (IN)
  YESTERDAY        T             1.47 1979   0.11  -0.11     0.01
  MONTH TO DATE    1.35                      0.88   0.47     1.62
  SINCE DEC 1      3.84                      4.66  -0.82     4.87
  SINCE JAN 1      1.35                      0.88   0.47     1.62

SNOWFALL (IN)
  YESTERDAY        T            13.2  1996   0.4   -0.4      0.2
  MONTH TO DATE   13.4                       3.3   10.1      8.3
  SINCE DEC 1     22.6                      12.3   10.3     14.2
  SINCE JUL 1     22.6                      13.6    9.0     14.2
  SNOW DEPTH      MM

DEGREE DAYS
 HEATING
  YESTERDAY       39                        36      3       47
  MONTH TO DATE  396                       284    112      265
  SINCE DEC 1   1453                      1223    230     1181
  SINCE JUL 1   2280                      2278      2     2096

 COOLING
  YESTERDAY        0                         0      0        0
  MONTH TO DATE    0                         0      0        0
  SINCE DEC 1      0                         0      0        0
  SINCE JAN 1      0                         0      0        0
..................................................................


WIND (MPH)
  RESULTANT WIND SPEED  16   RESULTANT WIND DIRECTION  SW (220)
  HIGHEST WIND SPEED    24   HIGHEST WIND DIRECTION    SW (220)
  HIGHEST GUST SPEED    31   HIGHEST GUST DIRECTION    SW (240)
  AVERAGE WIND SPEED    16.7


SKY COVER
  POSSIBLE SUNSHINE  MM
  AVERAGE SKY COVER 1.0


WEATHER CONDITIONS
 THE FOLLOWING WEATHER WAS RECORDED YESTERDAY.
  LIGHT SNOW


RELATIVE HUMIDITY (PERCENT)
 HIGHEST    78           900 PM
 LOWEST     41           100 PM
 AVERAGE    60

..........................................................


THE BOSTON MA CLIMATE NORMALS FOR TODAY
                         NORMAL    RECORD    YEAR
 MAXIMUM TEMPERATURE (F)   36        64      1937
 MINIMUM TEMPERATURE (F)   22        -4      1968


SUNRISE AND SUNSET
JANUARY  9 2018.......SUNRISE   713 AM EST   SUNSET   430 PM EST
JANUARY 10 2018.......SUNRISE   713 AM EST   SUNSET   431 PM EST


-  INDICATES NEGATIVE NUMBERS.
R  INDICATES RECORD WAS SET OR TIED.
MM INDICATES DATA IS MISSING.
T  INDICATES TRACE AMOUNT.




$$
