000
CDUS41 KBOX 160549
CLIBOS


CLIMATE REPORT
NATIONAL WEATHER SERVICE TAUNTON MA
1246 AM EST TUE DEC 16 2014


...................................

...THE BOSTON MA CLIMATE SUMMARY FOR DECEMBER 15 2014...

CLIMATE NORMAL PERIOD 1981 TO 2010
CLIMATE RECORD PERIOD 1872 TO 2014


WEATHER ITEM   OBSERVED TIME   RECORD YEAR NORMAL DEPARTURE LAST
                VALUE   (LST)  VALUE       VALUE  FROM      YEAR
                                                  NORMAL
..................................................................
TEMPERATURE (F)
 YESTERDAY
  MAXIMUM         42   1226 PM  66    1975  41      1       38
  MINIMUM         32    719 AM  -2    1874  28      4       23
  AVERAGE         37                        35      2       31

PRECIPITATION (IN)
  YESTERDAY        0.00          1.51 1981   0.13  -0.13     0.64
  MONTH TO DATE    5.11                      1.93   3.18     2.03
  SINCE DEC 1      5.11                      1.93   3.18     2.03
  SINCE JAN 1     43.80                     41.92   1.88    37.77

SNOWFALL (IN)
  YESTERDAY        0.0           6.1  1916   0.2   -0.2      1.0
  MONTH TO DATE    0.3                       3.4   -3.1      5.0
  SINCE DEC 1      0.3                       3.4   -3.1      5.0
  SINCE JUL 1      2.9                       4.7   -1.8      5.0
  SNOW DEPTH      MM

DEGREE DAYS
 HEATING
  YESTERDAY       28                        30     -2       34
  MONTH TO DATE  408                       415     -7      458
  SINCE DEC 1    408                       415     -7      458
  SINCE JUL 1   1421                      1470    -49     1474

 COOLING
  YESTERDAY        0                         0      0        0
  MONTH TO DATE    0                         0      0        0
  SINCE DEC 1      0                         0      0        0
  SINCE JAN 1    769                       747     22      920
..................................................................


WIND (MPH)
  RESULTANT WIND SPEED   3   RESULTANT WIND DIRECTION  NW (320)
  HIGHEST WIND SPEED    15   HIGHEST WIND DIRECTION    NW (320)
  HIGHEST GUST SPEED    21   HIGHEST GUST DIRECTION    NW (330)
  AVERAGE WIND SPEED     5.6


SKY COVER
  POSSIBLE SUNSHINE  MM
  AVERAGE SKY COVER 0.3


WEATHER CONDITIONS
 THE FOLLOWING WEATHER WAS RECORDED YESTERDAY.
  NO SIGNIFICANT WEATHER WAS OBSERVED.


RELATIVE HUMIDITY (PERCENT)
 HIGHEST    89          1000 PM
 LOWEST     60          1200 PM
 AVERAGE    75

..........................................................


THE BOSTON MA CLIMATE NORMALS FOR TODAY
                         NORMAL    RECORD    YEAR
 MAXIMUM TEMPERATURE (F)   41        64      1971
 MINIMUM TEMPERATURE (F)   28         1      1883
                                             1876


SUNRISE AND SUNSET
DECEMBER 16 2014......SUNRISE   707 AM EST   SUNSET   413 PM EST
DECEMBER 17 2014......SUNRISE   708 AM EST   SUNSET   413 PM EST


-  INDICATES NEGATIVE NUMBERS.
R  INDICATES RECORD WAS SET OR TIED.
MM INDICATES DATA IS MISSING.
T  INDICATES TRACE AMOUNT.




$$
