000
CDUS41 KBOX 212140
CLIBOS


CLIMATE REPORT
NATIONAL WEATHER SERVICE TAUNTON MA
529 PM EDT SUN JUN 21 2015


...................................

...THE BOSTON MA CLIMATE SUMMARY FOR JUNE 21 2015...
VALID AS OF 0500 PM LOCAL TIME.

CLIMATE NORMAL PERIOD 1981 TO 2010
CLIMATE RECORD PERIOD 1872 TO 2015


WEATHER ITEM   OBSERVED TIME   RECORD YEAR NORMAL DEPARTURE LAST
                VALUE   (LST)  VALUE       VALUE  FROM      YEAR
                                                  NORMAL
..................................................................
TEMPERATURE (F)
 TODAY
  MAXIMUM         76    314 PM  96    2012  78     -2       75
  MINIMUM         60    157 AM  48    1940  61     -1       57
  AVERAGE         68                        70     -2       66

PRECIPITATION (IN)
  TODAY            1.66          2.36 1903   0.10   1.56     0.00
  MONTH TO DATE    3.31                      2.81   0.50     2.34
  SINCE JUN 1      3.31                      2.81   0.50     2.34
  SINCE JAN 1     16.80                     20.97  -4.17    20.29

SNOWFALL (IN)
  TODAY            0.0           0.0  2002   0.0    0.0      0.0
                                      2001
                                      2000
  MONTH TO DATE    0.0                       0.0    0.0      0.0
  SINCE JUN 1      0.0                       0.0    0.0      0.0
  SINCE JUL 1    110.6                      43.8   66.8     58.9
  SNOW DEPTH      MM

DEGREE DAYS
 HEATING
  TODAY            0                         1     -1        0
  MONTH TO DATE   86                        49     37       28
  SINCE JUN 1     86                        49     37       28
  SINCE JUL 1   6017                      5675    342     5857

 COOLING
  TODAY            3                         6     -3        1
  MONTH TO DATE   61                        78    -17       82
  SINCE JUN 1     61                        78    -17       82
  SINCE JAN 1    122                       108     14      104
..................................................................


WIND (MPH)
  HIGHEST WIND SPEED    17   HIGHEST WIND DIRECTION    NW (310)
  HIGHEST GUST SPEED    22   HIGHEST GUST DIRECTION    NW (320)
  AVERAGE WIND SPEED     5.9


SKY COVER
  POSSIBLE SUNSHINE  MM
  AVERAGE SKY COVER 1.0


WEATHER CONDITIONS
 THE FOLLOWING WEATHER WAS RECORDED TODAY.
  HEAVY RAIN
  RAIN
  LIGHT RAIN
  FOG


RELATIVE HUMIDITY (PERCENT)
 HIGHEST   100           400 AM
 LOWEST     82           300 PM
 AVERAGE    91

..........................................................


THE BOSTON MA CLIMATE NORMALS FOR TOMORROW
                         NORMAL    RECORD    YEAR
 MAXIMUM TEMPERATURE (F)   78        97      1983
 MINIMUM TEMPERATURE (F)   62        46      1940


SUNRISE AND SUNSET
JUNE 21 2015..........SUNRISE   507 AM EDT   SUNSET   824 PM EDT
JUNE 22 2015..........SUNRISE   508 AM EDT   SUNSET   825 PM EDT


-  INDICATES NEGATIVE NUMBERS.
R  INDICATES RECORD WAS SET OR TIED.
MM INDICATES DATA IS MISSING.
T  INDICATES TRACE AMOUNT.




$$
