000
CDUS41 KBOX 302128
CLIBOS


CLIMATE REPORT
NATIONAL WEATHER SERVICE TAUNTON MA
528 PM EDT SUN JUL 30 2017


...................................

...THE BOSTON MA CLIMATE SUMMARY FOR JULY 30 2017...
VALID AS OF 0500 PM LOCAL TIME.

CLIMATE NORMAL PERIOD 1981 TO 2010
CLIMATE RECORD PERIOD 1872 TO 2017


WEATHER ITEM   OBSERVED TIME   RECORD YEAR NORMAL DEPARTURE LAST
                VALUE   (LST)  VALUE       VALUE  FROM      YEAR
                                                  NORMAL
..................................................................
TEMPERATURE (F)
 TODAY
  MAXIMUM         73    112 PM  98    1933  82     -9       80
                                      1917
  MINIMUM         60    353 AM  52    1880  66     -6       71
  AVERAGE         67                        74     -7       76

PRECIPITATION (IN)
  TODAY            0.00          2.30 1926   0.13  -0.13     0.00
  MONTH TO DATE    4.03                      3.30   0.73     0.72
  SINCE JUN 1      8.88                      6.98   1.90     2.05
  SINCE JAN 1     29.71                     25.14   4.57    18.39

SNOWFALL (IN)
  TODAY            0.0           0.0  2002   0.0    0.0      0.0
                                      2001
                                      2000
  MONTH TO DATE    0.0                       0.0    0.0      0.0
  SINCE JUN 1      0.0                       0.0    0.0      0.0
  SINCE JUL 1      0.0                       0.0    0.0      0.0
  SNOW DEPTH      MM

DEGREE DAYS
 HEATING
  TODAY            0                         0      0        0
  MONTH TO DATE   10                         0     10        7
  SINCE JUN 1     60                        55      5       24
  SINCE JUL 1     10                         0     10        7

 COOLING
  TODAY            2                         9     -7       11
  MONTH TO DATE  244                       259    -15      352
  SINCE JUN 1    435                       395     40      481
  SINCE JAN 1    495                       425     70      526
..................................................................


WIND (MPH)
  HIGHEST WIND SPEED    16   HIGHEST WIND DIRECTION     E (80)
  HIGHEST GUST SPEED    20   HIGHEST GUST DIRECTION     E (100)
  AVERAGE WIND SPEED    10.9


SKY COVER
  POSSIBLE SUNSHINE  MM
  AVERAGE SKY COVER 0.1


WEATHER CONDITIONS
 THE FOLLOWING WEATHER WAS RECORDED TODAY.
  NO SIGNIFICANT WEATHER WAS OBSERVED.


RELATIVE HUMIDITY (PERCENT)
 HIGHEST    72          1200 AM
 LOWEST     49           200 PM
 AVERAGE    61

..........................................................


THE BOSTON MA CLIMATE NORMALS FOR TOMORROW
                         NORMAL    RECORD    YEAR
 MAXIMUM TEMPERATURE (F)   81        98      1917
 MINIMUM TEMPERATURE (F)   66        54      1895


SUNRISE AND SUNSET
JULY 30 2017..........SUNRISE   535 AM EDT   SUNSET   806 PM EDT
JULY 31 2017..........SUNRISE   536 AM EDT   SUNSET   804 PM EDT


-  INDICATES NEGATIVE NUMBERS.
R  INDICATES RECORD WAS SET OR TIED.
MM INDICATES DATA IS MISSING.
T  INDICATES TRACE AMOUNT.




$$
