000
CDUS41 KBOX 152347
CLIBOS


CLIMATE REPORT
NATIONAL WEATHER SERVICE TAUNTON MA
646 PM EST SUN FEB 15 2015


...................................

...THE BOSTON MA CLIMATE SUMMARY FOR FEBRUARY 15 2015...
VALID TODAY AS OF 0600 PM LOCAL TIME.

CLIMATE NORMAL PERIOD 1981 TO 2010
CLIMATE RECORD PERIOD 1872 TO 2015


WEATHER ITEM   OBSERVED TIME   RECORD YEAR NORMAL DEPARTURE LAST
                VALUE   (LST)  VALUE       VALUE  FROM      YEAR
                                                  NORMAL
..................................................................
TEMPERATURE (F)
 TODAY
  MAXIMUM         20        MM  61    1939  39    -19       35
  MINIMUM         11    600 PM -14    1943  25    -14       27
  AVERAGE         16                        32    -16       31

PRECIPITATION (IN)
  TODAY            0.39          1.56 1953   0.12   0.27     0.33
  MONTH TO DATE    2.91                      1.66   1.25     3.32
  SINCE DEC 1     13.04                      8.80   4.24    11.18
  SINCE JAN 1      6.48                      5.02   1.46     6.56

SNOWFALL (IN)
  TODAY           13.0 R         8.5  1904   0.4   12.6      3.6
  MONTH TO DATE   58.5                       5.8   52.7     19.6
  SINCE DEC 1     93.1                      27.7   65.4     53.1
  SINCE JUL 1     95.7                      29.0   66.7     53.1
  SNOW DEPTH       0

DEGREE DAYS
 HEATING
  TODAY           49                        33     16       34
  MONTH TO DATE  681                       515    166      550
  SINCE DEC 1   2702                      2570    132     2680
  SINCE JUL 1   3715                      3625     90     3696

 COOLING
  TODAY            0                         0      0        0
  MONTH TO DATE    0                         0      0        0
  SINCE DEC 1      0                         0      0        0
  SINCE JAN 1      0                         0      0        0
..................................................................


WIND (MPH)
  HIGHEST WIND SPEED    29   HIGHEST WIND DIRECTION    NW (300)
  HIGHEST GUST SPEED    51   HIGHEST GUST DIRECTION     W (280)
  AVERAGE WIND SPEED    19.2


SKY COVER
  POSSIBLE SUNSHINE  MM
  AVERAGE SKY COVER 0.8


WEATHER CONDITIONS
 THE FOLLOWING WEATHER WAS RECORDED TODAY.
  HEAVY SNOW
  SNOW
  LIGHT SNOW
  FOG
  FOG W/VISIBILITY <= 1/4 MILE
  BLOWING SNOW


RELATIVE HUMIDITY (PERCENT)
 HIGHEST    92           500 AM
 LOWEST     50           600 PM
 AVERAGE    71

..........................................................


THE BOSTON MA CLIMATE NORMALS FOR TOMORROW
                         NORMAL    RECORD    YEAR
 MAXIMUM TEMPERATURE (F)   39        60      1910
                                             1882
 MINIMUM TEMPERATURE (F)   25        -9      1943


SUNRISE AND SUNSET
FEBRUARY 15 2015......SUNRISE   641 AM EST   SUNSET   516 PM EST
FEBRUARY 16 2015......SUNRISE   640 AM EST   SUNSET   517 PM EST


-  INDICATES NEGATIVE NUMBERS.
R  INDICATES RECORD WAS SET OR TIED.
MM INDICATES DATA IS MISSING.
T  INDICATES TRACE AMOUNT.




$$
