000
CDUS41 KBOX 101040
CLIBOS


CLIMATE REPORT
NATIONAL WEATHER SERVICE TAUNTON MA
639 AM EDT FRI OCT 10 2014


...................................

...THE BOSTON MA CLIMATE SUMMARY FOR OCTOBER 9 2014...

CLIMATE NORMAL PERIOD 1981 TO 2010
CLIMATE RECORD PERIOD 1872 TO 2014


WEATHER ITEM   OBSERVED TIME   RECORD YEAR NORMAL DEPARTURE LAST
                VALUE   (LST)  VALUE       VALUE  FROM      YEAR
                                                  NORMAL
..................................................................
TEMPERATURE (F)
 YESTERDAY
  MAXIMUM         66    317 PM  87    2011  64      2       61
  MINIMUM         50    618 AM  32    1873  49      1       49
  AVERAGE         58                        56      2       55

PRECIPITATION (IN)
  YESTERDAY        0.00          2.06 1906   0.13  -0.13     0.00
  MONTH TO DATE    1.70                      1.15   0.55     0.45
  SINCE SEP 1      2.40                      4.59  -2.19     2.66
  SINCE JAN 1     29.29                     33.21  -3.92    32.86

SNOWFALL (IN)
  YESTERDAY        0.0           0.0  2013   0.0    0.0      0.0
  MONTH TO DATE    0.0                       0.0    0.0      0.0
  SINCE SEP 1      0.0                       0.0    0.0      0.0
  SINCE JUL 1      0.0                       0.0    0.0      0.0
  SNOW DEPTH       0

DEGREE DAYS
 HEATING
  YESTERDAY        7                         9     -2       10
  MONTH TO DATE   67                        72     -5       25
  SINCE SEP 1    143                       156    -13      108
  SINCE JUL 1    143                       169    -26      110

 COOLING
  YESTERDAY        0                         0      0        0
  MONTH TO DATE    1                         6     -5       16
  SINCE SEP 1    121                        87     34       98
  SINCE JAN 1    760                       746     14      919
..................................................................


WIND (MPH)
  RESULTANT WIND SPEED  11   RESULTANT WIND DIRECTION   W (260)
  HIGHEST WIND SPEED    24   HIGHEST WIND DIRECTION     W (270)
  HIGHEST GUST SPEED    31   HIGHEST GUST DIRECTION     W (270)
  AVERAGE WIND SPEED    11.9


SKY COVER
  POSSIBLE SUNSHINE  MM
  AVERAGE SKY COVER 0.3


WEATHER CONDITIONS
 THE FOLLOWING WEATHER WAS RECORDED YESTERDAY.
  NO SIGNIFICANT WEATHER WAS OBSERVED.


RELATIVE HUMIDITY (PERCENT)
 HIGHEST    61           600 AM
 LOWEST     31           200 PM
 AVERAGE    46

..........................................................


THE BOSTON MA CLIMATE NORMALS FOR TODAY
                         NORMAL    RECORD    YEAR
 MAXIMUM TEMPERATURE (F)   63        87      1939
 MINIMUM TEMPERATURE (F)   48        32      1979


SUNRISE AND SUNSET
OCTOBER 10 2014.......SUNRISE   651 AM EDT   SUNSET   610 PM EDT
OCTOBER 11 2014.......SUNRISE   652 AM EDT   SUNSET   609 PM EDT


-  INDICATES NEGATIVE NUMBERS.
R  INDICATES RECORD WAS SET OR TIED.
MM INDICATES DATA IS MISSING.
T  INDICATES TRACE AMOUNT.




$$
