000
CDUS41 KBOX 262117
CLIBOS


CLIMATE REPORT
NATIONAL WEATHER SERVICE TAUNTON MA
417 PM EST SUN NOV 26 2017


...................................

...THE BOSTON MA CLIMATE SUMMARY FOR NOVEMBER 26 2017...
VALID AS OF 0400 PM LOCAL TIME.

CLIMATE NORMAL PERIOD 1981 TO 2010
CLIMATE RECORD PERIOD 1872 TO 2017


WEATHER ITEM   OBSERVED TIME   RECORD YEAR NORMAL DEPARTURE LAST
                VALUE   (LST)  VALUE       VALUE  FROM      YEAR
                                                  NORMAL
..................................................................
TEMPERATURE (F)
 TODAY
  MAXIMUM         51   1220 AM  67    1946  48      3       47
                                      1895
  MINIMUM         43    359 PM  12    1938  35      8       38
                                      1932
                                      1873
  AVERAGE         47                        42      5       43

PRECIPITATION (IN)
  TODAY            0.00          1.79 1900   0.13  -0.13     0.00
  MONTH TO DATE    1.80                      3.44  -1.64     1.36
  SINCE SEP 1      9.67                     10.82  -1.15     8.20
  SINCE JAN 1     40.96                     39.44   1.52    28.46

SNOWFALL (IN)
  TODAY            0.0           1.2  1985   0.1   -0.1      0.0
  MONTH TO DATE    T                         0.9   -0.9       T
  SINCE SEP 1      T                         0.9   -0.9       T
  SINCE JUL 1      T                         0.9   -0.9       T
  SNOW DEPTH      MM

DEGREE DAYS
 HEATING
  TODAY           18                        24     -6       22
  MONTH TO DATE  530                       512     18      471
  SINCE SEP 1    712                       946   -234      822
  SINCE JUL 1    724                       959   -235      829

 COOLING
  TODAY            0                         0      0        0
  MONTH TO DATE    0                         0      0        0
  SINCE SEP 1    151                        88     63      141
  SINCE JAN 1    880                       747    133     1035
..................................................................


WIND (MPH)
  HIGHEST WIND SPEED    26   HIGHEST WIND DIRECTION     W (290)
  HIGHEST GUST SPEED    37   HIGHEST GUST DIRECTION     W (270)
  AVERAGE WIND SPEED    16.6


SKY COVER
  POSSIBLE SUNSHINE  MM
  AVERAGE SKY COVER 0.6


WEATHER CONDITIONS
 THE FOLLOWING WEATHER WAS RECORDED TODAY.
  NO SIGNIFICANT WEATHER WAS OBSERVED.


RELATIVE HUMIDITY (PERCENT)
 HIGHEST    61           100 AM
 LOWEST     36          1200 PM
 AVERAGE    49

..........................................................


THE BOSTON MA CLIMATE NORMALS FOR TOMORROW
                         NORMAL    RECORD    YEAR
 MAXIMUM TEMPERATURE (F)   48        72      1896
 MINIMUM TEMPERATURE (F)   35         8      1932


SUNRISE AND SUNSET
NOVEMBER 26 2017......SUNRISE   648 AM EST   SUNSET   414 PM EST
NOVEMBER 27 2017......SUNRISE   649 AM EST   SUNSET   414 PM EST


-  INDICATES NEGATIVE NUMBERS.
R  INDICATES RECORD WAS SET OR TIED.
MM INDICATES DATA IS MISSING.
T  INDICATES TRACE AMOUNT.




$$
