000
CDUS41 KBOX 160543
CLIBOS


CLIMATE REPORT
NATIONAL WEATHER SERVICE TAUNTON MA
141 AM EDT SAT APR 16 2016


...................................

...THE BOSTON MA CLIMATE SUMMARY FOR APRIL 15 2016...

CLIMATE NORMAL PERIOD 1981 TO 2010
CLIMATE RECORD PERIOD 1872 TO 2016


WEATHER ITEM   OBSERVED TIME   RECORD YEAR NORMAL DEPARTURE LAST
                VALUE   (LST)  VALUE       VALUE  FROM      YEAR
                                                  NORMAL
..................................................................
TEMPERATURE (F)
 YESTERDAY
  MAXIMUM         54    337 PM  82    1896  55     -1       67
  MINIMUM         38    545 AM  28    1943  41     -3       50
  AVERAGE         46                        48     -2       59

PRECIPITATION (IN)
  YESTERDAY        0.00          2.05 1903   0.12  -0.12     0.00
  MONTH TO DATE    2.53                      2.04   0.49     0.90
  SINCE MAR 1      5.69                      6.36  -0.67     3.95
  SINCE JAN 1     13.13                     12.97   0.16    10.89

SNOWFALL (IN)
  YESTERDAY        0.0           0.1  1916   0.1   -0.1      0.0
  MONTH TO DATE    6.6                       1.5    5.1       T
  SINCE MAR 1     10.7                       9.3    1.4      8.6
  SINCE JUL 1     36.1                      43.4   -7.3    110.6
  SNOW DEPTH      MM

DEGREE DAYS
 HEATING
  YESTERDAY       19                        17      2        6
  MONTH TO DATE  322                       293     29      279
  SINCE MAR 1   1010                      1122   -112     1256
  SINCE JUL 1   4340                      5164   -824     5571

 COOLING
  YESTERDAY        0                         0      0        0
  MONTH TO DATE    0                         0      0        0
  SINCE MAR 1      0                         0      0        0
  SINCE JAN 1      0                         0      0        0
..................................................................


WIND (MPH)
  RESULTANT WIND SPEED   9   RESULTANT WIND DIRECTION  NE (40)
  HIGHEST WIND SPEED    22   HIGHEST WIND DIRECTION    NE (30)
  HIGHEST GUST SPEED    33   HIGHEST GUST DIRECTION    NE (30)
  AVERAGE WIND SPEED    11.4


SKY COVER
  POSSIBLE SUNSHINE  MM
  AVERAGE SKY COVER 0.1


WEATHER CONDITIONS
 THE FOLLOWING WEATHER WAS RECORDED YESTERDAY.
  NO SIGNIFICANT WEATHER WAS OBSERVED.


RELATIVE HUMIDITY (PERCENT)
 HIGHEST    55          1200 AM
 LOWEST     24          1100 AM
 AVERAGE    40

..........................................................


THE BOSTON MA CLIMATE NORMALS FOR TODAY
                         NORMAL    RECORD    YEAR
 MAXIMUM TEMPERATURE (F)   56        87      2012
 MINIMUM TEMPERATURE (F)   41        28      1943
                                             1928
                                             1908


SUNRISE AND SUNSET
APRIL 16 2016.........SUNRISE   601 AM EDT   SUNSET   727 PM EDT
APRIL 17 2016.........SUNRISE   559 AM EDT   SUNSET   729 PM EDT


-  INDICATES NEGATIVE NUMBERS.
R  INDICATES RECORD WAS SET OR TIED.
MM INDICATES DATA IS MISSING.
T  INDICATES TRACE AMOUNT.




$$
