000
CDUS41 KBOX 080538
CLIBOS


CLIMATE REPORT
NATIONAL WEATHER SERVICE TAUNTON MA
135 AM EDT MON SEP 8 2014


...................................

...THE BOSTON MA CLIMATE SUMMARY FOR SEPTEMBER 7 2014...

CLIMATE NORMAL PERIOD 1981 TO 2010
CLIMATE RECORD PERIOD 1872 TO 2014


WEATHER ITEM   OBSERVED TIME   RECORD YEAR NORMAL DEPARTURE LAST
                VALUE   (LST)  VALUE       VALUE  FROM      YEAR
                                                  NORMAL
..................................................................
TEMPERATURE (F)
 YESTERDAY
  MAXIMUM         76   1157 AM 102    1881  75      1       81
  MINIMUM         63   1159 PM  43    1888  60      3       54
  AVERAGE         70                        68      2       68

PRECIPITATION (IN)
  YESTERDAY        0.15          1.70 1891   0.11   0.04      T
  MONTH TO DATE    0.38                      0.72  -0.34     0.85
  SINCE SEP 1      0.38                      0.72  -0.34     0.85
  SINCE JAN 1     27.27                     29.34  -2.07    31.05

SNOWFALL (IN)
  YESTERDAY        0.0           0.0  2002   0.0    0.0      0.0
                                      2001
                                      2000
  MONTH TO DATE    0.0                       0.0    0.0      0.0
  SINCE SEP 1      0.0                       0.0    0.0      0.0
  SINCE JUL 1      0.0                       0.0    0.0      0.0
  SNOW DEPTH      MM

DEGREE DAYS
 HEATING
  YESTERDAY        0                         1     -1        0
  MONTH TO DATE    0                         7     -7        4
  SINCE SEP 1      0                         7     -7        4
  SINCE JUL 1      0                        20    -20        6

 COOLING
  YESTERDAY        5                         4      1        3
  MONTH TO DATE   90                        32     58       40
  SINCE SEP 1     90                        32     58       40
  SINCE JAN 1    729                       691     38      861
..................................................................


WIND (MPH)
  RESULTANT WIND SPEED   2   RESULTANT WIND DIRECTION  NE (30)
  HIGHEST WIND SPEED    18   HIGHEST WIND DIRECTION     N (340)
  HIGHEST GUST SPEED    24   HIGHEST GUST DIRECTION     N (340)
  AVERAGE WIND SPEED     7.7


SKY COVER
  POSSIBLE SUNSHINE  MM
  AVERAGE SKY COVER 0.5


WEATHER CONDITIONS
 THE FOLLOWING WEATHER WAS RECORDED YESTERDAY.
  RAIN


RELATIVE HUMIDITY (PERCENT)
 HIGHEST    81           300 AM
 LOWEST     36          1200 PM
 AVERAGE    59

..........................................................


THE BOSTON MA CLIMATE NORMALS FOR TODAY
                         NORMAL    RECORD    YEAR
 MAXIMUM TEMPERATURE (F)   75        95      2007
                                             1872
 MINIMUM TEMPERATURE (F)   60        48      1978
                                             1903


SUNRISE AND SUNSET
SEPTEMBER  8 2014.....SUNRISE   617 AM EDT   SUNSET   706 PM EDT
SEPTEMBER  9 2014.....SUNRISE   618 AM EDT   SUNSET   704 PM EDT


-  INDICATES NEGATIVE NUMBERS.
R  INDICATES RECORD WAS SET OR TIED.
MM INDICATES DATA IS MISSING.
T  INDICATES TRACE AMOUNT.




$$
