447
CDUS41 KBOX 282142
CLIBOS


CLIMATE REPORT
NATIONAL WEATHER SERVICE TAUNTON MA
432 PM EST THU JAN 28 2016


...................................

...THE BOSTON MA CLIMATE SUMMARY FOR JANUARY 28 2016...
VALID TODAY AS OF 0400 PM LOCAL TIME.

CLIMATE NORMAL PERIOD 1981 TO 2010
CLIMATE RECORD PERIOD 1872 TO 2016


WEATHER ITEM   OBSERVED TIME   RECORD YEAR NORMAL DEPARTURE LAST
                VALUE   (LST)  VALUE       VALUE  FROM      YEAR
                                                  NORMAL
..................................................................
TEMPERATURE (F)
 TODAY
  MAXIMUM         42    348 PM  63    1916  36      6       24
  MINIMUM         26    709 AM  -5    1935  22      4       13
  AVERAGE         34                        29      5       19

PRECIPITATION (IN)
  TODAY            0.00          1.68 1886   0.10  -0.10     0.01
  MONTH TO DATE    3.27                      3.04   0.23     3.46
  SINCE DEC 1      7.55                      6.82   0.73    10.02
  SINCE JAN 1      3.27                      3.04   0.23     3.46

SNOWFALL (IN)
  TODAY            0.0          14.7  1897   0.4   -0.4      0.2
  MONTH TO DATE    9.5                      11.7   -2.2     32.3
  SINCE DEC 1     10.4                      20.7  -10.3     32.6
  SINCE JUL 1     10.4                      22.0  -11.6     35.2
  SNOW DEPTH      MM

DEGREE DAYS
 HEATING
  TODAY           31                        36     -5       46
  MONTH TO DATE  928                      1004    -76     1067
  SINCE DEC 1   1531                      1943   -412     1890
  SINCE JUL 1   2386                      2998   -612     2903

 COOLING
  TODAY            0                         0      0        0
  MONTH TO DATE    0                         0      0        0
  SINCE DEC 1      0                         0      0        0
  SINCE JAN 1      0                         0      0        0
..................................................................


WIND (MPH)
  HIGHEST WIND SPEED    18   HIGHEST WIND DIRECTION     S (200)
  HIGHEST GUST SPEED    22   HIGHEST GUST DIRECTION     S (190)
  AVERAGE WIND SPEED     8.7


SKY COVER
  POSSIBLE SUNSHINE  MM
  AVERAGE SKY COVER 0.1


WEATHER CONDITIONS
 THE FOLLOWING WEATHER WAS RECORDED TODAY.
  NO SIGNIFICANT WEATHER WAS OBSERVED.


RELATIVE HUMIDITY (PERCENT)
 HIGHEST    68           400 AM
 LOWEST     41           100 PM
 AVERAGE    55

..........................................................


THE BOSTON MA CLIMATE NORMALS FOR TOMORROW
                         NORMAL    RECORD    YEAR
 MAXIMUM TEMPERATURE (F)   36        65      2002
 MINIMUM TEMPERATURE (F)   22        -6      1888


SUNRISE AND SUNSET
JANUARY 28 2016.......SUNRISE   702 AM EST   SUNSET   452 PM EST
JANUARY 29 2016.......SUNRISE   701 AM EST   SUNSET   454 PM EST


-  INDICATES NEGATIVE NUMBERS.
R  INDICATES RECORD WAS SET OR TIED.
MM INDICATES DATA IS MISSING.
T  INDICATES TRACE AMOUNT.




$$
