000
CDUS41 KBOX 080536
CLIBOS


CLIMATE REPORT
NATIONAL WEATHER SERVICE TAUNTON MA
136 AM EDT SAT APR 8 2017


...................................

...THE BOSTON MA CLIMATE SUMMARY FOR APRIL 7 2017...

CLIMATE NORMAL PERIOD 1981 TO 2010
CLIMATE RECORD PERIOD 1872 TO 2017


WEATHER ITEM   OBSERVED TIME   RECORD YEAR NORMAL DEPARTURE LAST
                VALUE   (LST)  VALUE       VALUE  FROM      YEAR
                                                  NORMAL
..................................................................
TEMPERATURE (F)
 YESTERDAY
  MAXIMUM         54   1121 AM  90    2010  53      1       58
  MINIMUM         41   1034 PM  16    1982  38      3       42
  AVERAGE         48                        45      3       50

PRECIPITATION (IN)
  YESTERDAY        T             1.24 1901   0.13  -0.13     1.03
  MONTH TO DATE    3.60                      0.95   2.65     2.30
  SINCE MAR 1      7.78                      5.27   2.51     5.46
  SINCE JAN 1     15.25                     11.88   3.37    12.90

SNOWFALL (IN)
  YESTERDAY        0.0           4.0  1893   0.1   -0.1      0.0
  MONTH TO DATE    1.2                       0.8    0.4      6.6
  SINCE MAR 1     11.3                       8.6    2.7     10.7
  SINCE JUL 1     47.6                      42.7    4.9     36.1
  SNOW DEPTH      MM

DEGREE DAYS
 HEATING
  YESTERDAY       17                        20     -3       15
  MONTH TO DATE  154                       147      7      163
  SINCE MAR 1   1105                       976    129      851
  SINCE JUL 1   4644                      5018   -374     4181

 COOLING
  YESTERDAY        0                         0      0        0
  MONTH TO DATE    0                         0      0        0
  SINCE MAR 1      0                         0      0        0
  SINCE JAN 1      0                         0      0        0
..................................................................


WIND (MPH)
  RESULTANT WIND SPEED  15   RESULTANT WIND DIRECTION  SW (230)
  HIGHEST WIND SPEED    33   HIGHEST WIND DIRECTION    SW (220)
  HIGHEST GUST SPEED    40   HIGHEST GUST DIRECTION    SW (220)
  AVERAGE WIND SPEED    16.7


SKY COVER
  POSSIBLE SUNSHINE  MM
  AVERAGE SKY COVER 0.7


WEATHER CONDITIONS
 THE FOLLOWING WEATHER WAS RECORDED YESTERDAY.
  LIGHT RAIN


RELATIVE HUMIDITY (PERCENT)
 HIGHEST   100           300 AM
 LOWEST     46          1100 AM
 AVERAGE    73

..........................................................


THE BOSTON MA CLIMATE NORMALS FOR TODAY
                         NORMAL    RECORD    YEAR
 MAXIMUM TEMPERATURE (F)   53        85      1991
 MINIMUM TEMPERATURE (F)   38        21      1888


SUNRISE AND SUNSET
APRIL  8 2017.........SUNRISE   614 AM EDT   SUNSET   718 PM EDT
APRIL  9 2017.........SUNRISE   613 AM EDT   SUNSET   719 PM EDT


-  INDICATES NEGATIVE NUMBERS.
R  INDICATES RECORD WAS SET OR TIED.
MM INDICATES DATA IS MISSING.
T  INDICATES TRACE AMOUNT.




$$
