735
CDUS41 KBOX 102124
CLIBOS


CLIMATE REPORT
NATIONAL WEATHER SERVICE TAUNTON MA
419 PM EST TUE JAN 10 2017


...................................

...THE BOSTON MA CLIMATE SUMMARY FOR JANUARY 10 2017...
VALID AS OF 0400 PM LOCAL TIME.

CLIMATE NORMAL PERIOD 1981 TO 2010
CLIMATE RECORD PERIOD 1872 TO 2017


WEATHER ITEM   OBSERVED TIME   RECORD YEAR NORMAL DEPARTURE LAST
                VALUE   (LST)  VALUE       VALUE  FROM      YEAR
                                                  NORMAL
..................................................................
TEMPERATURE (F)
 TODAY
  MAXIMUM         35    259 PM  58    2016  36     -1       58
  MINIMUM         16   1211 AM  -3    2004  22     -6       38
  AVERAGE         26                        29     -3       48

PRECIPITATION (IN)
  TODAY            0.00          2.86 1881   0.11  -0.11     1.38
  MONTH TO DATE    1.62                      1.10   0.52     1.39
  SINCE DEC 1      4.87                      4.88  -0.01     5.67
  SINCE JAN 1      1.62                      1.10   0.52     1.39

SNOWFALL (IN)
  TODAY            0.0           5.8  1896   0.4   -0.4      0.0
  MONTH TO DATE    8.3                       4.2    4.1       T
  SINCE DEC 1     14.2                      13.2    1.0      0.9
  SINCE JUL 1     14.2                      14.5   -0.3      0.9
  SNOW DEPTH      MM

DEGREE DAYS
 HEATING
  TODAY           39                        36      3       17
  MONTH TO DATE  353                       356     -3      305
  SINCE DEC 1   1269                      1295    -26      908
  SINCE JUL 1   2184                      2350   -166     1763

 COOLING
  TODAY            0                         0      0        0
  MONTH TO DATE    0                         0      0        0
  SINCE DEC 1      0                         0      0        0
  SINCE JAN 1      0                         0      0        0
..................................................................


WIND (MPH)
  HIGHEST WIND SPEED    13   HIGHEST WIND DIRECTION    SW (240)
  HIGHEST GUST SPEED    19   HIGHEST GUST DIRECTION    SW (230)
  AVERAGE WIND SPEED     6.5


SKY COVER
  POSSIBLE SUNSHINE  MM
  AVERAGE SKY COVER 0.4


WEATHER CONDITIONS
 THE FOLLOWING WEATHER WAS RECORDED TODAY.
  NO SIGNIFICANT WEATHER WAS OBSERVED.


RELATIVE HUMIDITY (PERCENT)
 HIGHEST    80           300 AM
 LOWEST     57           700 AM
 AVERAGE    69

..........................................................


THE BOSTON MA CLIMATE NORMALS FOR TOMORROW
                         NORMAL    RECORD    YEAR
 MAXIMUM TEMPERATURE (F)   36        62      1975
 MINIMUM TEMPERATURE (F)   22        -4      1893


SUNRISE AND SUNSET
JANUARY 10 2017.......SUNRISE   712 AM EST   SUNSET   431 PM EST
JANUARY 11 2017.......SUNRISE   712 AM EST   SUNSET   433 PM EST


-  INDICATES NEGATIVE NUMBERS.
R  INDICATES RECORD WAS SET OR TIED.
MM INDICATES DATA IS MISSING.
T  INDICATES TRACE AMOUNT.




$$
