000
CDUS41 KBOX 230538
CLIBOS


CLIMATE REPORT
NATIONAL WEATHER SERVICE TAUNTON MA
137 AM EDT SUN AUG 23 2015


...................................

...THE BOSTON MA CLIMATE SUMMARY FOR AUGUST 22 2015...

CLIMATE NORMAL PERIOD 1981 TO 2010
CLIMATE RECORD PERIOD 1872 TO 2015


WEATHER ITEM   OBSERVED TIME   RECORD YEAR NORMAL DEPARTURE LAST
                VALUE   (LST)  VALUE       VALUE  FROM      YEAR
                                                  NORMAL
..................................................................
TEMPERATURE (F)
 YESTERDAY
  MAXIMUM         73    325 PM  93    2003  79     -6       72
                                      1955
  MINIMUM         67   1007 PM  47    1894  64      3       63
  AVERAGE         70                        72     -2       68

PRECIPITATION (IN)
  YESTERDAY        T             3.36 1888   0.11  -0.11     0.08
  MONTH TO DATE    2.17                      2.47  -0.30     1.19
  SINCE JUN 1      9.27                      9.58  -0.31     8.38
  SINCE JAN 1     22.76                     27.74  -4.98    26.33

SNOWFALL (IN)
  YESTERDAY        0.0           0.0  2002   0.0    0.0      0.0
                                      2001
                                      2000
  MONTH TO DATE    0.0                       0.0    0.0      0.0
  SINCE JUN 1      0.0                       0.0    0.0      0.0
  SINCE JUL 1      0.0                       0.0    0.0      0.0
  SNOW DEPTH      MM

DEGREE DAYS
 HEATING
  YESTERDAY        0                         0      0        0
  MONTH TO DATE    0                         0      0        0
  SINCE JUN 1     99                        61     38       28
  SINCE JUL 1      1                         6     -5        0

 COOLING
  YESTERDAY        5                         7     -2        3
  MONTH TO DATE  223                       174     49      126
  SINCE JUN 1    605                       576     29      555
  SINCE JAN 1    666                       606     60      577
..................................................................


WIND (MPH)
  RESULTANT WIND SPEED   6   RESULTANT WIND DIRECTION  NE (50)
  HIGHEST WIND SPEED    15   HIGHEST WIND DIRECTION    NE (40)
  HIGHEST GUST SPEED    18   HIGHEST GUST DIRECTION     N (20)
  AVERAGE WIND SPEED     7.0


SKY COVER
  POSSIBLE SUNSHINE  MM
  AVERAGE SKY COVER 0.9


WEATHER CONDITIONS
 THE FOLLOWING WEATHER WAS RECORDED YESTERDAY.
  LIGHT RAIN
  FOG


RELATIVE HUMIDITY (PERCENT)
 HIGHEST   100           200 AM
 LOWEST     79          1000 AM
 AVERAGE    90

..........................................................


THE BOSTON MA CLIMATE NORMALS FOR TODAY
                         NORMAL    RECORD    YEAR
 MAXIMUM TEMPERATURE (F)   79        96      1880
 MINIMUM TEMPERATURE (F)   64        49      1886


SUNRISE AND SUNSET
AUGUST 23 2015........SUNRISE   559 AM EDT   SUNSET   733 PM EDT
AUGUST 24 2015........SUNRISE   601 AM EDT   SUNSET   732 PM EDT


-  INDICATES NEGATIVE NUMBERS.
R  INDICATES RECORD WAS SET OR TIED.
MM INDICATES DATA IS MISSING.
T  INDICATES TRACE AMOUNT.




$$
