000
CDUS41 KBOX 162141
CLIBOS


CLIMATE REPORT
NATIONAL WEATHER SERVICE TAUNTON MA
539 PM EDT SAT JUL 16 2016


...................................

...THE BOSTON MA CLIMATE SUMMARY FOR JULY 16 2016...
VALID TODAY AS OF 0500 PM LOCAL TIME.

CLIMATE NORMAL PERIOD 1981 TO 2010
CLIMATE RECORD PERIOD 1872 TO 2016


WEATHER ITEM   OBSERVED TIME   RECORD YEAR NORMAL DEPARTURE LAST
                VALUE   (LST)  VALUE       VALUE  FROM      YEAR
                                                  NORMAL
..................................................................
TEMPERATURE (F)
 TODAY
  MAXIMUM         94    128 PM  99    1983  82     12       68
  MINIMUM         75    502 AM  54    1884  66      9       59
                                      1878
  AVERAGE         85                        74     11       64

PRECIPITATION (IN)
  TODAY            0.00          0.97 2000   0.11  -0.11     0.00
  MONTH TO DATE    0.65                      1.62  -0.97     1.86
  SINCE JUN 1      1.98                      5.30  -3.32     6.87
  SINCE JAN 1     18.32                     23.46  -5.14    20.36

SNOWFALL (IN)
  TODAY            0.0           0.0  2002   0.0    0.0      0.0
                                      2001
                                      2000
  MONTH TO DATE    0.0                       0.0    0.0      0.0
  SINCE JUN 1      0.0                       0.0    0.0      0.0
  SINCE JUL 1      0.0                       0.0    0.0      0.0
  SNOW DEPTH       0

DEGREE DAYS
 HEATING
  TODAY            0                         0      0        1
  MONTH TO DATE    7                         0      7        1
  SINCE JUN 1     24                        55    -31       99
  SINCE JUL 1      7                         0      7        1

 COOLING
  TODAY           20                         9     11        0
  MONTH TO DATE  148                       133     15      119
  SINCE JUN 1    277                       269      8      216
  SINCE JAN 1    322                       299     23      277
..................................................................


WIND (MPH)
  HIGHEST WIND SPEED    18   HIGHEST WIND DIRECTION    SW (240)
  HIGHEST GUST SPEED    25   HIGHEST GUST DIRECTION     W (250)
  AVERAGE WIND SPEED     9.8


SKY COVER
  POSSIBLE SUNSHINE  MM
  AVERAGE SKY COVER 0.4


WEATHER CONDITIONS
 THE FOLLOWING WEATHER WAS RECORDED TODAY.
  NO SIGNIFICANT WEATHER WAS OBSERVED.


RELATIVE HUMIDITY (PERCENT)
 HIGHEST    64           500 AM
 LOWEST     30           300 PM
 AVERAGE    47

..........................................................


THE BOSTON MA CLIMATE NORMALS FOR TOMORROW
                         NORMAL    RECORD    YEAR
 MAXIMUM TEMPERATURE (F)   82        98      1999
                                             1977
 MINIMUM TEMPERATURE (F)   66        54      1946
                                             1892


SUNRISE AND SUNSET
JULY 16 2016..........SUNRISE   522 AM EDT   SUNSET   818 PM EDT
JULY 17 2016..........SUNRISE   523 AM EDT   SUNSET   817 PM EDT


-  INDICATES NEGATIVE NUMBERS.
R  INDICATES RECORD WAS SET OR TIED.
MM INDICATES DATA IS MISSING.
T  INDICATES TRACE AMOUNT.




$$
