000
CDUS41 KBOX 272143
CLIBOS


CLIMATE REPORT
NATIONAL WEATHER SERVICE TAUNTON MA
541 PM EDT WED SEP 27 2017


...................................

...THE BOSTON MA CLIMATE SUMMARY FOR SEPTEMBER 27 2017...
VALID AS OF 0500 PM LOCAL TIME.

CLIMATE NORMAL PERIOD 1981 TO 2010
CLIMATE RECORD PERIOD 1872 TO 2017


WEATHER ITEM   OBSERVED TIME   RECORD YEAR NORMAL DEPARTURE LAST
                VALUE   (LST)  VALUE       VALUE  FROM      YEAR
                                                  NORMAL
..................................................................
TEMPERATURE (F)
 TODAY
  MAXIMUM         86R   342 PM  86    1998  68     18       72
                                      1933
                                      1916
  MINIMUM         65    608 AM  37    1947  53     12       59
  AVERAGE         76                        61     15       66

PRECIPITATION (IN)
  TODAY            0.00          2.37 1962   0.12  -0.12     0.22
  MONTH TO DATE    2.18                      3.06  -0.88     1.25
  SINCE SEP 1      2.18                      3.06  -0.88     1.25
  SINCE JAN 1     33.47                     31.68   1.79    21.51

SNOWFALL (IN)
  TODAY            0.0           0.0  2002   0.0    0.0      0.0
                                      2001
                                      2000
  MONTH TO DATE    0.0                       0.0    0.0      0.0
  SINCE SEP 1      0.0                       0.0    0.0      0.0
  SINCE JUL 1      0.0                       0.0    0.0      0.0
  SNOW DEPTH      MM

DEGREE DAYS
 HEATING
  TODAY            0                         5     -5        0
  MONTH TO DATE   22                        66    -44       26
  SINCE SEP 1     22                        66    -44       26
  SINCE JUL 1     34                        79    -45       33

 COOLING
  TODAY           11                         1     10        1
  MONTH TO DATE  108                        77     31      128
  SINCE SEP 1    108                        77     31      128
  SINCE JAN 1    837                       736    101     1022
..................................................................


WIND (MPH)
  HIGHEST WIND SPEED    15   HIGHEST WIND DIRECTION     S (200)
  HIGHEST GUST SPEED    18   HIGHEST GUST DIRECTION     S (190)
  AVERAGE WIND SPEED     7.5


SKY COVER
  POSSIBLE SUNSHINE  MM
  AVERAGE SKY COVER 0.2


WEATHER CONDITIONS
 THE FOLLOWING WEATHER WAS RECORDED TODAY.
  NO SIGNIFICANT WEATHER WAS OBSERVED.


RELATIVE HUMIDITY (PERCENT)
 HIGHEST   100           400 AM
 LOWEST     65           200 PM
 AVERAGE    83

..........................................................


THE BOSTON MA CLIMATE NORMALS FOR TOMORROW
                         NORMAL    RECORD    YEAR
 MAXIMUM TEMPERATURE (F)   68        90      1881
                                             1873
 MINIMUM TEMPERATURE (F)   53        37      1947


SUNRISE AND SUNSET
SEPTEMBER 27 2017.....SUNRISE   637 AM EDT   SUNSET   632 PM EDT
SEPTEMBER 28 2017.....SUNRISE   638 AM EDT   SUNSET   630 PM EDT


-  INDICATES NEGATIVE NUMBERS.
R  INDICATES RECORD WAS SET OR TIED.
MM INDICATES DATA IS MISSING.
T  INDICATES TRACE AMOUNT.




$$
