000
CDUS41 KBOX 110917
CLIBOS


CLIMATE REPORT
NATIONAL WEATHER SERVICE TAUNTON MA
516 AM EDT SAT OCT 11 2014


...................................

...THE BOSTON MA CLIMATE SUMMARY FOR OCTOBER 10 2014...

CLIMATE NORMAL PERIOD 1981 TO 2010
CLIMATE RECORD PERIOD 1872 TO 2014


WEATHER ITEM   OBSERVED TIME   RECORD YEAR NORMAL DEPARTURE LAST
                VALUE   (LST)  VALUE       VALUE  FROM      YEAR
                                                  NORMAL
..................................................................
TEMPERATURE (F)
 YESTERDAY
  MAXIMUM         63    255 PM  87    1939  63      0       61
  MINIMUM         51    643 AM  32    1979  48      3       48
  AVERAGE         57                        56      1       55

PRECIPITATION (IN)
  YESTERDAY        0.00          1.30 1971   0.13  -0.13     0.00
  MONTH TO DATE    1.70                      1.28   0.42     0.45
  SINCE SEP 1      2.40                      4.72  -2.32     2.66
  SINCE JAN 1     29.29                     33.34  -4.05    32.86

SNOWFALL (IN)
  YESTERDAY        0.0           0.2  1979   0.0    0.0      0.0
  MONTH TO DATE    0.0                       0.0    0.0      0.0
  SINCE SEP 1      0.0                       0.0    0.0      0.0
  SINCE JUL 1      0.0                       0.0    0.0      0.0
  SNOW DEPTH      MM

DEGREE DAYS
 HEATING
  YESTERDAY        8                         9     -1       10
  MONTH TO DATE   75                        81     -6       35
  SINCE SEP 1    151                       165    -14      118
  SINCE JUL 1    151                       178    -27      120

 COOLING
  YESTERDAY        0                         0      0        0
  MONTH TO DATE    1                         6     -5       16
  SINCE SEP 1    121                        87     34       98
  SINCE JAN 1    760                       746     14      919
..................................................................


WIND (MPH)
  RESULTANT WIND SPEED   9   RESULTANT WIND DIRECTION   W (280)
  HIGHEST WIND SPEED    18   HIGHEST WIND DIRECTION     W (270)
  HIGHEST GUST SPEED    24   HIGHEST GUST DIRECTION     W (270)
  AVERAGE WIND SPEED     9.6


SKY COVER
  POSSIBLE SUNSHINE  MM
  AVERAGE SKY COVER 0.5


WEATHER CONDITIONS
 THE FOLLOWING WEATHER WAS RECORDED YESTERDAY.
  NO SIGNIFICANT WEATHER WAS OBSERVED.


RELATIVE HUMIDITY (PERCENT)
 HIGHEST    59           600 AM
 LOWEST     36          1200 PM
 AVERAGE    48

..........................................................


THE BOSTON MA CLIMATE NORMALS FOR TODAY
                         NORMAL    RECORD    YEAR
 MAXIMUM TEMPERATURE (F)   63        82      1955
 MINIMUM TEMPERATURE (F)   48        32      1979
                                             1881


SUNRISE AND SUNSET
OCTOBER 11 2014.......SUNRISE   652 AM EDT   SUNSET   609 PM EDT
OCTOBER 12 2014.......SUNRISE   653 AM EDT   SUNSET   607 PM EDT


-  INDICATES NEGATIVE NUMBERS.
R  INDICATES RECORD WAS SET OR TIED.
MM INDICATES DATA IS MISSING.
T  INDICATES TRACE AMOUNT.




$$
