000
CDUS41 KBOX 080553
CLIBOS


CLIMATE REPORT
NATIONAL WEATHER SERVICE TAUNTON MA
149 AM EDT THU JUN 8 2017


...................................

...THE BOSTON MA CLIMATE SUMMARY FOR JUNE 7 2017...

CLIMATE NORMAL PERIOD 1981 TO 2010
CLIMATE RECORD PERIOD 1872 TO 2017


WEATHER ITEM   OBSERVED TIME   RECORD YEAR NORMAL DEPARTURE LAST
                VALUE   (LST)  VALUE       VALUE  FROM      YEAR
                                                  NORMAL
..................................................................
TEMPERATURE (F)
 YESTERDAY
  MAXIMUM         62    602 PM  97    1999  73    -11       86
  MINIMUM         50    336 AM  45    1982  57     -7       63
                                      1932
                                      1881
  AVERAGE         56                        65     -9       75

PRECIPITATION (IN)
  YESTERDAY        0.04          3.07 2013   0.15  -0.11     0.15
  MONTH TO DATE    1.78                      1.01   0.77     1.06
  SINCE JUN 1      1.78                      1.01   0.77     1.06
  SINCE JAN 1     22.61                     19.17   3.44    17.40

SNOWFALL (IN)
  YESTERDAY        0.0           0.0  2001   0.0    0.0      0.0
                                      2000
  MONTH TO DATE    0.0                       0.0    0.0      0.0
  SINCE JUN 1      0.0                       0.0    0.0      0.0
  SINCE JUL 1     47.6                      43.8    3.8     36.1
  SNOW DEPTH       0

DEGREE DAYS
 HEATING
  YESTERDAY        9                         3      6        0
  MONTH TO DATE   44                        24     20        8
  SINCE JUN 1     44                        24     20        8
  SINCE JUL 1   5248                      5650   -402     4795

 COOLING
  YESTERDAY        0                         3     -3       10
  MONTH TO DATE    3                        17    -14       21
  SINCE JUN 1      3                        17    -14       21
  SINCE JAN 1     63                        47     16       66
..................................................................


WIND (MPH)
  RESULTANT WIND SPEED   3   RESULTANT WIND DIRECTION  NE (60)
  HIGHEST WIND SPEED    15   HIGHEST WIND DIRECTION    NW (330)
  HIGHEST GUST SPEED    20   HIGHEST GUST DIRECTION    NW (330)
  AVERAGE WIND SPEED     8.1


SKY COVER
  POSSIBLE SUNSHINE  MM
  AVERAGE SKY COVER 0.5


WEATHER CONDITIONS
 THE FOLLOWING WEATHER WAS RECORDED YESTERDAY.
  LIGHT RAIN
  FOG


RELATIVE HUMIDITY (PERCENT)
 HIGHEST    96           400 AM
 LOWEST     53           700 PM
 AVERAGE    75

..........................................................


THE BOSTON MA CLIMATE NORMALS FOR TODAY
                         NORMAL    RECORD    YEAR
 MAXIMUM TEMPERATURE (F)   74        97      1984
 MINIMUM TEMPERATURE (F)   57        42      1932


SUNRISE AND SUNSET
JUNE  8 2017..........SUNRISE   507 AM EDT   SUNSET   819 PM EDT
JUNE  9 2017..........SUNRISE   507 AM EDT   SUNSET   820 PM EDT


-  INDICATES NEGATIVE NUMBERS.
R  INDICATES RECORD WAS SET OR TIED.
MM INDICATES DATA IS MISSING.
T  INDICATES TRACE AMOUNT.




$$
