000
CDUS41 KBOX 040538
CLIBOS


CLIMATE REPORT
NATIONAL WEATHER SERVICE TAUNTON MA
136 AM EDT THU SEP 4 2014


...................................

...THE BOSTON MA CLIMATE SUMMARY FOR SEPTEMBER 3 2014...

CLIMATE NORMAL PERIOD 1981 TO 2010
CLIMATE RECORD PERIOD 1872 TO 2014


WEATHER ITEM   OBSERVED TIME   RECORD YEAR NORMAL DEPARTURE LAST
                VALUE   (LST)  VALUE       VALUE  FROM      YEAR
                                                  NORMAL
..................................................................
TEMPERATURE (F)
 YESTERDAY
  MAXIMUM         85    319 PM  97    1929  76      9       81
  MINIMUM         72   1159 PM  47    1893  62     10       67
                                      1885
  AVERAGE         79                        69     10       74

PRECIPITATION (IN)
  YESTERDAY        0.00          3.15 1972   0.10  -0.10     0.00
  MONTH TO DATE    0.01                      0.30  -0.29     0.76
  SINCE SEP 1      0.01                      0.30  -0.29     0.76
  SINCE JAN 1     26.90                     28.92  -2.02    30.96

SNOWFALL (IN)
  YESTERDAY        0.0           0.0  2002   0.0    0.0      0.0
                                      2001
                                      2000
  MONTH TO DATE    0.0                       0.0    0.0      0.0
  SINCE SEP 1      0.0                       0.0    0.0      0.0
  SINCE JUL 1      0.0                       0.0    0.0      0.0
  SNOW DEPTH      MM

DEGREE DAYS
 HEATING
  YESTERDAY        0                         1     -1        0
  MONTH TO DATE    0                         3     -3        0
  SINCE SEP 1      0                         3     -3        0
  SINCE JUL 1      0                        16    -16        2

 COOLING
  YESTERDAY       14                         5      9        9
  MONTH TO DATE   45                        15     30       29
  SINCE SEP 1     45                        15     30       29
  SINCE JAN 1    684                       674     10      850
..................................................................


WIND (MPH)
  RESULTANT WIND SPEED  10   RESULTANT WIND DIRECTION   W (280)
  HIGHEST WIND SPEED    22   HIGHEST WIND DIRECTION     W (260)
  HIGHEST GUST SPEED    28   HIGHEST GUST DIRECTION    NW (300)
  AVERAGE WIND SPEED    11.6


SKY COVER
  POSSIBLE SUNSHINE  MM
  AVERAGE SKY COVER 0.5


WEATHER CONDITIONS
 THE FOLLOWING WEATHER WAS RECORDED YESTERDAY.
  NO SIGNIFICANT WEATHER WAS OBSERVED.


RELATIVE HUMIDITY (PERCENT)
 HIGHEST    87          1200 AM
 LOWEST     36           600 PM
 AVERAGE    62

..........................................................


THE BOSTON MA CLIMATE NORMALS FOR TODAY
                         NORMAL    RECORD    YEAR
 MAXIMUM TEMPERATURE (F)   76        94      1973
                                             1884
 MINIMUM TEMPERATURE (F)   61        43      1872


SUNRISE AND SUNSET
SEPTEMBER  4 2014.....SUNRISE   612 AM EDT   SUNSET   713 PM EDT
SEPTEMBER  5 2014.....SUNRISE   613 AM EDT   SUNSET   711 PM EDT


-  INDICATES NEGATIVE NUMBERS.
R  INDICATES RECORD WAS SET OR TIED.
MM INDICATES DATA IS MISSING.
T  INDICATES TRACE AMOUNT.




$$
