000
CDUS41 KBOX 292122
CLIBOS


CLIMATE REPORT
NATIONAL WEATHER SERVICE TAUNTON MA
520 PM EDT SUN JUN 29 2014


...................................

...THE BOSTON MA CLIMATE SUMMARY FOR JUNE 29 2014...
VALID TODAY AS OF 0500 PM LOCAL TIME.

CLIMATE NORMAL PERIOD 1981 TO 2010
CLIMATE RECORD PERIOD 1872 TO 2014


WEATHER ITEM   OBSERVED TIME   RECORD YEAR NORMAL DEPARTURE LAST
                VALUE   (LST)  VALUE       VALUE  FROM      YEAR
                                                  NORMAL
..................................................................
TEMPERATURE (F)
 TODAY
  MAXIMUM         86    310 PM  99    1933  80      6       83
  MINIMUM         62    422 AM  49    1919  63     -1       70
  AVERAGE         74                        72      2       77

PRECIPITATION (IN)
  TODAY            0.00          2.47 1879   0.10  -0.10     0.07
  MONTH TO DATE    2.62                      3.59  -0.97    10.39
  SINCE JUN 1      2.62                      3.59  -0.97    10.39
  SINCE JAN 1     20.57                     21.75  -1.18    24.64

SNOWFALL (IN)
  TODAY            0.0           0.0  2002   0.0    0.0      0.0
                                      2001
                                      2000
  MONTH TO DATE    0.0                       0.0    0.0      0.0
  SINCE JUN 1      0.0                       0.0    0.0      0.0
  SINCE JUL 1     58.9                      43.8   15.1     63.4
  SNOW DEPTH      MM

DEGREE DAYS
 HEATING
  TODAY            0                         0      0        0
  MONTH TO DATE   28                        56    -28       25
  SINCE JUN 1     28                        56    -28       25
  SINCE JUL 1   5857                      5682    175     5362

 COOLING
  TODAY            9                         7      2       12
  MONTH TO DATE  126                       129     -3      159
  SINCE JUN 1    126                       129     -3      159
  SINCE JAN 1    148                       159    -11      197
..................................................................


WIND (MPH)
  HIGHEST WIND SPEED    15   HIGHEST WIND DIRECTION     S (160)
  HIGHEST GUST SPEED    18   HIGHEST GUST DIRECTION     S (160)
  AVERAGE WIND SPEED     7.0


SKY COVER
  POSSIBLE SUNSHINE  MM
  AVERAGE SKY COVER 0.6


WEATHER CONDITIONS
 THE FOLLOWING WEATHER WAS RECORDED TODAY.
  NO SIGNIFICANT WEATHER WAS OBSERVED.


RELATIVE HUMIDITY (PERCENT)
 HIGHEST    78           400 AM
 LOWEST     29           300 PM
 AVERAGE    54

..........................................................


THE BOSTON MA CLIMATE NORMALS FOR TOMORROW
                         NORMAL    RECORD    YEAR
 MAXIMUM TEMPERATURE (F)   80        95      1945
 MINIMUM TEMPERATURE (F)   64        52      1988
                                             1919
                                             1882


SUNRISE AND SUNSET
JUNE 29 2014..........SUNRISE   510 AM EDT   SUNSET   825 PM EDT
JUNE 30 2014..........SUNRISE   511 AM EDT   SUNSET   825 PM EDT


-  INDICATES NEGATIVE NUMBERS.
R  INDICATES RECORD WAS SET OR TIED.
MM INDICATES DATA IS MISSING.
T  INDICATES TRACE AMOUNT.




$$
