000
CDUS41 KBOX 200529
CLIBOS


CLIMATE REPORT
NATIONAL WEATHER SERVICE TAUNTON MA
128 AM EDT THU AUG 20 2015


...................................

...THE BOSTON MA CLIMATE SUMMARY FOR AUGUST 19 2015...

CLIMATE NORMAL PERIOD 1981 TO 2010
CLIMATE RECORD PERIOD 1872 TO 2015


WEATHER ITEM   OBSERVED TIME   RECORD YEAR NORMAL DEPARTURE LAST
                VALUE   (LST)  VALUE       VALUE  FROM      YEAR
                                                  NORMAL
..................................................................
TEMPERATURE (F)
 YESTERDAY
  MAXIMUM         88    227 PM  92    1983  79      9       74
                                      1966
                                      1906
  MINIMUM         71    551 AM  51    1882  65      6       59
  AVERAGE         80                        72      8       67

PRECIPITATION (IN)
  YESTERDAY        0.00          7.06 1955   0.10  -0.10     0.00
  MONTH TO DATE    1.54                      2.16  -0.62     1.11
  SINCE JUN 1      8.64                      9.27  -0.63     8.30
  SINCE JAN 1     22.13                     27.43  -5.30    26.25

SNOWFALL (IN)
  YESTERDAY        0.0           0.0  2002   0.0    0.0      0.0
                                      2001
                                      2000
  MONTH TO DATE    0.0                       0.0    0.0      0.0
  SINCE JUN 1      0.0                       0.0    0.0      0.0
  SINCE JUL 1      0.0                       0.0    0.0      0.0
  SNOW DEPTH      MM

DEGREE DAYS
 HEATING
  YESTERDAY        0                         0      0        0
  MONTH TO DATE    0                         0      0        0
  SINCE JUN 1     99                        61     38       28
  SINCE JUL 1      1                         6     -5        0

 COOLING
  YESTERDAY       15                         7      8        2
  MONTH TO DATE  200                       153     47      120
  SINCE JUN 1    582                       555     27      549
  SINCE JAN 1    643                       585     58      571
..................................................................


WIND (MPH)
  RESULTANT WIND SPEED   8   RESULTANT WIND DIRECTION   S (200)
  HIGHEST WIND SPEED    18   HIGHEST WIND DIRECTION     S (180)
  HIGHEST GUST SPEED    22   HIGHEST GUST DIRECTION     S (180)
  AVERAGE WIND SPEED     8.7


SKY COVER
  POSSIBLE SUNSHINE  MM
  AVERAGE SKY COVER 0.3


WEATHER CONDITIONS
 THE FOLLOWING WEATHER WAS RECORDED YESTERDAY.
  NO SIGNIFICANT WEATHER WAS OBSERVED.


RELATIVE HUMIDITY (PERCENT)
 HIGHEST    93           100 AM
 LOWEST     51           100 PM
 AVERAGE    72

..........................................................


THE BOSTON MA CLIMATE NORMALS FOR TODAY
                         NORMAL    RECORD    YEAR
 MAXIMUM TEMPERATURE (F)   79        98      1937
 MINIMUM TEMPERATURE (F)   64        52      1905
                                             1896
                                             1882


SUNRISE AND SUNSET
AUGUST 20 2015........SUNRISE   556 AM EDT   SUNSET   738 PM EDT
AUGUST 21 2015........SUNRISE   557 AM EDT   SUNSET   737 PM EDT


-  INDICATES NEGATIVE NUMBERS.
R  INDICATES RECORD WAS SET OR TIED.
MM INDICATES DATA IS MISSING.
T  INDICATES TRACE AMOUNT.




$$
