000
CDUS41 KBOX 110603
CLIBOS


CLIMATE REPORT
NATIONAL WEATHER SERVICE TAUNTON MA
201 AM EDT TUE APR 11 2017


...................................

...THE BOSTON MA CLIMATE SUMMARY FOR APRIL 10 2017...

CLIMATE NORMAL PERIOD 1981 TO 2010
CLIMATE RECORD PERIOD 1872 TO 2017


WEATHER ITEM   OBSERVED TIME   RECORD YEAR NORMAL DEPARTURE LAST
                VALUE   (LST)  VALUE       VALUE  FROM      YEAR
                                                  NORMAL
..................................................................
TEMPERATURE (F)
 YESTERDAY
  MAXIMUM         76    251 PM  85    1922  54     22       49
  MINIMUM         44    541 AM  26    1997  39      5       31
                                      1985
                                      1917
  AVERAGE         60                        46     14       40

PRECIPITATION (IN)
  YESTERDAY        0.00          2.08 1983   0.14  -0.14     0.00
  MONTH TO DATE    3.60                      1.37   2.23     2.30
  SINCE MAR 1      7.78                      5.69   2.09     5.46
  SINCE JAN 1     15.25                     12.30   2.95    12.90

SNOWFALL (IN)
  YESTERDAY        0.0           5.4  1996   0.1   -0.1      0.0
  MONTH TO DATE    1.2                       1.1    0.1      6.6
  SINCE MAR 1     11.3                       8.9    2.4     10.7
  SINCE JUL 1     47.6                      43.0    4.6     36.1
  SNOW DEPTH       0

DEGREE DAYS
 HEATING
  YESTERDAY        5                        19    -14       25
  MONTH TO DATE  192                       205    -13      234
  SINCE MAR 1   1143                      1034    109      922
  SINCE JUL 1   4682                      5076   -394     4252

 COOLING
  YESTERDAY        0                         0      0        0
  MONTH TO DATE    0                         0      0        0
  SINCE MAR 1      0                         0      0        0
  SINCE JAN 1      0                         0      0        0
..................................................................


WIND (MPH)
  RESULTANT WIND SPEED  12   RESULTANT WIND DIRECTION   S (200)
  HIGHEST WIND SPEED    24   HIGHEST WIND DIRECTION    SW (210)
  HIGHEST GUST SPEED    30   HIGHEST GUST DIRECTION    SW (220)
  AVERAGE WIND SPEED    12.4


SKY COVER
  POSSIBLE SUNSHINE  MM
  AVERAGE SKY COVER 0.5


WEATHER CONDITIONS
 THE FOLLOWING WEATHER WAS RECORDED YESTERDAY.
  NO SIGNIFICANT WEATHER WAS OBSERVED.


RELATIVE HUMIDITY (PERCENT)
 HIGHEST    70           600 AM
 LOWEST     21           300 PM
 AVERAGE    46

..........................................................


THE BOSTON MA CLIMATE NORMALS FOR TODAY
                         NORMAL    RECORD    YEAR
 MAXIMUM TEMPERATURE (F)   54        78      1955
 MINIMUM TEMPERATURE (F)   39        25      1909


SUNRISE AND SUNSET
APRIL 11 2017.........SUNRISE   609 AM EDT   SUNSET   722 PM EDT
APRIL 12 2017.........SUNRISE   608 AM EDT   SUNSET   723 PM EDT


-  INDICATES NEGATIVE NUMBERS.
R  INDICATES RECORD WAS SET OR TIED.
MM INDICATES DATA IS MISSING.
T  INDICATES TRACE AMOUNT.




$$
