000
CDUS41 KBOX 181220
CLIBOS


CLIMATE REPORT
NATIONAL WEATHER SERVICE TAUNTON MA
718 AM EST TUE NOV 18 2014


...................................

...THE BOSTON MA CLIMATE SUMMARY FOR NOVEMBER 17 2014...

CLIMATE NORMAL PERIOD 1981 TO 2010
CLIMATE RECORD PERIOD 1872 TO 2014


WEATHER ITEM   OBSERVED TIME   RECORD YEAR NORMAL DEPARTURE LAST
                VALUE   (LST)  VALUE       VALUE  FROM      YEAR
                                                  NORMAL
..................................................................
TEMPERATURE (F)
 YESTERDAY
  MAXIMUM         48    319 PM  76    1928  51     -3       55
  MINIMUM         37    617 AM  14    1924  38     -1       38
  AVERAGE         43                        44     -1       47

PRECIPITATION (IN)
  YESTERDAY        1.64          1.65 1930   0.14   1.50     0.04
  MONTH TO DATE    3.42                      2.23   1.19     0.43
  SINCE SEP 1      9.95                      9.61   0.34     3.25
  SINCE JAN 1     36.84                     38.23  -1.39    33.45

SNOWFALL (IN)
  YESTERDAY        0.0           0.4  1968   0.1   -0.1      0.0
  MONTH TO DATE    T                         0.4   -0.4       T
  SINCE SEP 1      T                         0.4   -0.4       T
  SINCE JUL 1      T                         0.4   -0.4       T
  SNOW DEPTH       0

DEGREE DAYS
 HEATING
  YESTERDAY       22                        21      1       18
  MONTH TO DATE  336                       311     25      311
  SINCE SEP 1    683                       745    -62      661
  SINCE JUL 1    683                       758    -75      663

 COOLING
  YESTERDAY        0                         0      0        0
  MONTH TO DATE    0                         0      0        1
  SINCE SEP 1    130                        88     42       99
  SINCE JAN 1    769                       747     22      920
..................................................................


WIND (MPH)
  RESULTANT WIND SPEED   2   RESULTANT WIND DIRECTION   N (20)
  HIGHEST WIND SPEED    21   HIGHEST WIND DIRECTION     W (290)
  HIGHEST GUST SPEED    25   HIGHEST GUST DIRECTION     W (290)
  AVERAGE WIND SPEED     5.9


SKY COVER
  POSSIBLE SUNSHINE  MM
  AVERAGE SKY COVER 0.9


WEATHER CONDITIONS
 THE FOLLOWING WEATHER WAS RECORDED YESTERDAY.
  HEAVY RAIN
  RAIN
  LIGHT RAIN
  FOG


RELATIVE HUMIDITY (PERCENT)
 HIGHEST   100           700 AM
 LOWEST     65           200 AM
 AVERAGE    83

..........................................................


THE BOSTON MA CLIMATE NORMALS FOR TODAY
                         NORMAL    RECORD    YEAR
 MAXIMUM TEMPERATURE (F)   51        73      1953
 MINIMUM TEMPERATURE (F)   37        14      1936


SUNRISE AND SUNSET
NOVEMBER 18 2014......SUNRISE   639 AM EST   SUNSET   420 PM EST
NOVEMBER 19 2014......SUNRISE   640 AM EST   SUNSET   419 PM EST


-  INDICATES NEGATIVE NUMBERS.
R  INDICATES RECORD WAS SET OR TIED.
MM INDICATES DATA IS MISSING.
T  INDICATES TRACE AMOUNT.




$$
