000
CDUS41 KBOX 090546
CLIBOS


CLIMATE REPORT
NATIONAL WEATHER SERVICE TAUNTON MA
142 AM EDT MON MAY 9 2016


...................................

...THE BOSTON MA CLIMATE SUMMARY FOR MAY 8 2016...

CLIMATE NORMAL PERIOD 1981 TO 2010
CLIMATE RECORD PERIOD 1872 TO 2016


WEATHER ITEM   OBSERVED TIME   RECORD YEAR NORMAL DEPARTURE LAST
                VALUE   (LST)  VALUE       VALUE  FROM      YEAR
                                                  NORMAL
..................................................................
TEMPERATURE (F)
 YESTERDAY
  MAXIMUM         63    446 PM  87    1964  64     -1       71
                                      1895
  MINIMUM         46    132 AM  34    1956  48     -2       46
  AVERAGE         55                        56     -1       59

PRECIPITATION (IN)
  YESTERDAY        0.02          1.42 1886   0.10  -0.08     0.00
  MONTH TO DATE    1.33                      0.85   0.48     0.02
  SINCE MAR 1      7.40                      8.91  -1.51     5.35
  SINCE JAN 1     14.84                     15.52  -0.68    12.29

SNOWFALL (IN)
  YESTERDAY        0.0           0.9  1938   0.0    0.0      0.0
  MONTH TO DATE    0.0                       0.1   -0.1      0.0
  SINCE MAR 1     10.7                       9.8    0.9      8.6
  SINCE JUL 1     36.1                      43.9   -7.8    110.6
  SNOW DEPTH      MM

DEGREE DAYS
 HEATING
  YESTERDAY       10                        10      0        6
  MONTH TO DATE  131                        88     43       61
  SINCE MAR 1   1354                      1427    -73     1540
  SINCE JUL 1   4684                      5469   -785     5855

 COOLING
  YESTERDAY        0                         0      0        0
  MONTH TO DATE    0                         0      0        3
  SINCE MAR 1      3                         3      0        3
  SINCE JAN 1      3                         3      0        3
..................................................................


WIND (MPH)
  RESULTANT WIND SPEED   8   RESULTANT WIND DIRECTION   W (250)
  HIGHEST WIND SPEED    28   HIGHEST WIND DIRECTION     W (290)
  HIGHEST GUST SPEED    37   HIGHEST GUST DIRECTION    NW (300)
  AVERAGE WIND SPEED    11.9


SKY COVER
  POSSIBLE SUNSHINE  MM
  AVERAGE SKY COVER 0.7


WEATHER CONDITIONS
 THE FOLLOWING WEATHER WAS RECORDED YESTERDAY.
  LIGHT RAIN
  FOG


RELATIVE HUMIDITY (PERCENT)
 HIGHEST   100           400 AM
 LOWEST     29           600 PM
 AVERAGE    65

..........................................................


THE BOSTON MA CLIMATE NORMALS FOR TODAY
                         NORMAL    RECORD    YEAR
 MAXIMUM TEMPERATURE (F)   64        95      1979
 MINIMUM TEMPERATURE (F)   48        35      1977


SUNRISE AND SUNSET
MAY  9 2016...........SUNRISE   529 AM EDT   SUNSET   753 PM EDT
MAY 10 2016...........SUNRISE   528 AM EDT   SUNSET   754 PM EDT


-  INDICATES NEGATIVE NUMBERS.
R  INDICATES RECORD WAS SET OR TIED.
MM INDICATES DATA IS MISSING.
T  INDICATES TRACE AMOUNT.




$$
