000
CDUS41 KBOX 110607
CLIBOS


CLIMATE REPORT
NATIONAL WEATHER SERVICE TAUNTON MA
206 AM EDT MON AUG 11 2014


...................................

...THE BOSTON MA CLIMATE SUMMARY FOR AUGUST 10 2014...

CLIMATE NORMAL PERIOD 1981 TO 2010
CLIMATE RECORD PERIOD 1872 TO 2014


WEATHER ITEM   OBSERVED TIME   RECORD YEAR NORMAL DEPARTURE LAST
                VALUE   (LST)  VALUE       VALUE  FROM      YEAR
                                                  NORMAL
..................................................................
TEMPERATURE (F)
 YESTERDAY
  MAXIMUM         80    128 PM 101    1949  81     -1       85
  MINIMUM         66   1159 PM  53    1964  65      1       67
  AVERAGE         73                        73      0       76

PRECIPITATION (IN)
  YESTERDAY        0.00          2.97 1917   0.11  -0.11     0.00
  MONTH TO DATE    0.05                      1.20  -1.15     1.82
  SINCE JUN 1      7.24                      8.31  -1.07    15.93
  SINCE JAN 1     25.19                     26.47  -1.28    30.18

SNOWFALL (IN)
  YESTERDAY        0.0           0.0  2002   0.0    0.0      0.0
  MONTH TO DATE    0.0                       0.0    0.0      0.0
  SINCE JUN 1      0.0                       0.0    0.0      0.0
  SINCE JUL 1      0.0                       0.0    0.0      0.0
  SNOW DEPTH      MM

DEGREE DAYS
 HEATING
  YESTERDAY        0                         0      0        0
  MONTH TO DATE    0                         0      0        0
  SINCE JUN 1     28                        61    -33       27
  SINCE JUL 1      0                         6     -6        2

 COOLING
  YESTERDAY        8                         8      0       11
  MONTH TO DATE   71                        84    -13       78
  SINCE JUN 1    500                       486     14      632
  SINCE JAN 1    522                       516      6      670
..................................................................


WIND (MPH)
  RESULTANT WIND SPEED   3   RESULTANT WIND DIRECTION   E (100)
  HIGHEST WIND SPEED    14   HIGHEST WIND DIRECTION     E (90)
  HIGHEST GUST SPEED    17   HIGHEST GUST DIRECTION     E (90)
  AVERAGE WIND SPEED     7.5


SKY COVER
  POSSIBLE SUNSHINE  MM
  AVERAGE SKY COVER 0.3


WEATHER CONDITIONS
 THE FOLLOWING WEATHER WAS RECORDED YESTERDAY.
  NO SIGNIFICANT WEATHER WAS OBSERVED.


RELATIVE HUMIDITY (PERCENT)
 HIGHEST    81           800 PM
 LOWEST     37          1100 AM
 AVERAGE    59

..........................................................


THE BOSTON MA CLIMATE NORMALS FOR TODAY
                         NORMAL    RECORD    YEAR
 MAXIMUM TEMPERATURE (F)   80        99      1944
 MINIMUM TEMPERATURE (F)   65        54      1879


SUNRISE AND SUNSET
AUGUST 11 2014........SUNRISE   547 AM EDT   SUNSET   751 PM EDT
AUGUST 12 2014........SUNRISE   548 AM EDT   SUNSET   750 PM EDT


-  INDICATES NEGATIVE NUMBERS.
R  INDICATES RECORD WAS SET OR TIED.
MM INDICATES DATA IS MISSING.
T  INDICATES TRACE AMOUNT.




$$
