000
CDUS41 KBOX 090814
CLIBOS


CLIMATE REPORT
NATIONAL WEATHER SERVICE TAUNTON MA
414 AM EDT THU OCT 9 2014


...................................

...THE BOSTON MA CLIMATE SUMMARY FOR OCTOBER 8 2014...

CLIMATE NORMAL PERIOD 1981 TO 2010
CLIMATE RECORD PERIOD 1872 TO 2014


WEATHER ITEM   OBSERVED TIME   RECORD YEAR NORMAL DEPARTURE LAST
                VALUE   (LST)  VALUE       VALUE  FROM      YEAR
                                                  NORMAL
..................................................................
TEMPERATURE (F)
 YESTERDAY
  MAXIMUM         73    242 PM  88    1879  64      9       68
  MINIMUM         58   1159 PM  35    1964  49      9       52
  AVERAGE         66                        57      9       60

PRECIPITATION (IN)
  YESTERDAY        0.01          2.00 1891   0.12  -0.11     0.00
  MONTH TO DATE    1.70                      1.02   0.68     0.45
  SINCE SEP 1      2.40                      4.46  -2.06     2.66
  SINCE JAN 1     29.29                     33.08  -3.79    32.86

SNOWFALL (IN)
  YESTERDAY        0.0           T    2001   0.0    0.0      0.0
                                      1988
  MONTH TO DATE    0.0                       0.0    0.0      0.0
  SINCE SEP 1      0.0                       0.0    0.0      0.0
  SINCE JUL 1      0.0                       0.0    0.0      0.0
  SNOW DEPTH      MM

DEGREE DAYS
 HEATING
  YESTERDAY        0                         9     -9        5
  MONTH TO DATE   60                        63     -3       15
  SINCE SEP 1    136                       147    -11       98
  SINCE JUL 1    136                       160    -24      100

 COOLING
  YESTERDAY        1                         0      1        0
  MONTH TO DATE    1                         6     -5       16
  SINCE SEP 1    121                        87     34       98
  SINCE JAN 1    760                       746     14      919
..................................................................


WIND (MPH)
  RESULTANT WIND SPEED  11   RESULTANT WIND DIRECTION  SW (230)
  HIGHEST WIND SPEED    25   HIGHEST WIND DIRECTION     S (200)
  HIGHEST GUST SPEED    37   HIGHEST GUST DIRECTION     S (200)
  AVERAGE WIND SPEED    14.2


SKY COVER
  POSSIBLE SUNSHINE  MM
  AVERAGE SKY COVER 0.6


WEATHER CONDITIONS
 THE FOLLOWING WEATHER WAS RECORDED YESTERDAY.
  LIGHT RAIN


RELATIVE HUMIDITY (PERCENT)
 HIGHEST    93          1200 AM
 LOWEST     38           300 PM
 AVERAGE    66

..........................................................


THE BOSTON MA CLIMATE NORMALS FOR TODAY
                         NORMAL    RECORD    YEAR
 MAXIMUM TEMPERATURE (F)   64        87      2011
 MINIMUM TEMPERATURE (F)   49        32      1873


SUNRISE AND SUNSET
OCTOBER  9 2014.......SUNRISE   650 AM EDT   SUNSET   612 PM EDT
OCTOBER 10 2014.......SUNRISE   651 AM EDT   SUNSET   610 PM EDT


-  INDICATES NEGATIVE NUMBERS.
R  INDICATES RECORD WAS SET OR TIED.
MM INDICATES DATA IS MISSING.
T  INDICATES TRACE AMOUNT.




$$
