000
CDUS41 KBOX 130547
CLIBOS


CLIMATE REPORT
NATIONAL WEATHER SERVICE TAUNTON MA
142 AM EDT WED APR 13 2016


...................................

...THE BOSTON MA CLIMATE SUMMARY FOR APRIL 12 2016...

CLIMATE NORMAL PERIOD 1981 TO 2010
CLIMATE RECORD PERIOD 1872 TO 2016


WEATHER ITEM   OBSERVED TIME   RECORD YEAR NORMAL DEPARTURE LAST
                VALUE   (LST)  VALUE       VALUE  FROM      YEAR
                                                  NORMAL
..................................................................
TEMPERATURE (F)
 YESTERDAY
  MAXIMUM         60    900 AM  85    1977  54      6       68
                                      1945
  MINIMUM         43   1159 PM  20    1874  40      3       39
  AVERAGE         52                        47      5       54

PRECIPITATION (IN)
  YESTERDAY        0.22          1.44 1894   0.14   0.08     0.00
  MONTH TO DATE    2.53                      1.65   0.88     0.89
  SINCE MAR 1      5.69                      5.97  -0.28     3.94
  SINCE JAN 1     13.13                     12.58   0.55    10.88

SNOWFALL (IN)
  YESTERDAY        0.0           3.6  1918   0.1   -0.1      0.0
  MONTH TO DATE    6.6                       1.3    5.3       T
  SINCE MAR 1     10.7                       9.1    1.6      8.6
  SINCE JUL 1     36.1                      43.2   -7.1    110.6
  SNOW DEPTH       0

DEGREE DAYS
 HEATING
  YESTERDAY       13                        18     -5       11
  MONTH TO DATE  261                       241     20      257
  SINCE MAR 1    949                      1070   -121     1234
  SINCE JUL 1   4279                      5112   -833     5549

 COOLING
  YESTERDAY        0                         0      0        0
  MONTH TO DATE    0                         0      0        0
  SINCE MAR 1      0                         0      0        0
  SINCE JAN 1      0                         0      0        0
..................................................................


WIND (MPH)
  RESULTANT WIND SPEED  11   RESULTANT WIND DIRECTION  SW (230)
  HIGHEST WIND SPEED    30   HIGHEST WIND DIRECTION    SW (210)
  HIGHEST GUST SPEED    38   HIGHEST GUST DIRECTION    SW (220)
  AVERAGE WIND SPEED    15.9


SKY COVER
  POSSIBLE SUNSHINE  MM
  AVERAGE SKY COVER 0.7


WEATHER CONDITIONS
 THE FOLLOWING WEATHER WAS RECORDED YESTERDAY.
  RAIN
  LIGHT RAIN
  FOG
  HAZE


RELATIVE HUMIDITY (PERCENT)
 HIGHEST    93          1100 AM
 LOWEST     42           800 PM
 AVERAGE    68

..........................................................


THE BOSTON MA CLIMATE NORMALS FOR TODAY
                         NORMAL    RECORD    YEAR
 MAXIMUM TEMPERATURE (F)   55        86      1977
 MINIMUM TEMPERATURE (F)   40        20      1874


SUNRISE AND SUNSET
APRIL 13 2016.........SUNRISE   606 AM EDT   SUNSET   724 PM EDT
APRIL 14 2016.........SUNRISE   604 AM EDT   SUNSET   725 PM EDT


-  INDICATES NEGATIVE NUMBERS.
R  INDICATES RECORD WAS SET OR TIED.
MM INDICATES DATA IS MISSING.
T  INDICATES TRACE AMOUNT.




$$
