000
CDUS41 KBOX 070541
CLIBOS


CLIMATE REPORT
NATIONAL WEATHER SERVICE TAUNTON MA
135 AM EDT WED JUN 7 2017


...................................

...THE BOSTON MA CLIMATE SUMMARY FOR JUNE 6 2017...

CLIMATE NORMAL PERIOD 1981 TO 2010
CLIMATE RECORD PERIOD 1872 TO 2017


WEATHER ITEM   OBSERVED TIME   RECORD YEAR NORMAL DEPARTURE LAST
                VALUE   (LST)  VALUE       VALUE  FROM      YEAR
                                                  NORMAL
..................................................................
TEMPERATURE (F)
 YESTERDAY
  MAXIMUM         52    108 AM 100    1925  73    -21       84
  MINIMUM         47    159 PM  45    1945  57    -10       65
  AVERAGE         50                        65    -15       75

PRECIPITATION (IN)
  YESTERDAY        0.80          4.00 2000   0.14   0.66     0.00
  MONTH TO DATE    1.74                      0.86   0.88     0.91
  SINCE JUN 1      1.74                      0.86   0.88     0.91
  SINCE JAN 1     22.57                     19.02   3.55    17.25

SNOWFALL (IN)
  YESTERDAY        0.0           0.0  2002   0.0    0.0      0.0
                                      2001
                                      2000
  MONTH TO DATE    0.0                       0.0    0.0      0.0
  SINCE JUN 1      0.0                       0.0    0.0      0.0
  SINCE JUL 1     47.6                      43.8    3.8     36.1
  SNOW DEPTH       0

DEGREE DAYS
 HEATING
  YESTERDAY       15                         3     12        0
  MONTH TO DATE   35                        21     14        8
  SINCE JUN 1     35                        21     14        8
  SINCE JUL 1   5239                      5647   -408     4795

 COOLING
  YESTERDAY        0                         3     -3       10
  MONTH TO DATE    3                        14    -11       11
  SINCE JUN 1      3                        14    -11       11
  SINCE JAN 1     63                        44     19       56
..................................................................


WIND (MPH)
  RESULTANT WIND SPEED  19   RESULTANT WIND DIRECTION  NE (40)
  HIGHEST WIND SPEED    29   HIGHEST WIND DIRECTION    NE (40)
  HIGHEST GUST SPEED    38   HIGHEST GUST DIRECTION    NE (50)
  AVERAGE WIND SPEED    16.8


SKY COVER
  POSSIBLE SUNSHINE  MM
  AVERAGE SKY COVER 1.0


WEATHER CONDITIONS
 THE FOLLOWING WEATHER WAS RECORDED YESTERDAY.
  RAIN
  LIGHT RAIN
  FOG


RELATIVE HUMIDITY (PERCENT)
 HIGHEST   100           100 AM
 LOWEST     93           300 AM
 AVERAGE    97

..........................................................


THE BOSTON MA CLIMATE NORMALS FOR TODAY
                         NORMAL    RECORD    YEAR
 MAXIMUM TEMPERATURE (F)   73        97      1999
 MINIMUM TEMPERATURE (F)   57        45      1982
                                             1932
                                             1881


SUNRISE AND SUNSET
JUNE  7 2017..........SUNRISE   508 AM EDT   SUNSET   819 PM EDT
JUNE  8 2017..........SUNRISE   507 AM EDT   SUNSET   819 PM EDT


-  INDICATES NEGATIVE NUMBERS.
R  INDICATES RECORD WAS SET OR TIED.
MM INDICATES DATA IS MISSING.
T  INDICATES TRACE AMOUNT.




$$
