000
CDUS41 KBOX 210542
CLIBOS


CLIMATE REPORT
NATIONAL WEATHER SERVICE TAUNTON MA
138 AM EDT TUE JUL 21 2015


...................................

...THE BOSTON MA CLIMATE SUMMARY FOR JULY 20 2015...

CLIMATE NORMAL PERIOD 1981 TO 2010
CLIMATE RECORD PERIOD 1872 TO 2015


WEATHER ITEM   OBSERVED TIME   RECORD YEAR NORMAL DEPARTURE LAST
                VALUE   (LST)  VALUE       VALUE  FROM      YEAR
                                                  NORMAL
..................................................................
TEMPERATURE (F)
 YESTERDAY
  MAXIMUM         92    353 PM  99    1991  82     10       72
  MINIMUM         70    351 AM  54    1890  66      4       61
                                      1879
  AVERAGE         81                        74      7       67

PRECIPITATION (IN)
  YESTERDAY        T             1.78 1982   0.11  -0.11      T
  MONTH TO DATE    2.00                      2.09  -0.09     4.11
  SINCE JUN 1      7.01                      5.77   1.24     6.73
  SINCE JAN 1     20.50                     23.93  -3.43    24.68

SNOWFALL (IN)
  YESTERDAY        0.0           0.0  2002   0.0    0.0      0.0
                                      2001
                                      2000
  MONTH TO DATE    0.0                       0.0    0.0      0.0
  SINCE JUN 1      0.0                       0.0    0.0      0.0
  SINCE JUL 1      0.0                       0.0    0.0      0.0
  SNOW DEPTH      MM

DEGREE DAYS
 HEATING
  YESTERDAY        0                         0      0        0
  MONTH TO DATE    1                         0      1        0
  SINCE JUN 1     99                        55     44       28
  SINCE JUL 1      1                         0      1        0

 COOLING
  YESTERDAY       16                         9      7        2
  MONTH TO DATE  160                       169     -9      201
  SINCE JUN 1    257                       305    -48      339
  SINCE JAN 1    318                       335    -17      361
..................................................................


WIND (MPH)
  RESULTANT WIND SPEED   7   RESULTANT WIND DIRECTION   W (270)
  HIGHEST WIND SPEED    20   HIGHEST WIND DIRECTION     W (260)
  HIGHEST GUST SPEED    28   HIGHEST GUST DIRECTION     W (260)
  AVERAGE WIND SPEED     9.2


SKY COVER
  POSSIBLE SUNSHINE  MM
  AVERAGE SKY COVER 0.5


WEATHER CONDITIONS
 THE FOLLOWING WEATHER WAS RECORDED YESTERDAY.
  NO SIGNIFICANT WEATHER WAS OBSERVED.


RELATIVE HUMIDITY (PERCENT)
 HIGHEST    93           400 AM
 LOWEST     30           800 PM
 AVERAGE    62

..........................................................


THE BOSTON MA CLIMATE NORMALS FOR TODAY
                         NORMAL    RECORD    YEAR
 MAXIMUM TEMPERATURE (F)   82       102      1977
 MINIMUM TEMPERATURE (F)   66        52      1890


SUNRISE AND SUNSET
JULY 21 2015..........SUNRISE   526 AM EDT   SUNSET   815 PM EDT
JULY 22 2015..........SUNRISE   527 AM EDT   SUNSET   814 PM EDT


-  INDICATES NEGATIVE NUMBERS.
R  INDICATES RECORD WAS SET OR TIED.
MM INDICATES DATA IS MISSING.
T  INDICATES TRACE AMOUNT.




$$
