688
CDUS41 KBOX 020550
CLIBOS


CLIMATE REPORT
NATIONAL WEATHER SERVICE TAUNTON MA
1240 AM EST FRI DEC 2 2016


...................................

...THE BOSTON MA CLIMATE SUMMARY FOR DECEMBER 1 2016...

CLIMATE NORMAL PERIOD 1981 TO 2010
CLIMATE RECORD PERIOD 1872 TO 2016


WEATHER ITEM   OBSERVED TIME   RECORD YEAR NORMAL DEPARTURE LAST
                VALUE   (LST)  VALUE       VALUE  FROM      YEAR
                                                  NORMAL
..................................................................
TEMPERATURE (F)
 YESTERDAY
  MAXIMUM         57    115 PM  71    2001  46     11       45
  MINIMUM         43   1159 PM   0    1875  33     10       32
  AVERAGE         50                        40     10       39

PRECIPITATION (IN)
  YESTERDAY        0.31          1.35 1977   0.13   0.18     0.14
  MONTH TO DATE    0.31                      0.13   0.18     0.14
  SINCE DEC 1      0.31                      0.13   0.18     0.14
  SINCE JAN 1     30.11                     40.12 -10.01    30.66

SNOWFALL (IN)
  YESTERDAY        0.0           1.0  1940   0.2   -0.2      0.0
  MONTH TO DATE    0.0                       0.2   -0.2      0.0
  SINCE DEC 1      0.0                       0.2   -0.2      0.0
  SINCE JUL 1      T                         1.5   -1.5       T
  SNOW DEPTH      MM

DEGREE DAYS
 HEATING
  YESTERDAY       15                        25    -10       26
  MONTH TO DATE   15                        25    -10       26
  SINCE DEC 1     15                        25    -10       26
  SINCE JUL 1    930                      1080   -150      881

 COOLING
  YESTERDAY        0                         0      0        0
  MONTH TO DATE    0                         0      0        0
  SINCE DEC 1      0                         0      0        0
  SINCE JAN 1   1035                       747    288      921
..................................................................


WIND (MPH)
  RESULTANT WIND SPEED  10   RESULTANT WIND DIRECTION   W (280)
  HIGHEST WIND SPEED    25   HIGHEST WIND DIRECTION     W (270)
  HIGHEST GUST SPEED    34   HIGHEST GUST DIRECTION     W (260)
  AVERAGE WIND SPEED    15.6


SKY COVER
  POSSIBLE SUNSHINE  MM
  AVERAGE SKY COVER 0.6


WEATHER CONDITIONS
 THE FOLLOWING WEATHER WAS RECORDED YESTERDAY.
  RAIN
  LIGHT RAIN
  FOG


RELATIVE HUMIDITY (PERCENT)
 HIGHEST   100          1200 AM
 LOWEST     47           200 PM
 AVERAGE    74

..........................................................


THE BOSTON MA CLIMATE NORMALS FOR TODAY
                         NORMAL    RECORD    YEAR
 MAXIMUM TEMPERATURE (F)   46        65      1932
 MINIMUM TEMPERATURE (F)   33         4      1876


SUNRISE AND SUNSET
DECEMBER  2 2016......SUNRISE   655 AM EST   SUNSET   412 PM EST
DECEMBER  3 2016......SUNRISE   656 AM EST   SUNSET   412 PM EST


-  INDICATES NEGATIVE NUMBERS.
R  INDICATES RECORD WAS SET OR TIED.
MM INDICATES DATA IS MISSING.
T  INDICATES TRACE AMOUNT.




$$
