000
CDUS41 KBOX 300545
CLIBOS


CLIMATE REPORT
NATIONAL WEATHER SERVICE TAUNTON MA
142 AM EDT SUN JUL 30 2017


...................................

...THE BOSTON MA CLIMATE SUMMARY FOR JULY 29 2017...

CLIMATE NORMAL PERIOD 1981 TO 2010
CLIMATE RECORD PERIOD 1872 TO 2017


WEATHER ITEM   OBSERVED TIME   RECORD YEAR NORMAL DEPARTURE LAST
                VALUE   (LST)  VALUE       VALUE  FROM      YEAR
                                                  NORMAL
..................................................................
TEMPERATURE (F)
 YESTERDAY
  MAXIMUM         71    329 PM  97    1933  82    -11       79
                                      1931
  MINIMUM         60   1128 PM  55    1880  66     -6       72
  AVERAGE         66                        74     -8       76

PRECIPITATION (IN)
  YESTERDAY        0.00          1.81 1901   0.12  -0.12     0.06
  MONTH TO DATE    4.03                      3.17   0.86     0.72
  SINCE JUN 1      8.88                      6.85   2.03     2.05
  SINCE JAN 1     29.71                     25.01   4.70    18.39

SNOWFALL (IN)
  YESTERDAY        0.0           0.0  2001   0.0    0.0      0.0
  MONTH TO DATE    0.0                       0.0    0.0      0.0
  SINCE JUN 1      0.0                       0.0    0.0      0.0
  SINCE JUL 1      0.0                       0.0    0.0      0.0
  SNOW DEPTH      MM

DEGREE DAYS
 HEATING
  YESTERDAY        0                         0      0        0
  MONTH TO DATE   10                         0     10        7
  SINCE JUN 1     60                        55      5       24
  SINCE JUL 1     10                         0     10        7

 COOLING
  YESTERDAY        1                         9     -8       11
  MONTH TO DATE  242                       250     -8      341
  SINCE JUN 1    433                       386     47      470
  SINCE JAN 1    493                       416     77      515
..................................................................


WIND (MPH)
  RESULTANT WIND SPEED  13   RESULTANT WIND DIRECTION  NE (30)
  HIGHEST WIND SPEED    23   HIGHEST WIND DIRECTION    NE (40)
  HIGHEST GUST SPEED    28   HIGHEST GUST DIRECTION    NE (40)
  AVERAGE WIND SPEED    13.8


SKY COVER
  POSSIBLE SUNSHINE  MM
  AVERAGE SKY COVER 0.8


WEATHER CONDITIONS
 THE FOLLOWING WEATHER WAS RECORDED YESTERDAY.
  NO SIGNIFICANT WEATHER WAS OBSERVED.


RELATIVE HUMIDITY (PERCENT)
 HIGHEST    78           200 AM
 LOWEST     53           200 PM
 AVERAGE    66

..........................................................


THE BOSTON MA CLIMATE NORMALS FOR TODAY
                         NORMAL    RECORD    YEAR
 MAXIMUM TEMPERATURE (F)   82        98      1933
                                             1917
 MINIMUM TEMPERATURE (F)   66        52      1880


SUNRISE AND SUNSET
JULY 30 2017..........SUNRISE   535 AM EDT   SUNSET   806 PM EDT
JULY 31 2017..........SUNRISE   536 AM EDT   SUNSET   804 PM EDT


-  INDICATES NEGATIVE NUMBERS.
R  INDICATES RECORD WAS SET OR TIED.
MM INDICATES DATA IS MISSING.
T  INDICATES TRACE AMOUNT.




$$
