000
CDUS41 KBOX 072137
CLIBOS


CLIMATE REPORT
NATIONAL WEATHER SERVICE TAUNTON MA
431 PM EST TUE FEB 7 2017


...................................

...THE BOSTON MA CLIMATE SUMMARY FOR FEBRUARY 7 2017...
VALID AS OF 0400 PM LOCAL TIME.

CLIMATE NORMAL PERIOD 1981 TO 2010
CLIMATE RECORD PERIOD 1872 TO 2017


WEATHER ITEM   OBSERVED TIME   RECORD YEAR NORMAL DEPARTURE LAST
                VALUE   (LST)  VALUE       VALUE  FROM      YEAR
                                                  NORMAL
..................................................................
TEMPERATURE (F)
 TODAY
  MAXIMUM         37    207 PM  56    1925  37      0       44
                                      1878
  MINIMUM         33   1211 PM  -5    1875  23     10       29
  AVERAGE         35                        30      5       37

PRECIPITATION (IN)
  TODAY            0.31          1.93 1978   0.11   0.20     0.00
  MONTH TO DATE    0.36                      0.76  -0.40     1.30
  SINCE DEC 1      7.86                      7.90  -0.04     8.85
  SINCE JAN 1      4.61                      4.12   0.49     4.57

SNOWFALL (IN)
  TODAY            2.5          19.0  1978   0.4    2.1      0.0
  MONTH TO DATE    3.3                       2.7    0.6      6.8
  SINCE DEC 1     18.1                      24.6   -6.5     17.2
  SINCE JUL 1     18.1                      25.9   -7.8     17.2
  SNOW DEPTH      MM

DEGREE DAYS
 HEATING
  TODAY           30                        35     -5       28
  MONTH TO DATE  223                       245    -22      163
  SINCE DEC 1   2058                      2300   -242     1767
  SINCE JUL 1   2973                      3355   -382     2622

 COOLING
  TODAY            0                         0      0        0
  MONTH TO DATE    0                         0      0        0
  SINCE DEC 1      0                         0      0        0
  SINCE JAN 1      0                         0      0        0
..................................................................


WIND (MPH)
  HIGHEST WIND SPEED    26   HIGHEST WIND DIRECTION    NE (60)
  HIGHEST GUST SPEED    31   HIGHEST GUST DIRECTION    NE (60)
  AVERAGE WIND SPEED    14.4


SKY COVER
  POSSIBLE SUNSHINE  MM
  AVERAGE SKY COVER 1.0


WEATHER CONDITIONS
 THE FOLLOWING WEATHER WAS RECORDED TODAY.
  LIGHT RAIN
  SNOW
  LIGHT SNOW
  FOG


RELATIVE HUMIDITY (PERCENT)
 HIGHEST   100          1200 PM
 LOWEST     43          1200 AM
 AVERAGE    72

..........................................................


THE BOSTON MA CLIMATE NORMALS FOR TOMORROW
                         NORMAL    RECORD    YEAR
 MAXIMUM TEMPERATURE (F)   38        66      1933
 MINIMUM TEMPERATURE (F)   24       -12      1934


SUNRISE AND SUNSET
FEBRUARY  7 2017......SUNRISE   651 AM EST   SUNSET   506 PM EST
FEBRUARY  8 2017......SUNRISE   649 AM EST   SUNSET   508 PM EST


-  INDICATES NEGATIVE NUMBERS.
R  INDICATES RECORD WAS SET OR TIED.
MM INDICATES DATA IS MISSING.
T  INDICATES TRACE AMOUNT.




$$
