610
CDUS41 KBOX 220624
CLIBOS


CLIMATE REPORT
NATIONAL WEATHER SERVICE TAUNTON MA
220 AM EDT WED MAR 22 2017


...................................

...THE BOSTON MA CLIMATE SUMMARY FOR MARCH 21 2017...

CLIMATE NORMAL PERIOD 1981 TO 2010
CLIMATE RECORD PERIOD 1872 TO 2017


WEATHER ITEM   OBSERVED TIME   RECORD YEAR NORMAL DEPARTURE LAST
                VALUE   (LST)  VALUE       VALUE  FROM      YEAR
                                                  NORMAL
..................................................................
TEMPERATURE (F)
 YESTERDAY
  MAXIMUM         53    559 PM  83    1921  47      6       44
  MINIMUM         40    601 AM   7    1885  32      8       28
  AVERAGE         47                        40      7       36

PRECIPITATION (IN)
  YESTERDAY        0.00          2.50 1876   0.15  -0.15     0.22
  MONTH TO DATE    1.94                      2.85  -0.91     2.59
  SINCE MAR 1      1.94                      2.85  -0.91     2.59
  SINCE JAN 1      9.41                      9.46  -0.05    10.03

SNOWFALL (IN)
  YESTERDAY        0.0           4.2  1958   0.2   -0.2      3.6
  MONTH TO DATE    9.5                       6.1    3.4      4.1
  SINCE MAR 1      9.5                       6.1    3.4      4.1
  SINCE JUL 1     45.8                      40.2    5.6     29.5
  SNOW DEPTH      MM

DEGREE DAYS
 HEATING
  YESTERDAY       18                        26     -8       29
  MONTH TO DATE  672                       591     81      483
  SINCE MAR 1    672                       591     81      483
  SINCE JUL 1   4211                      4633   -422     3813

 COOLING
  YESTERDAY        0                         0      0        0
  MONTH TO DATE    0                         0      0        0
  SINCE MAR 1      0                         0      0        0
  SINCE JAN 1      0                         0      0        0
..................................................................


WIND (MPH)
  RESULTANT WIND SPEED   5   RESULTANT WIND DIRECTION   W (280)
  HIGHEST WIND SPEED    15   HIGHEST WIND DIRECTION     W (290)
  HIGHEST GUST SPEED    24   HIGHEST GUST DIRECTION     W (280)
  AVERAGE WIND SPEED     9.0


SKY COVER
  POSSIBLE SUNSHINE  MM
  AVERAGE SKY COVER 0.5


WEATHER CONDITIONS
 THE FOLLOWING WEATHER WAS RECORDED YESTERDAY.
  NO SIGNIFICANT WEATHER WAS OBSERVED.


RELATIVE HUMIDITY (PERCENT)
 HIGHEST    53          1100 PM
 LOWEST     32           400 PM
 AVERAGE    43

..........................................................


THE BOSTON MA CLIMATE NORMALS FOR TODAY
                         NORMAL    RECORD    YEAR
 MAXIMUM TEMPERATURE (F)   47        83      2012
 MINIMUM TEMPERATURE (F)   33         8      1885


SUNRISE AND SUNSET
MARCH 22 2017.........SUNRISE   644 AM EDT   SUNSET   659 PM EDT
MARCH 23 2017.........SUNRISE   642 AM EDT   SUNSET   700 PM EDT


-  INDICATES NEGATIVE NUMBERS.
R  INDICATES RECORD WAS SET OR TIED.
MM INDICATES DATA IS MISSING.
T  INDICATES TRACE AMOUNT.




$$
