000
CDUS41 KBOX 210555
CLIBOS


CLIMATE REPORT
NATIONAL WEATHER SERVICE TAUNTON MA
155 AM EDT SUN SEP 21 2014


...................................

...THE BOSTON MA CLIMATE SUMMARY FOR SEPTEMBER 20 2014...

CLIMATE NORMAL PERIOD 1981 TO 2010
CLIMATE RECORD PERIOD 1872 TO 2014


WEATHER ITEM   OBSERVED TIME   RECORD YEAR NORMAL DEPARTURE LAST
                VALUE   (LST)  VALUE       VALUE  FROM      YEAR
                                                  NORMAL
..................................................................
TEMPERATURE (F)
 YESTERDAY
  MAXIMUM         73    201 PM  97    1983  71      2       71
  MINIMUM         47    507 AM  42    1979  56     -9       55
                                      1964
                                      1929
  AVERAGE         60                        64     -4       63

PRECIPITATION (IN)
  YESTERDAY        0.00          2.82 1899   0.12  -0.12     0.00
  MONTH TO DATE    0.51                      2.19  -1.68     1.84
  SINCE SEP 1      0.51                      2.19  -1.68     1.84
  SINCE JAN 1     27.40                     30.81  -3.41    32.04

SNOWFALL (IN)
  YESTERDAY        0.0           0.0  2002   0.0    0.0      0.0
  MONTH TO DATE    0.0                       0.0    0.0      0.0
  SINCE SEP 1      0.0                       0.0    0.0      0.0
  SINCE JUL 1      0.0                       0.0    0.0      0.0
  SNOW DEPTH      MM

DEGREE DAYS
 HEATING
  YESTERDAY        5                         3      2        2
  MONTH TO DATE   48                        35     13       34
  SINCE SEP 1     48                        35     13       34
  SINCE JUL 1     48                        48      0       36

 COOLING
  YESTERDAY        0                         2     -2        0
  MONTH TO DATE   96                        68     28       80
  SINCE SEP 1     96                        68     28       80
  SINCE JAN 1    735                       727      8      901
..................................................................


WIND (MPH)
  RESULTANT WIND SPEED  11   RESULTANT WIND DIRECTION   S (190)
  HIGHEST WIND SPEED    22   HIGHEST WIND DIRECTION     S (200)
  HIGHEST GUST SPEED    26   HIGHEST GUST DIRECTION     S (200)
  AVERAGE WIND SPEED    11.5


SKY COVER
  POSSIBLE SUNSHINE  MM
  AVERAGE SKY COVER 0.4


WEATHER CONDITIONS
 THE FOLLOWING WEATHER WAS RECORDED YESTERDAY.
  NO SIGNIFICANT WEATHER WAS OBSERVED.


RELATIVE HUMIDITY (PERCENT)
 HIGHEST    82           500 AM
 LOWEST     49          1100 AM
 AVERAGE    66

..........................................................


THE BOSTON MA CLIMATE NORMALS FOR TODAY
                         NORMAL    RECORD    YEAR
 MAXIMUM TEMPERATURE (F)   71        94      1895
 MINIMUM TEMPERATURE (F)   56        40      1929
                                             1904


SUNRISE AND SUNSET
SEPTEMBER 21 2014.....SUNRISE   630 AM EDT   SUNSET   643 PM EDT
SEPTEMBER 22 2014.....SUNRISE   631 AM EDT   SUNSET   641 PM EDT


-  INDICATES NEGATIVE NUMBERS.
R  INDICATES RECORD WAS SET OR TIED.
MM INDICATES DATA IS MISSING.
T  INDICATES TRACE AMOUNT.




$$
