000
CDUS41 KBOX 222132
CLIBOS


CLIMATE REPORT
NATIONAL WEATHER SERVICE TAUNTON MA
422 PM EST MON JAN 22 2018


...................................

...THE BOSTON MA CLIMATE SUMMARY FOR JANUARY 22 2018...
VALID AS OF 0400 PM LOCAL TIME.

CLIMATE NORMAL PERIOD 1981 TO 2010
CLIMATE RECORD PERIOD 1872 TO 2018


WEATHER ITEM   OBSERVED TIME   RECORD YEAR NORMAL DEPARTURE LAST
                VALUE   (LST)  VALUE       VALUE  FROM      YEAR
                                                  NORMAL
..................................................................
TEMPERATURE (F)
 TODAY
  MAXIMUM         38    359 PM  66    1916  36      2       48
  MINIMUM         34    115 AM  -3    1888  22     12       39
  AVERAGE         36                        29      7       44

PRECIPITATION (IN)
  TODAY            0.05          2.00 1881   0.11  -0.06     0.06
  MONTH TO DATE    3.47                      2.41   1.06     2.72
  SINCE DEC 1      5.96                      6.19  -0.23     5.97
  SINCE JAN 1      3.47                      2.41   1.06     2.72

SNOWFALL (IN)
  TODAY            0.0           9.1  2005   0.4   -0.4      0.0
  MONTH TO DATE   15.4                       9.4    6.0      8.3
  SINCE DEC 1     24.6                      18.4    6.2     14.2
  SINCE JUL 1     24.6                      19.7    4.9     14.2
  SNOW DEPTH      MM

DEGREE DAYS
 HEATING
  TODAY           29                        36     -7       21
  MONTH TO DATE  838                       788     50      662
  SINCE DEC 1   1895                      1727    168     1578
  SINCE JUL 1   2722                      2782    -60     2493

 COOLING
  TODAY            0                         0      0        0
  MONTH TO DATE    0                         0      0        0
  SINCE DEC 1      0                         0      0        0
  SINCE JAN 1      0                         0      0        0
..................................................................


WIND (MPH)
  HIGHEST WIND SPEED    10   HIGHEST WIND DIRECTION    NE (40)
  HIGHEST GUST SPEED    13   HIGHEST GUST DIRECTION    NE (30)
  AVERAGE WIND SPEED     4.4


SKY COVER
  POSSIBLE SUNSHINE  MM
  AVERAGE SKY COVER 1.0


WEATHER CONDITIONS
 THE FOLLOWING WEATHER WAS RECORDED TODAY.
  LIGHT RAIN
  FOG


RELATIVE HUMIDITY (PERCENT)
 HIGHEST   100          1000 AM
 LOWEST     82          1200 AM
 AVERAGE    91

..........................................................


THE BOSTON MA CLIMATE NORMALS FOR TOMORROW
                         NORMAL    RECORD    YEAR
 MAXIMUM TEMPERATURE (F)   36        68      1906
 MINIMUM TEMPERATURE (F)   22        -6      1882


SUNRISE AND SUNSET
JANUARY 22 2018.......SUNRISE   707 AM EST   SUNSET   445 PM EST
JANUARY 23 2018.......SUNRISE   706 AM EST   SUNSET   447 PM EST


-  INDICATES NEGATIVE NUMBERS.
R  INDICATES RECORD WAS SET OR TIED.
MM INDICATES DATA IS MISSING.
T  INDICATES TRACE AMOUNT.




$$
