000
CDUS41 KBOX 262133
CLIBOS


CLIMATE REPORT
NATIONAL WEATHER SERVICE TAUNTON MA
528 PM EDT TUE JUL 26 2016


...................................

...THE BOSTON MA CLIMATE SUMMARY FOR JULY 26 2016...
VALID AS OF 0500 PM LOCAL TIME.

CLIMATE NORMAL PERIOD 1981 TO 2010
CLIMATE RECORD PERIOD 1872 TO 2016


WEATHER ITEM   OBSERVED TIME   RECORD YEAR NORMAL DEPARTURE LAST
                VALUE   (LST)  VALUE       VALUE  FROM      YEAR
                                                  NORMAL
..................................................................
TEMPERATURE (F)
 TODAY
  MAXIMUM         94    327 PM  96    1989  82     12       79
                                      1963
                                      1892
  MINIMUM         76    418 AM  56    1920  66     10       63
                                      1884
  AVERAGE         85                        74     11       71

PRECIPITATION (IN)
  TODAY            0.00          1.24 1900   0.12  -0.12      T
  MONTH TO DATE    0.66                      2.80  -2.14     2.01
  SINCE JUN 1      1.99                      6.48  -4.49     7.02
  SINCE JAN 1     18.33                     24.64  -6.31    20.51

SNOWFALL (IN)
  TODAY            0.0           0.0  2002   0.0    0.0      0.0
                                      2001
                                      2000
  MONTH TO DATE    0.0                       0.0    0.0      0.0
  SINCE JUN 1      0.0                       0.0    0.0      0.0
  SINCE JUL 1      0.0                       0.0    0.0      0.0
  SNOW DEPTH      MM

DEGREE DAYS
 HEATING
  TODAY            0                         0      0        0
  MONTH TO DATE    7                         0      7        1
  SINCE JUN 1     24                        55    -31       99
  SINCE JUL 1      7                         0      7        1

 COOLING
  TODAY           20                         9     11        6
  MONTH TO DATE  297                       223     74      209
  SINCE JUN 1    426                       359     67      306
  SINCE JAN 1    471                       389     82      367
..................................................................


WIND (MPH)
  HIGHEST WIND SPEED    18   HIGHEST WIND DIRECTION    NW (300)
  HIGHEST GUST SPEED    26   HIGHEST GUST DIRECTION    NW (310)
  AVERAGE WIND SPEED    12.9


SKY COVER
  POSSIBLE SUNSHINE  MM
  AVERAGE SKY COVER 0.2


WEATHER CONDITIONS
 THE FOLLOWING WEATHER WAS RECORDED TODAY.
  NO SIGNIFICANT WEATHER WAS OBSERVED.


RELATIVE HUMIDITY (PERCENT)
 HIGHEST    74           100 AM
 LOWEST     30           200 PM
 AVERAGE    52

..........................................................


THE BOSTON MA CLIMATE NORMALS FOR TOMORROW
                         NORMAL    RECORD    YEAR
 MAXIMUM TEMPERATURE (F)   82        98      1882
 MINIMUM TEMPERATURE (F)   66        52      1876


SUNRISE AND SUNSET
JULY 26 2016..........SUNRISE   531 AM EDT   SUNSET   810 PM EDT
JULY 27 2016..........SUNRISE   532 AM EDT   SUNSET   809 PM EDT


-  INDICATES NEGATIVE NUMBERS.
R  INDICATES RECORD WAS SET OR TIED.
MM INDICATES DATA IS MISSING.
T  INDICATES TRACE AMOUNT.




$$
