000
CDUS41 KBOX 280545
CLIBOS


CLIMATE REPORT
NATIONAL WEATHER SERVICE TAUNTON MA
141 AM EDT WED JUN 28 2017


...................................

...THE BOSTON MA CLIMATE SUMMARY FOR JUNE 27 2017...

CLIMATE NORMAL PERIOD 1981 TO 2010
CLIMATE RECORD PERIOD 1872 TO 2017


WEATHER ITEM   OBSERVED TIME   RECORD YEAR NORMAL DEPARTURE LAST
                VALUE   (LST)  VALUE       VALUE  FROM      YEAR
                                                  NORMAL
..................................................................
TEMPERATURE (F)
 YESTERDAY
  MAXIMUM         77    225 PM  96    2007  79     -2       86
                                      1941
  MINIMUM         58   1137 PM  52    1985  63     -5       64
                                      1897
                                      1884
  AVERAGE         68                        71     -3       75

PRECIPITATION (IN)
  YESTERDAY        0.08          1.73 1938   0.10  -0.02     0.00
  MONTH TO DATE    4.78                      3.40   1.38     1.22
  SINCE JUN 1      4.78                      3.40   1.38     1.22
  SINCE JAN 1     25.61                     21.56   4.05    17.56

SNOWFALL (IN)
  YESTERDAY        0.0           0.0  2002   0.0    0.0      0.0
                                      2001
                                      2000
  MONTH TO DATE    0.0                       0.0    0.0      0.0
  SINCE JUN 1      0.0                       0.0    0.0      0.0
  SINCE JUL 1     47.6                      43.8    3.8     36.1
  SNOW DEPTH      MM

DEGREE DAYS
 HEATING
  YESTERDAY        0                         1     -1        0
  MONTH TO DATE   50                        55     -5       17
  SINCE JUN 1     50                        55     -5       17
  SINCE JUL 1   5254                      5681   -427     4804

 COOLING
  YESTERDAY        3                         7     -4       10
  MONTH TO DATE  170                       115     55       98
  SINCE JUN 1    170                       115     55       98
  SINCE JAN 1    230                       145     85      143
..................................................................


WIND (MPH)
  RESULTANT WIND SPEED   6   RESULTANT WIND DIRECTION   S (190)
  HIGHEST WIND SPEED    31   HIGHEST WIND DIRECTION     W (260)
  HIGHEST GUST SPEED    39   HIGHEST GUST DIRECTION     W (270)
  AVERAGE WIND SPEED     9.6


SKY COVER
  POSSIBLE SUNSHINE  MM
  AVERAGE SKY COVER 0.6


WEATHER CONDITIONS
 THE FOLLOWING WEATHER WAS RECORDED YESTERDAY.
  THUNDERSTORM
  LIGHT RAIN


RELATIVE HUMIDITY (PERCENT)
 HIGHEST    84           700 AM
 LOWEST     43           400 PM
 AVERAGE    64

..........................................................


THE BOSTON MA CLIMATE NORMALS FOR TODAY
                         NORMAL    RECORD    YEAR
 MAXIMUM TEMPERATURE (F)   80        97      1991
                                             1901
 MINIMUM TEMPERATURE (F)   63        52      2015
                                             1970
                                             1918


SUNRISE AND SUNSET
JUNE 28 2017..........SUNRISE   510 AM EDT   SUNSET   825 PM EDT
JUNE 29 2017..........SUNRISE   510 AM EDT   SUNSET   825 PM EDT


-  INDICATES NEGATIVE NUMBERS.
R  INDICATES RECORD WAS SET OR TIED.
MM INDICATES DATA IS MISSING.
T  INDICATES TRACE AMOUNT.




$$
