000
CDUS41 KBOX 291235
CLIBOS


CLIMATE REPORT
NATIONAL WEATHER SERVICE TAUNTON MA
835 AM EDT THU SEP 29 2016


...................................

...THE BOSTON MA CLIMATE SUMMARY FOR SEPTEMBER 28 2016...

CLIMATE NORMAL PERIOD 1981 TO 2010
CLIMATE RECORD PERIOD 1872 TO 2016


WEATHER ITEM   OBSERVED TIME   RECORD YEAR NORMAL DEPARTURE LAST
                VALUE   (LST)  VALUE       VALUE  FROM      YEAR
                                                  NORMAL
..................................................................
TEMPERATURE (F)
 YESTERDAY
  MAXIMUM         61    408 AM  90    1881  68     -7       78
                                      1873
  MINIMUM         56    454 PM  37    1947  53      3       56
  AVERAGE         59                        60     -1       67

PRECIPITATION (IN)
  YESTERDAY        T             1.88 2004   0.13  -0.13     0.00
  MONTH TO DATE    1.25                      3.19  -1.94     1.43
  SINCE SEP 1      1.25                      3.19  -1.94     1.43
  SINCE JAN 1     21.51                     31.81 -10.30    24.21

SNOWFALL (IN)
  YESTERDAY        0.0           0.0  2001   0.0    0.0      0.0
                                      2000
  MONTH TO DATE    0.0                       0.0    0.0      0.0
  SINCE SEP 1      0.0                       0.0    0.0      0.0
  SINCE JUL 1      0.0                       0.0    0.0      0.0
  SNOW DEPTH       0

DEGREE DAYS
 HEATING
  YESTERDAY        6                         6      0        0
  MONTH TO DATE   32                        72    -40       33
  SINCE SEP 1     32                        72    -40       33
  SINCE JUL 1     39                        85    -46       34

 COOLING
  YESTERDAY        0                         1     -1        2
  MONTH TO DATE  128                        78     50      154
  SINCE SEP 1    128                        78     50      154
  SINCE JAN 1   1022                       737    285      904
..................................................................


WIND (MPH)
  RESULTANT WIND SPEED  17   RESULTANT WIND DIRECTION  NE (40)
  HIGHEST WIND SPEED    26   HIGHEST WIND DIRECTION    NE (40)
  HIGHEST GUST SPEED    32   HIGHEST GUST DIRECTION    NE (40)
  AVERAGE WIND SPEED    17.6


SKY COVER
  POSSIBLE SUNSHINE  MM
  AVERAGE SKY COVER 1.0


WEATHER CONDITIONS
 THE FOLLOWING WEATHER WAS RECORDED YESTERDAY.
  LIGHT RAIN


RELATIVE HUMIDITY (PERCENT)
 HIGHEST   100           100 AM
 LOWEST     80          1200 PM
 AVERAGE    90

..........................................................


THE BOSTON MA CLIMATE NORMALS FOR TODAY
                         NORMAL    RECORD    YEAR
 MAXIMUM TEMPERATURE (F)   68        88      1952
 MINIMUM TEMPERATURE (F)   52        34      1914


SUNRISE AND SUNSET
SEPTEMBER 29 2016.....SUNRISE   639 AM EDT   SUNSET   628 PM EDT
SEPTEMBER 30 2016.....SUNRISE   641 AM EDT   SUNSET   627 PM EDT


-  INDICATES NEGATIVE NUMBERS.
R  INDICATES RECORD WAS SET OR TIED.
MM INDICATES DATA IS MISSING.
T  INDICATES TRACE AMOUNT.




$$
