000
CDUS41 KBOX 190515
CLIBOS


CLIMATE REPORT
NATIONAL WEATHER SERVICE TAUNTON MA
105 AM EDT THU OCT 19 2017


...................................

...THE BOSTON MA CLIMATE SUMMARY FOR OCTOBER 18 2017...
VALID AS OF 0100 AM LOCAL TIME.

CLIMATE NORMAL PERIOD 1981 TO 2010
CLIMATE RECORD PERIOD 1872 TO 2017


WEATHER ITEM   OBSERVED TIME   RECORD YEAR NORMAL DEPARTURE LAST
                VALUE   (LST)  VALUE       VALUE  FROM      YEAR
                                                  NORMAL
..................................................................
TEMPERATURE (F)
 TODAY
  MAXIMUM         72    327 PM  82    1947  61     11       69
  MINIMUM         47    107 AM  31    1939  46      1       57
                                      1883
  AVERAGE         60                        53      7       63

PRECIPITATION (IN)
  TODAY            0.00          3.13 1932   0.12  -0.12     0.14
  MONTH TO DATE    0.49                      2.29  -1.80     2.73
  SINCE SEP 1      4.22                      5.73  -1.51     4.11
  SINCE JAN 1     35.51                     34.35   1.16    24.37

SNOWFALL (IN)
  TODAY            0.0           0.1  2009   0.0    0.0      0.0
  MONTH TO DATE    0.0                       0.0    0.0      0.0
  SINCE SEP 1      0.0                       0.0    0.0      0.0
  SINCE JUL 1      0.0                       0.0    0.0      0.0
  SNOW DEPTH      MM

DEGREE DAYS
 HEATING
  TODAY            5                        12     -7        2
  MONTH TO DATE   78                       168    -90      139
  SINCE SEP 1    115                       252   -137      185
  SINCE JUL 1    127                       265   -138      192

 COOLING
  TODAY            0                         0      0        0
  MONTH TO DATE   36                         6     30        4
  SINCE SEP 1    147                        87     60      132
  SINCE JAN 1    876                       746    130     1026
..................................................................


WIND (MPH)
  HIGHEST WIND SPEED    18   HIGHEST WIND DIRECTION    SW (230)
  HIGHEST GUST SPEED    23   HIGHEST GUST DIRECTION    SW (240)
  AVERAGE WIND SPEED    11.1


SKY COVER
  POSSIBLE SUNSHINE  MM
  AVERAGE SKY COVER 0.1


WEATHER CONDITIONS
 THE FOLLOWING WEATHER WAS RECORDED TODAY.
  NO SIGNIFICANT WEATHER WAS OBSERVED.


RELATIVE HUMIDITY (PERCENT)
 HIGHEST    71          1200 AM
 LOWEST     29           300 PM
 AVERAGE    50

..........................................................


THE BOSTON MA CLIMATE NORMALS FOR TOMORROW
                         NORMAL    RECORD    YEAR
 MAXIMUM TEMPERATURE (F)   60        84      1945
 MINIMUM TEMPERATURE (F)   45        28      1922


SUNRISE AND SUNSET
OCTOBER 18 2017.......SUNRISE   701 AM EDT   SUNSET   557 PM EDT
OCTOBER 19 2017.......SUNRISE   702 AM EDT   SUNSET   556 PM EDT


-  INDICATES NEGATIVE NUMBERS.
R  INDICATES RECORD WAS SET OR TIED.
MM INDICATES DATA IS MISSING.
T  INDICATES TRACE AMOUNT.




$$
