000
CDUS41 KBOX 240534
CLIBOS


CLIMATE REPORT
NATIONAL WEATHER SERVICE TAUNTON MA
1231 AM EST WED DEC 24 2014


...................................

...THE BOSTON MA CLIMATE SUMMARY FOR DECEMBER 23 2014...

CLIMATE NORMAL PERIOD 1981 TO 2010
CLIMATE RECORD PERIOD 1872 TO 2014


WEATHER ITEM   OBSERVED TIME   RECORD YEAR NORMAL DEPARTURE LAST
                VALUE   (LST)  VALUE       VALUE  FROM      YEAR
                                                  NORMAL
..................................................................
TEMPERATURE (F)
 YESTERDAY
  MAXIMUM         47    812 PM  67    1990  39      8       40
  MINIMUM         42   1159 PM -12    1883  26     16       33
  AVERAGE         45                        32     13       37

PRECIPITATION (IN)
  YESTERDAY        0.25          1.22 1947   0.12   0.13     0.68
  MONTH TO DATE    5.85                      2.88   2.97     3.25
  SINCE DEC 1      5.85                      2.88   2.97     3.25
  SINCE JAN 1     44.54                     42.87   1.67    38.99

SNOWFALL (IN)
  YESTERDAY        0.0           8.3  1947   0.4   -0.4      0.0
  MONTH TO DATE    0.3                       6.0   -5.7     11.4
  SINCE DEC 1      0.3                       6.0   -5.7     11.4
  SINCE JUL 1      2.9                       7.3   -4.4     11.4
  SNOW DEPTH      MM

DEGREE DAYS
 HEATING
  YESTERDAY       20                        33    -13       28
  MONTH TO DATE  621                       667    -46      699
  SINCE DEC 1    621                       667    -46      699
  SINCE JUL 1   1634                      1722    -88     1715

 COOLING
  YESTERDAY        0                         0      0        0
  MONTH TO DATE    0                         0      0        0
  SINCE DEC 1      0                         0      0        0
  SINCE JAN 1    769                       747     22      920
..................................................................


WIND (MPH)
  RESULTANT WIND SPEED  12   RESULTANT WIND DIRECTION   E (70)
  HIGHEST WIND SPEED    20   HIGHEST WIND DIRECTION    NE (60)
  HIGHEST GUST SPEED    25   HIGHEST GUST DIRECTION    NE (60)
  AVERAGE WIND SPEED    12.7


SKY COVER
  POSSIBLE SUNSHINE  MM
  AVERAGE SKY COVER 1.0


WEATHER CONDITIONS
 THE FOLLOWING WEATHER WAS RECORDED YESTERDAY.
  RAIN
  LIGHT RAIN
  FOG


RELATIVE HUMIDITY (PERCENT)
 HIGHEST   100           700 AM
 LOWEST     82          1200 AM
 AVERAGE    91

..........................................................


THE BOSTON MA CLIMATE NORMALS FOR TODAY
                         NORMAL    RECORD    YEAR
 MAXIMUM TEMPERATURE (F)   39        61      1996
 MINIMUM TEMPERATURE (F)   26         0      1943
                                             1892


SUNRISE AND SUNSET
DECEMBER 24 2014......SUNRISE   711 AM EST   SUNSET   416 PM EST
DECEMBER 25 2014......SUNRISE   712 AM EST   SUNSET   417 PM EST


-  INDICATES NEGATIVE NUMBERS.
R  INDICATES RECORD WAS SET OR TIED.
MM INDICATES DATA IS MISSING.
T  INDICATES TRACE AMOUNT.




$$
