000
CDUS41 KBOX 180537
CLIBOS


CLIMATE REPORT
NATIONAL WEATHER SERVICE TAUNTON MA
135 AM EDT FRI APR 18 2014


...................................

...THE BOSTON MA CLIMATE SUMMARY FOR APRIL 17 2014...

CLIMATE NORMAL PERIOD 1981 TO 2010
CLIMATE RECORD PERIOD 1872 TO 2014


WEATHER ITEM   OBSERVED TIME   RECORD YEAR NORMAL DEPARTURE LAST
                VALUE   (LST)  VALUE       VALUE  FROM      YEAR
                                                  NORMAL
..................................................................
TEMPERATURE (F)
 YESTERDAY
  MAXIMUM         40    211 PM  93    2002  56    -16       66
  MINIMUM         32    542 AM  26    1908  41     -9       47
  AVERAGE         36                        49    -13       57

PRECIPITATION (IN)
  YESTERDAY        0.00          2.47 1954   0.12  -0.12      T
  MONTH TO DATE    2.26                      2.28  -0.02     0.78
  SINCE MAR 1      6.74                      6.60   0.14     4.10
  SINCE JAN 1     14.11                     13.21   0.90    10.44

SNOWFALL (IN)
  YESTERDAY        0.0           0.6  1935   0.0    0.0      0.0
  MONTH TO DATE    0.3                       1.6   -1.3       T
  SINCE MAR 1      2.5                       9.4   -6.9     20.6
  SINCE JUL 1     58.9                      43.5   15.4     63.4
  SNOW DEPTH      MM

DEGREE DAYS
 HEATING
  YESTERDAY       29                        16     13        8
  MONTH TO DATE  278                       326    -48      308
  SINCE MAR 1   1248                      1155     93     1147
  SINCE JUL 1   5396                      5197    199     4949

 COOLING
  YESTERDAY        0                         0      0        0
  MONTH TO DATE    1                         0      1        0
  SINCE MAR 1      1                         0      1        0
  SINCE JAN 1      1                         0      1        0
..................................................................


WIND (MPH)
  RESULTANT WIND SPEED  13   RESULTANT WIND DIRECTION  NE (50)
  HIGHEST WIND SPEED    22   HIGHEST WIND DIRECTION    NE (60)
  HIGHEST GUST SPEED    28   HIGHEST GUST DIRECTION     E (70)
  AVERAGE WIND SPEED    13.9


SKY COVER
  POSSIBLE SUNSHINE  MM
  AVERAGE SKY COVER 0.4


WEATHER CONDITIONS
 THE FOLLOWING WEATHER WAS RECORDED YESTERDAY.
  NO SIGNIFICANT WEATHER WAS OBSERVED.


RELATIVE HUMIDITY (PERCENT)
 HIGHEST    75          1000 PM
 LOWEST     47          1200 AM
 AVERAGE    61

..........................................................


THE BOSTON MA CLIMATE NORMALS FOR TODAY
                         NORMAL    RECORD    YEAR
 MAXIMUM TEMPERATURE (F)   57        94      1976
 MINIMUM TEMPERATURE (F)   42        26      1887
                                             1875


SUNRISE AND SUNSET
APRIL 18 2014.........SUNRISE   559 AM EDT   SUNSET   729 PM EDT
APRIL 19 2014.........SUNRISE   557 AM EDT   SUNSET   730 PM EDT


-  INDICATES NEGATIVE NUMBERS.
R  INDICATES RECORD WAS SET OR TIED.
MM INDICATES DATA IS MISSING.
T  INDICATES TRACE AMOUNT.




$$
