000
CDUS41 KBOX 230532
CLIBOS


CLIMATE REPORT
NATIONAL WEATHER SERVICE TAUNTON MA
132 AM EDT WED APR 23 2014


...................................

...THE BOSTON MA CLIMATE SUMMARY FOR APRIL 22 2014...

CLIMATE NORMAL PERIOD 1981 TO 2010
CLIMATE RECORD PERIOD 1872 TO 2014


WEATHER ITEM   OBSERVED TIME   RECORD YEAR NORMAL DEPARTURE LAST
                VALUE   (LST)  VALUE       VALUE  FROM      YEAR
                                                  NORMAL
..................................................................
TEMPERATURE (F)
 YESTERDAY
  MAXIMUM         73    103 PM  88    1977  58     15       49
  MINIMUM         47    513 AM  26    1875  43      4       36
  AVERAGE         60                        50     10       43

PRECIPITATION (IN)
  YESTERDAY        0.05          1.89 1937   0.12  -0.07     0.00
  MONTH TO DATE    2.31                      2.84  -0.53     1.21
  SINCE MAR 1      6.79                      7.16  -0.37     4.53
  SINCE JAN 1     14.16                     13.77   0.39    10.87

SNOWFALL (IN)
  YESTERDAY        0.0           1.3  1940   0.0    0.0      0.0
  MONTH TO DATE    0.3                       1.8   -1.5       T
  SINCE MAR 1      2.5                       9.6   -7.1     20.6
  SINCE JUL 1     58.9                      43.7   15.2     63.4
  SNOW DEPTH      MM

DEGREE DAYS
 HEATING
  YESTERDAY        5                        15    -10       22
  MONTH TO DATE  359                       403    -44      373
  SINCE MAR 1   1329                      1232     97     1212
  SINCE JUL 1   5477                      5274    203     5014

 COOLING
  YESTERDAY        0                         0      0        0
  MONTH TO DATE    1                         0      1        0
  SINCE MAR 1      1                         0      1        0
  SINCE JAN 1      1                         0      1        0
..................................................................


WIND (MPH)
  RESULTANT WIND SPEED  12   RESULTANT WIND DIRECTION   S (200)
  HIGHEST WIND SPEED    21   HIGHEST WIND DIRECTION     S (190)
  HIGHEST GUST SPEED    26   HIGHEST GUST DIRECTION     S (170)
  AVERAGE WIND SPEED    11.8


SKY COVER
  POSSIBLE SUNSHINE  MM
  AVERAGE SKY COVER 0.7


WEATHER CONDITIONS
 THE FOLLOWING WEATHER WAS RECORDED YESTERDAY.
  LIGHT RAIN
  FOG


RELATIVE HUMIDITY (PERCENT)
 HIGHEST    93          1000 PM
 LOWEST     31          1100 AM
 AVERAGE    62

..........................................................


THE BOSTON MA CLIMATE NORMALS FOR TODAY
                         NORMAL    RECORD    YEAR
 MAXIMUM TEMPERATURE (F)   58        86      2007
 MINIMUM TEMPERATURE (F)   43        29      1933


SUNRISE AND SUNSET
APRIL 23 2014.........SUNRISE   551 AM EDT   SUNSET   735 PM EDT
APRIL 24 2014.........SUNRISE   549 AM EDT   SUNSET   736 PM EDT


-  INDICATES NEGATIVE NUMBERS.
R  INDICATES RECORD WAS SET OR TIED.
MM INDICATES DATA IS MISSING.
T  INDICATES TRACE AMOUNT.




$$
