000
CDUS41 KBOX 230546
CLIBOS


CLIMATE REPORT
NATIONAL WEATHER SERVICE TAUNTON MA
146 AM EDT TUE SEP 23 2014


...................................

...THE BOSTON MA CLIMATE SUMMARY FOR SEPTEMBER 22 2014...

CLIMATE NORMAL PERIOD 1981 TO 2010
CLIMATE RECORD PERIOD 1872 TO 2014


WEATHER ITEM   OBSERVED TIME   RECORD YEAR NORMAL DEPARTURE LAST
                VALUE   (LST)  VALUE       VALUE  FROM      YEAR
                                                  NORMAL
..................................................................
TEMPERATURE (F)
 YESTERDAY
  MAXIMUM         74    110 PM  94    1895  70      4       73
  MINIMUM         53   1159 PM  35    1904  55     -2       55
  AVERAGE         64                        63      1       64

PRECIPITATION (IN)
  YESTERDAY        0.00          1.88 1998   0.12  -0.12     0.37
  MONTH TO DATE    0.52                      2.44  -1.92     2.21
  SINCE SEP 1      0.52                      2.44  -1.92     2.21
  SINCE JAN 1     27.41                     31.06  -3.65    32.41

SNOWFALL (IN)
  YESTERDAY        0.0           0.0  2002   0.0    0.0      0.0
                                      2001
                                      2000
  MONTH TO DATE    0.0                       0.0    0.0      0.0
  SINCE SEP 1      0.0                       0.0    0.0      0.0
  SINCE JUL 1      0.0                       0.0    0.0      0.0
  SNOW DEPTH       0

DEGREE DAYS
 HEATING
  YESTERDAY        1                         4     -3        1
  MONTH TO DATE   49                        43      6       35
  SINCE SEP 1     49                        43      6       35
  SINCE JUL 1     49                        56     -7       37

 COOLING
  YESTERDAY        0                         2     -2        0
  MONTH TO DATE  104                        72     32       82
  SINCE SEP 1    104                        72     32       82
  SINCE JAN 1    743                       731     12      903
..................................................................


WIND (MPH)
  RESULTANT WIND SPEED  15   RESULTANT WIND DIRECTION   W (270)
  HIGHEST WIND SPEED    26   HIGHEST WIND DIRECTION     W (290)
  HIGHEST GUST SPEED    33   HIGHEST GUST DIRECTION     W (250)
  AVERAGE WIND SPEED    15.3


SKY COVER
  POSSIBLE SUNSHINE  MM
  AVERAGE SKY COVER 0.2


WEATHER CONDITIONS
 THE FOLLOWING WEATHER WAS RECORDED YESTERDAY.
  NO SIGNIFICANT WEATHER WAS OBSERVED.


RELATIVE HUMIDITY (PERCENT)
 HIGHEST    97          1200 AM
 LOWEST     35           200 PM
 AVERAGE    66

..........................................................


THE BOSTON MA CLIMATE NORMALS FOR TODAY
                         NORMAL    RECORD    YEAR
 MAXIMUM TEMPERATURE (F)   70        96      1895
 MINIMUM TEMPERATURE (F)   55        35      1904
                                             1875


SUNRISE AND SUNSET
SEPTEMBER 23 2014.....SUNRISE   632 AM EDT   SUNSET   640 PM EDT
SEPTEMBER 24 2014.....SUNRISE   634 AM EDT   SUNSET   638 PM EDT


-  INDICATES NEGATIVE NUMBERS.
R  INDICATES RECORD WAS SET OR TIED.
MM INDICATES DATA IS MISSING.
T  INDICATES TRACE AMOUNT.




$$
