000
CDUS41 KBOX 250540
CLIBOS


CLIMATE REPORT
NATIONAL WEATHER SERVICE TAUNTON MA
138 AM EDT THU JUN 25 2015


...................................

...THE BOSTON MA CLIMATE SUMMARY FOR JUNE 24 2015...

CLIMATE NORMAL PERIOD 1981 TO 2010
CLIMATE RECORD PERIOD 1872 TO 2015


WEATHER ITEM   OBSERVED TIME   RECORD YEAR NORMAL DEPARTURE LAST
                VALUE   (LST)  VALUE       VALUE  FROM      YEAR
                                                  NORMAL
..................................................................
TEMPERATURE (F)
 YESTERDAY
  MAXIMUM         84    430 PM  95    2013  79      5       84
                                      1976
  MINIMUM         67    521 AM  46    1932  62      5       60
  AVERAGE         76                        70      6       72

PRECIPITATION (IN)
  YESTERDAY        0.00          2.07 1944   0.10  -0.10     0.00
  MONTH TO DATE    3.38                      3.10   0.28     2.34
  SINCE JUN 1      3.38                      3.10   0.28     2.34
  SINCE JAN 1     16.87                     21.26  -4.39    20.29

SNOWFALL (IN)
  YESTERDAY        0.0           0.0  2002   0.0    0.0      0.0
                                      2001
                                      2000
  MONTH TO DATE    0.0                       0.0    0.0      0.0
  SINCE JUN 1      0.0                       0.0    0.0      0.0
  SINCE JUL 1    110.6                      43.8   66.8     58.9
  SNOW DEPTH      MM

DEGREE DAYS
 HEATING
  YESTERDAY        0                         1     -1        0
  MONTH TO DATE   86                        52     34       28
  SINCE JUN 1     86                        52     34       28
  SINCE JUL 1   6017                      5678    339     5857

 COOLING
  YESTERDAY       11                         6      5        7
  MONTH TO DATE   85                        96    -11       92
  SINCE JUN 1     85                        96    -11       92
  SINCE JAN 1    146                       126     20      114
..................................................................


WIND (MPH)
  RESULTANT WIND SPEED  11   RESULTANT WIND DIRECTION  NW (300)
  HIGHEST WIND SPEED    20   HIGHEST WIND DIRECTION     N (340)
  HIGHEST GUST SPEED    28   HIGHEST GUST DIRECTION     W (270)
  AVERAGE WIND SPEED    11.1


SKY COVER
  POSSIBLE SUNSHINE  MM
  AVERAGE SKY COVER 0.2


WEATHER CONDITIONS
 THE FOLLOWING WEATHER WAS RECORDED YESTERDAY.
  NO SIGNIFICANT WEATHER WAS OBSERVED.


RELATIVE HUMIDITY (PERCENT)
 HIGHEST    73           500 AM
 LOWEST     30           600 PM
 AVERAGE    52

..........................................................


THE BOSTON MA CLIMATE NORMALS FOR TODAY
                         NORMAL    RECORD    YEAR
 MAXIMUM TEMPERATURE (F)   79        97      1943
 MINIMUM TEMPERATURE (F)   62        48      1903


SUNRISE AND SUNSET
JUNE 25 2015..........SUNRISE   508 AM EDT   SUNSET   825 PM EDT
JUNE 26 2015..........SUNRISE   509 AM EDT   SUNSET   825 PM EDT


-  INDICATES NEGATIVE NUMBERS.
R  INDICATES RECORD WAS SET OR TIED.
MM INDICATES DATA IS MISSING.
T  INDICATES TRACE AMOUNT.




$$
