000
CDUS41 KBOX 150552
CLIBOS


CLIMATE REPORT
NATIONAL WEATHER SERVICE TAUNTON MA
1248 AM EST MON DEC 15 2014


...................................

...THE BOSTON MA CLIMATE SUMMARY FOR DECEMBER 14 2014...

CLIMATE NORMAL PERIOD 1981 TO 2010
CLIMATE RECORD PERIOD 1872 TO 2014


WEATHER ITEM   OBSERVED TIME   RECORD YEAR NORMAL DEPARTURE LAST
                VALUE   (LST)  VALUE       VALUE  FROM      YEAR
                                                  NORMAL
..................................................................
TEMPERATURE (F)
 YESTERDAY
  MAXIMUM         45    236 PM  66    1881  42      3       31
  MINIMUM         33    524 AM   0    1898  29      4       11
                                      1893
  AVERAGE         39                        35      4       21

PRECIPITATION (IN)
  YESTERDAY        0.00          1.99 2002   0.12  -0.12     0.22
  MONTH TO DATE    5.11                      1.80   3.31     1.39
  SINCE DEC 1      5.11                      1.80   3.31     1.39
  SINCE JAN 1     43.80                     41.79   2.01    37.13

SNOWFALL (IN)
  YESTERDAY        0.0           6.5  1995   0.3   -0.3      3.2
  MONTH TO DATE    0.3                       3.2   -2.9      4.0
  SINCE DEC 1      0.3                       3.2   -2.9      4.0
  SINCE JUL 1      2.9                       4.5   -1.6      4.0
  SNOW DEPTH       0

DEGREE DAYS
 HEATING
  YESTERDAY       26                        30     -4       44
  MONTH TO DATE  380                       385     -5      424
  SINCE DEC 1    380                       385     -5      424
  SINCE JUL 1   1393                      1440    -47     1440

 COOLING
  YESTERDAY        0                         0      0        0
  MONTH TO DATE    0                         0      0        0
  SINCE DEC 1      0                         0      0        0
  SINCE JAN 1    769                       747     22      920
..................................................................


WIND (MPH)
  RESULTANT WIND SPEED  10   RESULTANT WIND DIRECTION  NW (300)
  HIGHEST WIND SPEED    15   HIGHEST WIND DIRECTION    NW (300)
  HIGHEST GUST SPEED    20   HIGHEST GUST DIRECTION    NW (320)
  AVERAGE WIND SPEED     9.9


SKY COVER
  POSSIBLE SUNSHINE  MM
  AVERAGE SKY COVER 0.5


WEATHER CONDITIONS
 THE FOLLOWING WEATHER WAS RECORDED YESTERDAY.
  NO SIGNIFICANT WEATHER WAS OBSERVED.


RELATIVE HUMIDITY (PERCENT)
 HIGHEST    82          1100 PM
 LOWEST     53           200 PM
 AVERAGE    68

..........................................................


THE BOSTON MA CLIMATE NORMALS FOR TODAY
                         NORMAL    RECORD    YEAR
 MAXIMUM TEMPERATURE (F)   41        66      1975
 MINIMUM TEMPERATURE (F)   28        -2      1874


SUNRISE AND SUNSET
DECEMBER 15 2014......SUNRISE   706 AM EST   SUNSET   412 PM EST
DECEMBER 16 2014......SUNRISE   707 AM EST   SUNSET   413 PM EST


-  INDICATES NEGATIVE NUMBERS.
R  INDICATES RECORD WAS SET OR TIED.
MM INDICATES DATA IS MISSING.
T  INDICATES TRACE AMOUNT.




$$
