000
CDUS41 KBOX 290546
CLIBOS


CLIMATE REPORT
NATIONAL WEATHER SERVICE TAUNTON MA
135 AM EDT SAT MAR 29 2014


...................................

...THE BOSTON MA CLIMATE SUMMARY FOR MARCH 28 2014...

CLIMATE NORMAL PERIOD 1981 TO 2010
CLIMATE RECORD PERIOD 1872 TO 2014


WEATHER ITEM   OBSERVED TIME   RECORD YEAR NORMAL DEPARTURE LAST
                VALUE   (LST)  VALUE       VALUE  FROM      YEAR
                                                  NORMAL
..................................................................
TEMPERATURE (F)
 YESTERDAY
  MAXIMUM         60   1255 PM  85    1998  49     11       48
  MINIMUM         35   1220 AM  11    1923  35      0       38
  AVERAGE         48                        42      6       43

PRECIPITATION (IN)
  YESTERDAY        0.02          2.43 1932   0.15  -0.13      T
  MONTH TO DATE    0.84                      3.91  -3.07     3.28
  SINCE MAR 1      0.84                      3.91  -3.07     3.28
  SINCE JAN 1      8.21                     10.52  -2.31     9.62

SNOWFALL (IN)
  YESTERDAY        0.0           1.2  1932   0.2   -0.2      0.0
  MONTH TO DATE    2.2                       7.4   -5.2     20.6
  SINCE MAR 1      2.2                       7.4   -5.2     20.6
  SINCE JUL 1     58.6                      41.5   17.1     63.4
  SNOW DEPTH      MM

DEGREE DAYS
 HEATING
  YESTERDAY       17                        23     -6       22
  MONTH TO DATE  899                       761    138      786
  SINCE MAR 1    899                       761    138      786
  SINCE JUL 1   5047                      4803    244     4588

 COOLING
  YESTERDAY        0                         0      0        0
  MONTH TO DATE    0                         0      0        0
  SINCE MAR 1      0                         0      0        0
  SINCE JAN 1      0                         0      0        0
..................................................................


WIND (MPH)
  RESULTANT WIND SPEED  14   RESULTANT WIND DIRECTION  SW (220)
  HIGHEST WIND SPEED    30   HIGHEST WIND DIRECTION    SW (210)
  HIGHEST GUST SPEED    37   HIGHEST GUST DIRECTION    SW (220)
  AVERAGE WIND SPEED    14.3


SKY COVER
  POSSIBLE SUNSHINE  MM
  AVERAGE SKY COVER 0.9


WEATHER CONDITIONS
 THE FOLLOWING WEATHER WAS RECORDED YESTERDAY.
  LIGHT RAIN


RELATIVE HUMIDITY (PERCENT)
 HIGHEST    86          1000 PM
 LOWEST     46           100 PM
 AVERAGE    66

..........................................................


THE BOSTON MA CLIMATE NORMALS FOR TODAY
                         NORMAL    RECORD    YEAR
 MAXIMUM TEMPERATURE (F)   49        86      1945
 MINIMUM TEMPERATURE (F)   35         4      1923


SUNRISE AND SUNSET
MARCH 29 2014.........SUNRISE   632 AM EDT   SUNSET   707 PM EDT
MARCH 30 2014.........SUNRISE   630 AM EDT   SUNSET   708 PM EDT


-  INDICATES NEGATIVE NUMBERS.
R  INDICATES RECORD WAS SET OR TIED.
MM INDICATES DATA IS MISSING.
T  INDICATES TRACE AMOUNT.




$$
