000
CDUS41 KBOX 150547
CLIBOS


CLIMATE REPORT
NATIONAL WEATHER SERVICE TAUNTON MA
1247 AM EST WED FEB 15 2017


...................................

...THE BOSTON MA CLIMATE SUMMARY FOR FEBRUARY 14 2017...

CLIMATE NORMAL PERIOD 1981 TO 2010
CLIMATE RECORD PERIOD 1872 TO 2017


WEATHER ITEM   OBSERVED TIME   RECORD YEAR NORMAL DEPARTURE LAST
                VALUE   (LST)  VALUE       VALUE  FROM      YEAR
                                                  NORMAL
..................................................................
TEMPERATURE (F)
 YESTERDAY
  MAXIMUM         34    142 PM  59    1946  39     -5       12
                                      1884
  MINIMUM         22    655 AM  -9    2016  25     -3       -9
  AVERAGE         28                        32     -4        2

PRECIPITATION (IN)
  YESTERDAY        0.00          1.62 2007   0.11  -0.11     0.00
  MONTH TO DATE    2.83                      1.54   1.29     1.84
  SINCE DEC 1     10.33                      8.68   1.65     9.39
  SINCE JAN 1      7.08                      4.90   2.18     5.11

SNOWFALL (IN)
  YESTERDAY        0.0          10.6  1940   0.4   -0.4      0.0
  MONTH TO DATE   19.8                       5.4   14.4     13.6
  SINCE DEC 1     34.6                      27.3    7.3     24.0
  SINCE JUL 1     34.6                      28.6    6.0     24.0
  SNOW DEPTH      MM

DEGREE DAYS
 HEATING
  YESTERDAY       37                        33      4       63
  MONTH TO DATE  488                       482      6      488
  SINCE DEC 1   2323                      2537   -214     2092
  SINCE JUL 1   3238                      3592   -354     2947

 COOLING
  YESTERDAY        0                         0      0        0
  MONTH TO DATE    0                         0      0        0
  SINCE DEC 1      0                         0      0        0
  SINCE JAN 1      0                         0      0        0
..................................................................


WIND (MPH)
  RESULTANT WIND SPEED   5   RESULTANT WIND DIRECTION   W (280)
  HIGHEST WIND SPEED    18   HIGHEST WIND DIRECTION    NW (300)
  HIGHEST GUST SPEED    27   HIGHEST GUST DIRECTION     W (290)
  AVERAGE WIND SPEED     9.5


SKY COVER
  POSSIBLE SUNSHINE  MM
  AVERAGE SKY COVER 0.3


WEATHER CONDITIONS
 THE FOLLOWING WEATHER WAS RECORDED YESTERDAY.
  NO SIGNIFICANT WEATHER WAS OBSERVED.


RELATIVE HUMIDITY (PERCENT)
 HIGHEST    78           600 PM
 LOWEST     47           100 PM
 AVERAGE    63

..........................................................


THE BOSTON MA CLIMATE NORMALS FOR TODAY
                         NORMAL    RECORD    YEAR
 MAXIMUM TEMPERATURE (F)   39        61      1939
 MINIMUM TEMPERATURE (F)   25       -14      1943


SUNRISE AND SUNSET
FEBRUARY 15 2017......SUNRISE   640 AM EST   SUNSET   517 PM EST
FEBRUARY 16 2017......SUNRISE   639 AM EST   SUNSET   518 PM EST


-  INDICATES NEGATIVE NUMBERS.
R  INDICATES RECORD WAS SET OR TIED.
MM INDICATES DATA IS MISSING.
T  INDICATES TRACE AMOUNT.




$$
