000
CDUS41 KBOX 290525
CLIBOS


CLIMATE REPORT
NATIONAL WEATHER SERVICE TAUNTON MA
125 AM EDT FRI SEP 29 2017


...................................

...THE BOSTON MA CLIMATE SUMMARY FOR SEPTEMBER 28 2017...

CLIMATE NORMAL PERIOD 1981 TO 2010
CLIMATE RECORD PERIOD 1872 TO 2017


WEATHER ITEM   OBSERVED TIME   RECORD YEAR NORMAL DEPARTURE LAST
                VALUE   (LST)  VALUE       VALUE  FROM      YEAR
                                                  NORMAL
..................................................................
TEMPERATURE (F)
 YESTERDAY
  MAXIMUM         78    148 PM  90    1881  68     10       61
                                      1873
  MINIMUM         57   1159 PM  37    1947  53      4       56
  AVERAGE         68                        60      8       59

PRECIPITATION (IN)
  YESTERDAY        0.00          1.88 2004   0.13  -0.13      T
  MONTH TO DATE    2.18                      3.19  -1.01     1.25
  SINCE SEP 1      2.18                      3.19  -1.01     1.25
  SINCE JAN 1     33.47                     31.81   1.66    21.51

SNOWFALL (IN)
  YESTERDAY        0.0           0.0  2001   0.0    0.0      0.0
                                      2000
  MONTH TO DATE    0.0                       0.0    0.0      0.0
  SINCE SEP 1      0.0                       0.0    0.0      0.0
  SINCE JUL 1      0.0                       0.0    0.0      0.0
  SNOW DEPTH      MM

DEGREE DAYS
 HEATING
  YESTERDAY        0                         6     -6        6
  MONTH TO DATE   22                        72    -50       32
  SINCE SEP 1     22                        72    -50       32
  SINCE JUL 1     34                        85    -51       39

 COOLING
  YESTERDAY        3                         1      2        0
  MONTH TO DATE  111                        78     33      128
  SINCE SEP 1    111                        78     33      128
  SINCE JAN 1    840                       737    103     1022
..................................................................


WIND (MPH)
  RESULTANT WIND SPEED  11   RESULTANT WIND DIRECTION  NW (330)
  HIGHEST WIND SPEED    25   HIGHEST WIND DIRECTION     N (340)
  HIGHEST GUST SPEED    31   HIGHEST GUST DIRECTION    NW (330)
  AVERAGE WIND SPEED    13.1


SKY COVER
  POSSIBLE SUNSHINE  MM
  AVERAGE SKY COVER 0.4


WEATHER CONDITIONS
 THE FOLLOWING WEATHER WAS RECORDED YESTERDAY.
  NO SIGNIFICANT WEATHER WAS OBSERVED.


RELATIVE HUMIDITY (PERCENT)
 HIGHEST   100           100 AM
 LOWEST     33           400 PM
 AVERAGE    67

..........................................................


THE BOSTON MA CLIMATE NORMALS FOR TODAY
                         NORMAL    RECORD    YEAR
 MAXIMUM TEMPERATURE (F)   68        88      1952
 MINIMUM TEMPERATURE (F)   52        34      1914


SUNRISE AND SUNSET
SEPTEMBER 29 2017.....SUNRISE   639 AM EDT   SUNSET   629 PM EDT
SEPTEMBER 30 2017.....SUNRISE   640 AM EDT   SUNSET   627 PM EDT


-  INDICATES NEGATIVE NUMBERS.
R  INDICATES RECORD WAS SET OR TIED.
MM INDICATES DATA IS MISSING.
T  INDICATES TRACE AMOUNT.




$$
