000
CDUS41 KBOX 190529
CLIBOS


CLIMATE REPORT
NATIONAL WEATHER SERVICE TAUNTON MA
128 AM EDT WED AUG 19 2015


...................................

...THE BOSTON MA CLIMATE SUMMARY FOR AUGUST 18 2015...

CLIMATE NORMAL PERIOD 1981 TO 2010
CLIMATE RECORD PERIOD 1872 TO 2015


WEATHER ITEM   OBSERVED TIME   RECORD YEAR NORMAL DEPARTURE LAST
                VALUE   (LST)  VALUE       VALUE  FROM      YEAR
                                                  NORMAL
..................................................................
TEMPERATURE (F)
 YESTERDAY
  MAXIMUM         87   1134 AM  95    2009  80      7       79
                                      2002
  MINIMUM         71    501 AM  53    1918  65      6       62
  AVERAGE         79                        72      7       71

PRECIPITATION (IN)
  YESTERDAY        0.14          4.88 1955   0.11   0.03     0.00
  MONTH TO DATE    1.54                      2.06  -0.52     1.11
  SINCE JUN 1      8.64                      9.17  -0.53     8.30
  SINCE JAN 1     22.13                     27.33  -5.20    26.25

SNOWFALL (IN)
  YESTERDAY        0.0           0.0  2002   0.0    0.0      0.0
                                      2001
                                      2000
  MONTH TO DATE    0.0                       0.0    0.0      0.0
  SINCE JUN 1      0.0                       0.0    0.0      0.0
  SINCE JUL 1      0.0                       0.0    0.0      0.0
  SNOW DEPTH      MM

DEGREE DAYS
 HEATING
  YESTERDAY        0                         0      0        0
  MONTH TO DATE    0                         0      0        0
  SINCE JUN 1     99                        61     38       28
  SINCE JUL 1      1                         6     -5        0

 COOLING
  YESTERDAY       14                         7      7        6
  MONTH TO DATE  185                       146     39      118
  SINCE JUN 1    567                       548     19      547
  SINCE JAN 1    628                       578     50      569
..................................................................


WIND (MPH)
  RESULTANT WIND SPEED   5   RESULTANT WIND DIRECTION   S (190)
  HIGHEST WIND SPEED    29   HIGHEST WIND DIRECTION     W (250)
  HIGHEST GUST SPEED    38   HIGHEST GUST DIRECTION     W (250)
  AVERAGE WIND SPEED     8.1


SKY COVER
  POSSIBLE SUNSHINE  MM
  AVERAGE SKY COVER 0.5


WEATHER CONDITIONS
 THE FOLLOWING WEATHER WAS RECORDED YESTERDAY.
  THUNDERSTORM
  HEAVY RAIN
  RAIN
  LIGHT RAIN
  HAZE


RELATIVE HUMIDITY (PERCENT)
 HIGHEST    90           500 AM
 LOWEST     61          1100 AM
 AVERAGE    76

..........................................................


THE BOSTON MA CLIMATE NORMALS FOR TODAY
                         NORMAL    RECORD    YEAR
 MAXIMUM TEMPERATURE (F)   79        92      1983
                                             1966
                                             1906
 MINIMUM TEMPERATURE (F)   65        51      1882


SUNRISE AND SUNSET
AUGUST 19 2015........SUNRISE   555 AM EDT   SUNSET   740 PM EDT
AUGUST 20 2015........SUNRISE   556 AM EDT   SUNSET   738 PM EDT


-  INDICATES NEGATIVE NUMBERS.
R  INDICATES RECORD WAS SET OR TIED.
MM INDICATES DATA IS MISSING.
T  INDICATES TRACE AMOUNT.




$$
