000
CDUS41 KBOX 160532
CLIBOS


CLIMATE REPORT
NATIONAL WEATHER SERVICE TAUNTON MA
130 AM EDT FRI SEP 16 2016


...................................

...THE BOSTON MA CLIMATE SUMMARY FOR SEPTEMBER 15 2016...

CLIMATE NORMAL PERIOD 1981 TO 2010
CLIMATE RECORD PERIOD 1872 TO 2016


WEATHER ITEM   OBSERVED TIME   RECORD YEAR NORMAL DEPARTURE LAST
                VALUE   (LST)  VALUE       VALUE  FROM      YEAR
                                                  NORMAL
..................................................................
TEMPERATURE (F)
 YESTERDAY
  MAXIMUM         66    230 PM  94    1915  73     -7       84
  MINIMUM         57   1159 PM  41    1913  58     -1       62
  AVERAGE         62                        65     -3       73

PRECIPITATION (IN)
  YESTERDAY        0.00          3.48 1904   0.11  -0.11     0.00
  MONTH TO DATE    0.36                      1.60  -1.24     1.43
  SINCE SEP 1      0.36                      1.60  -1.24     1.43
  SINCE JAN 1     20.62                     30.22  -9.60    24.21

SNOWFALL (IN)
  YESTERDAY        0.0           0.0  2002   0.0    0.0      0.0
                                      2001
                                      2000
  MONTH TO DATE    0.0                       0.0    0.0      0.0
  SINCE SEP 1      0.0                       0.0    0.0      0.0
  SINCE JUL 1      0.0                       0.0    0.0      0.0
  SNOW DEPTH       0

DEGREE DAYS
 HEATING
  YESTERDAY        3                         2      1        0
  MONTH TO DATE    3                        20    -17        0
  SINCE SEP 1      3                        20    -17        0
  SINCE JUL 1     10                        33    -23        1

 COOLING
  YESTERDAY        0                         3     -3        8
  MONTH TO DATE   84                        58     26      114
  SINCE SEP 1     84                        58     26      114
  SINCE JAN 1    978                       717    261      864
..................................................................


WIND (MPH)
  RESULTANT WIND SPEED   4   RESULTANT WIND DIRECTION  NE (60)
  HIGHEST WIND SPEED    16   HIGHEST WIND DIRECTION    NE (50)
  HIGHEST GUST SPEED    20   HIGHEST GUST DIRECTION    NE (60)
  AVERAGE WIND SPEED    10.1


SKY COVER
  POSSIBLE SUNSHINE  MM
  AVERAGE SKY COVER 0.2


WEATHER CONDITIONS
 THE FOLLOWING WEATHER WAS RECORDED YESTERDAY.
  NO SIGNIFICANT WEATHER WAS OBSERVED.


RELATIVE HUMIDITY (PERCENT)
 HIGHEST    77           300 AM
 LOWEST     56           100 PM
 AVERAGE    67

..........................................................


THE BOSTON MA CLIMATE NORMALS FOR TODAY
                         NORMAL    RECORD    YEAR
 MAXIMUM TEMPERATURE (F)   72        96      1939
 MINIMUM TEMPERATURE (F)   57        42      1984


SUNRISE AND SUNSET
SEPTEMBER 16 2016.....SUNRISE   626 AM EDT   SUNSET   651 PM EDT
SEPTEMBER 17 2016.....SUNRISE   627 AM EDT   SUNSET   649 PM EDT


-  INDICATES NEGATIVE NUMBERS.
R  INDICATES RECORD WAS SET OR TIED.
MM INDICATES DATA IS MISSING.
T  INDICATES TRACE AMOUNT.




$$
