253
CDUS41 KBOX 102120
CLIBOS


CLIMATE REPORT
NATIONAL WEATHER SERVICE TAUNTON MA
519 PM EDT THU AUG 10 2017


...................................

...THE BOSTON MA CLIMATE SUMMARY FOR AUGUST 10 2017...
VALID AS OF 0500 PM LOCAL TIME.

CLIMATE NORMAL PERIOD 1981 TO 2010
CLIMATE RECORD PERIOD 1872 TO 2017


WEATHER ITEM   OBSERVED TIME   RECORD YEAR NORMAL DEPARTURE LAST
                VALUE   (LST)  VALUE       VALUE  FROM      YEAR
                                                  NORMAL
..................................................................
TEMPERATURE (F)
 TODAY
  MAXIMUM         82   1141 AM 101    1949  81      1       80
  MINIMUM         66    525 AM  53    1964  65      1       68
  AVERAGE         74                        73      1       74

PRECIPITATION (IN)
  TODAY            0.00          2.97 1917   0.11  -0.11     0.23
  MONTH TO DATE    1.12                      1.20  -0.08     0.29
  SINCE JUN 1     10.00                      8.31   1.69     2.49
  SINCE JAN 1     30.83                     26.47   4.36    18.83

SNOWFALL (IN)
  TODAY            0.0           0.0  2002   0.0    0.0      0.0
                                      2001
                                      2000
  MONTH TO DATE    0.0                       0.0    0.0      0.0
  SINCE JUN 1      0.0                       0.0    0.0      0.0
  SINCE JUL 1      0.0                       0.0    0.0      0.0
  SNOW DEPTH       0

DEGREE DAYS
 HEATING
  TODAY            0                         0      0        0
  MONTH TO DATE    0                         0      0        0
  SINCE JUN 1     60                        61     -1       24
  SINCE JUL 1     10                         6      4        7

 COOLING
  TODAY            9                         8      1        9
  MONTH TO DATE   83                        84     -1      101
  SINCE JUN 1    524                       486     38      588
  SINCE JAN 1    584                       516     68      633
..................................................................


WIND (MPH)
  HIGHEST WIND SPEED    20   HIGHEST WIND DIRECTION     E (110)
  HIGHEST GUST SPEED    23   HIGHEST GUST DIRECTION     E (110)
  AVERAGE WIND SPEED     8.2


SKY COVER
  POSSIBLE SUNSHINE  MM
  AVERAGE SKY COVER 0.2


WEATHER CONDITIONS
 THE FOLLOWING WEATHER WAS RECORDED TODAY.
  NO SIGNIFICANT WEATHER WAS OBSERVED.


RELATIVE HUMIDITY (PERCENT)
 HIGHEST    78           500 AM
 LOWEST     54          1000 AM
 AVERAGE    66

..........................................................


THE BOSTON MA CLIMATE NORMALS FOR TOMORROW
                         NORMAL    RECORD    YEAR
 MAXIMUM TEMPERATURE (F)   80        99      1944
 MINIMUM TEMPERATURE (F)   65        54      1879


SUNRISE AND SUNSET
AUGUST 10 2017........SUNRISE   546 AM EDT   SUNSET   752 PM EDT
AUGUST 11 2017........SUNRISE   547 AM EDT   SUNSET   751 PM EDT


-  INDICATES NEGATIVE NUMBERS.
R  INDICATES RECORD WAS SET OR TIED.
MM INDICATES DATA IS MISSING.
T  INDICATES TRACE AMOUNT.




$$
