000
CDUS41 KBOX 160846
CLIBOS


CLIMATE REPORT
NATIONAL WEATHER SERVICE TAUNTON MA
345 AM EST FRI JAN 16 2015


...................................

...THE BOSTON MA CLIMATE SUMMARY FOR JANUARY 15 2015...

CLIMATE NORMAL PERIOD 1981 TO 2010
CLIMATE RECORD PERIOD 1872 TO 2015


WEATHER ITEM   OBSERVED TIME   RECORD YEAR NORMAL DEPARTURE LAST
                VALUE   (LST)  VALUE       VALUE  FROM      YEAR
                                                  NORMAL
..................................................................
TEMPERATURE (F)
 YESTERDAY
  MAXIMUM         31    815 PM  66    1995  35     -4       48
  MINIMUM         25   1159 PM -12    1957  22      3       35
  AVERAGE         28                        29     -1       42

PRECIPITATION (IN)
  YESTERDAY        0.12          1.79 1958   0.12   0.00      T
  MONTH TO DATE    1.54                      1.66  -0.12     2.28
  SINCE DEC 1      8.10                      5.44   2.66     6.90
  SINCE JAN 1      1.54                      1.66  -0.12     2.28

SNOWFALL (IN)
  YESTERDAY        0.8           4.5  1929   0.4    0.4      0.0
  MONTH TO DATE    2.6                       6.4   -3.8     15.3
  SINCE DEC 1      2.9                      15.4  -12.5     27.0
  SINCE JUL 1      5.5                      16.7  -11.2     27.0
  SNOW DEPTH      MM

DEGREE DAYS
 HEATING
  YESTERDAY       37                        36      1       23
  MONTH TO DATE  583                       536     47      530
  SINCE DEC 1   1406                      1475    -69     1503
  SINCE JUL 1   2419                      2530   -111     2519

 COOLING
  YESTERDAY        0                         0      0        0
  MONTH TO DATE    0                         0      0        0
  SINCE DEC 1      0                         0      0        0
  SINCE JAN 1      0                         0      0        0
..................................................................


WIND (MPH)
  RESULTANT WIND SPEED   8   RESULTANT WIND DIRECTION  NW (300)
  HIGHEST WIND SPEED    15   HIGHEST WIND DIRECTION     W (250)
  HIGHEST GUST SPEED    21   HIGHEST GUST DIRECTION     W (250)
  AVERAGE WIND SPEED     9.7


SKY COVER
  POSSIBLE SUNSHINE  MM
  AVERAGE SKY COVER 0.9


WEATHER CONDITIONS
 THE FOLLOWING WEATHER WAS RECORDED YESTERDAY.
  LT FREEZING RAIN
  SNOW
  LIGHT SNOW
  FOG
  HAZE


RELATIVE HUMIDITY (PERCENT)
 HIGHEST    92           300 PM
 LOWEST     63          1100 PM
 AVERAGE    78

..........................................................


THE BOSTON MA CLIMATE NORMALS FOR TODAY
                         NORMAL    RECORD    YEAR
 MAXIMUM TEMPERATURE (F)   35        64      1995
 MINIMUM TEMPERATURE (F)   22        -7      2004


SUNRISE AND SUNSET
JANUARY 16 2015.......SUNRISE   710 AM EST   SUNSET   438 PM EST
JANUARY 17 2015.......SUNRISE   710 AM EST   SUNSET   439 PM EST


-  INDICATES NEGATIVE NUMBERS.
R  INDICATES RECORD WAS SET OR TIED.
MM INDICATES DATA IS MISSING.
T  INDICATES TRACE AMOUNT.




$$
