000
CDUS41 KBOX 200539
CLIBOS


CLIMATE REPORT
NATIONAL WEATHER SERVICE TAUNTON MA
1239 AM EST MON NOV 20 2017


...................................

...THE BOSTON MA CLIMATE SUMMARY FOR NOVEMBER 19 2017...

CLIMATE NORMAL PERIOD 1981 TO 2010
CLIMATE RECORD PERIOD 1872 TO 2017


WEATHER ITEM   OBSERVED TIME   RECORD YEAR NORMAL DEPARTURE LAST
                VALUE   (LST)  VALUE       VALUE  FROM      YEAR
                                                  NORMAL
..................................................................
TEMPERATURE (F)
 YESTERDAY
  MAXIMUM         60   1125 AM  75    1941  50     10       51
  MINIMUM         38   1159 PM  14    1936  37      1       43
  AVERAGE         49                        44      5       47

PRECIPITATION (IN)
  YESTERDAY        0.23          1.71 1926   0.14   0.09      T
  MONTH TO DATE    0.91                      2.50  -1.59     1.20
  SINCE SEP 1      8.78                      9.88  -1.10     8.04
  SINCE JAN 1     40.07                     38.50   1.57    28.30

SNOWFALL (IN)
  YESTERDAY        0.0           3.0  1986   0.0    0.0      0.0
  MONTH TO DATE    0.0                       0.4   -0.4       T
  SINCE SEP 1      0.0                       0.4   -0.4       T
  SINCE JUL 1      0.0                       0.4   -0.4       T
  SNOW DEPTH      MM

DEGREE DAYS
 HEATING
  YESTERDAY       16                        21     -5       18
  MONTH TO DATE  380                       353     27      294
  SINCE SEP 1    562                       787   -225      645
  SINCE JUL 1    574                       800   -226      652

 COOLING
  YESTERDAY        0                         0      0        0
  MONTH TO DATE    0                         0      0        0
  SINCE SEP 1    151                        88     63      141
  SINCE JAN 1    880                       747    133     1035
..................................................................


WIND (MPH)
  RESULTANT WIND SPEED  15   RESULTANT WIND DIRECTION   W (260)
  HIGHEST WIND SPEED    37   HIGHEST WIND DIRECTION     W (270)
  HIGHEST GUST SPEED    49   HIGHEST GUST DIRECTION     W (270)
  AVERAGE WIND SPEED    18.4


SKY COVER
  POSSIBLE SUNSHINE  MM
  AVERAGE SKY COVER 0.7


WEATHER CONDITIONS
 THE FOLLOWING WEATHER WAS RECORDED YESTERDAY.
  RAIN
  LIGHT RAIN
  FOG


RELATIVE HUMIDITY (PERCENT)
 HIGHEST   100           100 AM
 LOWEST     50           900 PM
 AVERAGE    75

..........................................................


THE BOSTON MA CLIMATE NORMALS FOR TODAY
                         NORMAL    RECORD    YEAR
 MAXIMUM TEMPERATURE (F)   50        74      1953
 MINIMUM TEMPERATURE (F)   37        15      1894


SUNRISE AND SUNSET
NOVEMBER 20 2017......SUNRISE   641 AM EST   SUNSET   418 PM EST
NOVEMBER 21 2017......SUNRISE   642 AM EST   SUNSET   417 PM EST


-  INDICATES NEGATIVE NUMBERS.
R  INDICATES RECORD WAS SET OR TIED.
MM INDICATES DATA IS MISSING.
T  INDICATES TRACE AMOUNT.




$$
