000
CDUS41 KBOX 290615
CLIBOS


CLIMATE REPORT
NATIONAL WEATHER SERVICE TAUNTON MA
105 AM EST THU JAN 29 2015


...................................

...THE BOSTON MA CLIMATE SUMMARY FOR JANUARY 28 2015...

CLIMATE NORMAL PERIOD 1981 TO 2010
CLIMATE RECORD PERIOD 1872 TO 2015


WEATHER ITEM   OBSERVED TIME   RECORD YEAR NORMAL DEPARTURE LAST
                VALUE   (LST)  VALUE       VALUE  FROM      YEAR
                                                  NORMAL
..................................................................
TEMPERATURE (F)
 YESTERDAY
  MAXIMUM         24    509 PM  63    1916  36    -12       21
  MINIMUM         13    653 AM  -5    1935  22     -9       13
  AVERAGE         19                        29    -10       17

PRECIPITATION (IN)
  YESTERDAY        0.01          1.68 1886   0.10  -0.09     0.00
  MONTH TO DATE    3.46                      3.04   0.42     3.23
  SINCE DEC 1     10.02                      6.82   3.20     7.85
  SINCE JAN 1      3.46                      3.04   0.42     3.23

SNOWFALL (IN)
  YESTERDAY        0.2          14.7  1897   0.4   -0.2      0.0
  MONTH TO DATE   32.3                      11.7   20.6     21.8
  SINCE DEC 1     32.6                      20.7   11.9     33.5
  SINCE JUL 1     35.2                      22.0   13.2     33.5
  SNOW DEPTH      MM

DEGREE DAYS
 HEATING
  YESTERDAY       46                        36     10       48
  MONTH TO DATE 1067                      1004     63     1039
  SINCE DEC 1   1890                      1943    -53     2012
  SINCE JUL 1   2903                      2998    -95     3028

 COOLING
  YESTERDAY        0                         0      0        0
  MONTH TO DATE    0                         0      0        0
  SINCE DEC 1      0                         0      0        0
  SINCE JAN 1      0                         0      0        0
..................................................................


WIND (MPH)
  RESULTANT WIND SPEED  13   RESULTANT WIND DIRECTION  NW (310)
  HIGHEST WIND SPEED    20   HIGHEST WIND DIRECTION    NW (310)
  HIGHEST GUST SPEED    26   HIGHEST GUST DIRECTION    NW (310)
  AVERAGE WIND SPEED    12.7


SKY COVER
  POSSIBLE SUNSHINE  MM
  AVERAGE SKY COVER 0.7


WEATHER CONDITIONS
 THE FOLLOWING WEATHER WAS RECORDED YESTERDAY.
  LIGHT SNOW


RELATIVE HUMIDITY (PERCENT)
 HIGHEST    80           100 AM
 LOWEST     45           900 PM
 AVERAGE    63

..........................................................


THE BOSTON MA CLIMATE NORMALS FOR TODAY
                         NORMAL    RECORD    YEAR
 MAXIMUM TEMPERATURE (F)   36        65      2002
 MINIMUM TEMPERATURE (F)   22        -6      1888


SUNRISE AND SUNSET
JANUARY 29 2015.......SUNRISE   701 AM EST   SUNSET   454 PM EST
JANUARY 30 2015.......SUNRISE   700 AM EST   SUNSET   455 PM EST


-  INDICATES NEGATIVE NUMBERS.
R  INDICATES RECORD WAS SET OR TIED.
MM INDICATES DATA IS MISSING.
T  INDICATES TRACE AMOUNT.




$$
