000
CDUS41 KBOX 020605
CLIBOS


CLIMATE REPORT
NATIONAL WEATHER SERVICE TAUNTON MA
201 AM EDT SUN AUG 2 2015


...................................

...THE BOSTON MA CLIMATE SUMMARY FOR AUGUST 1 2015...

CLIMATE NORMAL PERIOD 1981 TO 2010
CLIMATE RECORD PERIOD 1872 TO 2015


WEATHER ITEM   OBSERVED TIME   RECORD YEAR NORMAL DEPARTURE LAST
                VALUE   (LST)  VALUE       VALUE  FROM      YEAR
                                                  NORMAL
..................................................................
TEMPERATURE (F)
 YESTERDAY
  MAXIMUM         90    200 PM  98    1975  81      9       82
                                      1955
                                      1917
  MINIMUM         68    142 AM  54    1891  66      2       65
  AVERAGE         79                        74      5       74

PRECIPITATION (IN)
  YESTERDAY        T             3.58 1985   0.12  -0.12     0.00
  MONTH TO DATE    T                         0.12  -0.12     0.00
  SINCE JUN 1      7.10                      7.23  -0.13     7.19
  SINCE JAN 1     20.59                     25.39  -4.80    25.14

SNOWFALL (IN)
  YESTERDAY        0.0           0.0  2001   0.0    0.0      0.0
  MONTH TO DATE    0.0                       0.0    0.0      0.0
  SINCE JUN 1      0.0                       0.0    0.0      0.0
  SINCE JUL 1      0.0                       0.0    0.0      0.0
  SNOW DEPTH      MM

DEGREE DAYS
 HEATING
  YESTERDAY        0                         0      0        0
  MONTH TO DATE    0                         0      0        0
  SINCE JUN 1     99                        61     38       28
  SINCE JUL 1      1                         6     -5        0

 COOLING
  YESTERDAY       14                         9      5        9
  MONTH TO DATE   14                         9      5        9
  SINCE JUN 1    396                       411    -15      438
  SINCE JAN 1    457                       441     16      460
..................................................................


WIND (MPH)
  RESULTANT WIND SPEED   9   RESULTANT WIND DIRECTION   W (250)
  HIGHEST WIND SPEED    26   HIGHEST WIND DIRECTION     W (290)
  HIGHEST GUST SPEED    35   HIGHEST GUST DIRECTION     W (270)
  AVERAGE WIND SPEED    10.4


SKY COVER
  POSSIBLE SUNSHINE  MM
  AVERAGE SKY COVER 0.4


WEATHER CONDITIONS
 THE FOLLOWING WEATHER WAS RECORDED YESTERDAY.
  LIGHT RAIN


RELATIVE HUMIDITY (PERCENT)
 HIGHEST    66           200 AM
 LOWEST     34           200 PM
 AVERAGE    50

..........................................................


THE BOSTON MA CLIMATE NORMALS FOR TODAY
                         NORMAL    RECORD    YEAR
 MAXIMUM TEMPERATURE (F)   81       102      1975
 MINIMUM TEMPERATURE (F)   66        54      1947


SUNRISE AND SUNSET
AUGUST  2 2015........SUNRISE   537 AM EDT   SUNSET   803 PM EDT
AUGUST  3 2015........SUNRISE   538 AM EDT   SUNSET   802 PM EDT


-  INDICATES NEGATIVE NUMBERS.
R  INDICATES RECORD WAS SET OR TIED.
MM INDICATES DATA IS MISSING.
T  INDICATES TRACE AMOUNT.




$$
