000
CDUS41 KBOX 280542
CLIBOS


CLIMATE REPORT
NATIONAL WEATHER SERVICE TAUNTON MA
137 AM EDT MON JUL 28 2014


...................................

...THE BOSTON MA CLIMATE SUMMARY FOR JULY 27 2014...

CLIMATE NORMAL PERIOD 1981 TO 2010
CLIMATE RECORD PERIOD 1872 TO 2014


WEATHER ITEM   OBSERVED TIME   RECORD YEAR NORMAL DEPARTURE LAST
                VALUE   (LST)  VALUE       VALUE  FROM      YEAR
                                                  NORMAL
..................................................................
TEMPERATURE (F)
 YESTERDAY
  MAXIMUM         80    938 AM  98    1882  82     -2       84
  MINIMUM         66    451 AM  52    1876  66      0       62
  AVERAGE         73                        74     -1       73

PRECIPITATION (IN)
  YESTERDAY        0.35          1.75 1889   0.12   0.23     0.00
  MONTH TO DATE    4.46                      2.92   1.54     3.27
  SINCE JUN 1      7.08                      6.60   0.48    13.77
  SINCE JAN 1     25.03                     24.76   0.27    28.02

SNOWFALL (IN)
  YESTERDAY        0.0           0.0  2002   0.0    0.0      0.0
                                      2001
                                      2000
  MONTH TO DATE    0.0                       0.0    0.0      0.0
  SINCE JUN 1      0.0                       0.0    0.0      0.0
  SINCE JUL 1      0.0                       0.0    0.0      0.0
  SNOW DEPTH       0

DEGREE DAYS
 HEATING
  YESTERDAY        0                         0      0        0
  MONTH TO DATE    0                         0      0        2
  SINCE JUN 1     28                        55    -27       27
  SINCE JUL 1      0                         0      0        2

 COOLING
  YESTERDAY        8                         9     -1        8
  MONTH TO DATE  261                       232     29      349
  SINCE JUN 1    399                       368     31      520
  SINCE JAN 1    421                       398     23      558
..................................................................


WIND (MPH)
  RESULTANT WIND SPEED   9   RESULTANT WIND DIRECTION   S (200)
  HIGHEST WIND SPEED    23   HIGHEST WIND DIRECTION     S (200)
  HIGHEST GUST SPEED    30   HIGHEST GUST DIRECTION     S (190)
  AVERAGE WIND SPEED     9.3


SKY COVER
  POSSIBLE SUNSHINE  MM
  AVERAGE SKY COVER 0.7


WEATHER CONDITIONS
 THE FOLLOWING WEATHER WAS RECORDED YESTERDAY.
  HEAVY RAIN
  RAIN
  LIGHT RAIN
  FOG


RELATIVE HUMIDITY (PERCENT)
 HIGHEST    97          1100 PM
 LOWEST     67          1000 AM
 AVERAGE    82

..........................................................


THE BOSTON MA CLIMATE NORMALS FOR TODAY
                         NORMAL    RECORD    YEAR
 MAXIMUM TEMPERATURE (F)   82        99      1949
 MINIMUM TEMPERATURE (F)   66        54      1884


SUNRISE AND SUNSET
JULY 28 2014..........SUNRISE   533 AM EDT   SUNSET   808 PM EDT
JULY 29 2014..........SUNRISE   534 AM EDT   SUNSET   807 PM EDT


-  INDICATES NEGATIVE NUMBERS.
R  INDICATES RECORD WAS SET OR TIED.
MM INDICATES DATA IS MISSING.
T  INDICATES TRACE AMOUNT.




$$
