000
CDUS41 KBOX 260555
CLIBOS


CLIMATE REPORT
NATIONAL WEATHER SERVICE TAUNTON MA
148 AM EDT THU MAR 26 2015


...................................

...THE BOSTON MA CLIMATE SUMMARY FOR MARCH 25 2015...

CLIMATE NORMAL PERIOD 1981 TO 2010
CLIMATE RECORD PERIOD 1872 TO 2015


WEATHER ITEM   OBSERVED TIME   RECORD YEAR NORMAL DEPARTURE LAST
                VALUE   (LST)  VALUE       VALUE  FROM      YEAR
                                                  NORMAL
..................................................................
TEMPERATURE (F)
 YESTERDAY
  MAXIMUM         49        MM  78    1963  48      1       39
                                      1910
  MINIMUM         28        MM  10    1878  34     -6       21
  AVERAGE         39                        41     -2       30

PRECIPITATION (IN)
  YESTERDAY        0.04          1.50 1909   0.15  -0.11     0.00
  MONTH TO DATE    1.92                      3.46  -1.54     0.82
  SINCE MAR 1      1.92                      3.46  -1.54     0.82
  SINCE JAN 1      8.86                     10.07  -1.21     8.19

SNOWFALL (IN)
  YESTERDAY        0.0           0.7  1912   0.1   -0.1      0.0
  MONTH TO DATE    8.3                       6.8    1.5      2.2
  SINCE MAR 1      8.3                       6.8    1.5      2.2
  SINCE JUL 1    110.3                      40.9   69.4     58.6
  SNOW DEPTH      MM

DEGREE DAYS
 HEATING
  YESTERDAY       26                        24      2       35
  MONTH TO DATE  826                       690    136      816
  SINCE MAR 1    826                       690    136      816
  SINCE JUL 1   5141                      4732    409     4964

 COOLING
  YESTERDAY        0                         0      0        0
  MONTH TO DATE    0                         0      0        0
  SINCE MAR 1      0                         0      0        0
  SINCE JAN 1      0                         0      0        0
..................................................................


WIND (MPH)
  RESULTANT WIND SPEED   5   RESULTANT WIND DIRECTION   S (170)
  HIGHEST WIND SPEED    22   HIGHEST WIND DIRECTION     S (200)
  HIGHEST GUST SPEED    28   HIGHEST GUST DIRECTION     S (190)
  AVERAGE WIND SPEED     9.0


SKY COVER
  POSSIBLE SUNSHINE  MM
  AVERAGE SKY COVER 0.5


WEATHER CONDITIONS
 THE FOLLOWING WEATHER WAS RECORDED YESTERDAY.
  LIGHT RAIN


RELATIVE HUMIDITY (PERCENT)
 HIGHEST    85          1000 PM
 LOWEST     34          1100 AM
 AVERAGE    60

..........................................................


THE BOSTON MA CLIMATE NORMALS FOR TODAY
                         NORMAL    RECORD    YEAR
 MAXIMUM TEMPERATURE (F)   48        79      1922
 MINIMUM TEMPERATURE (F)   34        13      1960


SUNRISE AND SUNSET
MARCH 26 2015.........SUNRISE   638 AM EDT   SUNSET   703 PM EDT
MARCH 27 2015.........SUNRISE   636 AM EDT   SUNSET   704 PM EDT


-  INDICATES NEGATIVE NUMBERS.
R  INDICATES RECORD WAS SET OR TIED.
MM INDICATES DATA IS MISSING.
T  INDICATES TRACE AMOUNT.




$$
