000
CDUS41 KBOX 100553
CLIBOS


CLIMATE REPORT
NATIONAL WEATHER SERVICE TAUNTON MA
1243 AM EST SAT DEC 10 2016


...................................

...THE BOSTON MA CLIMATE SUMMARY FOR DECEMBER 9 2016...

CLIMATE NORMAL PERIOD 1981 TO 2010
CLIMATE RECORD PERIOD 1872 TO 2016


WEATHER ITEM   OBSERVED TIME   RECORD YEAR NORMAL DEPARTURE LAST
                VALUE   (LST)  VALUE       VALUE  FROM      YEAR
                                                  NORMAL
..................................................................
TEMPERATURE (F)
 YESTERDAY
  MAXIMUM         37        MM  70    1966  43     -6       46
  MINIMUM         25        MM  -8    1902  31     -6       37
  AVERAGE         31                        37     -6       42

PRECIPITATION (IN)
  YESTERDAY        0.00          2.90 2014   0.13  -0.13      T
  MONTH TO DATE    0.53                      1.18  -0.65     0.46
  SINCE DEC 1      0.53                      1.18  -0.65     0.46
  SINCE JAN 1     30.33                     41.17 -10.84    30.98

SNOWFALL (IN)
  YESTERDAY        0.0           8.6  2005   0.2   -0.2      0.0
  MONTH TO DATE    0.3                       1.8   -1.5      0.0
  SINCE DEC 1      0.3                       1.8   -1.5      0.0
  SINCE JUL 1      0.3                       3.1   -2.8       T
  SNOW DEPTH       0

DEGREE DAYS
 HEATING
  YESTERDAY       34                        28      6       23
  MONTH TO DATE  229                       240    -11      187
  SINCE DEC 1    229                       240    -11      187
  SINCE JUL 1   1144                      1295   -151     1042

 COOLING
  YESTERDAY        0                         0      0        0
  MONTH TO DATE    0                         0      0        0
  SINCE DEC 1      0                         0      0        0
  SINCE JAN 1   1035                       747    288      921
..................................................................


WIND (MPH)
  RESULTANT WIND SPEED  15   RESULTANT WIND DIRECTION   W (290)
  HIGHEST WIND SPEED    24   HIGHEST WIND DIRECTION    NW (300)
  HIGHEST GUST SPEED    31   HIGHEST GUST DIRECTION     W (290)
  AVERAGE WIND SPEED    16.3


SKY COVER
  POSSIBLE SUNSHINE  MM
  AVERAGE SKY COVER 0.1


WEATHER CONDITIONS
 THE FOLLOWING WEATHER WAS RECORDED YESTERDAY.
  NO SIGNIFICANT WEATHER WAS OBSERVED.


RELATIVE HUMIDITY (PERCENT)
 HIGHEST    59           700 AM
 LOWEST     35           200 PM
 AVERAGE    47

..........................................................


THE BOSTON MA CLIMATE NORMALS FOR TODAY
                         NORMAL    RECORD    YEAR
 MAXIMUM TEMPERATURE (F)   43        64      1907
                                             1897
 MINIMUM TEMPERATURE (F)   30        -1      1902


SUNRISE AND SUNSET
DECEMBER 10 2016......SUNRISE   703 AM EST   SUNSET   411 PM EST
DECEMBER 11 2016......SUNRISE   704 AM EST   SUNSET   412 PM EST


-  INDICATES NEGATIVE NUMBERS.
R  INDICATES RECORD WAS SET OR TIED.
MM INDICATES DATA IS MISSING.
T  INDICATES TRACE AMOUNT.




$$
