000
CDUS41 KBOX 200621
CLIBOS


CLIMATE REPORT
NATIONAL WEATHER SERVICE TAUNTON MA
116 AM EST FRI JAN 20 2017


...................................

...THE BOSTON MA CLIMATE SUMMARY FOR JANUARY 19 2017...

CLIMATE NORMAL PERIOD 1981 TO 2010
CLIMATE RECORD PERIOD 1872 TO 2017


WEATHER ITEM   OBSERVED TIME   RECORD YEAR NORMAL DEPARTURE LAST
                VALUE   (LST)  VALUE       VALUE  FROM      YEAR
                                                  NORMAL
..................................................................
TEMPERATURE (F)
 YESTERDAY
  MAXIMUM         46    225 PM  61    1951  35     11       25
                                      1915
  MINIMUM         31    349 AM  -6    1904  22      9       16
  AVERAGE         39                        29     10       21

PRECIPITATION (IN)
  YESTERDAY        0.00          1.81 1942   0.11  -0.11     0.00
  MONTH TO DATE    2.66                      2.09   0.57     2.90
  SINCE DEC 1      5.91                      5.87   0.04     7.18
  SINCE JAN 1      2.66                      2.09   0.57     2.90

SNOWFALL (IN)
  YESTERDAY        0.0          10.0  1936   0.4   -0.4      0.0
  MONTH TO DATE    8.3                       8.1    0.2      3.4
  SINCE DEC 1     14.2                      17.1   -2.9      4.3
  SINCE JUL 1     14.2                      18.4   -4.2      4.3
  SNOW DEPTH       0

DEGREE DAYS
 HEATING
  YESTERDAY       26                        36    -10       44
  MONTH TO DATE  594                       680    -86      618
  SINCE DEC 1   1510                      1619   -109     1221
  SINCE JUL 1   2425                      2674   -249     2076

 COOLING
  YESTERDAY        0                         0      0        0
  MONTH TO DATE    0                         0      0        0
  SINCE DEC 1      0                         0      0        0
  SINCE JAN 1      0                         0      0        0
..................................................................


WIND (MPH)
  RESULTANT WIND SPEED   7   RESULTANT WIND DIRECTION  NW (320)
  HIGHEST WIND SPEED    16   HIGHEST WIND DIRECTION    NW (320)
  HIGHEST GUST SPEED    22   HIGHEST GUST DIRECTION     N (340)
  AVERAGE WIND SPEED     8.1


SKY COVER
  POSSIBLE SUNSHINE  MM
  AVERAGE SKY COVER 0.8


WEATHER CONDITIONS
 THE FOLLOWING WEATHER WAS RECORDED YESTERDAY.
  FOG


RELATIVE HUMIDITY (PERCENT)
 HIGHEST   100          1200 AM
 LOWEST     60           200 PM
 AVERAGE    80

..........................................................


THE BOSTON MA CLIMATE NORMALS FOR TODAY
                         NORMAL    RECORD    YEAR
 MAXIMUM TEMPERATURE (F)   35        60      1951
 MINIMUM TEMPERATURE (F)   22        -3      1946
                                             1901


SUNRISE AND SUNSET
JANUARY 20 2017.......SUNRISE   708 AM EST   SUNSET   443 PM EST
JANUARY 21 2017.......SUNRISE   707 AM EST   SUNSET   444 PM EST


-  INDICATES NEGATIVE NUMBERS.
R  INDICATES RECORD WAS SET OR TIED.
MM INDICATES DATA IS MISSING.
T  INDICATES TRACE AMOUNT.




$$
