000
CDUS41 KBOX 210547
CLIBOS


CLIMATE REPORT
NATIONAL WEATHER SERVICE TAUNTON MA
144 AM EDT MON APR 21 2014


...................................

...THE BOSTON MA CLIMATE SUMMARY FOR APRIL 20 2014...

CLIMATE NORMAL PERIOD 1981 TO 2010
CLIMATE RECORD PERIOD 1872 TO 2014


WEATHER ITEM   OBSERVED TIME   RECORD YEAR NORMAL DEPARTURE LAST
                VALUE   (LST)  VALUE       VALUE  FROM      YEAR
                                                  NORMAL
..................................................................
TEMPERATURE (F)
 YESTERDAY
  MAXIMUM         48    248 PM  89    1976  57     -9       65
                                      1941
                                      1927
  MINIMUM         39   1059 PM  21    1897  42     -3       44
  AVERAGE         44                        50     -6       55

PRECIPITATION (IN)
  YESTERDAY        0.00          0.87 1874   0.11  -0.11     0.38
  MONTH TO DATE    2.26                      2.61  -0.35     1.21
  SINCE MAR 1      6.74                      6.93  -0.19     4.53
  SINCE JAN 1     14.11                     13.54   0.57    10.87

SNOWFALL (IN)
  YESTERDAY        0.0           1.0  1904   0.1   -0.1      0.0
  MONTH TO DATE    0.3                       1.8   -1.5       T
  SINCE MAR 1      2.5                       9.6   -7.1     20.6
  SINCE JUL 1     58.9                      43.7   15.2     63.4
  SNOW DEPTH       0

DEGREE DAYS
 HEATING
  YESTERDAY       21                        15      6       10
  MONTH TO DATE  342                       373    -31      330
  SINCE MAR 1   1312                      1202    110     1169
  SINCE JUL 1   5460                      5244    216     4971

 COOLING
  YESTERDAY        0                         0      0        0
  MONTH TO DATE    1                         0      1        0
  SINCE MAR 1      1                         0      1        0
  SINCE JAN 1      1                         0      1        0
..................................................................


WIND (MPH)
  RESULTANT WIND SPEED   5   RESULTANT WIND DIRECTION   E (90)
  HIGHEST WIND SPEED    15   HIGHEST WIND DIRECTION    SE (120)
  HIGHEST GUST SPEED    20   HIGHEST GUST DIRECTION    SE (150)
  AVERAGE WIND SPEED     9.2


SKY COVER
  POSSIBLE SUNSHINE  MM
  AVERAGE SKY COVER 0.4


WEATHER CONDITIONS
 THE FOLLOWING WEATHER WAS RECORDED YESTERDAY.
  NO SIGNIFICANT WEATHER WAS OBSERVED.


RELATIVE HUMIDITY (PERCENT)
 HIGHEST    76          1100 PM
 LOWEST     38           100 PM
 AVERAGE    57

..........................................................


THE BOSTON MA CLIMATE NORMALS FOR TODAY
                         NORMAL    RECORD    YEAR
 MAXIMUM TEMPERATURE (F)   58        88      1957
 MINIMUM TEMPERATURE (F)   42        21      1875


SUNRISE AND SUNSET
APRIL 21 2014.........SUNRISE   554 AM EDT   SUNSET   732 PM EDT
APRIL 22 2014.........SUNRISE   552 AM EDT   SUNSET   734 PM EDT


-  INDICATES NEGATIVE NUMBERS.
R  INDICATES RECORD WAS SET OR TIED.
MM INDICATES DATA IS MISSING.
T  INDICATES TRACE AMOUNT.




$$
