000
CDUS41 KBOX 272138
CLIBOS


CLIMATE REPORT
NATIONAL WEATHER SERVICE TAUNTON MA
536 PM EDT SAT MAY 27 2017


...................................

...THE BOSTON MA CLIMATE SUMMARY FOR MAY 27 2017...
VALID TODAY AS OF 0500 PM LOCAL TIME.

CLIMATE NORMAL PERIOD 1981 TO 2010
CLIMATE RECORD PERIOD 1872 TO 2017


WEATHER ITEM   OBSERVED TIME   RECORD YEAR NORMAL DEPARTURE LAST
                VALUE   (LST)  VALUE       VALUE  FROM      YEAR
                                                  NORMAL
..................................................................
TEMPERATURE (F)
 TODAY
  MAXIMUM         61   1034 AM  96    1880  70     -9       73
  MINIMUM         53    500 AM  39    1915  53      0       58
  AVERAGE         57                        61     -4       66

PRECIPITATION (IN)
  TODAY            0.00          1.48 1961   0.13  -0.13     0.00
  MONTH TO DATE    3.34                      2.99   0.35     1.70
  SINCE MAR 1     13.25                     11.05   2.20     7.77
  SINCE JAN 1     20.72                     17.66   3.06    15.21

SNOWFALL (IN)
  TODAY            0.0           0.0  2002   0.0    0.0      0.0
                                      2001
                                      2000
  MONTH TO DATE    0.0                       0.1   -0.1      0.0
  SINCE MAR 1     11.3                       9.8    1.5     10.7
  SINCE JUL 1     47.6                      43.9    3.7     36.1
  SNOW DEPTH       0

DEGREE DAYS
 HEATING
  TODAY            8                         5      3        0
  MONTH TO DATE  272                       227     45      233
  SINCE MAR 1   1633                      1566     67     1456
  SINCE JUL 1   5172                      5608   -436     4786

 COOLING
  TODAY            0                         2     -2        1
  MONTH TO DATE   41                        15     26       14
  SINCE MAR 1     60                        18     42       17
  SINCE JAN 1     60                        18     42       17
..................................................................


WIND (MPH)
  HIGHEST WIND SPEED    16   HIGHEST WIND DIRECTION     E (90)
  HIGHEST GUST SPEED    19   HIGHEST GUST DIRECTION     E (90)
  AVERAGE WIND SPEED     8.7


SKY COVER
  POSSIBLE SUNSHINE  MM
  AVERAGE SKY COVER 0.7


WEATHER CONDITIONS
 THE FOLLOWING WEATHER WAS RECORDED TODAY.
  NO SIGNIFICANT WEATHER WAS OBSERVED.


RELATIVE HUMIDITY (PERCENT)
 HIGHEST    93          1200 AM
 LOWEST     64           300 PM
 AVERAGE    79

..........................................................


THE BOSTON MA CLIMATE NORMALS FOR TOMORROW
                         NORMAL    RECORD    YEAR
 MAXIMUM TEMPERATURE (F)   70        92      2016
                                             1931
 MINIMUM TEMPERATURE (F)   54        43      1917
                                             1902


SUNRISE AND SUNSET
MAY 27 2017...........SUNRISE   513 AM EDT   SUNSET   811 PM EDT
MAY 28 2017...........SUNRISE   512 AM EDT   SUNSET   811 PM EDT


-  INDICATES NEGATIVE NUMBERS.
R  INDICATES RECORD WAS SET OR TIED.
MM INDICATES DATA IS MISSING.
T  INDICATES TRACE AMOUNT.




$$
