000
CDUS41 KBOX 212120
CLIBOS


CLIMATE REPORT
NATIONAL WEATHER SERVICE TAUNTON MA
520 PM EDT MON JUL 21 2014


...................................

...THE BOSTON MA CLIMATE SUMMARY FOR JULY 21 2014...
VALID AS OF 0500 PM LOCAL TIME.

CLIMATE NORMAL PERIOD 1981 TO 2010
CLIMATE RECORD PERIOD 1872 TO 2014


WEATHER ITEM   OBSERVED TIME   RECORD YEAR NORMAL DEPARTURE LAST
                VALUE   (LST)  VALUE       VALUE  FROM      YEAR
                                                  NORMAL
..................................................................
TEMPERATURE (F)
 TODAY
  MAXIMUM         73   1234 PM 102    1977  82     -9       79
  MINIMUM         61    439 AM  52    1890  66     -5       68
  AVERAGE         67                        74     -7       74

PRECIPITATION (IN)
  TODAY            0.00          2.33 1938   0.12  -0.12     0.01
  MONTH TO DATE    4.11                      2.21   1.90     0.24
  SINCE JUN 1      6.73                      5.89   0.84    10.74
  SINCE JAN 1     24.68                     24.05   0.63    24.99

SNOWFALL (IN)
  TODAY            0.0           T    1954   0.0    0.0      0.0
  MONTH TO DATE    0.0                       0.0    0.0      0.0
  SINCE JUN 1      0.0                       0.0    0.0      0.0
  SINCE JUL 1      0.0                       0.0    0.0      0.0
  SNOW DEPTH      MM

DEGREE DAYS
 HEATING
  TODAY            0                         0      0        0
  MONTH TO DATE    0                         0      0        0
  SINCE JUN 1     28                        55    -27       25
  SINCE JUL 1      0                         0      0        0

 COOLING
  TODAY            2                         9     -7        9
  MONTH TO DATE  203                       178     25      310
  SINCE JUN 1    341                       314     27      481
  SINCE JAN 1    363                       344     19      519
..................................................................


WIND (MPH)
  HIGHEST WIND SPEED    14   HIGHEST WIND DIRECTION     E (110)
  HIGHEST GUST SPEED    16   HIGHEST GUST DIRECTION     E (110)
  AVERAGE WIND SPEED     6.7


SKY COVER
  POSSIBLE SUNSHINE  MM
  AVERAGE SKY COVER 0.5


WEATHER CONDITIONS
 THE FOLLOWING WEATHER WAS RECORDED TODAY.
  FOG


RELATIVE HUMIDITY (PERCENT)
 HIGHEST   100           300 AM
 LOWEST     68          1100 AM
 AVERAGE    84

..........................................................


THE BOSTON MA CLIMATE NORMALS FOR TOMORROW
                         NORMAL    RECORD    YEAR
 MAXIMUM TEMPERATURE (F)   82       103      2011
                                             1926
 MINIMUM TEMPERATURE (F)   66        55      1890


SUNRISE AND SUNSET
JULY 21 2014..........SUNRISE   526 AM EDT   SUNSET   815 PM EDT
JULY 22 2014..........SUNRISE   527 AM EDT   SUNSET   814 PM EDT


-  INDICATES NEGATIVE NUMBERS.
R  INDICATES RECORD WAS SET OR TIED.
MM INDICATES DATA IS MISSING.
T  INDICATES TRACE AMOUNT.




$$
