000
CDUS41 KBOX 290552
CLIBOS


CLIMATE REPORT
NATIONAL WEATHER SERVICE TAUNTON MA
152 AM EDT MON SEP 29 2014


...................................

...THE BOSTON MA CLIMATE SUMMARY FOR SEPTEMBER 28 2014...

CLIMATE NORMAL PERIOD 1981 TO 2010
CLIMATE RECORD PERIOD 1872 TO 2014


WEATHER ITEM   OBSERVED TIME   RECORD YEAR NORMAL DEPARTURE LAST
                VALUE   (LST)  VALUE       VALUE  FROM      YEAR
                                                  NORMAL
..................................................................
TEMPERATURE (F)
 YESTERDAY
  MAXIMUM         87    153 PM  90    1881  68     19       69
                                      1873
  MINIMUM         60    614 AM  37    1947  53      7       55
  AVERAGE         74                        60     14       62

PRECIPITATION (IN)
  YESTERDAY        0.00          1.88 2004   0.13  -0.13     0.00
  MONTH TO DATE    0.52                      3.19  -2.67     2.21
  SINCE SEP 1      0.52                      3.19  -2.67     2.21
  SINCE JAN 1     27.41                     31.81  -4.40    32.41

SNOWFALL (IN)
  YESTERDAY        0.0           0.0  2001   0.0    0.0      0.0
                                      2000
  MONTH TO DATE    0.0                       0.0    0.0      0.0
  SINCE SEP 1      0.0                       0.0    0.0      0.0
  SINCE JUL 1      0.0                       0.0    0.0      0.0
  SNOW DEPTH       0

DEGREE DAYS
 HEATING
  YESTERDAY        0                         6     -6        3
  MONTH TO DATE   68                        72     -4       68
  SINCE SEP 1     68                        72     -4       68
  SINCE JUL 1     68                        85    -17       70

 COOLING
  YESTERDAY        9                         1      8        0
  MONTH TO DATE  119                        78     41       82
  SINCE SEP 1    119                        78     41       82
  SINCE JAN 1    758                       737     21      903
..................................................................


WIND (MPH)
  RESULTANT WIND SPEED   2   RESULTANT WIND DIRECTION  SW (220)
  HIGHEST WIND SPEED    13   HIGHEST WIND DIRECTION    SW (240)
  HIGHEST GUST SPEED    26   HIGHEST GUST DIRECTION    SE (150)
  AVERAGE WIND SPEED     4.8


SKY COVER
  POSSIBLE SUNSHINE  MM
  AVERAGE SKY COVER 0.2


WEATHER CONDITIONS
 THE FOLLOWING WEATHER WAS RECORDED YESTERDAY.
  NO SIGNIFICANT WEATHER WAS OBSERVED.


RELATIVE HUMIDITY (PERCENT)
 HIGHEST    90           100 AM
 LOWEST     40           100 PM
 AVERAGE    65

..........................................................


THE BOSTON MA CLIMATE NORMALS FOR TODAY
                         NORMAL    RECORD    YEAR
 MAXIMUM TEMPERATURE (F)   68        88      1952
 MINIMUM TEMPERATURE (F)   52        34      1914


SUNRISE AND SUNSET
SEPTEMBER 29 2014.....SUNRISE   639 AM EDT   SUNSET   629 PM EDT
SEPTEMBER 30 2014.....SUNRISE   640 AM EDT   SUNSET   627 PM EDT


-  INDICATES NEGATIVE NUMBERS.
R  INDICATES RECORD WAS SET OR TIED.
MM INDICATES DATA IS MISSING.
T  INDICATES TRACE AMOUNT.




$$
