000
CDUS41 KBOX 310546
CLIBOS


CLIMATE REPORT
NATIONAL WEATHER SERVICE TAUNTON MA
142 AM EDT MON AUG 31 2015


...................................

...THE BOSTON MA CLIMATE SUMMARY FOR AUGUST 30 2015...

CLIMATE NORMAL PERIOD 1981 TO 2010
CLIMATE RECORD PERIOD 1872 TO 2015


WEATHER ITEM   OBSERVED TIME   RECORD YEAR NORMAL DEPARTURE LAST
                VALUE   (LST)  VALUE       VALUE  FROM      YEAR
                                                  NORMAL
..................................................................
TEMPERATURE (F)
 YESTERDAY
  MAXIMUM         88    305 PM  99    1973  77     11       79
  MINIMUM         69    611 AM  48    1965  63      6       58
  AVERAGE         79                        70      9       69

PRECIPITATION (IN)
  YESTERDAY        0.00          3.65 1872   0.09  -0.09     0.00
  MONTH TO DATE    2.19                      3.25  -1.06     1.21
  SINCE JUN 1      9.29                     10.36  -1.07     8.40
  SINCE JAN 1     22.78                     28.52  -5.74    26.35

SNOWFALL (IN)
  YESTERDAY        0.0           0.0  2002   0.0    0.0      0.0
                                      2001
                                      2000
  MONTH TO DATE    0.0                       0.0    0.0      0.0
  SINCE JUN 1      0.0                       0.0    0.0      0.0
  SINCE JUL 1      0.0                       0.0    0.0      0.0
  SNOW DEPTH      MM

DEGREE DAYS
 HEATING
  YESTERDAY        0                         1     -1        0
  MONTH TO DATE    0                         2     -2        0
  SINCE JUN 1     99                        63     36       28
  SINCE JUL 1      1                         8     -7        0

 COOLING
  YESTERDAY       14                         6      8        4
  MONTH TO DATE  291                       223     68      177
  SINCE JUN 1    673                       625     48      606
  SINCE JAN 1    734                       655     79      628
..................................................................


WIND (MPH)
  RESULTANT WIND SPEED   8   RESULTANT WIND DIRECTION   W (250)
  HIGHEST WIND SPEED    17   HIGHEST WIND DIRECTION    SW (230)
  HIGHEST GUST SPEED    26   HIGHEST GUST DIRECTION     W (270)
  AVERAGE WIND SPEED     9.0


SKY COVER
  POSSIBLE SUNSHINE  MM
  AVERAGE SKY COVER 0.7


WEATHER CONDITIONS
 THE FOLLOWING WEATHER WAS RECORDED YESTERDAY.
  NO SIGNIFICANT WEATHER WAS OBSERVED.


RELATIVE HUMIDITY (PERCENT)
 HIGHEST    78           500 AM
 LOWEST     37           400 PM
 AVERAGE    58

..........................................................


THE BOSTON MA CLIMATE NORMALS FOR TODAY
                         NORMAL    RECORD    YEAR
 MAXIMUM TEMPERATURE (F)   77        97      1953
                                             1881
 MINIMUM TEMPERATURE (F)   62        47      1965


SUNRISE AND SUNSET
AUGUST 31 2015........SUNRISE   608 AM EDT   SUNSET   720 PM EDT
SEPTEMBER  1 2015.....SUNRISE   609 AM EDT   SUNSET   719 PM EDT


-  INDICATES NEGATIVE NUMBERS.
R  INDICATES RECORD WAS SET OR TIED.
MM INDICATES DATA IS MISSING.
T  INDICATES TRACE AMOUNT.




$$
