482
CDUS41 KBOX 240544
CLIBOS


CLIMATE REPORT
NATIONAL WEATHER SERVICE TAUNTON MA
142 AM EDT FRI MAR 24 2017


...................................

...THE BOSTON MA CLIMATE SUMMARY FOR MARCH 23 2017...

CLIMATE NORMAL PERIOD 1981 TO 2010
CLIMATE RECORD PERIOD 1872 TO 2017


WEATHER ITEM   OBSERVED TIME   RECORD YEAR NORMAL DEPARTURE LAST
                VALUE   (LST)  VALUE       VALUE  FROM      YEAR
                                                  NORMAL
..................................................................
TEMPERATURE (F)
 YESTERDAY
  MAXIMUM         38    507 PM  78    1938  47     -9       63
  MINIMUM         18    557 AM   6    1934  33    -15       42
  AVERAGE         28                        40    -12       53

PRECIPITATION (IN)
  YESTERDAY        0.00          2.22 2010   0.16  -0.16      T
  MONTH TO DATE    1.94                      3.16  -1.22     2.59
  SINCE MAR 1      1.94                      3.16  -1.22     2.59
  SINCE JAN 1      9.41                      9.77  -0.36    10.03

SNOWFALL (IN)
  YESTERDAY        0.0           2.9  1992   0.2   -0.2      0.0
  MONTH TO DATE    9.5                       6.5    3.0      4.1
  SINCE MAR 1      9.5                       6.5    3.0      4.1
  SINCE JUL 1     45.8                      40.6    5.2     29.5
  SNOW DEPTH      MM

DEGREE DAYS
 HEATING
  YESTERDAY       37                        25     12       12
  MONTH TO DATE  743                       641    102      519
  SINCE MAR 1    743                       641    102      519
  SINCE JUL 1   4282                      4683   -401     3849

 COOLING
  YESTERDAY        0                         0      0        0
  MONTH TO DATE    0                         0      0        0
  SINCE MAR 1      0                         0      0        0
  SINCE JAN 1      0                         0      0        0
..................................................................


WIND (MPH)
  RESULTANT WIND SPEED  13   RESULTANT WIND DIRECTION  NW (300)
  HIGHEST WIND SPEED    24   HIGHEST WIND DIRECTION    NW (310)
  HIGHEST GUST SPEED    36   HIGHEST GUST DIRECTION    NW (330)
  AVERAGE WIND SPEED    13.5


SKY COVER
  POSSIBLE SUNSHINE  MM
  AVERAGE SKY COVER 0.1


WEATHER CONDITIONS
 THE FOLLOWING WEATHER WAS RECORDED YESTERDAY.
  NO SIGNIFICANT WEATHER WAS OBSERVED.


RELATIVE HUMIDITY (PERCENT)
 HIGHEST    39           200 AM
 LOWEST     20           500 PM
 AVERAGE    30

..........................................................


THE BOSTON MA CLIMATE NORMALS FOR TODAY
                         NORMAL    RECORD    YEAR
 MAXIMUM TEMPERATURE (F)   48        72      1920
 MINIMUM TEMPERATURE (F)   33         6      1874


SUNRISE AND SUNSET
MARCH 24 2017.........SUNRISE   640 AM EDT   SUNSET   701 PM EDT
MARCH 25 2017.........SUNRISE   638 AM EDT   SUNSET   702 PM EDT


-  INDICATES NEGATIVE NUMBERS.
R  INDICATES RECORD WAS SET OR TIED.
MM INDICATES DATA IS MISSING.
T  INDICATES TRACE AMOUNT.




$$
