379
CDUS41 KBOX 060543
CLIBOS


CLIMATE REPORT
NATIONAL WEATHER SERVICE TAUNTON MA
1238 AM EST SAT FEB 6 2016


...................................

...THE BOSTON MA CLIMATE SUMMARY FOR FEBRUARY 5 2016...

CLIMATE NORMAL PERIOD 1981 TO 2010
CLIMATE RECORD PERIOD 1872 TO 2016


WEATHER ITEM   OBSERVED TIME   RECORD YEAR NORMAL DEPARTURE LAST
                VALUE   (LST)  VALUE       VALUE  FROM      YEAR
                                                  NORMAL
..................................................................
TEMPERATURE (F)
 YESTERDAY
  MAXIMUM         43   1251 AM  65    1991  37      6       36
  MINIMUM         25   1157 PM -10    1918  23      2        7
  AVERAGE         34                        30      4       22

PRECIPITATION (IN)
  YESTERDAY        0.96          1.77 1920   0.11   0.85     0.09
  MONTH TO DATE    1.30                      0.54   0.76     0.88
  SINCE DEC 1      8.85                      7.68   1.17    11.01
  SINCE JAN 1      4.57                      3.90   0.67     4.45

SNOWFALL (IN)
  YESTERDAY        6.8          12.2  1920   0.4    6.4      0.8
  MONTH TO DATE    6.8                       2.0    4.8     17.0
  SINCE DEC 1     17.2                      23.9   -6.7     51.6
  SINCE JUL 1     17.2                      25.2   -8.0     54.2
  SNOW DEPTH      MM

DEGREE DAYS
 HEATING
  YESTERDAY       31                        35     -4       43
  MONTH TO DATE  100                       175    -75      221
  SINCE DEC 1   1704                      2230   -526     2242
  SINCE JUL 1   2559                      3285   -726     3255

 COOLING
  YESTERDAY        0                         0      0        0
  MONTH TO DATE    0                         0      0        0
  SINCE DEC 1      0                         0      0        0
  SINCE JAN 1      0                         0      0        0
..................................................................


WIND (MPH)
  RESULTANT WIND SPEED  13   RESULTANT WIND DIRECTION   N (340)
  HIGHEST WIND SPEED    25   HIGHEST WIND DIRECTION     N (10)
  HIGHEST GUST SPEED    37   HIGHEST GUST DIRECTION     N (10)
  AVERAGE WIND SPEED    13.3


SKY COVER
  POSSIBLE SUNSHINE  MM
  AVERAGE SKY COVER 0.8


WEATHER CONDITIONS
 THE FOLLOWING WEATHER WAS RECORDED YESTERDAY.
  HEAVY RAIN
  RAIN
  LIGHT RAIN
  HEAVY SNOW
  SNOW
  LIGHT SNOW
  FOG
  FOG W/VISIBILITY <= 1/4 MILE
  HAZE


RELATIVE HUMIDITY (PERCENT)
 HIGHEST   100          1200 PM
 LOWEST     62           100 AM
 AVERAGE    81

..........................................................


THE BOSTON MA CLIMATE NORMALS FOR TODAY
                         NORMAL    RECORD    YEAR
 MAXIMUM TEMPERATURE (F)   37        57      1909
 MINIMUM TEMPERATURE (F)   23        -6      1895


SUNRISE AND SUNSET
FEBRUARY  6 2016......SUNRISE   653 AM EST   SUNSET   504 PM EST
FEBRUARY  7 2016......SUNRISE   652 AM EST   SUNSET   505 PM EST


-  INDICATES NEGATIVE NUMBERS.
R  INDICATES RECORD WAS SET OR TIED.
MM INDICATES DATA IS MISSING.
T  INDICATES TRACE AMOUNT.




$$
