000
CDUS41 KBOX 090539
CLIBOS


CLIMATE REPORT
NATIONAL WEATHER SERVICE TAUNTON MA
138 AM EDT WED JUL 9 2014


...................................

...THE BOSTON MA CLIMATE SUMMARY FOR JULY 8 2014...

CLIMATE NORMAL PERIOD 1981 TO 2010
CLIMATE RECORD PERIOD 1872 TO 2014


WEATHER ITEM   OBSERVED TIME   RECORD YEAR NORMAL DEPARTURE LAST
                VALUE   (LST)  VALUE       VALUE  FROM      YEAR
                                                  NORMAL
..................................................................
TEMPERATURE (F)
 YESTERDAY
  MAXIMUM         92        MM  99    1937  81     11       85
  MINIMUM         73        MM  55    2000  65      8       66
                                      1909
  AVERAGE         83                        73     10       76

PRECIPITATION (IN)
  YESTERDAY        T             1.87 1915   0.09  -0.09     0.01
  MONTH TO DATE    2.59                      0.73   1.86     0.04
  SINCE JUN 1      5.21                      4.41   0.80    10.54
  SINCE JAN 1     23.16                     22.57   0.59    24.79

SNOWFALL (IN)
  YESTERDAY        0.0           0.0  2002   0.0    0.0      0.0
                                      2001
                                      2000
  MONTH TO DATE    0.0                       0.0    0.0      0.0
  SINCE JUN 1      0.0                       0.0    0.0      0.0
  SINCE JUL 1      0.0                       0.0    0.0      0.0
  SNOW DEPTH      MM

DEGREE DAYS
 HEATING
  YESTERDAY        0                         0      0        0
  MONTH TO DATE    0                         0      0        0
  SINCE JUN 1     28                        55    -27       25
  SINCE JUL 1      0                         0      0        0

 COOLING
  YESTERDAY       18                         8     10       11
  MONTH TO DATE  100                        63     37      125
  SINCE JUN 1    238                       199     39      296
  SINCE JAN 1    260                       229     31      334
..................................................................


WIND (MPH)
  RESULTANT WIND SPEED  14   RESULTANT WIND DIRECTION  SW (220)
  HIGHEST WIND SPEED    21   HIGHEST WIND DIRECTION    SW (220)
  HIGHEST GUST SPEED    32   HIGHEST GUST DIRECTION    SW (220)
  AVERAGE WIND SPEED    15.0


SKY COVER
  POSSIBLE SUNSHINE  MM
  AVERAGE SKY COVER 0.7


WEATHER CONDITIONS
 THE FOLLOWING WEATHER WAS RECORDED YESTERDAY.
  LIGHT RAIN


RELATIVE HUMIDITY (PERCENT)
 HIGHEST    84           900 PM
 LOWEST     44           300 PM
 AVERAGE    64

..........................................................


THE BOSTON MA CLIMATE NORMALS FOR TODAY
                         NORMAL    RECORD    YEAR
 MAXIMUM TEMPERATURE (F)   81        99      1981
                                             1912
 MINIMUM TEMPERATURE (F)   65        53      1909


SUNRISE AND SUNSET
JULY  9 2014..........SUNRISE   516 AM EDT   SUNSET   822 PM EDT
JULY 10 2014..........SUNRISE   517 AM EDT   SUNSET   822 PM EDT


-  INDICATES NEGATIVE NUMBERS.
R  INDICATES RECORD WAS SET OR TIED.
MM INDICATES DATA IS MISSING.
T  INDICATES TRACE AMOUNT.




$$
