000
CDUS41 KBOX 202143
CLIBOS


CLIMATE REPORT
NATIONAL WEATHER SERVICE TAUNTON MA
541 PM EDT FRI OCT 20 2017


...................................

...THE BOSTON MA CLIMATE SUMMARY FOR OCTOBER 20 2017...
VALID TODAY AS OF 0500 PM LOCAL TIME.

CLIMATE NORMAL PERIOD 1981 TO 2010
CLIMATE RECORD PERIOD 1872 TO 2017


WEATHER ITEM   OBSERVED TIME   RECORD YEAR NORMAL DEPARTURE LAST
                VALUE   (LST)  VALUE       VALUE  FROM      YEAR
                                                  NORMAL
..................................................................
TEMPERATURE (F)
 TODAY
  MAXIMUM         71    305 PM  79    1969  60     11       62
  MINIMUM         58    201 AM  32    1974  45     13       56
                                      1972
                                      1900
  AVERAGE         65                        53     12       59

PRECIPITATION (IN)
  TODAY            0.00          6.11 1996   0.13  -0.13     0.08
  MONTH TO DATE    0.49                      2.55  -2.06     2.81
  SINCE SEP 1      4.22                      5.99  -1.77     4.19
  SINCE JAN 1     35.51                     34.61   0.90    24.45

SNOWFALL (IN)
  TODAY            0.0           0.0  2009   0.0    0.0      0.0
                                      2008
                                      2007
  MONTH TO DATE    0.0                       0.0    0.0      0.0
  SINCE SEP 1      0.0                       0.0    0.0      0.0
  SINCE JUL 1      0.0                       0.0    0.0      0.0
  SNOW DEPTH       0

DEGREE DAYS
 HEATING
  TODAY            0                        13    -13        6
  MONTH TO DATE   80                       193   -113      145
  SINCE SEP 1    117                       277   -160      191
  SINCE JUL 1    129                       290   -161      198

 COOLING
  TODAY            0                         0      0        0
  MONTH TO DATE   36                         6     30       11
  SINCE SEP 1    147                        87     60      139
  SINCE JAN 1    876                       746    130     1033
..................................................................


WIND (MPH)
  HIGHEST WIND SPEED    20   HIGHEST WIND DIRECTION     W (290)
  HIGHEST GUST SPEED    26   HIGHEST GUST DIRECTION    NW (300)
  AVERAGE WIND SPEED    13.3


SKY COVER
  POSSIBLE SUNSHINE  MM
  AVERAGE SKY COVER 0.1


WEATHER CONDITIONS
 THE FOLLOWING WEATHER WAS RECORDED TODAY.
  HAZE


RELATIVE HUMIDITY (PERCENT)
 HIGHEST    77           200 AM
 LOWEST     28           100 PM
 AVERAGE    53

..........................................................


THE BOSTON MA CLIMATE NORMALS FOR TOMORROW
                         NORMAL    RECORD    YEAR
 MAXIMUM TEMPERATURE (F)   60        82      1920
 MINIMUM TEMPERATURE (F)   45        30      1974


SUNRISE AND SUNSET
OCTOBER 20 2017.......SUNRISE   703 AM EDT   SUNSET   554 PM EDT
OCTOBER 21 2017.......SUNRISE   704 AM EDT   SUNSET   552 PM EDT


-  INDICATES NEGATIVE NUMBERS.
R  INDICATES RECORD WAS SET OR TIED.
MM INDICATES DATA IS MISSING.
T  INDICATES TRACE AMOUNT.




$$
