000
CDUS41 KBOX 300551
CLIBOS


CLIMATE REPORT
NATIONAL WEATHER SERVICE TAUNTON MA
141 AM EDT TUE AUG 30 2016


...................................

...THE BOSTON MA CLIMATE SUMMARY FOR AUGUST 29 2016...

CLIMATE NORMAL PERIOD 1981 TO 2010
CLIMATE RECORD PERIOD 1872 TO 2016


WEATHER ITEM   OBSERVED TIME   RECORD YEAR NORMAL DEPARTURE LAST
                VALUE   (LST)  VALUE       VALUE  FROM      YEAR
                                                  NORMAL
..................................................................
TEMPERATURE (F)
 YESTERDAY
  MAXIMUM         90    107 PM  96    1953  78     12       82
  MINIMUM         69   1159 PM  47    1986  63      6       63
                                      1908
  AVERAGE         80                        70     10       73

PRECIPITATION (IN)
  YESTERDAY        0.00          1.69 1962   0.10  -0.10     0.00
  MONTH TO DATE    1.72                      3.16  -1.44     2.19
  SINCE JUN 1      3.92                     10.27  -6.35     9.29
  SINCE JAN 1     20.26                     28.43  -8.17    22.78

SNOWFALL (IN)
  YESTERDAY        0.0           0.0  2002   0.0    0.0      0.0
                                      2001
                                      2000
  MONTH TO DATE    0.0                       0.0    0.0      0.0
  SINCE JUN 1      0.0                       0.0    0.0      0.0
  SINCE JUL 1      0.0                       0.0    0.0      0.0
  SNOW DEPTH      MM

DEGREE DAYS
 HEATING
  YESTERDAY        0                         1     -1        0
  MONTH TO DATE    0                         1     -1        0
  SINCE JUN 1     24                        62    -38       99
  SINCE JUL 1      7                         7      0        1

 COOLING
  YESTERDAY       15                         6      9        8
  MONTH TO DATE  346                       217    129      277
  SINCE JUN 1    833                       619    214      659
  SINCE JAN 1    878                       649    229      720
..................................................................


WIND (MPH)
  RESULTANT WIND SPEED   9   RESULTANT WIND DIRECTION   W (290)
  HIGHEST WIND SPEED    24   HIGHEST WIND DIRECTION    NW (320)
  HIGHEST GUST SPEED    31   HIGHEST GUST DIRECTION     W (280)
  AVERAGE WIND SPEED    13.3


SKY COVER
  POSSIBLE SUNSHINE  MM
  AVERAGE SKY COVER 0.4


WEATHER CONDITIONS
 THE FOLLOWING WEATHER WAS RECORDED YESTERDAY.
  NO SIGNIFICANT WEATHER WAS OBSERVED.


RELATIVE HUMIDITY (PERCENT)
 HIGHEST    84          1200 AM
 LOWEST     29           200 PM
 AVERAGE    57

..........................................................


THE BOSTON MA CLIMATE NORMALS FOR TODAY
                         NORMAL    RECORD    YEAR
 MAXIMUM TEMPERATURE (F)   77        99      1973
 MINIMUM TEMPERATURE (F)   63        48      1965


SUNRISE AND SUNSET
AUGUST 30 2016........SUNRISE   608 AM EDT   SUNSET   721 PM EDT
AUGUST 31 2016........SUNRISE   609 AM EDT   SUNSET   719 PM EDT


-  INDICATES NEGATIVE NUMBERS.
R  INDICATES RECORD WAS SET OR TIED.
MM INDICATES DATA IS MISSING.
T  INDICATES TRACE AMOUNT.




$$
