000
CDUS41 KBOX 181849 CCA
CLIBOS

CLIMATE REPORT
NATIONAL WEATHER SERVICE TAUNTON MA
1250 AM EST THU JAN 18 2018


...................................

...THE BOSTON MA CLIMATE SUMMARY FOR JANUARY 17 2018...

CLIMATE NORMAL PERIOD 1981 TO 2010
CLIMATE RECORD PERIOD 1872 TO 2018


WEATHER ITEM   OBSERVED TIME   RECORD YEAR NORMAL DEPARTURE LAST
                VALUE   (LST)  VALUE       VALUE  FROM      YEAR
                                                  NORMAL
..................................................................
TEMPERATURE (F)
 YESTERDAY
  MAXIMUM         34    124 PM  59    1913  35     -1       42
  MINIMUM         31   1208 AM  -4    1907  22      9       32
  AVERAGE         33                        29      4       37

PRECIPITATION (IN)
  YESTERDAY        0.21          1.25 1909   0.11   0.10     0.30
  MONTH TO DATE    3.42                      1.88   1.54     2.30
  SINCE DEC 1      5.91                      5.66   0.25     5.55
  SINCE JAN 1      3.42                      1.88   1.54     2.30

SNOWFALL (IN)
  YESTERDAY        1.7           6.1  1956   0.4    1.3       T
  MONTH TO DATE   15.4                       7.3    8.1      8.3
  SINCE DEC 1     24.6                      16.3    8.3     14.2
  SINCE JUL 1     24.6                      17.6    7.0     14.2
  SNOW DEPTH      MM

DEGREE DAYS
 HEATING
  YESTERDAY       32                        36     -4       28
  MONTH TO DATE  685                       608     77      539
  SINCE DEC 1   1742                      1547    195     1455
  SINCE JUL 1   2569                      2602    -33     2370

 COOLING
  YESTERDAY        0                         0      0        0
  MONTH TO DATE    0                         0      0        0
  SINCE DEC 1      0                         0      0        0
  SINCE JAN 1      0                         0      0        0
..................................................................


WIND (MPH)
  RESULTANT WIND SPEED   2   RESULTANT WIND DIRECTION   N (20)
  HIGHEST WIND SPEED    13   HIGHEST WIND DIRECTION    NW (300)
  HIGHEST GUST SPEED    16   HIGHEST GUST DIRECTION    NW (330)
  AVERAGE WIND SPEED     6.4


SKY COVER
  POSSIBLE SUNSHINE  MM
  AVERAGE SKY COVER 1.0


WEATHER CONDITIONS
 THE FOLLOWING WEATHER WAS RECORDED YESTERDAY.
  LT FREEZING RAIN
  SNOW
  LIGHT SNOW
  FOG
  FOG W/VISIBILITY <= 1/4 MILE


RELATIVE HUMIDITY (PERCENT)
 HIGHEST   100           800 AM
 LOWEST     78           400 AM
 AVERAGE    89

..........................................................


THE BOSTON MA CLIMATE NORMALS FOR TODAY
                         NORMAL    RECORD    YEAR
 MAXIMUM TEMPERATURE (F)   35        63      1990
 MINIMUM TEMPERATURE (F)   22        -3      1974


SUNRISE AND SUNSET
JANUARY 18 2018.......SUNRISE   709 AM EST   SUNSET   440 PM EST
JANUARY 19 2018.......SUNRISE   709 AM EST   SUNSET   442 PM EST


-  INDICATES NEGATIVE NUMBERS.
R  INDICATES RECORD WAS SET OR TIED.
MM INDICATES DATA IS MISSING.
T  INDICATES TRACE AMOUNT.




$$
