000
CDUS41 KBOX 290546
CLIBOS


CLIMATE REPORT
NATIONAL WEATHER SERVICE TAUNTON MA
140 AM EDT FRI APR 29 2016


...................................

...THE BOSTON MA CLIMATE SUMMARY FOR APRIL 28 2016...

CLIMATE NORMAL PERIOD 1981 TO 2010
CLIMATE RECORD PERIOD 1872 TO 2016


WEATHER ITEM   OBSERVED TIME   RECORD YEAR NORMAL DEPARTURE LAST
                VALUE   (LST)  VALUE       VALUE  FROM      YEAR
                                                  NORMAL
..................................................................
TEMPERATURE (F)
 YESTERDAY
  MAXIMUM         54   1145 AM  93    2009  60     -6       64
  MINIMUM         41    504 AM  30    1947  45     -4       42
  AVERAGE         48                        52     -4       53

PRECIPITATION (IN)
  YESTERDAY        0.00          2.97 1904   0.11  -0.11     0.07
  MONTH TO DATE    2.91                      3.51  -0.60     2.28
  SINCE MAR 1      6.07                      7.83  -1.76     5.33
  SINCE JAN 1     13.51                     14.44  -0.93    12.27

SNOWFALL (IN)
  YESTERDAY        0.0           3.2  1987   0.0    0.0      0.0
  MONTH TO DATE    6.6                       1.9    4.7       T
  SINCE MAR 1     10.7                       9.7    1.0      8.6
  SINCE JUL 1     36.1                      43.8   -7.7    110.6
  SNOW DEPTH       0

DEGREE DAYS
 HEATING
  YESTERDAY       17                        13      4       12
  MONTH TO DATE  500                       485     15      473
  SINCE MAR 1   1188                      1314   -126     1450
  SINCE JUL 1   4518                      5356   -838     5765

 COOLING
  YESTERDAY        0                         0      0        0
  MONTH TO DATE    3                         0      3        0
  SINCE MAR 1      3                         0      3        0
  SINCE JAN 1      3                         0      3        0
..................................................................


WIND (MPH)
  RESULTANT WIND SPEED   3   RESULTANT WIND DIRECTION  SE (120)
  HIGHEST WIND SPEED    21   HIGHEST WIND DIRECTION     E (110)
  HIGHEST GUST SPEED    24   HIGHEST GUST DIRECTION     S (190)
  AVERAGE WIND SPEED    10.4


SKY COVER
  POSSIBLE SUNSHINE  MM
  AVERAGE SKY COVER 0.5


WEATHER CONDITIONS
 THE FOLLOWING WEATHER WAS RECORDED YESTERDAY.
  NO SIGNIFICANT WEATHER WAS OBSERVED.


RELATIVE HUMIDITY (PERCENT)
 HIGHEST    60          1100 PM
 LOWEST     22          1000 AM
 AVERAGE    41

..........................................................


THE BOSTON MA CLIMATE NORMALS FOR TODAY
                         NORMAL    RECORD    YEAR
 MAXIMUM TEMPERATURE (F)   61        85      1974
 MINIMUM TEMPERATURE (F)   45        31      1909


SUNRISE AND SUNSET
APRIL 29 2016.........SUNRISE   541 AM EDT   SUNSET   742 PM EDT
APRIL 30 2016.........SUNRISE   540 AM EDT   SUNSET   743 PM EDT


-  INDICATES NEGATIVE NUMBERS.
R  INDICATES RECORD WAS SET OR TIED.
MM INDICATES DATA IS MISSING.
T  INDICATES TRACE AMOUNT.




$$
