000
CDUS41 KBOX 212141
CLIBOS


CLIMATE REPORT
NATIONAL WEATHER SERVICE TAUNTON MA
539 PM EDT THU JUL 21 2016


...................................

...THE BOSTON MA CLIMATE SUMMARY FOR JULY 21 2016...
VALID TODAY AS OF 0500 PM LOCAL TIME.

CLIMATE NORMAL PERIOD 1981 TO 2010
CLIMATE RECORD PERIOD 1872 TO 2016


WEATHER ITEM   OBSERVED TIME   RECORD YEAR NORMAL DEPARTURE LAST
                VALUE   (LST)  VALUE       VALUE  FROM      YEAR
                                                  NORMAL
..................................................................
TEMPERATURE (F)
 TODAY
  MAXIMUM         91    159 PM 102    1977  82      9       81
  MINIMUM         67    344 AM  52    1890  66      1       70
  AVERAGE         79                        74      5       76

PRECIPITATION (IN)
  TODAY            0.00          2.33 1938   0.12  -0.12      T
  MONTH TO DATE    0.66                      2.21  -1.55     2.00
  SINCE JUN 1      1.99                      5.89  -3.90     7.01
  SINCE JAN 1     18.33                     24.05  -5.72    20.50

SNOWFALL (IN)
  TODAY            0.0           T    1954   0.0    0.0      0.0
  MONTH TO DATE    0.0                       0.0    0.0      0.0
  SINCE JUN 1      0.0                       0.0    0.0      0.0
  SINCE JUL 1      0.0                       0.0    0.0      0.0
  SNOW DEPTH       0

DEGREE DAYS
 HEATING
  TODAY            0                         0      0        0
  MONTH TO DATE    7                         0      7        1
  SINCE JUN 1     24                        55    -31       99
  SINCE JUL 1      7                         0      7        1

 COOLING
  TODAY           14                         9      5       11
  MONTH TO DATE  208                       178     30      171
  SINCE JUN 1    337                       314     23      268
  SINCE JAN 1    382                       344     38      329
..................................................................


WIND (MPH)
  HIGHEST WIND SPEED    18   HIGHEST WIND DIRECTION    SW (240)
  HIGHEST GUST SPEED    26   HIGHEST GUST DIRECTION     W (270)
  AVERAGE WIND SPEED     8.1


SKY COVER
  POSSIBLE SUNSHINE  MM
  AVERAGE SKY COVER 0.2


WEATHER CONDITIONS
 THE FOLLOWING WEATHER WAS RECORDED TODAY.
  NO SIGNIFICANT WEATHER WAS OBSERVED.


RELATIVE HUMIDITY (PERCENT)
 HIGHEST    63           200 AM
 LOWEST     24           100 PM
 AVERAGE    44

..........................................................


THE BOSTON MA CLIMATE NORMALS FOR TOMORROW
                         NORMAL    RECORD    YEAR
 MAXIMUM TEMPERATURE (F)   82       103      2011
                                             1926
 MINIMUM TEMPERATURE (F)   66        55      1890


SUNRISE AND SUNSET
JULY 21 2016..........SUNRISE   526 AM EDT   SUNSET   814 PM EDT
JULY 22 2016..........SUNRISE   527 AM EDT   SUNSET   813 PM EDT


-  INDICATES NEGATIVE NUMBERS.
R  INDICATES RECORD WAS SET OR TIED.
MM INDICATES DATA IS MISSING.
T  INDICATES TRACE AMOUNT.




$$
