000
CDUS41 KBOX 090542
CLIBOS


CLIMATE REPORT
NATIONAL WEATHER SERVICE TAUNTON MA
1241 AM EST THU FEB 9 2017


...................................

...THE BOSTON MA CLIMATE SUMMARY FOR FEBRUARY 8 2017...

CLIMATE NORMAL PERIOD 1981 TO 2010
CLIMATE RECORD PERIOD 1872 TO 2017


WEATHER ITEM   OBSERVED TIME   RECORD YEAR NORMAL DEPARTURE LAST
                VALUE   (LST)  VALUE       VALUE  FROM      YEAR
                                                  NORMAL
..................................................................
TEMPERATURE (F)
 YESTERDAY
  MAXIMUM         52    302 PM  66    1933  38     14       38
  MINIMUM         25    551 AM -12    1934  24      1       18
  AVERAGE         39                        31      8       28

PRECIPITATION (IN)
  YESTERDAY        0.02          1.52 1945   0.10  -0.08     0.53
  MONTH TO DATE    0.51                      0.86  -0.35     1.83
  SINCE DEC 1      8.01                      8.00   0.01     9.38
  SINCE JAN 1      4.76                      4.22   0.54     5.10

SNOWFALL (IN)
  YESTERDAY        0.0          12.7  1945   0.4   -0.4      6.4
  MONTH TO DATE    2.0                       3.1   -1.1     13.2
  SINCE DEC 1     16.8                      25.0   -8.2     23.6
  SINCE JUL 1     16.8                      26.3   -9.5     23.6
  SNOW DEPTH      MM

DEGREE DAYS
 HEATING
  YESTERDAY       26                        34     -8       37
  MONTH TO DATE  248                       279    -31      200
  SINCE DEC 1   2083                      2334   -251     1804
  SINCE JUL 1   2998                      3389   -391     2659

 COOLING
  YESTERDAY        0                         0      0        0
  MONTH TO DATE    0                         0      0        0
  SINCE DEC 1      0                         0      0        0
  SINCE JAN 1      0                         0      0        0
..................................................................


WIND (MPH)
  RESULTANT WIND SPEED   9   RESULTANT WIND DIRECTION   W (290)
  HIGHEST WIND SPEED    18   HIGHEST WIND DIRECTION     W (280)
  HIGHEST GUST SPEED    23   HIGHEST GUST DIRECTION    NW (310)
  AVERAGE WIND SPEED     9.1


SKY COVER
  POSSIBLE SUNSHINE  MM
  AVERAGE SKY COVER 0.8


WEATHER CONDITIONS
 THE FOLLOWING WEATHER WAS RECORDED YESTERDAY.
  LIGHT RAIN
  LT FREEZING RAIN
  FOG


RELATIVE HUMIDITY (PERCENT)
 HIGHEST   100           200 AM
 LOWEST     46           400 PM
 AVERAGE    73

..........................................................


THE BOSTON MA CLIMATE NORMALS FOR TODAY
                         NORMAL    RECORD    YEAR
 MAXIMUM TEMPERATURE (F)   38        61      1990
 MINIMUM TEMPERATURE (F)   24       -18      1934


SUNRISE AND SUNSET
FEBRUARY  9 2017......SUNRISE   648 AM EST   SUNSET   509 PM EST
FEBRUARY 10 2017......SUNRISE   647 AM EST   SUNSET   510 PM EST


-  INDICATES NEGATIVE NUMBERS.
R  INDICATES RECORD WAS SET OR TIED.
MM INDICATES DATA IS MISSING.
T  INDICATES TRACE AMOUNT.




$$
