000
CDUS41 KBOX 292130
CLIBOS


CLIMATE REPORT
NATIONAL WEATHER SERVICE TAUNTON MA
527 PM EDT SAT MAR 29 2014


...................................

...THE BOSTON MA CLIMATE SUMMARY FOR MARCH 29 2014...
VALID AS OF 0500 PM LOCAL TIME.

CLIMATE NORMAL PERIOD 1981 TO 2010
CLIMATE RECORD PERIOD 1872 TO 2014


WEATHER ITEM   OBSERVED TIME   RECORD YEAR NORMAL DEPARTURE LAST
                VALUE   (LST)  VALUE       VALUE  FROM      YEAR
                                                  NORMAL
..................................................................
TEMPERATURE (F)
 TODAY
  MAXIMUM         52        MM  86    1945  49      3       56
  MINIMUM         41    400 PM   4    1923  35      6       40
  AVERAGE         47                        42      5       48

PRECIPITATION (IN)
  TODAY            0.10          1.96 2010   0.13  -0.03     0.01
  MONTH TO DATE    0.94                      4.04  -3.10     3.29
  SINCE MAR 1      0.94                      4.04  -3.10     3.29
  SINCE JAN 1      8.31                     10.65  -2.34     9.63

SNOWFALL (IN)
  TODAY           MM             9.1  1984   0.1   MM        0.0
  MONTH TO DATE    2.2                       7.5   -5.3     20.6
  SINCE MAR 1      2.2                       7.5   -5.3     20.6
  SINCE JUL 1     58.6                      41.6   17.0     63.4
  SNOW DEPTH       0

DEGREE DAYS
 HEATING
  TODAY           18                        23     -5       17
  MONTH TO DATE  917                       784    133      803
  SINCE MAR 1    917                       784    133      803
  SINCE JUL 1   5065                      4826    239     4605

 COOLING
  TODAY            0                         0      0        0
  MONTH TO DATE    0                         0      0        0
  SINCE MAR 1      0                         0      0        0
  SINCE JAN 1      0                         0      0        0
..................................................................


WIND (MPH)
  HIGHEST WIND SPEED    16   HIGHEST WIND DIRECTION    NE (50)
  HIGHEST GUST SPEED    17   HIGHEST GUST DIRECTION     W (280)
  AVERAGE WIND SPEED    10.4


SKY COVER
  POSSIBLE SUNSHINE  MM
  AVERAGE SKY COVER 0.6


WEATHER CONDITIONS
 THE FOLLOWING WEATHER WAS RECORDED TODAY.
  RAIN
  LIGHT RAIN
  FOG


RELATIVE HUMIDITY (PERCENT)
 HIGHEST    86          1200 AM
 LOWEST     61          1000 AM
 AVERAGE    74

..........................................................


THE BOSTON MA CLIMATE NORMALS FOR TOMORROW
                         NORMAL    RECORD    YEAR
 MAXIMUM TEMPERATURE (F)   50        81      1977
 MINIMUM TEMPERATURE (F)   35        10      1884


SUNRISE AND SUNSET
MARCH 29 2014.........SUNRISE   632 AM EDT   SUNSET   707 PM EDT
MARCH 30 2014.........SUNRISE   630 AM EDT   SUNSET   708 PM EDT


-  INDICATES NEGATIVE NUMBERS.
R  INDICATES RECORD WAS SET OR TIED.
MM INDICATES DATA IS MISSING.
T  INDICATES TRACE AMOUNT.




$$
