000
CDUS41 KBOX 160547
CLIBOS


CLIMATE REPORT
NATIONAL WEATHER SERVICE TAUNTON MA
144 AM EDT SAT MAY 16 2015


...................................

...THE BOSTON MA CLIMATE SUMMARY FOR MAY 15 2015...

CLIMATE NORMAL PERIOD 1981 TO 2010
CLIMATE RECORD PERIOD 1872 TO 2015


WEATHER ITEM   OBSERVED TIME   RECORD YEAR NORMAL DEPARTURE LAST
                VALUE   (LST)  VALUE       VALUE  FROM      YEAR
                                                  NORMAL
..................................................................
TEMPERATURE (F)
 YESTERDAY
  MAXIMUM         67   1136 AM  93    1900  66      1       77
  MINIMUM         48    423 AM  36    1947  50     -2       57
  AVERAGE         58                        58      0       67

PRECIPITATION (IN)
  YESTERDAY        0.00          1.73 1978   0.10  -0.10      T
  MONTH TO DATE    0.04                      1.56  -1.52     0.97
  SINCE MAR 1      5.37                      9.62  -4.25     8.69
  SINCE JAN 1     12.31                     16.23  -3.92    16.06

SNOWFALL (IN)
  YESTERDAY        0.0           0.0  2002   0.0    0.0      0.0
                                      2001
                                      2000
  MONTH TO DATE    0.0                       0.1   -0.1      0.0
  SINCE MAR 1      8.6                       9.8   -1.2      2.5
  SINCE JUL 1    110.6                      43.9   66.7     58.9
  SNOW DEPTH       0

DEGREE DAYS
 HEATING
  YESTERDAY        7                         8     -1        0
  MONTH TO DATE   84                       149    -65      102
  SINCE MAR 1   1563                      1488     75     1573
  SINCE JUL 1   5878                      5530    348     5721

 COOLING
  YESTERDAY        0                         1     -1        2
  MONTH TO DATE   15                         2     13       16
  SINCE MAR 1     15                         5     10       17
  SINCE JAN 1     15                         5     10       17
..................................................................


WIND (MPH)
  RESULTANT WIND SPEED   4   RESULTANT WIND DIRECTION  SE (120)
  HIGHEST WIND SPEED    15   HIGHEST WIND DIRECTION     E (100)
  HIGHEST GUST SPEED    18   HIGHEST GUST DIRECTION     E (110)
  AVERAGE WIND SPEED     6.4


SKY COVER
  POSSIBLE SUNSHINE  MM
  AVERAGE SKY COVER 0.6


WEATHER CONDITIONS
 THE FOLLOWING WEATHER WAS RECORDED YESTERDAY.
  NO SIGNIFICANT WEATHER WAS OBSERVED.


RELATIVE HUMIDITY (PERCENT)
 HIGHEST    64           100 AM
 LOWEST     29          1100 AM
 AVERAGE    47

..........................................................


THE BOSTON MA CLIMATE NORMALS FOR TODAY
                         NORMAL    RECORD    YEAR
 MAXIMUM TEMPERATURE (F)   66        93      1932
 MINIMUM TEMPERATURE (F)   50        34      1936


SUNRISE AND SUNSET
MAY 16 2015...........SUNRISE   522 AM EDT   SUNSET   800 PM EDT
MAY 17 2015...........SUNRISE   521 AM EDT   SUNSET   801 PM EDT


-  INDICATES NEGATIVE NUMBERS.
R  INDICATES RECORD WAS SET OR TIED.
MM INDICATES DATA IS MISSING.
T  INDICATES TRACE AMOUNT.




$$
