000
CDUS41 KBOX 130543
CLIBOS


CLIMATE REPORT
NATIONAL WEATHER SERVICE TAUNTON MA
1243 AM EST SAT FEB 13 2016


...................................

...THE BOSTON MA CLIMATE SUMMARY FOR FEBRUARY 12 2016...

CLIMATE NORMAL PERIOD 1981 TO 2010
CLIMATE RECORD PERIOD 1872 TO 2016


WEATHER ITEM   OBSERVED TIME   RECORD YEAR NORMAL DEPARTURE LAST
                VALUE   (LST)  VALUE       VALUE  FROM      YEAR
                                                  NORMAL
..................................................................
TEMPERATURE (F)
 YESTERDAY
  MAXIMUM         24    215 PM  58    1999  38    -14       30
                                      1984
  MINIMUM          8    715 AM -11    1914  24    -16       16
  AVERAGE         16                        31    -15       23

PRECIPITATION (IN)
  YESTERDAY        0.00          4.45 1886   0.11  -0.11     0.03
  MONTH TO DATE    1.84                      1.31   0.53     2.29
  SINCE DEC 1      9.39                      8.45   0.94    12.42
  SINCE JAN 1      5.11                      4.67   0.44     5.86

SNOWFALL (IN)
  YESTERDAY        0.0          17.5  2006   0.4   -0.4      1.0
  MONTH TO DATE   13.6                       4.6    9.0     42.3
  SINCE DEC 1     24.0                      26.5   -2.5     76.9
  SINCE JUL 1     24.0                      27.8   -3.8     79.5
  SNOW DEPTH      MM

DEGREE DAYS
 HEATING
  YESTERDAY       49                        34     15       42
  MONTH TO DATE  370                       415    -45      534
  SINCE DEC 1   1974                      2470   -496     2555
  SINCE JUL 1   2829                      3525   -696     3568

 COOLING
  YESTERDAY        0                         0      0        0
  MONTH TO DATE    0                         0      0        0
  SINCE DEC 1      0                         0      0        0
  SINCE JAN 1      0                         0      0        0
..................................................................


WIND (MPH)
  RESULTANT WIND SPEED  10   RESULTANT WIND DIRECTION   W (260)
  HIGHEST WIND SPEED    23   HIGHEST WIND DIRECTION     W (290)
  HIGHEST GUST SPEED    30   HIGHEST GUST DIRECTION    NW (300)
  AVERAGE WIND SPEED    11.6


SKY COVER
  POSSIBLE SUNSHINE  MM
  AVERAGE SKY COVER 0.5


WEATHER CONDITIONS
 THE FOLLOWING WEATHER WAS RECORDED YESTERDAY.
  NO SIGNIFICANT WEATHER WAS OBSERVED.


RELATIVE HUMIDITY (PERCENT)
 HIGHEST    57          1100 PM
 LOWEST     39           200 PM
 AVERAGE    48

..........................................................


THE BOSTON MA CLIMATE NORMALS FOR TODAY
                         NORMAL    RECORD    YEAR
 MAXIMUM TEMPERATURE (F)   38        66      1951
 MINIMUM TEMPERATURE (F)   24        -3      1967


SUNRISE AND SUNSET
FEBRUARY 13 2016......SUNRISE   644 AM EST   SUNSET   513 PM EST
FEBRUARY 14 2016......SUNRISE   643 AM EST   SUNSET   514 PM EST


-  INDICATES NEGATIVE NUMBERS.
R  INDICATES RECORD WAS SET OR TIED.
MM INDICATES DATA IS MISSING.
T  INDICATES TRACE AMOUNT.




$$
