000
CDUS41 KBOX 242135
CLIBOS


CLIMATE REPORT
NATIONAL WEATHER SERVICE TAUNTON MA
425 PM EST TUE JAN 24 2017


...................................

...THE BOSTON MA CLIMATE SUMMARY FOR JANUARY 24 2017...
VALID AS OF 0400 PM LOCAL TIME.

CLIMATE NORMAL PERIOD 1981 TO 2010
CLIMATE RECORD PERIOD 1872 TO 2017


WEATHER ITEM   OBSERVED TIME   RECORD YEAR NORMAL DEPARTURE LAST
                VALUE   (LST)  VALUE       VALUE  FROM      YEAR
                                                  NORMAL
..................................................................
TEMPERATURE (F)
 TODAY
  MAXIMUM         42    129 PM  62    1999  36      6       36
  MINIMUM         37    114 AM -13    1882  22     15       18
  AVERAGE         40                        29     11       27

PRECIPITATION (IN)
  TODAY            1.07          1.53 1998   0.11   0.96      T
  MONTH TO DATE    4.10                      2.63   1.47     3.27
  SINCE DEC 1      7.35                      6.41   0.94     7.55
  SINCE JAN 1      4.10                      2.63   1.47     3.27

SNOWFALL (IN)
  TODAY           MM             6.7  1920   0.4   MM         T
  MONTH TO DATE    8.3                      10.1   -1.8      9.5
  SINCE DEC 1     14.2                      19.1   -4.9     10.4
  SINCE JUL 1     14.2                      20.4   -6.2     10.4
  SNOW DEPTH      MM

DEGREE DAYS
 HEATING
  TODAY           25                        36    -11       38
  MONTH TO DATE  714                       860   -146      811
  SINCE DEC 1   1630                      1799   -169     1414
  SINCE JUL 1   2545                      2854   -309     2269

 COOLING
  TODAY            0                         0      0        0
  MONTH TO DATE    0                         0      0        0
  SINCE DEC 1      0                         0      0        0
  SINCE JAN 1      0                         0      0        0
..................................................................


WIND (MPH)
  HIGHEST WIND SPEED    40   HIGHEST WIND DIRECTION    NE (40)
  HIGHEST GUST SPEED    52   HIGHEST GUST DIRECTION    NE (40)
  AVERAGE WIND SPEED    29.2


SKY COVER
  POSSIBLE SUNSHINE  MM
  AVERAGE SKY COVER 1.0


WEATHER CONDITIONS
 THE FOLLOWING WEATHER WAS RECORDED TODAY.
  HEAVY RAIN
  RAIN
  LIGHT RAIN
  FOG


RELATIVE HUMIDITY (PERCENT)
 HIGHEST   100           300 AM
 LOWEST     92          1200 AM
 AVERAGE    96

..........................................................


THE BOSTON MA CLIMATE NORMALS FOR TOMORROW
                         NORMAL    RECORD    YEAR
 MAXIMUM TEMPERATURE (F)   36        59      1916
 MINIMUM TEMPERATURE (F)   22        -5      1935


SUNRISE AND SUNSET
JANUARY 24 2017.......SUNRISE   705 AM EST   SUNSET   448 PM EST
JANUARY 25 2017.......SUNRISE   704 AM EST   SUNSET   449 PM EST


-  INDICATES NEGATIVE NUMBERS.
R  INDICATES RECORD WAS SET OR TIED.
MM INDICATES DATA IS MISSING.
T  INDICATES TRACE AMOUNT.




$$
