000
CDUS41 KBOX 290552
CLIBOS


CLIMATE REPORT
NATIONAL WEATHER SERVICE TAUNTON MA
141 AM EDT SUN MAY 29 2016


...................................

...THE BOSTON MA CLIMATE SUMMARY FOR MAY 28 2016...

CLIMATE NORMAL PERIOD 1981 TO 2010
CLIMATE RECORD PERIOD 1872 TO 2016


WEATHER ITEM   OBSERVED TIME   RECORD YEAR NORMAL DEPARTURE LAST
                VALUE   (LST)  VALUE       VALUE  FROM      YEAR
                                                  NORMAL
..................................................................
TEMPERATURE (F)
 YESTERDAY
  MAXIMUM         92R  1257 PM  92    1931  70     22       86
  MINIMUM         67    458 AM  43    1917  54     13       64
                                      1902
  AVERAGE         80                        62     18       75

PRECIPITATION (IN)
  YESTERDAY        0.00          2.39 1906   0.12  -0.12      T
  MONTH TO DATE    1.70                      3.11  -1.41     0.31
  SINCE MAR 1      7.77                     11.17  -3.40     5.64
  SINCE JAN 1     15.21                     17.78  -2.57    12.58

SNOWFALL (IN)
  YESTERDAY        0.0           T    1953   0.0    0.0      0.0
  MONTH TO DATE    0.0                       0.1   -0.1      0.0
  SINCE MAR 1     10.7                       9.8    0.9      8.6
  SINCE JUL 1     36.1                      43.9   -7.8    110.6
  SNOW DEPTH      MM

DEGREE DAYS
 HEATING
  YESTERDAY        0                         5     -5        0
  MONTH TO DATE  233                       232      1      134
  SINCE MAR 1   1456                      1571   -115     1613
  SINCE JUL 1   4786                      5613   -827     5928

 COOLING
  YESTERDAY       15                         2     13       10
  MONTH TO DATE   29                        17     12       53
  SINCE MAR 1     32                        20     12       53
  SINCE JAN 1     32                        20     12       53
..................................................................


WIND (MPH)
  RESULTANT WIND SPEED   6   RESULTANT WIND DIRECTION  SW (210)
  HIGHEST WIND SPEED    15   HIGHEST WIND DIRECTION    SW (230)
  HIGHEST GUST SPEED    23   HIGHEST GUST DIRECTION    SW (240)
  AVERAGE WIND SPEED     8.2


SKY COVER
  POSSIBLE SUNSHINE  MM
  AVERAGE SKY COVER 0.5


WEATHER CONDITIONS
 THE FOLLOWING WEATHER WAS RECORDED YESTERDAY.
  NO SIGNIFICANT WEATHER WAS OBSERVED.


RELATIVE HUMIDITY (PERCENT)
 HIGHEST    76          1200 AM
 LOWEST     38           100 PM
 AVERAGE    57

..........................................................


THE BOSTON MA CLIMATE NORMALS FOR TODAY
                         NORMAL    RECORD    YEAR
 MAXIMUM TEMPERATURE (F)   70        94      1931
                                             1929
 MINIMUM TEMPERATURE (F)   54        39      1902


SUNRISE AND SUNSET
MAY 29 2016...........SUNRISE   511 AM EDT   SUNSET   812 PM EDT
MAY 30 2016...........SUNRISE   511 AM EDT   SUNSET   813 PM EDT


-  INDICATES NEGATIVE NUMBERS.
R  INDICATES RECORD WAS SET OR TIED.
MM INDICATES DATA IS MISSING.
T  INDICATES TRACE AMOUNT.




$$
