000
CDUS41 KBOX 050601
CLIBOS


CLIMATE REPORT
NATIONAL WEATHER SERVICE TAUNTON MA
201 AM EDT WED AUG 5 2015


...................................

...THE BOSTON MA CLIMATE SUMMARY FOR AUGUST 4 2015...

CLIMATE NORMAL PERIOD 1981 TO 2010
CLIMATE RECORD PERIOD 1872 TO 2015


WEATHER ITEM   OBSERVED TIME   RECORD YEAR NORMAL DEPARTURE LAST
                VALUE   (LST)  VALUE       VALUE  FROM      YEAR
                                                  NORMAL
..................................................................
TEMPERATURE (F)
 YESTERDAY
  MAXIMUM         89    206 PM  96    1928  81      8       80
  MINIMUM         66    323 PM  52    1900  66      0       62
  AVERAGE         78                        73      5       71

PRECIPITATION (IN)
  YESTERDAY        0.49          2.28 1915   0.13   0.36      T
  MONTH TO DATE    0.49                      0.49   0.00     0.03
  SINCE JUN 1      7.59                      7.60  -0.01     7.22
  SINCE JAN 1     21.08                     25.76  -4.68    25.17

SNOWFALL (IN)
  YESTERDAY        0.0           0.0  2002   0.0    0.0      0.0
                                      2001
                                      2000
  MONTH TO DATE    0.0                       0.0    0.0      0.0
  SINCE JUN 1      0.0                       0.0    0.0      0.0
  SINCE JUL 1      0.0                       0.0    0.0      0.0
  SNOW DEPTH      MM

DEGREE DAYS
 HEATING
  YESTERDAY        0                         0      0        0
  MONTH TO DATE    0                         0      0        0
  SINCE JUN 1     99                        61     38       28
  SINCE JUL 1      1                         6     -5        0

 COOLING
  YESTERDAY       13                         9      4        6
  MONTH TO DATE   54                        36     18       18
  SINCE JUN 1    436                       438     -2      447
  SINCE JAN 1    497                       468     29      469
..................................................................


WIND (MPH)
  RESULTANT WIND SPEED   9   RESULTANT WIND DIRECTION   S (200)
  HIGHEST WIND SPEED    38   HIGHEST WIND DIRECTION     W (250)
  HIGHEST GUST SPEED    51   HIGHEST GUST DIRECTION     W (250)
  AVERAGE WIND SPEED     9.4


SKY COVER
  POSSIBLE SUNSHINE  MM
  AVERAGE SKY COVER 0.5


WEATHER CONDITIONS
 THE FOLLOWING WEATHER WAS RECORDED YESTERDAY.
  THUNDERSTORM
  HEAVY RAIN
  RAIN
  LIGHT RAIN
  HAIL
  FOG
  FOG W/VISIBILITY <= 1/4 MILE


RELATIVE HUMIDITY (PERCENT)
 HIGHEST    90          1100 PM
 LOWEST     46           100 PM
 AVERAGE    68

..........................................................


THE BOSTON MA CLIMATE NORMALS FOR TODAY
                         NORMAL    RECORD    YEAR
 MAXIMUM TEMPERATURE (F)   81       100      1955
 MINIMUM TEMPERATURE (F)   66        54      1972


SUNRISE AND SUNSET
AUGUST  5 2015........SUNRISE   540 AM EDT   SUNSET   759 PM EDT
AUGUST  6 2015........SUNRISE   541 AM EDT   SUNSET   758 PM EDT


-  INDICATES NEGATIVE NUMBERS.
R  INDICATES RECORD WAS SET OR TIED.
MM INDICATES DATA IS MISSING.
T  INDICATES TRACE AMOUNT.




$$
