092
CXUS54 KMAF 011110
CF6BPG
PRELIMINARY LOCAL CLIMATOLOGICAL DATA (WS FORM: F-6)
STATION: BIG SPRING MCMAHON-WRINKLE FI
MONTH: APRIL
YEAR: 2020
LATITUDE: 32 12 N
LONGITUDE: 101 31 W
TEMPERATURE IN F: :PCPN: SNOW: WIND :SUNSHINE: SKY :PK WND
================================================================================
1 2 3 4 5 6A 6B 7 8 9 10 11 12 13 14 15 16 17 18
12Z AVG MX 2MIN
DY MAX MIN AVG DEP HDD CDD WTR SNW DPTH SPD SPD DIR MIN PSBL S-S WX SPD DR
================================================================================
1 72 58 65 M 0 0 M M M 17.8 24 170 M M 0 31 180
2 86 58 72 M 0 7 M M M 12.2 16 210 M M 0 8 23 270
3 62 38 50 M 15 0 M M M 15.1 22 20 M M 6 1 28 10
4 46 39 43 M 22 0 M M M 8.7 15 30 M M 10 1 M M
5 70 47 59 M 6 0 M M M 8.9 15 130 M M 8 1 22 100
6 72 60 66 M 0 1 0.01 M M 12.0 20 180 M M 7 8 24 180
7 84 57 71 M 0 6 M M M 10.2 15 220 M M 0 23 240
8 88 55 72 M 0 7 M M M 8.1 15 260 M M 3 30 260
9 73 55 64 M 1 0 M M M 7.2 16 50 M M 3 21 70
10 75 47 61 M 4 0 M M M 14.5 21 60 M M 2 24 110
11 84 56 70 M 0 5 0.28 M M 12.8 21 220 M M 5 26 190
12 76 44 60 M 5 0 0.49 M M 17.0 29 260 M M 2 3 37 210
13 56 34 45 M 20 0 M M M 15.0 22 50 M M 0 30 50
14 51 36 44 M 21 0 M M M 11.1 17 60 M M 5 25 60
15 71 38 55 M 10 0 M M M 11.0 20 170 M M 2 26 170
16 82 48 65 M 0 0 M M M 21.0 28 200 M M 0 35 180
17 63 44 54 M 11 0 M M M 12.3 21 20 M M 5 32 20
18 76 46 61 M 4 0 M M M 7.9 15 140 M M 6 1 M M
19 82 56 69 M 0 4 M M M 13.1 24 280 M M 0 36 280
20 86 49 68 M 0 3 M M M 7.5 14 70 M M 0 21 270
21 91 49 70 M 0 5 M M M 9.2 22 160 M M 1 2 30 160
22 84 64 74 M 0 9 M M M 16.6 29 270 M M 2 18 37 300
23 86 48 67 M 0 2 M M M 7.5 21 220 M M 0 8 25 220
24 87 53 70 M 0 5 M M M 12.9 22 60 M M 0 30 60
25 76 51 64 M 1 0 M M M 9.7 18 50 M M 0 8 22 60
26 87 51 69 M 0 4 M M M 16.4 23 200 M M 0 35 180
27 93 65 79 M 0 14 M M M 15.0 23 200 M M 0 31 170
28 99 67 83 M 0 18 M M M 13.7 18 60 M M 0 25 60
29 81 60 71 M 0 6 M M M 15.6 32 50 M M 0 8 37 50
30 92 47 70 M 0 5 M M M 11.7 18 220 M M 0 26 220
================================================================================
SM 2331 1520 120 101 0.78 M 371.7 M 67
================================================================================
AV 77.7 50.7 12.4 FASTST M M 2 MAX(MPH)
MISC ----> 32 50 # 37 210
================================================================================
NOTES:
# LAST OF SEVERAL OCCURRENCES
COLUMN 17 PEAK WIND IN M.P.H.
PRELIMINARY LOCAL CLIMATOLOGICAL DATA (WS FORM: F-6) , PAGE 2
STATION: BIG SPRING MCMAHON-WRINKLE FI
MONTH: APRIL
YEAR: 2020
LATITUDE: 32 12 N
LONGITUDE: 101 31 W
[TEMPERATURE DATA] [PRECIPITATION DATA] SYMBOLS USED IN COLUMN 16
AVERAGE MONTHLY: 64.2 TOTAL FOR MONTH: 0.78 1 = FOG OR MIST
DPTR FM NORMAL: 0.0 DPTR FM NORMAL: M 2 = FOG REDUCING VISIBILITY
HIGHEST: 99 ON 28 GRTST 24HR 0.49 ON 12-12 TO 1/4 MILE OR LESS
LOWEST: 34 ON 13 3 = THUNDER
SNOW, ICE PELLETS, HAIL 4 = ICE PELLETS
TOTAL MONTH: M 5 = HAIL
GRTST 24HR M ON M 6 = FREEZING RAIN OR DRIZZLE
GRTST DEPTH: M ON M 7 = DUSTSTORM OR SANDSTORM:
VSBY 1/2 MILE OR LESS
8 = SMOKE OR HAZE
[NO. OF DAYS WITH] [WEATHER - DAYS WITH] 9 = BLOWING SNOW
X = TORNADO
MAX 32 OR BELOW: 0 0.01 INCH OR MORE: 3
MAX 90 OR ABOVE: 4 0.10 INCH OR MORE: 2
MIN 32 OR BELOW: 0 0.50 INCH OR MORE: 0
MIN 0 OR BELOW: 0 1.00 INCH OR MORE: 0
[HDD (BASE 65) ]
TOTAL THIS MO. 120 CLEAR (SCALE 0-3) 22
DPTR FM NORMAL M PTCLDY (SCALE 4-7) 7
TOTAL FM JUL 1 2482 CLOUDY (SCALE 8-10) 1
DPTR FM NORMAL M
[CDD (BASE 65) ]
TOTAL THIS MO. 101
DPTR FM NORMAL M [PRESSURE DATA]
TOTAL FM JAN 1 139 HIGHEST SLP M ON M
DPTR FM NORMAL M LOWEST SLP M ON M
[REMARKS]
#FINAL-04-20#