000
CXUS53 KGRR 010910
CF6BTL
PRELIMINARY LOCAL CLIMATOLOGICAL DATA (WS FORM: F-6)
STATION: BATTLE CREEK
MONTH: MAY
YEAR: 2023
LATITUDE: 42 17 N
LONGITUDE: 85 14 W
TEMPERATURE IN F: :PCPN: SNOW: WIND :SUNSHINE: SKY :PK WND
================================================================================
1 2 3 4 5 6A 6B 7 8 9 10 11 12 13 14 15 16 17 18
12Z AVG MX 2MIN
DY MAX MIN AVG DEP HDD CDD WTR SNW DPTH SPD SPD DIR MIN PSBL S-S WX SPD DR
================================================================================
1 46 37 42 -12 23 0 0.42 M M 14.2 25 290 M M 10 1 40 280
2 44 38 41 -13 24 0 0.18 M M 17.1 29 320 M M 10 1 42 290
3 59 40 50 -5 15 0 0.03 M M 12.0 20 320 M M 7 27 320
4 66 35 51 -4 14 0 0.00 M M 3.2 10 290 M M 5 17 290
5 72 43 58 3 7 0 0.00 M M 8.9 18 170 M M 0 28 190
6 68 52 60 4 5 0 T M M 9.7 20 150 M M 4 3 29 170
7 81 54 68 12 0 3 0.64 M M 10.1 20 170 M M 6 13 28 190
8 61 52 57 1 8 0 0.03 M M 7.8 15 80 M M 8 20 80
9 72 46 59 2 6 0 0.00 M M 5.3 15 40 M M 2 19 60
10 76 45 61 4 4 0 0.00 M M 2.6 12 190 M M 0 16 250
11 80 49 65 7 0 0 0.00 M M 3.6 13 150 M M 0 17 200
12 78 55 67 9 0 2 T M M 3.0 10 170 M M 4 15 160
13 70 63 67 9 0 2 T M M 6.2 13 60 M M 10 18 50
14 69 51 60 1 5 0 0.00 M M 11.2 20 40 M M 3 29 70
15 74 42 58 -1 7 0 0.00 M M 4.0 10 310 M M 0 14 310
16 78 44 61 1 4 0 0.00 M M 8.5 23 270 M M 0 30 250
17 64 42 53 -7 12 0 0.00 M M 6.9 13 20 M M 0 17 80
18 69 38 54 -6 11 0 0.00 M M 6.5 13 170 M M 0 17 120
19 73 51 62 2 3 0 0.49 M M 8.8 16 230 M M 5 18 23 240
20 65 46 56 -5 9 0 0.00 M M 9.3 18 310 M M 4 26 300
21 76 43 60 -1 5 0 0.00 M M 6.2 13 300 M M 0 19 310
22 78 46 62 0 3 0 0.00 M M 3.0 12 90 M M 1 18 70
23 81 50 66 4 0 1 0.00 M M 3.0 9 310 M M 0 13 150
24 71 46 59 -3 6 0 0.00 M M 9.5 22 50 M M 0 8 32 30
25 68 43 56 -7 9 0 0.00 M M 10.0 17 50 M M 0 25 70
26 75 37 56 -7 9 0 0.00 M M 4.7 14 40 M M 0 20 40
27 79 42 61 -2 4 0 0.00 M M 3.3 12 120 M M 0 16 70
28 81 47 64 0 1 0 0.00 M M 3.9 16 30 M M 0 23 40
29 87 50 69 5 0 4 0.00 M M 2.7 12 70 M M 0 15 70
30 90 57 74 10 0 9 0.00 M M 4.5 13 160 M M 3 19 180
31 90 65 78 13 0 13 0.00 M M 7.5 16 150 M M 1 22 120
================================================================================
SM 2241 1449 194 34 1.79 M 217.2 M 83
================================================================================
AV 72.3 46.7 7.0 FASTST M M 3 MAX(MPH)
MISC ----> 29 320 42 290
================================================================================
NOTES:
# LAST OF SEVERAL OCCURRENCES
COLUMN 17 PEAK WIND IN M.P.H.
PRELIMINARY LOCAL CLIMATOLOGICAL DATA (WS FORM: F-6) , PAGE 2
STATION: BATTLE CREEK
MONTH: MAY
YEAR: 2023
LATITUDE: 42 17 N
LONGITUDE: 85 14 W
[TEMPERATURE DATA] [PRECIPITATION DATA] SYMBOLS USED IN COLUMN 16
AVERAGE MONTHLY: 59.5 TOTAL FOR MONTH: 1.79 1 = FOG OR MIST
DPTR FM NORMAL: 0.1 DPTR FM NORMAL: -1.93 2 = FOG REDUCING VISIBILITY
HIGHEST: 90 ON 31,30 GRTST 24HR 0.64 ON 6- 7 TO 1/4 MILE OR LESS
LOWEST: 35 ON 4 3 = THUNDER
SNOW, ICE PELLETS, HAIL 4 = ICE PELLETS
TOTAL MONTH: M 5 = HAIL
GRTST 24HR M ON M 6 = FREEZING RAIN OR DRIZZLE
GRTST DEPTH: M ON M 7 = DUSTSTORM OR SANDSTORM:
VSBY 1/2 MILE OR LESS
8 = SMOKE OR HAZE
[NO. OF DAYS WITH] [WEATHER - DAYS WITH] 9 = BLOWING SNOW
X = TORNADO
MAX 32 OR BELOW: 0 0.01 INCH OR MORE: 6
MAX 90 OR ABOVE: 2 0.10 INCH OR MORE: 4
MIN 32 OR BELOW: 0 0.50 INCH OR MORE: 1
MIN 0 OR BELOW: 0 1.00 INCH OR MORE: 0
[HDD (BASE 65) ]
TOTAL THIS MO. 194 CLEAR (SCALE 0-3) 20
DPTR FM NORMAL -24 PTCLDY (SCALE 4-7) 8
TOTAL FM JUL 1 5619 CLOUDY (SCALE 8-10) 3
DPTR FM NORMAL -752
[CDD (BASE 65) ]
TOTAL THIS MO. 34
DPTR FM NORMAL -10 [PRESSURE DATA]
TOTAL FM JAN 1 47 HIGHEST SLP 30.41 ON 15
DPTR FM NORMAL -2 LOWEST SLP 29.26 ON 1
[REMARKS]
#FINAL-05-23#