000
CXUS53 KGRR 011010
CF6BTL
PRELIMINARY LOCAL CLIMATOLOGICAL DATA (WS FORM: F-6)
STATION: BATTLE CREEK
MONTH: NOVEMBER
YEAR: 2021
LATITUDE: 42 17 N
LONGITUDE: 85 14 W
TEMPERATURE IN F: :PCPN: SNOW: WIND :SUNSHINE: SKY :PK WND
================================================================================
1 2 3 4 5 6A 6B 7 8 9 10 11 12 13 14 15 16 17 18
12Z AVG MX 2MIN
DY MAX MIN AVG DEP HDD CDD WTR SNW DPTH SPD SPD DIR MIN PSBL S-S WX SPD DR
================================================================================
1 47 35 41 -4 24 0 T M M 9.8 23 260 M M 7 32 270
2 43 28 36 -9 29 0 0.04 M M 6.8 17 310 M M 9 8 20 260
3 47 26 37 -8 28 0 0.00 M M 3.4 10 320 M M 6 15 330
4 48 32 40 -4 25 0 0.00 M M 3.6 15 280 M M 9 20 280
5 51 34 43 -1 22 0 0.00 M M 6.9 15 220 M M 6 19 210
6 55 32 44 1 21 0 0.00 M M 8.8 16 220 M M 0 22 230
7 64 36 50 7 15 0 0.00 M M 7.6 15 240 M M 0 18 210
8 64 44 54 11 11 0 0.00 M M 7.7 17 220 M M 0 18 23 210
9 55 36 46 4 19 0 0.00 M M 4.5 13 50 M M 5 18 18 40
10 57 28 43 1 22 0 0.00 M M 5.2 15 110 M M 2 12 22 110
11 63 40 52 11 13 0 0.17 M M 13.5 28 250 M M 5 18 37 200
12 47 33 40 -1 25 0 0.03 M M 15.2 28 230 M M 7 1 36 200
13 40 33 37 -4 28 0 0.38 M M 10.7 17 240 M M 10 1 23 270
14 38 33 36 -4 29 0 0.21 M M 12.7 18 310 M M 10 1 26 320
15 39 31 35 -5 30 0 T M M 8.8 16 240 M M 9 1 23 270
16 47 32 40 0 25 0 0.00 M M 6.8 16 150 M M 4 24 140
17 60 43 52 13 13 0 0.36 M M 12.4 22 300 M M 10 1 28 310
18 46 30 38 -1 27 0 T M M 14.3 26 270 M M 9 18 37 260
19 41 31 36 -2 29 0 T M M 6.2 13 180 M M 7 17 260
20 42 33 38 0 27 0 T M M 9.2 17 200 M M 5 23 200
21 50 31 41 3 24 0 T M M 10.5 36 320 M M 5 49 310
22 38 25 32 -5 33 0 0.00 M M 12.2 25 320 M M 7 36 300
23 40 19 30 -7 35 0 0.00 M M 6.6 15 180 M M 0 21 180
24 51 34 43 7 22 0 T M M 14.5 26 200 M M 1 40 200
25 46 30 38 2 27 0 0.19 M M 9.6 20 330 M M 10 1 28 320
26 31 25 28 -8 37 0 T M M 9.2 22 330 M M 10 31 320
27 34 25 30 -5 35 0 0.27 M M 6.4 13 160 M M 9 16 18 160
28 36 26 31 -4 34 0 T M M 10.2 23 310 M M 8 18 34 300
29 37 25 31 -4 34 0 0.16 M M 8.5 16 160 M M 6 1 23 150
30 43 27 35 1 30 0 0.00 M M 8.1 22 290 M M 6 29 290
================================================================================
SM 1400 937 773 0 1.81 M 269.9 M 182
================================================================================
AV 46.7 31.2 9.0 FASTST M M 6 MAX(MPH)
MISC ----> 36 320 49 310
================================================================================
NOTES:
# LAST OF SEVERAL OCCURRENCES
COLUMN 17 PEAK WIND IN M.P.H.
PRELIMINARY LOCAL CLIMATOLOGICAL DATA (WS FORM: F-6) , PAGE 2
STATION: BATTLE CREEK
MONTH: NOVEMBER
YEAR: 2021
LATITUDE: 42 17 N
LONGITUDE: 85 14 W
[TEMPERATURE DATA] [PRECIPITATION DATA] SYMBOLS USED IN COLUMN 16
AVERAGE MONTHLY: 39.0 TOTAL FOR MONTH: 1.81 1 = FOG OR MIST
DPTR FM NORMAL: -0.8 DPTR FM NORMAL: -0.32 2 = FOG REDUCING VISIBILITY
HIGHEST: 64 ON 8, 7 GRTST 24HR 0.41 ON 12-13 TO 1/4 MILE OR LESS
LOWEST: 19 ON 23 3 = THUNDER
SNOW, ICE PELLETS, HAIL 4 = ICE PELLETS
TOTAL MONTH: M 5 = HAIL
GRTST 24HR M ON M 6 = FREEZING RAIN OR DRIZZLE
GRTST DEPTH: M ON M 7 = DUSTSTORM OR SANDSTORM:
VSBY 1/2 MILE OR LESS
8 = SMOKE OR HAZE
[NO. OF DAYS WITH] [WEATHER - DAYS WITH] 9 = BLOWING SNOW
X = TORNADO
MAX 32 OR BELOW: 1 0.01 INCH OR MORE: 9
MAX 90 OR ABOVE: 0 0.10 INCH OR MORE: 7
MIN 32 OR BELOW: 18 0.50 INCH OR MORE: 0
MIN 0 OR BELOW: 0 1.00 INCH OR MORE: 0
[HDD (BASE 65) ]
TOTAL THIS MO. 773 CLEAR (SCALE 0-3) 6
DPTR FM NORMAL 15 PTCLDY (SCALE 4-7) 14
TOTAL FM JUL 1 1064 CLOUDY (SCALE 8-10) 10
DPTR FM NORMAL -254
[CDD (BASE 65) ]
TOTAL THIS MO. 0
DPTR FM NORMAL 0 [PRESSURE DATA]
TOTAL FM JAN 1 1002 HIGHEST SLP 30.52 ON 19
DPTR FM NORMAL 287 LOWEST SLP 29.56 ON 11
[REMARKS]
#FINAL-11-21#