000
CXUS53 KGRR 310100
CLSBTL
WRKCLSBTL 000
TTAA00 GRR 310026
CLIMATE REPORT
NATIONAL WEATHER SERVICE GRAND RAPIDS, MICHIGAN
716 PM EST SAT DEC 30 2023
...................................
...THE BATTLE CREEK CLIMATE SUMMARY FOR THE SEASON, FROM
3/1/2023 TO 5/31/2023...
CLIMATE NORMAL PERIOD: 1991 TO 2020
CLIMATE RECORD PERIOD: 1895 TO 2023
WEATHER OBSERVED NORMAL DEPART LAST YEAR`S
VALUE DATE(S) VALUE FROM VALUE DATE(S)
NORMAL
................................................................
TEMPERATURE (F)
RECORD
HIGH 95 05/27/1911
05/29/1895
LOW -11 03/08/1943
HIGHEST 90 05/30 MM MM 89 05/31
05/31
LOWEST 13 03/19 MM MM 12 03/12
AVG. MAXIMUM 59.5 58.1 1.4 58.4
AVG. MINIMUM 38.1 37.7 0.4 39.1
MEAN 48.8 47.9 0.9 48.8
DAYS MAX >= 90 2 0.3 1.7 0
DAYS MAX <= 32 2 4.9 -2.9 3
DAYS MIN <= 32 31 31.7 -0.7 30
DAYS MIN <= 0 0 0.3 -0.3 0
PRECIPITATION (INCHES)
RECORD
MAXIMUM 16.20 1947
MINIMUM 2.42 2005
TOTALS 10.18 8.27 1.91 11.76
DAILY AVG. 0.11 0.09 0.02 0.13
DAYS >= .01 38 34.6 3.4 43
DAYS >= .10 26 19.1 6.9 32
DAYS >= .50 6 5.6 0.4 5
DAYS >= 1.00 1 1.4 -0.4 2
GREATEST
24 HR. TOTAL 1.52 03/31 TO 03/31
DEGREE DAYS
HEATING TOTAL 1512 1626 -114 1565
SINCE 7/1 5619 6371 -752 MM
COOLING TOTAL 47 49 -2 96
SINCE 1/1 47 49 -2 MM
FREEZE DATES
EARLIEST 10/23
LATEST 04/27
................................................................
WIND (MPH)
AVERAGE WIND SPEED 8.7
RESULTANT WIND SPEED/DIRECTION 2/240
HIGHEST WIND SPEED/DIRECTION 33/210 DATE 04/05
HIGHEST GUST SPEED/DIRECTION 48/230 DATE 03/31
SKY COVER
POSSIBLE SUNSHINE (PERCENT) MM
AVERAGE SKY COVER 0.41
NUMBER OF DAYS FAIR 43
NUMBER OF DAYS PC 28
NUMBER OF DAYS CLOUDY 21
AVERAGE RH (PERCENT) 62
WEATHER CONDITIONS. NUMBER OF DAYS WITH
THUNDERSTORM 6 MIXED PRECIP 0
HEAVY RAIN 10 RAIN 16
LIGHT RAIN 33 FREEZING RAIN 0
LT FREEZING RAIN 0 HAIL 0
HEAVY SNOW 3 SNOW 7
LIGHT SNOW 18 SLEET 0
FOG 40 FOG W/VIS <= 1/4 MILE 3
HAZE 10
- INDICATES NEGATIVE NUMBERS.
R INDICATES RECORD WAS SET OR TIED.
MM INDICATES DATA IS MISSING.
T INDICATES TRACE AMOUNT.
$$