000
CXAK56 PAFG 011001
CF6BTT
PRELIMINARY LOCAL CLIMATOLOGICAL DATA (WS FORM: F-6)
STATION: BETTLES AK
MONTH: AUGUST
YEAR: 2022
LATITUDE: 66 55 N
LONGITUDE: 151 31 W
TEMPERATURE IN F: :PCPN: SNOW: WIND :SUNSHINE: SKY :PK WND
================================================================================
1 2 3 4 5 6A 6B 7 8 9 10 11 12 13 14 15 16 17 18
12Z AVG MX 2MIN
DY MAX MIN AVG DEP HDD CDD WTR SNW DPTH SPD SPD DIR MIN PSBL S-S WX SPD DR
================================================================================
1 69 52 61 4 4 0 T M M 2.6 8 130 M M 9 1 M M
2 74 49 62 6 3 0 0.03 M M 3.3 10 290 M M 6 M M
3 73 43 58 2 7 0 0.00 M M 3.6 8 230 M M 2 M M
4 75 38 57 1 8 0 T M M 2.8 15 240 M M 3 25 240
5 58 50 54 -2 11 0 0.14 M M 5.0 8 200 M M 9 13 17 180
6 59 46 53 -3 12 0 0.03 M M 8.6 15 240 M M 8 1 23 240
7 53 42 48 -7 17 0 0.04 M M 5.9 13 220 M M 10 1 M M
8 57 38 48 -7 17 0 0.52 M M 6.6 12 200 M M 9 1 21 210
9 52 37 45 -10 20 0 0.11 M M 7.2 14 240 M M 9 1 18 240
10 59 35 47 -7 18 0 0.00 M M 5.0 14 230 M M 5 1 20 230
11 69 38 54 0 11 0 0.00 M M 3.1 12 240 M M 4 16 220
12 72 33 53 -1 12 0 0.03 M M 3.2 12 260 M M 4 17 190
13 65 53 59 5 6 0 0.03 M M 2.4 8 20 M M 10 1 11 40
14 65 51 58 5 7 0 0.40 M M 3.0 16 270 M M 9 13 21 270
15 53 40 47 -6 18 0 0.07 M M 4.9 12 230 M M 9 1 16 250
16 54 39 47 -6 18 0 0.03 M M 4.5 12 310 M M 9 1 15 320
17 64 47 56 3 9 0 0.27 M M 5.0 15 30 M M 8 13 24 40
18 54 42 48 -4 17 0 0.22 M M 2.4 10 210 M M 9 1 15 210
19 62 44 53 1 12 0 0.16 M M 2.3 7 170 M M 7 1 10 210
20 68 42 55 3 10 0 0.01 M M 2.9 9 30 M M 7 13 40
21 58 48 53 2 12 0 0.13 M M 4.7 13 30 M M 10 20 40
22 56 50 53 2 12 0 0.17 M M 2.3 12 40 M M 10 19 30
23 64 48 56 5 9 0 0.26 M M 2.1 12 230 M M 9 1 15 230
24 67 46 57 7 8 0 0.23 M M 2.2 14 260 M M 6 1 17 250
25 60 50 55 5 10 0 0.18 M M 4.5 14 260 M M 10 1 24 180
26 59 50 55 5 10 0 0.20 M M 4.3 12 190 M M 10 1 18 190
27 64 43 54 5 11 0 T M M 0.8 6 230 M M 7 1 8 300
28 66 40 53 4 12 0 0.19 M M 1.9 9 20 M M 7 13 20
29 59 48 54 5 11 0 0.05 M M 3.5 8 270 M M 9 1 11 350
30 60 48 54 6 11 0 T M M 2.9 9 240 M M 9 1 12 240
31 57 49 53 5 12 0 0.22 M M 1.5 7 170 M M 10 1 12 170
================================================================================
SM 1925 1379 355 0 3.72 M 115.0 M 243
================================================================================
AV 62.1 44.5 3.7 FASTST M M 8 MAX(MPH)
MISC ----> 16 270 25 240
================================================================================
NOTES:
# LAST OF SEVERAL OCCURRENCES
COLUMN 17 PEAK WIND IN M.P.H.
PRELIMINARY LOCAL CLIMATOLOGICAL DATA (WS FORM: F-6) , PAGE 2
STATION: BETTLES AK
MONTH: AUGUST
YEAR: 2022
LATITUDE: 66 55 N
LONGITUDE: 151 31 W
[TEMPERATURE DATA] [PRECIPITATION DATA] SYMBOLS USED IN COLUMN 16
AVERAGE MONTHLY: 53.3 TOTAL FOR MONTH: 3.72 1 = FOG OR MIST
DPTR FM NORMAL: 0.6 DPTR FM NORMAL: 1.01 2 = FOG REDUCING VISIBILITY
HIGHEST: 75 ON 4 GRTST 24HR 0.52 ON 8- 8 TO 1/4 MILE OR LESS
LOWEST: 33 ON 12 3 = THUNDER
SNOW, ICE PELLETS, HAIL 4 = ICE PELLETS
TOTAL MONTH: M 5 = HAIL
GRTST 24HR M ON M 6 = FREEZING RAIN OR DRIZZLE
GRTST DEPTH: M ON M 7 = DUSTSTORM OR SANDSTORM:
VSBY 1/2 MILE OR LESS
8 = SMOKE OR HAZE
[NO. OF DAYS WITH] [WEATHER - DAYS WITH] 9 = BLOWING SNOW
X = TORNADO
MAX 32 OR BELOW: 0 0.01 INCH OR MORE: 24
MAX 90 OR ABOVE: 0 0.10 INCH OR MORE: 15
MIN 32 OR BELOW: 0 0.50 INCH OR MORE: 1
MIN 0 OR BELOW: 0 1.00 INCH OR MORE: 0
[HDD (BASE 65) ]
TOTAL THIS MO. 355 CLEAR (SCALE 0-3) 1
DPTR FM NORMAL -30 PTCLDY (SCALE 4-7) 11
TOTAL FM JUL 1 574 CLOUDY (SCALE 8-10) 19
DPTR FM NORMAL 11
[CDD (BASE 65) ]
TOTAL THIS MO. 0
DPTR FM NORMAL -2 [PRESSURE DATA]
TOTAL FM JAN 1 35 HIGHEST SLP M ON M
DPTR FM NORMAL 0 LOWEST SLP 29.41 ON 17
[REMARKS]
#FINAL-08-22#