000
CXAK56 PAFG 271034
CF6BTT
PRELIMINARY LOCAL CLIMATOLOGICAL DATA (WS FORM: F-6)
STATION: BETTLES AK
MONTH: AUGUST
YEAR: 2021
LATITUDE: 66 55 N
LONGITUDE: 151 31 W
TEMPERATURE IN F: :PCPN: SNOW: WIND :SUNSHINE: SKY :PK WND
================================================================================
1 2 3 4 5 6A 6B 7 8 9 10 11 12 13 14 15 16 17 18
12Z AVG MX 2MIN
DY MAX MIN AVG DEP HDD CDD WTR SNW DPTH SPD SPD DIR MIN PSBL S-S WX SPD DR
================================================================================
1 66 56 61 4 4 0 0.18 M M 4.4 12 210 M M 10 1 18 200
2 80 58 69 13 0 4 0.00 M M 2.8 10 220 M M 6 1 14 240
3 85 56 71 15 0 6 0.00 M M 1.8 7 140 M M 3 11 150
4 80 53 67 11 0 2 0.00 M M 3.4 16 70 M M 4 25 30
5 80 44 62 6 3 0 0.00 M M 2.3 6 190 M M 4 M M
6 67 50 59 3 6 0 0.36 M M 4.7 13 20 M M 9 1 18 350
7 56 47 52 -3 13 0 0.55 M M 1.2 7 240 M M 10 1 11 120
8 67 39 53 -2 12 0 0.00 M M 2.4 9 80 M M 6 12 17 110
9 62 45 54 -1 11 0 T M M 2.1 7 200 M M 8 M M
10 64 47 56 2 9 0 0.03 0.0 0 3.6 12 220 M M 7 18 230
11 58 44 51 -3 14 0 0.21 0.0 0 4.5 15 260 M M 9 1 19 250
12 57 42 50 -4 15 0 0.05 0.0 0 3.3 12 270 M M 9 15 280
13 56 42 49 -5 16 0 0.00 M M 5.5 14 220 M M 7 20 230
14 48 38 43 -10 22 0 0.05 M M 4.6 10 210 M M 10 1 16 210
15 56 43 50 -3 15 0 0.26 M M 7.2 20 260 M M 9 1 28 260
16 47 42 45 -8 20 0 0.45 M M 2.7 8 180 M M 10 1 13 190
17 52 40 46 -7 19 0 0.02 M M 3.0 13 300 M M 8 1 18 300
18 56 32 44 -8 21 0 0.00 M M 3.5 8 200 M M 4 1 11 200
19 57 31 44 -8 21 0 0.06 M M 2.5 10 210 M M 8 1 17 200
20 55 42 49 -3 16 0 0.39 M M 3.3 9 220 M M 8 1 15 190
21 57 42 50 -1 15 0 T M M 7.3 17 240 M M 7 1 24 230
22 59 38 49 -2 16 0 0.00 M M 2.0 7 130 M M 7 1 10 200
23 58 39 49 -2 16 0 T M M 1.2 5 99 M M 8 1 M M
24 53 36 45 -5 20 0 0.28 M M 3.3 8 20 M M 9 1 13 30
25 58 48 53 3 12 0 0.12 M M 1.7 7 20 M M 10 1 10 30
26 51 41 46 -4 19 0 0.12 M M 5.3 13 250 M M 10 1 19 230
================================================================================
SM 1585 1135 335 12 3.13 0.0 89.6 M 200
================================================================================
AV 61.0 43.7 3.4 FASTST M M 8 MAX(MPH)
MISC ----> 20 260 28 260
================================================================================
NOTES:
# LAST OF SEVERAL OCCURRENCES
COLUMN 17 PEAK WIND IN M.P.H.
PRELIMINARY LOCAL CLIMATOLOGICAL DATA (WS FORM: F-6) , PAGE 2
STATION: BETTLES AK
MONTH: AUGUST
YEAR: 2021
LATITUDE: 66 55 N
LONGITUDE: 151 31 W
[TEMPERATURE DATA] [PRECIPITATION DATA] SYMBOLS USED IN COLUMN 16
AVERAGE MONTHLY: 52.3 TOTAL FOR MONTH: 3.13 1 = FOG OR MIST
DPTR FM NORMAL: -1.1 DPTR FM NORMAL: 0.83 2 = FOG REDUCING VISIBILITY
HIGHEST: 85 ON 3 GRTST 24HR 0.91 ON 6- 7 TO 1/4 MILE OR LESS
LOWEST: 31 ON 19 3 = THUNDER
SNOW, ICE PELLETS, HAIL 4 = ICE PELLETS
TOTAL MONTH: 0.0 INCH 5 = HAIL
GRTST 24HR 0.0 6 = FREEZING RAIN OR DRIZZLE
GRTST DEPTH: 0 7 = DUSTSTORM OR SANDSTORM:
VSBY 1/2 MILE OR LESS
8 = SMOKE OR HAZE
[NO. OF DAYS WITH] [WEATHER - DAYS WITH] 9 = BLOWING SNOW
X = TORNADO
MAX 32 OR BELOW: 0 0.01 INCH OR MORE: 15
MAX 90 OR ABOVE: 0 0.10 INCH OR MORE: 10
MIN 32 OR BELOW: 2 0.50 INCH OR MORE: 1
MIN 0 OR BELOW: 0 1.00 INCH OR MORE: 0
[HDD (BASE 65) ]
TOTAL THIS MO. 335 CLEAR (SCALE 0-3) 0
DPTR FM NORMAL 33 PTCLDY (SCALE 4-7) 15
TOTAL FM JUL 1 513 CLOUDY (SCALE 8-10) 11
DPTR FM NORMAL 32
[CDD (BASE 65) ]
TOTAL THIS MO. 12
DPTR FM NORMAL 12 [PRESSURE DATA]
TOTAL FM JAN 1 38 HIGHEST SLP M ON M
DPTR FM NORMAL 5 LOWEST SLP 29.41 ON 8
[REMARKS]