000
CDUS41 KBTV 030525
CLIBTV


CLIMATE REPORT
NATIONAL WEATHER SERVICE BURLINGTON VT
123 AM EDT FRI JUL 3 2015


...................................

...THE BURLINGTON VT CLIMATE SUMMARY FOR JULY 2 2015...

CLIMATE NORMAL PERIOD 1981 TO 2010
CLIMATE RECORD PERIOD 1884 TO 2015


WEATHER ITEM   OBSERVED TIME   RECORD YEAR NORMAL DEPARTURE LAST
                VALUE   (LST)  VALUE       VALUE  FROM      YEAR
                                                  NORMAL
..................................................................
TEMPERATURE (F)
 YESTERDAY
  MAXIMUM         76    405 PM  96    1963  80     -4       90
  MINIMUM         53   1159 PM  40    1992  59     -6       72
                                      1978
  AVERAGE         65                        70     -5       81

PRECIPITATION (IN)
  YESTERDAY        0.00          1.83 1961   0.13  -0.13     0.03
  MONTH TO DATE    2.04                      0.26   1.78     0.03
  SINCE JUN 1     10.71                      3.95   6.76     4.38
  SINCE JAN 1     19.55                     16.26   3.29    18.14

SNOWFALL (IN)
  YESTERDAY        0.0           0.0  2002   0.0    0.0      0.0
                                      2001
  MONTH TO DATE    0.0                       0.0    0.0      0.0
  SINCE JUN 1      0.0                       0.0    0.0      0.0
  SINCE JUL 1      0.0                       0.0    0.0      0.0
  SNOW DEPTH       0

DEGREE DAYS
 HEATING
  YESTERDAY        0                         1     -1        0
  MONTH TO DATE    0                         2     -2        0
  SINCE JUN 1     71                        75     -4       20
  SINCE JUL 1      0                         2     -2        0

 COOLING
  YESTERDAY        0                         6     -6       16
  MONTH TO DATE    5                        12     -7       35
  SINCE JUN 1     80                       109    -29      155
  SINCE JAN 1    173                       128     45      177
..................................................................


WIND (MPH)
  HIGHEST WIND SPEED    15   HIGHEST WIND DIRECTION     W (260)
  HIGHEST GUST SPEED    23   HIGHEST GUST DIRECTION     W (280)
  AVERAGE WIND SPEED     8.2


SKY COVER
  POSSIBLE SUNSHINE  MM
  AVERAGE SKY COVER 0.3


WEATHER CONDITIONS
 THE FOLLOWING WEATHER WAS RECORDED YESTERDAY.
  NO SIGNIFICANT WEATHER WAS OBSERVED.


RELATIVE HUMIDITY (PERCENT)
 HIGHEST    77          1100 PM
 LOWEST     29           100 PM
 AVERAGE    53

..........................................................


THE BURLINGTON VT CLIMATE NORMALS FOR TODAY
                         NORMAL    RECORD    YEAR
 MAXIMUM TEMPERATURE (F)   80       100      1911
 MINIMUM TEMPERATURE (F)   60        40      1978


SUNRISE AND SUNSET
JULY  3 2015..........SUNRISE   513 AM EDT   SUNSET   841 PM EDT
JULY  4 2015..........SUNRISE   513 AM EDT   SUNSET   840 PM EDT


-  INDICATES NEGATIVE NUMBERS.
R  INDICATES RECORD WAS SET OR TIED.
MM INDICATES DATA IS MISSING.
T  INDICATES TRACE AMOUNT.







&&

LAKE CHAMPLAIN DATA:
LEVEL...............98.58 FEET
TEMPERATURE.........66 DEGREES

MOUNT MANSFIELD DATA:
HIGH................57 DEGREES
LOW.................42 DEGREES
PRECIPITATION.......0.45 INCHES

$$
