000
CDUS41 KBTV 042123
CLIBTV


CLIMATE REPORT
NATIONAL WEATHER SERVICE BURLINGTON VT
523 PM EDT FRI SEP 4 2015


...................................

...THE BURLINGTON VT CLIMATE SUMMARY FOR SEPTEMBER 4 2015...
VALID TODAY AS OF 0500 PM LOCAL TIME.

CLIMATE NORMAL PERIOD 1981 TO 2010
CLIMATE RECORD PERIOD 1884 TO 2015


WEATHER ITEM   OBSERVED TIME   RECORD YEAR NORMAL DEPARTURE LAST
                VALUE   (LST)  VALUE       VALUE  FROM      YEAR
                                                  NORMAL
..................................................................
TEMPERATURE (F)
 TODAY
  MAXIMUM         81    359 PM  93    1999  75      6       84
  MINIMUM         52    546 AM  40    1987  55     -3       56
                                      1946
                                      1924
  AVERAGE         67                        65      2       70

PRECIPITATION (IN)
  TODAY            0.00          1.48 1904   0.11  -0.11     0.00
  MONTH TO DATE    T                         0.44  -0.44     0.46
  SINCE SEP 1      T                         0.44  -0.44     0.46
  SINCE JAN 1     24.16                     24.51  -0.35    26.16

SNOWFALL (IN)
  TODAY            0.0           0.0  2002   0.0    0.0      0.0
                                      2001
  MONTH TO DATE    0.0                       0.0    0.0      0.0
  SINCE SEP 1      0.0                       0.0    0.0      0.0
  SINCE JUL 1      0.0                       0.0    0.0      0.0
  SNOW DEPTH       0

DEGREE DAYS
 HEATING
  TODAY            0                         3     -3        0
  MONTH TO DATE    0                         9     -9        0
  SINCE SEP 1      0                         9     -9        0
  SINCE JUL 1      6                        51    -45       13

 COOLING
  TODAY            2                         3     -1        5
  MONTH TO DATE   25                        12     13       38
  SINCE SEP 1     25                        12     13       38
  SINCE JAN 1    647                       460    187      531
..................................................................


WIND (MPH)
  HIGHEST WIND SPEED    10   HIGHEST WIND DIRECTION    NW (310)
  HIGHEST GUST SPEED    14   HIGHEST GUST DIRECTION     N (360)
  AVERAGE WIND SPEED     2.6


SKY COVER
  POSSIBLE SUNSHINE  MM
  AVERAGE SKY COVER 0.1


WEATHER CONDITIONS
 THE FOLLOWING WEATHER WAS RECORDED TODAY.
  NO SIGNIFICANT WEATHER WAS OBSERVED.


RELATIVE HUMIDITY (PERCENT)
 HIGHEST    93           400 AM
 LOWEST     45           100 PM
 AVERAGE    69

..........................................................


THE BURLINGTON VT CLIMATE NORMALS FOR TOMORROW
                         NORMAL    RECORD    YEAR
 MAXIMUM TEMPERATURE (F)   75        90      1973
 MINIMUM TEMPERATURE (F)   55        37      1963


SUNRISE AND SUNSET
SEPTEMBER  4 2015.....SUNRISE   618 AM EDT   SUNSET   724 PM EDT
SEPTEMBER  5 2015.....SUNRISE   620 AM EDT   SUNSET   722 PM EDT


-  INDICATES NEGATIVE NUMBERS.
R  INDICATES RECORD WAS SET OR TIED.
MM INDICATES DATA IS MISSING.
T  INDICATES TRACE AMOUNT.




$$
