000
CDUS41 KBTV 270527
CLIBTV


CLIMATE REPORT
NATIONAL WEATHER SERVICE BURLINGTON VT
126 AM EDT TUE SEP 27 2016


...................................

...THE BURLINGTON VT CLIMATE SUMMARY FOR SEPTEMBER 26 2016...

CLIMATE NORMAL PERIOD 1981 TO 2010
CLIMATE RECORD PERIOD 1884 TO 2016


WEATHER ITEM   OBSERVED TIME   RECORD YEAR NORMAL DEPARTURE LAST
                VALUE   (LST)  VALUE       VALUE  FROM      YEAR
                                                  NORMAL
..................................................................
TEMPERATURE (F)
 YESTERDAY
  MAXIMUM         67    219 PM  84    1934  66      1       69
                                      1920
  MINIMUM         38    609 AM  27    1947  47     -9       38
  AVERAGE         53                        56     -3       54

PRECIPITATION (IN)
  YESTERDAY        0.05          1.91 1899   0.13  -0.08     0.00
  MONTH TO DATE    1.29                      3.13  -1.84     1.50
  SINCE SEP 1      1.29                      3.13  -1.84     1.50
  SINCE JAN 1     20.49                     27.20  -6.71    25.66

SNOWFALL (IN)
  YESTERDAY       MM             0.0  2002   0.0   MM        0.0
                                      2001
  MONTH TO DATE    0.0                       0.0    0.0      0.0
  SINCE SEP 1      0.0                       0.0    0.0      0.0
  SINCE JUL 1      0.0                       0.0    0.0      0.0
  SNOW DEPTH       0

DEGREE DAYS
 HEATING
  YESTERDAY       12                         9      3       11
  MONTH TO DATE   65                       133    -68       47
  SINCE SEP 1     65                       133    -68       47
  SINCE JUL 1     70                       175   -105       53

 COOLING
  YESTERDAY        0                         0      0        0
  MONTH TO DATE  108                        41     67      141
  SINCE SEP 1    108                        41     67      141
  SINCE JAN 1    852                       489    363      763
..................................................................


WIND (MPH)
  HIGHEST WIND SPEED    20   HIGHEST WIND DIRECTION     S (180)
  HIGHEST GUST SPEED    27   HIGHEST GUST DIRECTION     S (190)
  AVERAGE WIND SPEED     7.5


SKY COVER
  POSSIBLE SUNSHINE  MM
  AVERAGE SKY COVER 0.5


WEATHER CONDITIONS
 THE FOLLOWING WEATHER WAS RECORDED YESTERDAY.
  LIGHT RAIN


RELATIVE HUMIDITY (PERCENT)
 HIGHEST    86           100 AM
 LOWEST     31          1200 PM
 AVERAGE    59

..........................................................


THE BURLINGTON VT CLIMATE NORMALS FOR TODAY
                         NORMAL    RECORD    YEAR
 MAXIMUM TEMPERATURE (F)   65        83      1920
                                             1908
 MINIMUM TEMPERATURE (F)   46        27      1947


SUNRISE AND SUNSET
SEPTEMBER 27 2016.....SUNRISE   646 AM EDT   SUNSET   640 PM EDT
SEPTEMBER 28 2016.....SUNRISE   647 AM EDT   SUNSET   638 PM EDT


-  INDICATES NEGATIVE NUMBERS.
R  INDICATES RECORD WAS SET OR TIED.
MM INDICATES DATA IS MISSING.
T  INDICATES TRACE AMOUNT.

&&

LAKE CHAMPLAIN DATA:
LEVEL...............93.90 FEET
TEMPERATURE.........66 DEGREES

MOUNT MANSFIELD DATA:
HIGH................52 DEGREES
LOW.................38 DEGREES
PRECIPITATION.......NONE

$$
