000
CDUS41 KBTV 280528
CLIBTV


CLIMATE REPORT
NATIONAL WEATHER SERVICE BURLINGTON VT
126 AM EDT SUN MAY 28 2017


...................................

...THE BURLINGTON VT CLIMATE SUMMARY FOR MAY 27 2017...

CLIMATE NORMAL PERIOD 1981 TO 2010
CLIMATE RECORD PERIOD 1884 TO 2017


WEATHER ITEM   OBSERVED TIME   RECORD YEAR NORMAL DEPARTURE LAST
                VALUE   (LST)  VALUE       VALUE  FROM      YEAR
                                                  NORMAL
..................................................................
TEMPERATURE (F)
 YESTERDAY
  MAXIMUM         72    337 PM  91    2016  71      1       91
                                      1944
  MINIMUM         50    538 AM  28    1969  49      1       65
  AVERAGE         61                        60      1       78

PRECIPITATION (IN)
  YESTERDAY        0.00          2.09 1956   0.12  -0.12     0.10
  MONTH TO DATE    3.54                      2.96   0.58     1.89
  SINCE MAR 1     10.64                      8.00   2.64     5.95
  SINCE JAN 1     15.31                     11.82   3.49    10.28

SNOWFALL (IN)
  YESTERDAY        0.0           T    1961   0.0    0.0      0.0
  MONTH TO DATE    0.0                       0.0    0.0       T
  SINCE MAR 1     41.2                      20.4   20.8      5.3
  SINCE JUL 1    100.4                      81.2   19.2     34.3
  SNOW DEPTH       0

DEGREE DAYS
 HEATING
  YESTERDAY        4                         6     -2        0
  MONTH TO DATE  262                       264     -2      231
  SINCE MAR 1   1889                      1928    -39     1794
  SINCE JUL 1   6267                      7338  -1071     6178

 COOLING
  YESTERDAY        0                         1     -1       13
  MONTH TO DATE   27                        10     17       23
  SINCE MAR 1     42                        12     30       23
  SINCE JAN 1     42                        12     30       23
..................................................................


WIND (MPH)
  HIGHEST WIND SPEED    15   HIGHEST WIND DIRECTION     W (280)
  HIGHEST GUST SPEED    15   HIGHEST GUST DIRECTION     W (280)
  AVERAGE WIND SPEED     3.8


SKY COVER
  POSSIBLE SUNSHINE  MM
  AVERAGE SKY COVER 0.4


WEATHER CONDITIONS
 THE FOLLOWING WEATHER WAS RECORDED YESTERDAY.
  NO SIGNIFICANT WEATHER WAS OBSERVED.


RELATIVE HUMIDITY (PERCENT)
 HIGHEST    89          1200 AM
 LOWEST     40           100 PM
 AVERAGE    65

..........................................................


THE BURLINGTON VT CLIMATE NORMALS FOR TODAY
                         NORMAL    RECORD    YEAR
 MAXIMUM TEMPERATURE (F)   71        92      1978
 MINIMUM TEMPERATURE (F)   49        30      1961


SUNRISE AND SUNSET
MAY 28 2017...........SUNRISE   513 AM EDT   SUNSET   827 PM EDT
MAY 29 2017...........SUNRISE   513 AM EDT   SUNSET   828 PM EDT


-  INDICATES NEGATIVE NUMBERS.
R  INDICATES RECORD WAS SET OR TIED.
MM INDICATES DATA IS MISSING.
T  INDICATES TRACE AMOUNT.

&&

LAKE CHAMPLAIN DATA:
LEVEL...............98.10 FEET
TEMPERATURE.........49 DEGREES

MOUNT MANSFIELD DATA:
HIGH................52 DEGREES
LOW.................37 DEGREES
PRECIPITATION.......0.07 INCHES

$$
