000
CDUS41 KBTV 310535
CLIBTV


CLIMATE REPORT
NATIONAL WEATHER SERVICE BURLINGTON VT
135 AM EDT TUE MAY 31 2016


...................................

...THE BURLINGTON VT CLIMATE SUMMARY FOR MAY 30 2016...

CLIMATE NORMAL PERIOD 1981 TO 2010
CLIMATE RECORD PERIOD 1884 TO 2016


WEATHER ITEM   OBSERVED TIME   RECORD YEAR NORMAL DEPARTURE LAST
                VALUE   (LST)  VALUE       VALUE  FROM      YEAR
                                                  NORMAL
..................................................................
TEMPERATURE (F)
 YESTERDAY
  MAXIMUM         87    459 PM  92    1987  72     15       88
                                      1929
  MINIMUM         69   1159 PM  28    1961  50     19       67
  AVERAGE         78                        61     17       78

PRECIPITATION (IN)
  YESTERDAY        0.03          1.60 1916   0.13  -0.10     0.83
  MONTH TO DATE    2.36                      3.33  -0.97     2.42
  SINCE MAR 1      6.42                      8.37  -1.95     5.96
  SINCE JAN 1     10.75                     12.19  -1.44     8.34

SNOWFALL (IN)
  YESTERDAY        0.0           0.0  2002   0.0    0.0      0.0
                                      2001
  MONTH TO DATE    T                         0.0    0.0      0.0
  SINCE MAR 1      5.3                      20.4  -15.1      7.5
  SINCE JUL 1     34.3                      81.2  -46.9     83.4
  SNOW DEPTH       0

DEGREE DAYS
 HEATING
  YESTERDAY        0                         5     -5        0
  MONTH TO DATE  231                       281    -50      124
  SINCE MAR 1   1794                      1945   -151     1913
  SINCE JUL 1   6178                      7355  -1177     7430

 COOLING
  YESTERDAY       13                         1     12       13
  MONTH TO DATE   50                        13     37       93
  SINCE MAR 1     50                        15     35       93
  SINCE JAN 1     50                        15     35       93
..................................................................


WIND (MPH)
  HIGHEST WIND SPEED    18   HIGHEST WIND DIRECTION     S (190)
  HIGHEST GUST SPEED    26   HIGHEST GUST DIRECTION     S (180)
  AVERAGE WIND SPEED    11.2


SKY COVER
  POSSIBLE SUNSHINE  MM
  AVERAGE SKY COVER 0.5


WEATHER CONDITIONS
 THE FOLLOWING WEATHER WAS RECORDED YESTERDAY.
  LIGHT RAIN


RELATIVE HUMIDITY (PERCENT)
 HIGHEST    84          1200 AM
 LOWEST     31           600 PM
 AVERAGE    58

..........................................................


THE BURLINGTON VT CLIMATE NORMALS FOR TODAY
                         NORMAL    RECORD    YEAR
 MAXIMUM TEMPERATURE (F)   72        91      2013
 MINIMUM TEMPERATURE (F)   50        25      1961


SUNRISE AND SUNSET
MAY 31 2016...........SUNRISE   511 AM EDT   SUNSET   830 PM EDT
JUNE  1 2016..........SUNRISE   511 AM EDT   SUNSET   831 PM EDT


-  INDICATES NEGATIVE NUMBERS.
R  INDICATES RECORD WAS SET OR TIED.
MM INDICATES DATA IS MISSING.
T  INDICATES TRACE AMOUNT.

&&

LAKE CHAMPLAIN DATA:
LEVEL...............96.96 FEET
TEMPERATURE.........64 DEGREES

MOUNT MANSFIELD DATA:
HIGH................69 DEGREES
LOW.................54 DEGREES
PRECIPITATION.......0.73 INCHES

$$
