000
CDUS41 KBTV 300554
CLIBTV


CLIMATE REPORT
NATIONAL WEATHER SERVICE BURLINGTON VT
152 AM EDT THU OCT 30 2014


...................................

...THE BURLINGTON VT CLIMATE SUMMARY FOR OCTOBER 29 2014...

CLIMATE NORMAL PERIOD 1981 TO 2010
CLIMATE RECORD PERIOD 1884 TO 2014


WEATHER ITEM   OBSERVED TIME   RECORD YEAR NORMAL DEPARTURE LAST
                VALUE   (LST)  VALUE       VALUE  FROM      YEAR
                                                  NORMAL
..................................................................
TEMPERATURE (F)
 YESTERDAY
  MAXIMUM         60   1102 AM  71    1946  52      8       44
  MINIMUM         45    953 PM  20    1969  35     10       22
  AVERAGE         53                        44      9       33

PRECIPITATION (IN)
  YESTERDAY        0.10          1.61 2003   0.11  -0.01     0.00
  MONTH TO DATE    4.17                      3.38   0.79     2.39
  SINCE SEP 1      5.80                      7.02  -1.22     7.13
  SINCE JAN 1     31.50                     31.09   0.41    39.82

SNOWFALL (IN)
  YESTERDAY        0.0           2.6  2000   0.0    0.0      0.0
  MONTH TO DATE    0.0                       0.2   -0.2       T
  SINCE SEP 1      0.0                       0.2   -0.2       T
  SINCE JUL 1      0.0                       0.2   -0.2       T
  SNOW DEPTH       0

DEGREE DAYS
 HEATING
  YESTERDAY       12                        21     -9       32
  MONTH TO DATE  328                       480   -152      363
  SINCE SEP 1    479                       655   -176      558
  SINCE JUL 1    492                       697   -205      574

 COOLING
  YESTERDAY        0                         0      0        0
  MONTH TO DATE   18                         0     18        4
  SINCE SEP 1     89                        41     48       62
  SINCE JAN 1    582                       489     93      662
..................................................................


WIND (MPH)
  HIGHEST WIND SPEED    17   HIGHEST WIND DIRECTION    NW (310)
  HIGHEST GUST SPEED    23   HIGHEST GUST DIRECTION     W (280)
  AVERAGE WIND SPEED     5.2


SKY COVER
  POSSIBLE SUNSHINE  MM
  AVERAGE SKY COVER 0.8


WEATHER CONDITIONS
 THE FOLLOWING WEATHER WAS RECORDED YESTERDAY.
  RAIN
  LIGHT RAIN
  FOG


RELATIVE HUMIDITY (PERCENT)
 HIGHEST    93           200 AM
 LOWEST     46           500 PM
 AVERAGE    70

..........................................................


THE BURLINGTON VT CLIMATE NORMALS FOR TODAY
                         NORMAL    RECORD    YEAR
 MAXIMUM TEMPERATURE (F)   52        70      2012
                                             1989
                                             1946
 MINIMUM TEMPERATURE (F)   35        20      1966
                                             1925


SUNRISE AND SUNSET
OCTOBER 30 2014.......SUNRISE   727 AM EDT   SUNSET   545 PM EDT
OCTOBER 31 2014.......SUNRISE   729 AM EDT   SUNSET   543 PM EDT


-  INDICATES NEGATIVE NUMBERS.
R  INDICATES RECORD WAS SET OR TIED.
MM INDICATES DATA IS MISSING.
T  INDICATES TRACE AMOUNT.

&&

LAKE CHAMPLAIN DATA:
LEVEL...............94.52 FEET
TEMPERATURE.........55 DEGREES

MOUNT MANSFIELD DATA:
HIGH................53 DEGREES
LOW.................37 DEGREES
PRECIPITATION.......0.10 INCHES

$$
