000
CDUS41 KBTV 010538
CLIBTV


CLIMATE REPORT
NATIONAL WEATHER SERVICE BURLINGTON VT
137 AM EDT TUE SEP 1 2015


...................................

...THE BURLINGTON VT CLIMATE SUMMARY FOR AUGUST 31 2015...

CLIMATE NORMAL PERIOD 1981 TO 2010
CLIMATE RECORD PERIOD 1884 TO 2015


WEATHER ITEM   OBSERVED TIME   RECORD YEAR NORMAL DEPARTURE LAST
                VALUE   (LST)  VALUE       VALUE  FROM      YEAR
                                                  NORMAL
..................................................................
TEMPERATURE (F)
 YESTERDAY
  MAXIMUM         85    108 PM  92    2010  76      9       77
  MINIMUM         61    413 AM  35    1976  56      5       69
                                      1965
  AVERAGE         73                        66      7       73

PRECIPITATION (IN)
  YESTERDAY        0.00          2.42 2005   0.11  -0.11     0.08
  MONTH TO DATE    1.98                      3.91  -1.93     2.05
  SINCE JUN 1     15.32                     11.76   3.56    11.94
  SINCE JAN 1     24.16                     24.07   0.09    25.70

SNOWFALL (IN)
  YESTERDAY        0.0           0.0  2002   0.0    0.0      0.0
                                      2001
  MONTH TO DATE    0.0                       0.0    0.0      0.0
  SINCE JUN 1      0.0                       0.0    0.0      0.0
  SINCE JUL 1      0.0                       0.0    0.0      0.0
  SNOW DEPTH       0

DEGREE DAYS
 HEATING
  YESTERDAY        0                         2     -2        0
  MONTH TO DATE    1                        32    -31       12
  SINCE JUN 1     77                       115    -38       33
  SINCE JUL 1      6                        42    -36       13

 COOLING
  YESTERDAY        8                         3      5        8
  MONTH TO DATE  235                       145     90      143
  SINCE JUN 1    529                       429    100      471
  SINCE JAN 1    622                       448    174      493
..................................................................


WIND (MPH)
  HIGHEST WIND SPEED    18   HIGHEST WIND DIRECTION    NW (330)
  HIGHEST GUST SPEED    24   HIGHEST GUST DIRECTION    NW (330)
  AVERAGE WIND SPEED     5.4


SKY COVER
  POSSIBLE SUNSHINE  MM
  AVERAGE SKY COVER 0.4


WEATHER CONDITIONS
 THE FOLLOWING WEATHER WAS RECORDED YESTERDAY.
  NO SIGNIFICANT WEATHER WAS OBSERVED.


RELATIVE HUMIDITY (PERCENT)
 HIGHEST    90           300 AM
 LOWEST     44           100 PM
 AVERAGE    67

..........................................................


THE BURLINGTON VT CLIMATE NORMALS FOR TODAY
                         NORMAL    RECORD    YEAR
 MAXIMUM TEMPERATURE (F)   76        92      2010
 MINIMUM TEMPERATURE (F)   56        40      1967


SUNRISE AND SUNSET
SEPTEMBER  1 2015.....SUNRISE   615 AM EDT   SUNSET   730 PM EDT
SEPTEMBER  2 2015.....SUNRISE   616 AM EDT   SUNSET   728 PM EDT


-  INDICATES NEGATIVE NUMBERS.
R  INDICATES RECORD WAS SET OR TIED.
MM INDICATES DATA IS MISSING.
T  INDICATES TRACE AMOUNT.

&&

LAKE CHAMPLAIN DATA:
LEVEL...............95.64 FEET
TEMPERATURE.........75 DEGREES

MOUNT MANSFIELD DATA:
HIGH................63 DEGREES
LOW.................54 DEGREES
PRECIPITATION.......NONE

$$
