000
CDUS41 KBTV 212216
CLIBTV


CLIMATE REPORT
NATIONAL WEATHER SERVICE BURLINGTON VT
615 PM EDT TUE OCT 21 2014


...................................

...THE BURLINGTON VT CLIMATE SUMMARY FOR OCTOBER 21 2014...
VALID TODAY AS OF 0500 PM LOCAL TIME.

CLIMATE NORMAL PERIOD 1981 TO 2010
CLIMATE RECORD PERIOD 1884 TO 2014


WEATHER ITEM   OBSERVED TIME   RECORD YEAR NORMAL DEPARTURE LAST
                VALUE   (LST)  VALUE       VALUE  FROM      YEAR
                                                  NORMAL
..................................................................
TEMPERATURE (F)
 TODAY
  MAXIMUM         50    456 PM  76    1995  55     -5       63
  MINIMUM         45    727 AM  20    1972  37      8       36
  AVERAGE         48                        46      2       50

PRECIPITATION (IN)
  TODAY            0.21          2.10 1885   0.11   0.10     0.00
  MONTH TO DATE    2.97                      2.49   0.48     2.32
  SINCE SEP 1      4.60                      6.13  -1.53     7.06
  SINCE JAN 1     30.30                     30.20   0.10    39.75

SNOWFALL (IN)
  TODAY            0.0           3.6  1926   0.0    0.0      0.0
  MONTH TO DATE    0.0                       0.1   -0.1      0.0
  SINCE SEP 1      0.0                       0.1   -0.1      0.0
  SINCE JUL 1      0.0                       0.1   -0.1      0.0
  SNOW DEPTH       0

DEGREE DAYS
 HEATING
  TODAY           17                        19     -2       15
  MONTH TO DATE  201                       319   -118      169
  SINCE SEP 1    352                       494   -142      364
  SINCE JUL 1    365                       536   -171      380

 COOLING
  TODAY            0                         0      0        0
  MONTH TO DATE   18                         0     18        4
  SINCE SEP 1     89                        41     48       62
  SINCE JAN 1    582                       489     93      662
..................................................................


WIND (MPH)
  HIGHEST WIND SPEED     9   HIGHEST WIND DIRECTION     E (100)
  HIGHEST GUST SPEED    13   HIGHEST GUST DIRECTION     E (100)
  AVERAGE WIND SPEED     3.7


SKY COVER
  POSSIBLE SUNSHINE  MM
  AVERAGE SKY COVER 1.0


WEATHER CONDITIONS
 THE FOLLOWING WEATHER WAS RECORDED TODAY.
  LIGHT RAIN
  FOG


RELATIVE HUMIDITY (PERCENT)
 HIGHEST    92           500 AM
 LOWEST     71           100 AM
 AVERAGE    82

..........................................................


THE BURLINGTON VT CLIMATE NORMALS FOR TOMORROW
                         NORMAL    RECORD    YEAR
 MAXIMUM TEMPERATURE (F)   55        81      1979
 MINIMUM TEMPERATURE (F)   37        23      1959


SUNRISE AND SUNSET
OCTOBER 21 2014.......SUNRISE   715 AM EDT   SUNSET   558 PM EDT
OCTOBER 22 2014.......SUNRISE   717 AM EDT   SUNSET   557 PM EDT


-  INDICATES NEGATIVE NUMBERS.
R  INDICATES RECORD WAS SET OR TIED.
MM INDICATES DATA IS MISSING.
T  INDICATES TRACE AMOUNT.




$$
