000
CDUS41 KBTV 280546
CLIBTV


CLIMATE REPORT
NATIONAL WEATHER SERVICE BURLINGTON VT
144 AM EDT MON JUL 28 2014


...................................

...THE BURLINGTON VT CLIMATE SUMMARY FOR JULY 27 2014...

CLIMATE NORMAL PERIOD 1981 TO 2010
CLIMATE RECORD PERIOD 1884 TO 2014


WEATHER ITEM   OBSERVED TIME   RECORD YEAR NORMAL DEPARTURE LAST
                VALUE   (LST)  VALUE       VALUE  FROM      YEAR
                                                  NORMAL
..................................................................
TEMPERATURE (F)
 YESTERDAY
  MAXIMUM         80    417 PM  98    1949  81     -1       84
  MINIMUM         63   1159 PM  46    2001  60      3       53
  AVERAGE         72                        71      1       69

PRECIPITATION (IN)
  YESTERDAY        1.06          1.78 1949   0.13   0.93     0.00
  MONTH TO DATE    3.62                      3.61   0.01     4.32
  SINCE JUN 1      7.97                      7.30   0.67    14.18
  SINCE JAN 1     21.73                     19.61   2.12    29.45

SNOWFALL (IN)
  YESTERDAY        0.0           0.0  2002   0.0    0.0      0.0
                                      2001
  MONTH TO DATE    0.0                       0.0    0.0      0.0
  SINCE JUN 1      0.0                       0.0    0.0      0.0
  SINCE JUL 1      0.0                       0.0    0.0      0.0
  SNOW DEPTH       0

DEGREE DAYS
 HEATING
  YESTERDAY        0                         0      0        0
  MONTH TO DATE    0                         8     -8        7
  SINCE JUN 1     20                        81    -61       72
  SINCE JUL 1      0                         8     -8        7

 COOLING
  YESTERDAY        7                         6      1        4
  MONTH TO DATE  207                       162     45      258
  SINCE JUN 1    327                       259     68      373
  SINCE JAN 1    349                       278     71      420
..................................................................


WIND (MPH)
  HIGHEST WIND SPEED    21   HIGHEST WIND DIRECTION     S (190)
  HIGHEST GUST SPEED    29   HIGHEST GUST DIRECTION     N (360)
  AVERAGE WIND SPEED     8.1


SKY COVER
  POSSIBLE SUNSHINE  MM
  AVERAGE SKY COVER 0.7


WEATHER CONDITIONS
 THE FOLLOWING WEATHER WAS RECORDED YESTERDAY.
  THUNDERSTORM
  HEAVY RAIN
  RAIN
  LIGHT RAIN
  FOG
  FOG W/VISIBILITY <= 1/4 MILE
  HAZE


RELATIVE HUMIDITY (PERCENT)
 HIGHEST    93           900 AM
 LOWEST     61          1200 AM
 AVERAGE    77

..........................................................


THE BURLINGTON VT CLIMATE NORMALS FOR TODAY
                         NORMAL    RECORD    YEAR
 MAXIMUM TEMPERATURE (F)   81        96      1964
 MINIMUM TEMPERATURE (F)   60        45      2001


SUNRISE AND SUNSET
JULY 28 2014..........SUNRISE   535 AM EDT   SUNSET   822 PM EDT
JULY 29 2014..........SUNRISE   536 AM EDT   SUNSET   821 PM EDT


-  INDICATES NEGATIVE NUMBERS.
R  INDICATES RECORD WAS SET OR TIED.
MM INDICATES DATA IS MISSING.
T  INDICATES TRACE AMOUNT.

&&

LAKE CHAMPLAIN DATA:
LEVEL...............95.95 FEET
TEMPERATURE.........73 DEGREES

MOUNT MANSFIELD DATA:
HIGH................61 DEGREES
LOW.................53 DEGREES
PRECIPITATION.......0.35 INCHES

$$
