601
CDUS41 KBTV 040526
CLIBTV


CLIMATE REPORT
NATIONAL WEATHER SERVICE BURLINGTON VT
1221 AM EST THU FEB 4 2016


...................................

...THE BURLINGTON VT CLIMATE SUMMARY FOR FEBRUARY 3 2016...

CLIMATE NORMAL PERIOD 1981 TO 2010
CLIMATE RECORD PERIOD 1884 TO 2016


WEATHER ITEM   OBSERVED TIME   RECORD YEAR NORMAL DEPARTURE LAST
                VALUE   (LST)  VALUE       VALUE  FROM      YEAR
                                                  NORMAL
..................................................................
TEMPERATURE (F)
 YESTERDAY
  MAXIMUM         54R  1159 PM  49    1991  28     26       19
  MINIMUM         28   1255 AM -25    1971  10     18      -13
  AVERAGE         41                        19     22        3

PRECIPITATION (IN)
  YESTERDAY        0.22          0.88 1983   0.07   0.15     0.00
  MONTH TO DATE    0.22                      0.20   0.02     0.37
  SINCE DEC 1      5.85                      4.64   1.21     4.51
  SINCE JAN 1      1.41                      2.26  -0.85     1.66

SNOWFALL (IN)
  YESTERDAY        0.0           6.2  1910   0.6   -0.6      0.0
  MONTH TO DATE    0.0                       1.8   -1.8      6.4
  SINCE DEC 1     20.2                      40.8  -20.6     49.0
  SINCE JUL 1     20.4                      46.2  -25.8     59.6
  SNOW DEPTH       0

DEGREE DAYS
 HEATING
  YESTERDAY       24                        46    -22       62
  MONTH TO DATE   79                       138    -59      191
  SINCE DEC 1   2108                      2787   -679     2784
  SINCE JUL 1   3347                      4332   -985     4109

 COOLING
  YESTERDAY        0                         0      0        0
  MONTH TO DATE    0                         0      0        0
  SINCE DEC 1      0                         0      0        0
  SINCE JAN 1      0                         0      0        0
..................................................................


WIND (MPH)
  HIGHEST WIND SPEED    24   HIGHEST WIND DIRECTION     S (170)
  HIGHEST GUST SPEED    36   HIGHEST GUST DIRECTION     S (170)
  AVERAGE WIND SPEED    12.1


SKY COVER
  POSSIBLE SUNSHINE  MM
  AVERAGE SKY COVER 0.9


WEATHER CONDITIONS
 THE FOLLOWING WEATHER WAS RECORDED YESTERDAY.
  LIGHT RAIN
  SNOW
  SLEET
  FOG
  HAZE


RELATIVE HUMIDITY (PERCENT)
 HIGHEST    89           900 PM
 LOWEST     63          1200 AM
 AVERAGE    76

..........................................................


THE BURLINGTON VT CLIMATE NORMALS FOR TODAY
                         NORMAL    RECORD    YEAR
 MAXIMUM TEMPERATURE (F)   28        52      1991
 MINIMUM TEMPERATURE (F)   11       -26      1963


SUNRISE AND SUNSET
FEBRUARY  4 2016......SUNRISE   708 AM EST   SUNSET   505 PM EST
FEBRUARY  5 2016......SUNRISE   707 AM EST   SUNSET   507 PM EST


-  INDICATES NEGATIVE NUMBERS.
R  INDICATES RECORD WAS SET OR TIED.
MM INDICATES DATA IS MISSING.
T  INDICATES TRACE AMOUNT.







&&

LAKE CHAMPLAIN DATA:
LEVEL...............95.76 FEET
TEMPERATURE.........38 DEGREES

MOUNT MANSFIELD DATA:
HIGH................38 DEGREES
LOW.................14 DEGREES
PRECIPITATION.......0.51 INCHES
NEW SNOW............NONE
SNOW AT STAKE.......21 INCHES

$$
