000
CDUS41 KBTV 152032
CLIBTV


CLIMATE REPORT
NATIONAL WEATHER SERVICE BURLINGTON VT
432 PM EDT SUN OCT 15 2017


...................................

...THE BURLINGTON VT CLIMATE SUMMARY FOR OCTOBER 15 2017...
VALID TODAY AS OF 0400 PM LOCAL TIME.

CLIMATE NORMAL PERIOD 1981 TO 2010
CLIMATE RECORD PERIOD 1884 TO 2017


WEATHER ITEM   OBSERVED TIME   RECORD YEAR NORMAL DEPARTURE LAST
                VALUE   (LST)  VALUE       VALUE  FROM      YEAR
                                                  NORMAL
..................................................................
TEMPERATURE (F)
 TODAY
  MAXIMUM         75    259 PM  80    2014  57     18       62
  MINIMUM         58    132 AM  24    1980  39     19       32
  AVERAGE         67                        48     19       47

PRECIPITATION (IN)
  TODAY            0.00          2.14 2010   0.12  -0.12     0.00
  MONTH TO DATE    1.47                      1.83  -0.36     0.26
  SINCE SEP 1      4.26                      5.47  -1.21     1.65
  SINCE JAN 1     33.96                     29.54   4.42    20.85

SNOWFALL (IN)
  TODAY            0.0           0.0  2002   0.0    0.0      0.0
                                      2001
  MONTH TO DATE    0.0                       0.0    0.0      0.0
  SINCE SEP 1      0.0                       T      0.0      0.0
  SINCE JUL 1      0.0                       T      0.0      0.0
  SNOW DEPTH       0

DEGREE DAYS
 HEATING
  TODAY            0                        17    -17       18
  MONTH TO DATE   86                       212   -126      135
  SINCE SEP 1    172                       387   -215      214
  SINCE JUL 1    195                       429   -234      219

 COOLING
  TODAY            2                         0      2        0
  MONTH TO DATE   13                         0     13        0
  SINCE SEP 1    127                        41     86      108
  SINCE JAN 1    644                       489    155      852
..................................................................


WIND (MPH)
  HIGHEST WIND SPEED    29   HIGHEST WIND DIRECTION     S (190)
  HIGHEST GUST SPEED    42   HIGHEST GUST DIRECTION     S (190)
  AVERAGE WIND SPEED    14.3


SKY COVER
  POSSIBLE SUNSHINE  MM
  AVERAGE SKY COVER 0.8


WEATHER CONDITIONS
 THE FOLLOWING WEATHER WAS RECORDED TODAY.
  NO SIGNIFICANT WEATHER WAS OBSERVED.


RELATIVE HUMIDITY (PERCENT)
 HIGHEST   100          1200 AM
 LOWEST     60           300 PM
 AVERAGE    80

..........................................................


THE BURLINGTON VT CLIMATE NORMALS FOR TOMORROW
                         NORMAL    RECORD    YEAR
 MAXIMUM TEMPERATURE (F)   57        84      1947
 MINIMUM TEMPERATURE (F)   39        24      1978


SUNRISE AND SUNSET
OCTOBER 15 2017.......SUNRISE   708 AM EDT   SUNSET   608 PM EDT
OCTOBER 16 2017.......SUNRISE   709 AM EDT   SUNSET   606 PM EDT


-  INDICATES NEGATIVE NUMBERS.
R  INDICATES RECORD WAS SET OR TIED.
MM INDICATES DATA IS MISSING.
T  INDICATES TRACE AMOUNT.




$$
