000
CDUS41 KBTV 210625
CLIBTV


CLIMATE REPORT
NATIONAL WEATHER SERVICE BURLINGTON VT
123 AM EST FRI NOV 21 2014


...................................

...THE BURLINGTON VT CLIMATE SUMMARY FOR NOVEMBER 20 2014...

CLIMATE NORMAL PERIOD 1981 TO 2010
CLIMATE RECORD PERIOD 1884 TO 2014


WEATHER ITEM   OBSERVED TIME   RECORD YEAR NORMAL DEPARTURE LAST
                VALUE   (LST)  VALUE       VALUE  FROM      YEAR
                                                  NORMAL
..................................................................
TEMPERATURE (F)
 YESTERDAY
  MAXIMUM         37   1200 PM  71    1991  44     -7       36
  MINIMUM         26   1031 PM   5    1933  30     -4       22
  AVERAGE         32                        37     -5       29

PRECIPITATION (IN)
  YESTERDAY        T             1.24 1948   0.10  -0.10     0.00
  MONTH TO DATE    1.05                      2.16  -1.11     0.94
  SINCE SEP 1      6.85                      9.40  -2.55     8.27
  SINCE JAN 1     32.55                     33.47  -0.92    40.96

SNOWFALL (IN)
  YESTERDAY        T            12.9  1914   0.2   -0.2      0.0
  MONTH TO DATE    0.6                       2.4   -1.8      0.3
  SINCE SEP 1      0.6                       2.7   -2.1      0.3
  SINCE JUL 1      0.6                       2.7   -2.1      0.3
  SNOW DEPTH       0

DEGREE DAYS
 HEATING
  YESTERDAY       33                        28      5       36
  MONTH TO DATE  504                       498      6      487
  SINCE SEP 1   1021                      1197   -176     1090
  SINCE JUL 1   1034                      1239   -205     1106

 COOLING
  YESTERDAY        0                         0      0        0
  MONTH TO DATE    0                         0      0        0
  SINCE SEP 1     89                        43     46       62
  SINCE JAN 1    582                       491     91      662
..................................................................


WIND (MPH)
  HIGHEST WIND SPEED    25   HIGHEST WIND DIRECTION     S (190)
  HIGHEST GUST SPEED    33   HIGHEST GUST DIRECTION     S (200)
  AVERAGE WIND SPEED    14.3


SKY COVER
  POSSIBLE SUNSHINE  MM
  AVERAGE SKY COVER 0.7


WEATHER CONDITIONS
 THE FOLLOWING WEATHER WAS RECORDED YESTERDAY.
  HAZE


RELATIVE HUMIDITY (PERCENT)
 HIGHEST    63           400 PM
 LOWEST     39          1100 PM
 AVERAGE    51

..........................................................


THE BURLINGTON VT CLIMATE NORMALS FOR TODAY
                         NORMAL    RECORD    YEAR
 MAXIMUM TEMPERATURE (F)   43        66      1931
 MINIMUM TEMPERATURE (F)   30         1      1933


SUNRISE AND SUNSET
NOVEMBER 21 2014......SUNRISE   657 AM EST   SUNSET   420 PM EST
NOVEMBER 22 2014......SUNRISE   658 AM EST   SUNSET   419 PM EST


-  INDICATES NEGATIVE NUMBERS.
R  INDICATES RECORD WAS SET OR TIED.
MM INDICATES DATA IS MISSING.
T  INDICATES TRACE AMOUNT.

&&

LAKE CHAMPLAIN DATA:
LEVEL...............94.14 FEET
TEMPERATURE.........45 DEGREES

MOUNT MANSFIELD DATA:
HIGH................15 DEGREES
LOW.................7 DEGREES
PRECIPITATION.......0.02 INCHES
NEW SNOW............0.5 INCHES
SNOW AT STAKE.......9 INCHES

$$
