000
CDUS41 KBTV 270548
CLIBTV


CLIMATE REPORT
NATIONAL WEATHER SERVICE BURLINGTON VT
147 AM EDT FRI MAR 27 2015


...................................

...THE BURLINGTON VT CLIMATE SUMMARY FOR MARCH 26 2015...

CLIMATE NORMAL PERIOD 1981 TO 2010
CLIMATE RECORD PERIOD 1884 TO 2015


WEATHER ITEM   OBSERVED TIME   RECORD YEAR NORMAL DEPARTURE LAST
                VALUE   (LST)  VALUE       VALUE  FROM      YEAR
                                                  NORMAL
..................................................................
TEMPERATURE (F)
 YESTERDAY
  MAXIMUM         45    120 PM  71    1945  44      1       27
  MINIMUM         34   1100 PM  -4    1960  26      8       17
  AVERAGE         40                        35      5       22

PRECIPITATION (IN)
  YESTERDAY        0.38          0.74 2002   0.08   0.30     0.00
  MONTH TO DATE    0.86                      1.84  -0.98     1.04
  SINCE MAR 1      0.86                      1.84  -0.98     1.04
  SINCE JAN 1      3.24                      5.66  -2.42     5.32

SNOWFALL (IN)
  YESTERDAY        0.0           7.0  2002   0.4   -0.4      0.0
  MONTH TO DATE    4.4                      14.2   -9.8     24.9
  SINCE MAR 1      4.4                      14.2   -9.8     24.9
  SINCE JUL 1     80.3                      75.0    5.3     83.2
  SNOW DEPTH       0

DEGREE DAYS
 HEATING
  YESTERDAY       25                        30     -5       43
  MONTH TO DATE 1018                       912    106     1162
  SINCE MAR 1   1018                       912    106     1162
  SINCE JUL 1   6535                      6322    213     6627

 COOLING
  YESTERDAY        0                         0      0        0
  MONTH TO DATE    0                         0      0        0
  SINCE MAR 1      0                         0      0        0
  SINCE JAN 1      0                         0      0        0
..................................................................


WIND (MPH)
  HIGHEST WIND SPEED    21   HIGHEST WIND DIRECTION     S (180)
  HIGHEST GUST SPEED    32   HIGHEST GUST DIRECTION     S (170)
  AVERAGE WIND SPEED     8.8


SKY COVER
  POSSIBLE SUNSHINE  MM
  AVERAGE SKY COVER 0.9


WEATHER CONDITIONS
 THE FOLLOWING WEATHER WAS RECORDED YESTERDAY.
  LIGHT RAIN
  FOG


RELATIVE HUMIDITY (PERCENT)
 HIGHEST    96          1100 PM
 LOWEST     70           900 AM
 AVERAGE    83

..........................................................


THE BURLINGTON VT CLIMATE NORMALS FOR TODAY
                         NORMAL    RECORD    YEAR
 MAXIMUM TEMPERATURE (F)   45        71      1976
                                             1921
 MINIMUM TEMPERATURE (F)   27        -1      1923


SUNRISE AND SUNSET
MARCH 27 2015.........SUNRISE   643 AM EDT   SUNSET   713 PM EDT
MARCH 28 2015.........SUNRISE   642 AM EDT   SUNSET   715 PM EDT


-  INDICATES NEGATIVE NUMBERS.
R  INDICATES RECORD WAS SET OR TIED.
MM INDICATES DATA IS MISSING.
T  INDICATES TRACE AMOUNT.







&&

LAKE CHAMPLAIN DATA:
LEVEL...............94.55 FEET
TEMPERATURE.........36 DEGREES

MOUNT MANSFIELD DATA:
HIGH................31 DEGREES
LOW.................25 DEGREES
PRECIPITATION.......0.20 INCHES
NEW SNOW............1.0 INCHES
SNOW AT STAKE.......86 INCHES

$$
