530
CDUS41 KBTV 300531
CLIBTV

CLIMATE REPORT
NATIONAL WEATHER SERVICE BURLINGTON VT
130 AM EDT SAT APR 30 2016

...................................

...THE BURLINGTON VT CLIMATE SUMMARY FOR APRIL 29 2016...

CLIMATE NORMAL PERIOD 1981 TO 2010
CLIMATE RECORD PERIOD 1884 TO 2016


WEATHER ITEM   OBSERVED TIME   RECORD YEAR NORMAL DEPARTURE LAST
                VALUE   (LST)  VALUE       VALUE  FROM      YEAR
                                                  NORMAL
..................................................................
TEMPERATURE (F)
 YESTERDAY
  MAXIMUM         57    255 PM  85    1986  61     -4       62
  MINIMUM         28    449 AM  24    1934  40    -12       35
                                      1909
  AVERAGE         43                        51     -8       49

PRECIPITATION (IN)
  YESTERDAY        0.00          0.76 1956   0.11  -0.11     0.00
  MONTH TO DATE    1.80                      2.72  -0.92     2.64
  SINCE MAR 1      4.06                      4.94  -0.88     3.54
  SINCE JAN 1      8.39                      8.76  -0.37     5.92

SNOWFALL (IN)
  YESTERDAY        0.0           0.7  1966   0.0    0.0      0.0
  MONTH TO DATE    3.5                       4.5   -1.0      3.1
  SINCE MAR 1      5.3                      20.3  -15.0      7.5
  SINCE JUL 1     34.3                      81.1  -46.8     83.4
  SNOW DEPTH       0

DEGREE DAYS
 HEATING
  YESTERDAY       22                        15      7       16
  MONTH TO DATE  678                       597     81      586
  SINCE MAR 1   1545                      1651   -106     1776
  SINCE JUL 1   5929                      7061  -1132     7293

 COOLING
  YESTERDAY        0                         0      0        0
  MONTH TO DATE    0                         0      0        0
  SINCE MAR 1      0                         0      0        0
  SINCE JAN 1      0                         0      0        0
..................................................................


WIND (MPH)
  HIGHEST WIND SPEED    13   HIGHEST WIND DIRECTION     N (340)
  HIGHEST GUST SPEED    18   HIGHEST GUST DIRECTION    NW (330)
  AVERAGE WIND SPEED     5.3


SKY COVER
  POSSIBLE SUNSHINE  MM
  AVERAGE SKY COVER 0.4


WEATHER CONDITIONS
 THE FOLLOWING WEATHER WAS RECORDED YESTERDAY.
  NO SIGNIFICANT WEATHER WAS OBSERVED.


RELATIVE HUMIDITY (PERCENT)
 HIGHEST    69           400 AM
 LOWEST     26           400 PM
 AVERAGE    48

..........................................................


THE BURLINGTON VT CLIMATE NORMALS FOR TODAY
                         NORMAL    RECORD    YEAR
 MAXIMUM TEMPERATURE (F)   62        84      2004
 MINIMUM TEMPERATURE (F)   40        27      2012
                                             1978
                                             1967


SUNRISE AND SUNSET
APRIL 30 2016.........SUNRISE   544 AM EDT   SUNSET   756 PM EDT
MAY  1 2016...........SUNRISE   543 AM EDT   SUNSET   757 PM EDT


-  INDICATES NEGATIVE NUMBERS.
R  INDICATES RECORD WAS SET OR TIED.
MM INDICATES DATA IS MISSING.
T  INDICATES TRACE AMOUNT.

&&

LAKE CHAMPLAIN DATA:
LEVEL...............97.40 FEET
TEMPERATURE.........40 DEGREES

MOUNT MANSFIELD DATA:
HIGH................44 DEGREES
LOW.................19 DEGREES
PRECIPITATION.......NONE
NEW SNOW............NONE
SNOW AT STAKE.......24 INCHES

$$
