000
CDUS41 KBTV 122126
CLIBTV


CLIMATE REPORT
NATIONAL WEATHER SERVICE BURLINGTON VT
526 PM EDT SAT APR 12 2014


...................................

...THE BURLINGTON VT CLIMATE SUMMARY FOR APRIL 12 2014...
VALID TODAY AS OF 0500 PM LOCAL TIME.

CLIMATE NORMAL PERIOD 1981 TO 2010
CLIMATE RECORD PERIOD 1884 TO 2014


WEATHER ITEM   OBSERVED TIME   RECORD YEAR NORMAL DEPARTURE LAST
                VALUE   (LST)  VALUE       VALUE  FROM      YEAR
                                                  NORMAL
..................................................................
TEMPERATURE (F)
 TODAY
  MAXIMUM         63    225 PM  82    1945  53     10       36
  MINIMUM         31    541 AM  16    1976  34     -3       32
                                      1975
                                      1926
  AVERAGE         47                        43      4       34

PRECIPITATION (IN)
  TODAY            0.00          1.11 1934   0.10  -0.10     0.69
  MONTH TO DATE    0.46                      1.08  -0.62     1.22
  SINCE MAR 1      2.34                      3.30  -0.96     3.27
  SINCE JAN 1      6.62                      7.12  -0.50     5.70

SNOWFALL (IN)
  TODAY            0.0           3.0  1929   0.2   -0.2      0.3
  MONTH TO DATE    T                         2.6   -2.6      1.0
  SINCE MAR 1     25.4                      18.4    7.0     17.2
  SINCE JUL 1     83.7                      79.2    4.5     82.9
  SNOW DEPTH       0

DEGREE DAYS
 HEATING
  TODAY           18                        22     -4       31
  MONTH TO DATE  274                       294    -20      313
  SINCE MAR 1   1596                      1348    248     1301
  SINCE JUL 1   7061                      6758    303     6179

 COOLING
  TODAY            0                         0      0        0
  MONTH TO DATE    0                         0      0        0
  SINCE MAR 1      0                         0      0        0
  SINCE JAN 1      0                         0      0        0
..................................................................


WIND (MPH)
  HIGHEST WIND SPEED    17   HIGHEST WIND DIRECTION     N (340)
  HIGHEST GUST SPEED    24   HIGHEST GUST DIRECTION    SW (230)
  AVERAGE WIND SPEED     6.5


SKY COVER
  POSSIBLE SUNSHINE  MM
  AVERAGE SKY COVER 0.3


WEATHER CONDITIONS
 THE FOLLOWING WEATHER WAS RECORDED TODAY.
  NO SIGNIFICANT WEATHER WAS OBSERVED.


RELATIVE HUMIDITY (PERCENT)
 HIGHEST    85           600 AM
 LOWEST     27           200 PM
 AVERAGE    56

..........................................................


THE BURLINGTON VT CLIMATE NORMALS FOR TOMORROW
                         NORMAL    RECORD    YEAR
 MAXIMUM TEMPERATURE (F)   54        84      1945
 MINIMUM TEMPERATURE (F)   34        16      1914


SUNRISE AND SUNSET
APRIL 12 2014.........SUNRISE   614 AM EDT   SUNSET   734 PM EDT
APRIL 13 2014.........SUNRISE   612 AM EDT   SUNSET   735 PM EDT


-  INDICATES NEGATIVE NUMBERS.
R  INDICATES RECORD WAS SET OR TIED.
MM INDICATES DATA IS MISSING.
T  INDICATES TRACE AMOUNT.




$$
