000
CDUS41 KBTV 170552
CLIBTV


CLIMATE REPORT
NATIONAL WEATHER SERVICE BURLINGTON VT
151 AM EDT SUN AUG 17 2014


...................................

...THE BURLINGTON VT CLIMATE SUMMARY FOR AUGUST 16 2014...

CLIMATE NORMAL PERIOD 1981 TO 2010
CLIMATE RECORD PERIOD 1884 TO 2014


WEATHER ITEM   OBSERVED TIME   RECORD YEAR NORMAL DEPARTURE LAST
                VALUE   (LST)  VALUE       VALUE  FROM      YEAR
                                                  NORMAL
..................................................................
TEMPERATURE (F)
 YESTERDAY
  MAXIMUM         67    253 PM  96    1944  79    -12       79
  MINIMUM         58    612 AM  43    1972  59     -1       52
                                      1923
  AVERAGE         63                        69     -6       66

PRECIPITATION (IN)
  YESTERDAY        0.10          1.61 1942   0.13  -0.03     0.02
  MONTH TO DATE    1.72                      2.16  -0.44     2.08
  SINCE JUN 1     11.61                     10.01   1.60    16.43
  SINCE JAN 1     25.37                     22.32   3.05    31.70

SNOWFALL (IN)
  YESTERDAY        0.0           0.0  2002   0.0    0.0      0.0
                                      2001
  MONTH TO DATE    0.0                       0.0    0.0      0.0
  SINCE JUN 1      0.0                       0.0    0.0      0.0
  SINCE JUL 1      0.0                       0.0    0.0      0.0
  SNOW DEPTH       0

DEGREE DAYS
 HEATING
  YESTERDAY        2                         1      1        0
  MONTH TO DATE    8                        12     -4        7
  SINCE JUN 1     29                        98    -69       79
  SINCE JUL 1      9                        25    -16       14

 COOLING
  YESTERDAY        0                         5     -5        1
  MONTH TO DATE   85                        86     -1       60
  SINCE JUN 1    413                       370     43      460
  SINCE JAN 1    435                       389     46      507
..................................................................


WIND (MPH)
  HIGHEST WIND SPEED    17   HIGHEST WIND DIRECTION     S (180)
  HIGHEST GUST SPEED    22   HIGHEST GUST DIRECTION     S (180)
  AVERAGE WIND SPEED    10.5


SKY COVER
  POSSIBLE SUNSHINE  MM
  AVERAGE SKY COVER 0.8


WEATHER CONDITIONS
 THE FOLLOWING WEATHER WAS RECORDED YESTERDAY.
  LIGHT RAIN


RELATIVE HUMIDITY (PERCENT)
 HIGHEST    93           100 AM
 LOWEST     63           200 PM
 AVERAGE    78

..........................................................


THE BURLINGTON VT CLIMATE NORMALS FOR TODAY
                         NORMAL    RECORD    YEAR
 MAXIMUM TEMPERATURE (F)   79        95      1987
 MINIMUM TEMPERATURE (F)   59        42      1979
                                             1961


SUNRISE AND SUNSET
AUGUST 17 2014........SUNRISE   558 AM EDT   SUNSET   755 PM EDT
AUGUST 18 2014........SUNRISE   559 AM EDT   SUNSET   753 PM EDT


-  INDICATES NEGATIVE NUMBERS.
R  INDICATES RECORD WAS SET OR TIED.
MM INDICATES DATA IS MISSING.
T  INDICATES TRACE AMOUNT.

&&

LAKE CHAMPLAIN DATA:
LEVEL...............95.80 FEET
TEMPERATURE.........71 DEGREES

MOUNT MANSFIELD DATA:
HIGH................51 DEGREES
LOW.................40 DEGREES
PRECIPITATION.......0.31 INCHES

$$
