000
CDUS41 KBTV 250542
CLIBTV


CLIMATE REPORT
NATIONAL WEATHER SERVICE BURLINGTON VT
1237 AM EST TUE NOV 25 2014


...................................

...THE BURLINGTON VT CLIMATE SUMMARY FOR NOVEMBER 24 2014...

CLIMATE NORMAL PERIOD 1981 TO 2010
CLIMATE RECORD PERIOD 1884 TO 2014


WEATHER ITEM   OBSERVED TIME   RECORD YEAR NORMAL DEPARTURE LAST
                VALUE   (LST)  VALUE       VALUE  FROM      YEAR
                                                  NORMAL
..................................................................
TEMPERATURE (F)
 YESTERDAY
  MAXIMUM         67R   332 PM  65    1999  42     25       22
                                      1931
  MINIMUM         46    601 AM   2    1956  28     18       14
  AVERAGE         57                        35     22       18

PRECIPITATION (IN)
  YESTERDAY        0.47          0.94 1980   0.10   0.37     0.01
  MONTH TO DATE    1.56                      2.57  -1.01     1.19
  SINCE SEP 1      7.36                      9.81  -2.45     8.52
  SINCE JAN 1     33.06                     33.88  -0.82    41.21

SNOWFALL (IN)
  YESTERDAY        0.0           3.5  1947   0.2   -0.2      0.4
  MONTH TO DATE    0.6                       3.3   -2.7      2.7
  SINCE SEP 1      0.6                       3.6   -3.0      2.7
  SINCE JUL 1      0.6                       3.6   -3.0      2.7
  SNOW DEPTH       0

DEGREE DAYS
 HEATING
  YESTERDAY        8                        30    -22       47
  MONTH TO DATE  603                       615    -12      627
  SINCE SEP 1   1120                      1314   -194     1230
  SINCE JUL 1   1133                      1356   -223     1246

 COOLING
  YESTERDAY        0                         0      0        0
  MONTH TO DATE    0                         0      0        0
  SINCE SEP 1     89                        43     46       62
  SINCE JAN 1    582                       491     91      662
..................................................................


WIND (MPH)
  HIGHEST WIND SPEED    25   HIGHEST WIND DIRECTION     S (190)
  HIGHEST GUST SPEED    34   HIGHEST GUST DIRECTION     S (190)
  AVERAGE WIND SPEED    12.9


SKY COVER
  POSSIBLE SUNSHINE  MM
  AVERAGE SKY COVER 0.6


WEATHER CONDITIONS
 THE FOLLOWING WEATHER WAS RECORDED YESTERDAY.
  LIGHT RAIN
  FOG


RELATIVE HUMIDITY (PERCENT)
 HIGHEST    93           900 AM
 LOWEST     61           200 AM
 AVERAGE    77

..........................................................


THE BURLINGTON VT CLIMATE NORMALS FOR TODAY
                         NORMAL    RECORD    YEAR
 MAXIMUM TEMPERATURE (F)   42        67      2001
 MINIMUM TEMPERATURE (F)   28        -1      1938


SUNRISE AND SUNSET
NOVEMBER 25 2014......SUNRISE   702 AM EST   SUNSET   417 PM EST
NOVEMBER 26 2014......SUNRISE   703 AM EST   SUNSET   417 PM EST


-  INDICATES NEGATIVE NUMBERS.
R  INDICATES RECORD WAS SET OR TIED.
MM INDICATES DATA IS MISSING.
T  INDICATES TRACE AMOUNT.

&&

LAKE CHAMPLAIN DATA:
LEVEL...............94.18 FEET
TEMPERATURE.........48 DEGREES

MOUNT MANSFIELD DATA:
HIGH................50 DEGREES
LOW.................32 DEGREES
PRECIPITATION.......0.23 INCHES
NEW SNOW............NONE
SNOW AT STAKE.......5 INCHES

$$
