000
CDUS41 KBTV 242157
CLIBTV


CLIMATE REPORT
NATIONAL WEATHER SERVICE BURLINGTON VT
554 PM EDT SUN AUG 24 2014


...................................

...THE BURLINGTON VT CLIMATE SUMMARY FOR AUGUST 24 2014...
VALID TODAY AS OF 0500 PM LOCAL TIME.

CLIMATE NORMAL PERIOD 1981 TO 2010
CLIMATE RECORD PERIOD 1884 TO 2014


WEATHER ITEM   OBSERVED TIME   RECORD YEAR NORMAL DEPARTURE LAST
                VALUE   (LST)  VALUE       VALUE  FROM      YEAR
                                                  NORMAL
..................................................................
TEMPERATURE (F)
 TODAY
  MAXIMUM         82    359 PM  97    1947  78      4       78
  MINIMUM         58    531 AM  40    1923  58      0       49
  AVERAGE         70                        68      2       64

PRECIPITATION (IN)
  TODAY            0.00          2.35 1893   0.11  -0.11     0.00
  MONTH TO DATE    1.97                      3.14  -1.17     2.82
  SINCE JUN 1     11.86                     10.99   0.87    17.17
  SINCE JAN 1     25.62                     23.30   2.32    32.44

SNOWFALL (IN)
  TODAY            0.0           0.0  2002   0.0    0.0      0.0
                                      2001
  MONTH TO DATE    0.0                       0.0    0.0      0.0
  SINCE JUN 1      0.0                       0.0    0.0      0.0
  SINCE JUL 1      0.0                       0.0    0.0      0.0
  SNOW DEPTH       0

DEGREE DAYS
 HEATING
  TODAY            0                         1     -1        1
  MONTH TO DATE   12                        20     -8        9
  SINCE JUN 1     33                       106    -73       81
  SINCE JUL 1     13                        33    -20       16

 COOLING
  TODAY            5                         4      1        0
  MONTH TO DATE  103                       120    -17      100
  SINCE JUN 1    431                       404     27      500
  SINCE JAN 1    453                       423     30      547
..................................................................


WIND (MPH)
  HIGHEST WIND SPEED    13   HIGHEST WIND DIRECTION    NW (310)
  HIGHEST GUST SPEED    17   HIGHEST GUST DIRECTION    NW (320)
  AVERAGE WIND SPEED     3.5


SKY COVER
  POSSIBLE SUNSHINE  MM
  AVERAGE SKY COVER 0.3


WEATHER CONDITIONS
 THE FOLLOWING WEATHER WAS RECORDED TODAY.
  NO SIGNIFICANT WEATHER WAS OBSERVED.


RELATIVE HUMIDITY (PERCENT)
 HIGHEST    93           300 AM
 LOWEST     40           300 PM
 AVERAGE    67

..........................................................


THE BURLINGTON VT CLIMATE NORMALS FOR TOMORROW
                         NORMAL    RECORD    YEAR
 MAXIMUM TEMPERATURE (F)   78        97      1947
 MINIMUM TEMPERATURE (F)   57        39      1942


SUNRISE AND SUNSET
AUGUST 24 2014........SUNRISE   606 AM EDT   SUNSET   743 PM EDT
AUGUST 25 2014........SUNRISE   607 AM EDT   SUNSET   741 PM EDT


-  INDICATES NEGATIVE NUMBERS.
R  INDICATES RECORD WAS SET OR TIED.
MM INDICATES DATA IS MISSING.
T  INDICATES TRACE AMOUNT.




$$
