000
CDUS41 KBTV 040533
CLIBTV


CLIMATE REPORT
NATIONAL WEATHER SERVICE BURLINGTON VT
132 AM EDT SAT JUL 4 2015


...................................

...THE BURLINGTON VT CLIMATE SUMMARY FOR JULY 3 2015...

CLIMATE NORMAL PERIOD 1981 TO 2010
CLIMATE RECORD PERIOD 1884 TO 2015


WEATHER ITEM   OBSERVED TIME   RECORD YEAR NORMAL DEPARTURE LAST
                VALUE   (LST)  VALUE       VALUE  FROM      YEAR
                                                  NORMAL
..................................................................
TEMPERATURE (F)
 YESTERDAY
  MAXIMUM         78    327 PM 100    1911  80     -2       86
  MINIMUM         49    431 AM  40    1978  60    -11       68
  AVERAGE         64                        70     -6       77

PRECIPITATION (IN)
  YESTERDAY        0.00          1.86 1892   0.13  -0.13     0.50
  MONTH TO DATE    2.04                      0.39   1.65     0.53
  SINCE JUN 1     10.71                      4.08   6.63     4.88
  SINCE JAN 1     19.55                     16.39   3.16    18.64

SNOWFALL (IN)
  YESTERDAY        0.0           0.0  2002   0.0    0.0      0.0
                                      2001
  MONTH TO DATE    0.0                       0.0    0.0      0.0
  SINCE JUN 1      0.0                       0.0    0.0      0.0
  SINCE JUL 1      0.0                       0.0    0.0      0.0
  SNOW DEPTH       0

DEGREE DAYS
 HEATING
  YESTERDAY        1                         1      0        0
  MONTH TO DATE    1                         3     -2        0
  SINCE JUN 1     72                        76     -4       20
  SINCE JUL 1      1                         3     -2        0

 COOLING
  YESTERDAY        0                         6     -6       12
  MONTH TO DATE    5                        18    -13       47
  SINCE JUN 1     80                       115    -35      167
  SINCE JAN 1    173                       134     39      189
..................................................................


WIND (MPH)
  HIGHEST WIND SPEED    10   HIGHEST WIND DIRECTION     S (160)
  HIGHEST GUST SPEED    14   HIGHEST GUST DIRECTION     S (200)
  AVERAGE WIND SPEED     3.1


SKY COVER
  POSSIBLE SUNSHINE  MM
  AVERAGE SKY COVER 0.2


WEATHER CONDITIONS
 THE FOLLOWING WEATHER WAS RECORDED YESTERDAY.
  NO SIGNIFICANT WEATHER WAS OBSERVED.


RELATIVE HUMIDITY (PERCENT)
 HIGHEST    89           100 AM
 LOWEST     30           300 PM
 AVERAGE    60

..........................................................


THE BURLINGTON VT CLIMATE NORMALS FOR TODAY
                         NORMAL    RECORD    YEAR
 MAXIMUM TEMPERATURE (F)   81        98      1911
 MINIMUM TEMPERATURE (F)   60        40      1962


SUNRISE AND SUNSET
JULY  4 2015..........SUNRISE   513 AM EDT   SUNSET   840 PM EDT
JULY  5 2015..........SUNRISE   514 AM EDT   SUNSET   840 PM EDT


-  INDICATES NEGATIVE NUMBERS.
R  INDICATES RECORD WAS SET OR TIED.
MM INDICATES DATA IS MISSING.
T  INDICATES TRACE AMOUNT.







&&

LAKE CHAMPLAIN DATA:
LEVEL...............98.62 FEET
TEMPERATURE.........65 DEGREES

MOUNT MANSFIELD DATA:
HIGH................60 DEGREES
LOW.................44 DEGREES
PRECIPITATION.......NONE

$$
