000
CDUS41 KBTV 230527
CLIBTV


CLIMATE REPORT
NATIONAL WEATHER SERVICE BURLINGTON VT
125 AM EDT TUE MAY 23 2017


...................................

...THE BURLINGTON VT CLIMATE SUMMARY FOR MAY 22 2017...

CLIMATE NORMAL PERIOD 1981 TO 2010
CLIMATE RECORD PERIOD 1884 TO 2017


WEATHER ITEM   OBSERVED TIME   RECORD YEAR NORMAL DEPARTURE LAST
                VALUE   (LST)  VALUE       VALUE  FROM      YEAR
                                                  NORMAL
..................................................................
TEMPERATURE (F)
 YESTERDAY
  MAXIMUM         57   1040 PM  93    1977  69    -12       77
  MINIMUM         50    720 AM  31    1936  47      3       53
  AVERAGE         54                        58     -4       65

PRECIPITATION (IN)
  YESTERDAY        0.60          1.43 2013   0.12   0.48     0.04
  MONTH TO DATE    3.09                      2.35   0.74     1.79
  SINCE MAR 1     10.19                      7.39   2.80     5.85
  SINCE JAN 1     14.86                     11.21   3.65    10.18

SNOWFALL (IN)
  YESTERDAY        0.0           0.0  2002   0.0    0.0      0.0
                                      2001
  MONTH TO DATE    0.0                       0.0    0.0       T
  SINCE MAR 1     41.2                      20.4   20.8      5.3
  SINCE JUL 1    100.4                      81.2   19.2     34.3
  SNOW DEPTH       0

DEGREE DAYS
 HEATING
  YESTERDAY       11                         7      4        0
  MONTH TO DATE  240                       231      9      231
  SINCE MAR 1   1867                      1895    -28     1794
  SINCE JUL 1   6245                      7305  -1060     6178

 COOLING
  YESTERDAY        0                         1     -1        0
  MONTH TO DATE   26                         5     21        0
  SINCE MAR 1     41                         7     34        0
  SINCE JAN 1     41                         7     34        0
..................................................................


WIND (MPH)
  HIGHEST WIND SPEED    22   HIGHEST WIND DIRECTION     S (180)
  HIGHEST GUST SPEED    31   HIGHEST GUST DIRECTION     S (180)
  AVERAGE WIND SPEED    10.9


SKY COVER
  POSSIBLE SUNSHINE  MM
  AVERAGE SKY COVER 1.0


WEATHER CONDITIONS
 THE FOLLOWING WEATHER WAS RECORDED YESTERDAY.
  RAIN
  LIGHT RAIN
  FOG


RELATIVE HUMIDITY (PERCENT)
 HIGHEST    96           200 PM
 LOWEST     66           900 AM
 AVERAGE    81

..........................................................


THE BURLINGTON VT CLIMATE NORMALS FOR TODAY
                         NORMAL    RECORD    YEAR
 MAXIMUM TEMPERATURE (F)   69        91      1992
                                             1977
                                             1975
 MINIMUM TEMPERATURE (F)   48        31      1967
                                             1935


SUNRISE AND SUNSET
MAY 23 2017...........SUNRISE   517 AM EDT   SUNSET   822 PM EDT
MAY 24 2017...........SUNRISE   516 AM EDT   SUNSET   823 PM EDT


-  INDICATES NEGATIVE NUMBERS.
R  INDICATES RECORD WAS SET OR TIED.
MM INDICATES DATA IS MISSING.
T  INDICATES TRACE AMOUNT.

&&

LAKE CHAMPLAIN DATA:
LEVEL...............98.38 FEET
TEMPERATURE.........49 DEGREES

MOUNT MANSFIELD DATA:
HIGH................55 DEGREES
LOW.................37 DEGREES
PRECIPITATION.......1.28 INCHES
NEW SNOW............NONE
SNOW AT STAKE.......5 INCHES

$$
