000
CDUS41 KBTV 280557
CLIBTV


CLIMATE REPORT
NATIONAL WEATHER SERVICE BURLINGTON VT
1257 AM EST WED JAN 28 2015


...................................

...THE BURLINGTON VT CLIMATE SUMMARY FOR JANUARY 27 2015...

CLIMATE NORMAL PERIOD 1981 TO 2010
CLIMATE RECORD PERIOD 1884 TO 2015


WEATHER ITEM   OBSERVED TIME   RECORD YEAR NORMAL DEPARTURE LAST
                VALUE   (LST)  VALUE       VALUE  FROM      YEAR
                                                  NORMAL
..................................................................
TEMPERATURE (F)
 YESTERDAY
  MAXIMUM         10   1055 PM  53    1996  27    -17       32
  MINIMUM          5    350 AM -29    1994  10     -5        9
  AVERAGE          8                        18    -10       21

PRECIPITATION (IN)
  YESTERDAY        0.03          1.15 1996   0.07  -0.04      T
  MONTH TO DATE    1.09                      1.80  -0.71     2.45
  SINCE DEC 1      3.94                      4.18  -0.24     4.99
  SINCE JAN 1      1.09                      1.80  -0.71     2.45

SNOWFALL (IN)
  YESTERDAY        3.6          10.3  1954   0.7    2.9       T
  MONTH TO DATE   12.9                      18.4   -5.5     12.5
  SINCE DEC 1     34.8                      36.3   -1.5     27.8
  SINCE JUL 1     45.4                      41.7    3.7     34.2
  SNOW DEPTH       2

DEGREE DAYS
 HEATING
  YESTERDAY       57                        47     10       44
  MONTH TO DATE 1297                      1254     43     1253
  SINCE DEC 1   2375                      2468    -93     2533
  SINCE JUL 1   3700                      4013   -313     4026

 COOLING
  YESTERDAY        0                         0      0        0
  MONTH TO DATE    0                         0      0        0
  SINCE DEC 1      0                         0      0        0
  SINCE JAN 1      0                         0      0        0
..................................................................


WIND (MPH)
  HIGHEST WIND SPEED    25   HIGHEST WIND DIRECTION     N (360)
  HIGHEST GUST SPEED    35   HIGHEST GUST DIRECTION     N (350)
  AVERAGE WIND SPEED    16.5


SKY COVER
  POSSIBLE SUNSHINE  MM
  AVERAGE SKY COVER 0.8


WEATHER CONDITIONS
 THE FOLLOWING WEATHER WAS RECORDED YESTERDAY.
  HEAVY SNOW
  SNOW
  LIGHT SNOW
  HAZE


RELATIVE HUMIDITY (PERCENT)
 HIGHEST    80           200 PM
 LOWEST     57          1100 AM
 AVERAGE    69

..........................................................


THE BURLINGTON VT CLIMATE NORMALS FOR TODAY
                         NORMAL    RECORD    YEAR
 MAXIMUM TEMPERATURE (F)   27        56      1916
 MINIMUM TEMPERATURE (F)   10       -26      1925


SUNRISE AND SUNSET
JANUARY 28 2015.......SUNRISE   716 AM EST   SUNSET   456 PM EST
JANUARY 29 2015.......SUNRISE   715 AM EST   SUNSET   457 PM EST


-  INDICATES NEGATIVE NUMBERS.
R  INDICATES RECORD WAS SET OR TIED.
MM INDICATES DATA IS MISSING.
T  INDICATES TRACE AMOUNT.

&&

LAKE CHAMPLAIN DATA:
LEVEL...............95.68 FEET
TEMPERATURE.........35 DEGREES

MOUNT MANSFIELD DATA:
HIGH................6 DEGREES
LOW.................-11 DEGREES
PRECIPITATION.......0.10 INCHES
NEW SNOW............1.0 INCHES
SNOW AT STAKE.......55 INCHES

$$
