630
CDUS41 KBTV 170525
CLIBTV


CLIMATE REPORT
NATIONAL WEATHER SERVICE BURLINGTON VT
123 AM EDT SUN SEP 17 2017


...................................

...THE BURLINGTON VT CLIMATE SUMMARY FOR SEPTEMBER 16 2017...

CLIMATE NORMAL PERIOD 1981 TO 2010
CLIMATE RECORD PERIOD 1884 TO 2017


WEATHER ITEM   OBSERVED TIME   RECORD YEAR NORMAL DEPARTURE LAST
                VALUE   (LST)  VALUE       VALUE  FROM      YEAR
                                                  NORMAL
..................................................................
TEMPERATURE (F)
 YESTERDAY
  MAXIMUM         84    204 PM  92    1939  70     14       75
  MINIMUM         60    529 AM  30    1964  51      9       43
  AVERAGE         72                        61     11       59

PRECIPITATION (IN)
  YESTERDAY        0.00          2.28 1999   0.12  -0.12     0.00
  MONTH TO DATE    2.78                      1.82   0.96     0.62
  SINCE SEP 1      2.78                      1.82   0.96     0.62
  SINCE JAN 1     32.48                     25.89   6.59    19.82

SNOWFALL (IN)
  YESTERDAY        0.0           0.0  2002   0.0    0.0      0.0
                                      2001
  MONTH TO DATE    0.0                       0.0    0.0      0.0
  SINCE SEP 1      0.0                       0.0    0.0      0.0
  SINCE JUL 1      0.0                       0.0    0.0      0.0
  SNOW DEPTH       0

DEGREE DAYS
 HEATING
  YESTERDAY        0                         6     -6        6
  MONTH TO DATE   59                        58      1       22
  SINCE SEP 1     59                        58      1       22
  SINCE JUL 1     82                       100    -18       27

 COOLING
  YESTERDAY        7                         1      6        0
  MONTH TO DATE   24                        34    -10       69
  SINCE SEP 1     24                        34    -10       69
  SINCE JAN 1    541                       482     59      813
..................................................................


WIND (MPH)
  HIGHEST WIND SPEED    12   HIGHEST WIND DIRECTION     S (200)
  HIGHEST GUST SPEED    12   HIGHEST GUST DIRECTION     S (200)
  AVERAGE WIND SPEED     3.1


SKY COVER
  POSSIBLE SUNSHINE  MM
  AVERAGE SKY COVER 0.3


WEATHER CONDITIONS
 THE FOLLOWING WEATHER WAS RECORDED YESTERDAY.
  FOG


RELATIVE HUMIDITY (PERCENT)
 HIGHEST   100           100 AM
 LOWEST     51           200 PM
 AVERAGE    76

..........................................................


THE BURLINGTON VT CLIMATE NORMALS FOR TODAY
                         NORMAL    RECORD    YEAR
 MAXIMUM TEMPERATURE (F)   70        86      2015
 MINIMUM TEMPERATURE (F)   50        34      1961


SUNRISE AND SUNSET
SEPTEMBER 17 2017.....SUNRISE   634 AM EDT   SUNSET   659 PM EDT
SEPTEMBER 18 2017.....SUNRISE   635 AM EDT   SUNSET   657 PM EDT


-  INDICATES NEGATIVE NUMBERS.
R  INDICATES RECORD WAS SET OR TIED.
MM INDICATES DATA IS MISSING.
T  INDICATES TRACE AMOUNT.


&&

LAKE CHAMPLAIN DATA:
LEVEL...............95.42 FEET
TEMPERATURE.........69 DEGREES

MOUNT MANSFIELD DATA:
HIGH................67 DEGREES
LOW.................55 DEGREES
PRECIPITATION.......NONE

$$
