000
CDUS41 KBTV 180540
CLIBTV


CLIMATE REPORT
NATIONAL WEATHER SERVICE BURLINGTON VT
140 AM EDT MON AUG 18 2014


...................................

...THE BURLINGTON VT CLIMATE SUMMARY FOR AUGUST 17 2014...

CLIMATE NORMAL PERIOD 1981 TO 2010
CLIMATE RECORD PERIOD 1884 TO 2014


WEATHER ITEM   OBSERVED TIME   RECORD YEAR NORMAL DEPARTURE LAST
                VALUE   (LST)  VALUE       VALUE  FROM      YEAR
                                                  NORMAL
..................................................................
TEMPERATURE (F)
 YESTERDAY
  MAXIMUM         73    335 PM  95    1987  79     -6       77
  MINIMUM         60    731 AM  42    1979  59      1       57
                                      1961
  AVERAGE         67                        69     -2       67

PRECIPITATION (IN)
  YESTERDAY        0.02          3.59 1955   0.13  -0.11     0.00
  MONTH TO DATE    1.74                      2.29  -0.55     2.08
  SINCE JUN 1     11.63                     10.14   1.49    16.43
  SINCE JAN 1     25.39                     22.45   2.94    31.70

SNOWFALL (IN)
  YESTERDAY        0.0           0.0  2002   0.0    0.0      0.0
                                      2001
  MONTH TO DATE    0.0                       0.0    0.0      0.0
  SINCE JUN 1      0.0                       0.0    0.0      0.0
  SINCE JUL 1      0.0                       0.0    0.0      0.0
  SNOW DEPTH       0

DEGREE DAYS
 HEATING
  YESTERDAY        0                         1     -1        0
  MONTH TO DATE    8                        13     -5        7
  SINCE JUN 1     29                        99    -70       79
  SINCE JUL 1      9                        26    -17       14

 COOLING
  YESTERDAY        2                         5     -3        2
  MONTH TO DATE   87                        91     -4       62
  SINCE JUN 1    415                       375     40      462
  SINCE JAN 1    437                       394     43      509
..................................................................


WIND (MPH)
  HIGHEST WIND SPEED    17   HIGHEST WIND DIRECTION    NW (320)
  HIGHEST GUST SPEED    23   HIGHEST GUST DIRECTION     S (190)
  AVERAGE WIND SPEED     8.6


SKY COVER
  POSSIBLE SUNSHINE  MM
  AVERAGE SKY COVER 0.8


WEATHER CONDITIONS
 THE FOLLOWING WEATHER WAS RECORDED YESTERDAY.
  LIGHT RAIN
  FOG


RELATIVE HUMIDITY (PERCENT)
 HIGHEST    90           700 AM
 LOWEST     53           400 PM
 AVERAGE    72

..........................................................


THE BURLINGTON VT CLIMATE NORMALS FOR TODAY
                         NORMAL    RECORD    YEAR
 MAXIMUM TEMPERATURE (F)   79        93      2002
 MINIMUM TEMPERATURE (F)   59        40      1918


SUNRISE AND SUNSET
AUGUST 18 2014........SUNRISE   559 AM EDT   SUNSET   753 PM EDT
AUGUST 19 2014........SUNRISE   600 AM EDT   SUNSET   752 PM EDT


-  INDICATES NEGATIVE NUMBERS.
R  INDICATES RECORD WAS SET OR TIED.
MM INDICATES DATA IS MISSING.
T  INDICATES TRACE AMOUNT.

&&

LAKE CHAMPLAIN DATA:
LAKE LEVEL..........95.82 FEET
WATER TEMPERATURE...70 DEGREES

MOUNT MANSFIELD DATA:
HIGH TEMPERATURE...50 DEGREES
LOW TEMPERATURE....46 DEGREES
PRECIPITATION......0.72 INCHES

$$
