000
CDUS41 KBTV 250531
CLIBTV


CLIMATE REPORT
NATIONAL WEATHER SERVICE BURLINGTON VT
128 AM EDT MON APR 25 2016


...................................

...THE BURLINGTON VT CLIMATE SUMMARY FOR APRIL 24 2016...

CLIMATE NORMAL PERIOD 1981 TO 2010
CLIMATE RECORD PERIOD 1884 TO 2016


WEATHER ITEM   OBSERVED TIME   RECORD YEAR NORMAL DEPARTURE LAST
                VALUE   (LST)  VALUE       VALUE  FROM      YEAR
                                                  NORMAL
..................................................................
TEMPERATURE (F)
 YESTERDAY
  MAXIMUM         53    442 PM  80    2001  59     -6       39
  MINIMUM         33   1159 PM  23    1930  38     -5       36
  AVERAGE         43                        49     -6       38

PRECIPITATION (IN)
  YESTERDAY        0.00          1.35 1968   0.10  -0.10      T
  MONTH TO DATE    1.38                      2.22  -0.84     2.52
  SINCE MAR 1      3.64                      4.44  -0.80     3.42
  SINCE JAN 1      7.97                      8.26  -0.29     5.80

SNOWFALL (IN)
  YESTERDAY        0.0           2.4  1996   0.1   -0.1       T
  MONTH TO DATE    1.4                       4.2   -2.8      3.1
  SINCE MAR 1      3.2                      20.0  -16.8      7.5
  SINCE JUL 1     32.2                      80.8  -48.6     83.4
  SNOW DEPTH       0

DEGREE DAYS
 HEATING
  YESTERDAY       22                        17      5       27
  MONTH TO DATE  552                       520     32      499
  SINCE MAR 1   1419                      1574   -155     1689
  SINCE JUL 1   5803                      6984  -1181     7206

 COOLING
  YESTERDAY        0                         0      0        0
  MONTH TO DATE    0                         0      0        0
  SINCE MAR 1      0                         0      0        0
  SINCE JAN 1      0                         0      0        0
..................................................................


WIND (MPH)
  HIGHEST WIND SPEED    17   HIGHEST WIND DIRECTION    NW (330)
  HIGHEST GUST SPEED    21   HIGHEST GUST DIRECTION    NW (320)
  AVERAGE WIND SPEED     7.1


SKY COVER
  POSSIBLE SUNSHINE  MM
  AVERAGE SKY COVER 0.1


WEATHER CONDITIONS
 THE FOLLOWING WEATHER WAS RECORDED YESTERDAY.
  NO SIGNIFICANT WEATHER WAS OBSERVED.


RELATIVE HUMIDITY (PERCENT)
 HIGHEST    59          1100 PM
 LOWEST     13           300 PM
 AVERAGE    36

..........................................................


THE BURLINGTON VT CLIMATE NORMALS FOR TODAY
                         NORMAL    RECORD    YEAR
 MAXIMUM TEMPERATURE (F)   60        86      2009
 MINIMUM TEMPERATURE (F)   38        20      1919


SUNRISE AND SUNSET
APRIL 25 2016.........SUNRISE   552 AM EDT   SUNSET   750 PM EDT
APRIL 26 2016.........SUNRISE   550 AM EDT   SUNSET   751 PM EDT


-  INDICATES NEGATIVE NUMBERS.
R  INDICATES RECORD WAS SET OR TIED.
MM INDICATES DATA IS MISSING.
T  INDICATES TRACE AMOUNT.

&&

LAKE CHAMPLAIN DATA:
LEVEL...............97.95 FEET
TEMPERATURE.........40 DEGREES

MOUNT MANSFIELD DATA:
HIGH................36 DEGREES
LOW.................19 DEGREES
PRECIPITATION.......NONE
NEW SNOW............NONE
SNOW AT STAKE.......24 INCHES

$$
