000
CDUS41 KBTV 210521
CLIBTV


CLIMATE REPORT
NATIONAL WEATHER SERVICE BURLINGTON VT
120 AM EDT TUE MAR 21 2017


...................................

...THE BURLINGTON VT CLIMATE SUMMARY FOR MARCH 20 2017...

CLIMATE NORMAL PERIOD 1981 TO 2010
CLIMATE RECORD PERIOD 1884 TO 2017


WEATHER ITEM   OBSERVED TIME   RECORD YEAR NORMAL DEPARTURE LAST
                VALUE   (LST)  VALUE       VALUE  FROM      YEAR
                                                  NORMAL
..................................................................
TEMPERATURE (F)
 YESTERDAY
  MAXIMUM         47    321 PM  80    2012  41      6       37
  MINIMUM         15    634 AM  -2    1949  24     -9       18
  AVERAGE         31                        32     -1       28

PRECIPITATION (IN)
  YESTERDAY        0.00          1.04 1975   0.07  -0.07     0.00
  MONTH TO DATE    1.71                      1.38   0.33     1.30
  SINCE MAR 1      1.71                      1.38   0.33     1.30
  SINCE JAN 1      6.38                      5.20   1.18     5.63

SNOWFALL (IN)
  YESTERDAY        0.0           3.4  1951   0.5   -0.5      0.0
  MONTH TO DATE   31.8                      11.7   20.1      1.0
  SINCE MAR 1     31.8                      11.7   20.1      1.0
  SINCE JUL 1     91.0                      72.5   18.5     30.0
  SNOW DEPTH       9

DEGREE DAYS
 HEATING
  YESTERDAY       34                        33      1       37
  MONTH TO DATE  801                       726     75      598
  SINCE MAR 1    801                       726     75      598
  SINCE JUL 1   5179                      6136   -957     4982

 COOLING
  YESTERDAY        0                         0      0        0
  MONTH TO DATE    0                         0      0        0
  SINCE MAR 1      0                         0      0        0
  SINCE JAN 1      0                         0      0        0
..................................................................


WIND (MPH)
  HIGHEST WIND SPEED     9   HIGHEST WIND DIRECTION    NW (300)
  HIGHEST GUST SPEED    12   HIGHEST GUST DIRECTION    NW (330)
  AVERAGE WIND SPEED     2.8


SKY COVER
  POSSIBLE SUNSHINE  MM
  AVERAGE SKY COVER 0.5


WEATHER CONDITIONS
 THE FOLLOWING WEATHER WAS RECORDED YESTERDAY.
  NO SIGNIFICANT WEATHER WAS OBSERVED.


RELATIVE HUMIDITY (PERCENT)
 HIGHEST    88           500 AM
 LOWEST     25           300 PM
 AVERAGE    57

..........................................................


THE BURLINGTON VT CLIMATE NORMALS FOR TODAY
                         NORMAL    RECORD    YEAR
 MAXIMUM TEMPERATURE (F)   42        81      2012
 MINIMUM TEMPERATURE (F)   24        -2      2007


SUNRISE AND SUNSET
MARCH 21 2017.........SUNRISE   654 AM EDT   SUNSET   707 PM EDT
MARCH 22 2017.........SUNRISE   652 AM EDT   SUNSET   708 PM EDT


-  INDICATES NEGATIVE NUMBERS.
R  INDICATES RECORD WAS SET OR TIED.
MM INDICATES DATA IS MISSING.
T  INDICATES TRACE AMOUNT.







&&

LAKE CHAMPLAIN DATA:
LEVEL...............97.02 FEET
TEMPERATURE.........35 DEGREES

MOUNT MANSFIELD DATA:
HIGH................31 DEGREES
LOW.................16 DEGREES
PRECIPITATION.......NONE
NEW SNOW............NONE
SNOW AT STAKE.......93 INCHES

$$
