000
CDUS41 KBTV 252135
CLIBTV


CLIMATE REPORT
NATIONAL WEATHER SERVICE BURLINGTON VT
435 PM EST THU DEC 25 2014


...................................

...THE BURLINGTON VT CLIMATE SUMMARY FOR DECEMBER 25 2014...
VALID TODAY AS OF 0400 PM LOCAL TIME.

CLIMATE NORMAL PERIOD 1981 TO 2010
CLIMATE RECORD PERIOD 1884 TO 2014


WEATHER ITEM   OBSERVED TIME   RECORD YEAR NORMAL DEPARTURE LAST
                VALUE   (LST)  VALUE       VALUE  FROM      YEAR
                                                  NORMAL
..................................................................
TEMPERATURE (F)
 TODAY
  MAXIMUM         54    501 AM  62    1964  30     24       16
  MINIMUM         44    359 PM -25    1980  15     29        0
  AVERAGE         49                        22     27        8

PRECIPITATION (IN)
  TODAY            0.05          0.76 1978   0.07  -0.02      T
  MONTH TO DATE    2.83                      1.97   0.86     2.24
  SINCE DEC 1      2.83                      1.97   0.86     2.24
  SINCE JAN 1     36.31                     36.41  -0.10    44.69

SNOWFALL (IN)
  TODAY            0.0          16.9  1978   0.6   -0.6       T
  MONTH TO DATE   21.0                      13.9    7.1     11.4
  SINCE DEC 1     21.0                      13.9    7.1     11.4
  SINCE JUL 1     31.6                      19.3   12.3     17.8
  SNOW DEPTH       1

DEGREE DAYS
 HEATING
  TODAY           16                        43    -27       57
  MONTH TO DATE  872                       951    -79     1031
  SINCE DEC 1    872                       951    -79     1031
  SINCE JUL 1   2197                      2496   -299     2524

 COOLING
  TODAY            0                         0      0        0
  MONTH TO DATE    0                         0      0        0
  SINCE DEC 1      0                         0      0        0
  SINCE JAN 1    582                       491     91      662
..................................................................


WIND (MPH)
  HIGHEST WIND SPEED    25   HIGHEST WIND DIRECTION     S (180)
  HIGHEST GUST SPEED    37   HIGHEST GUST DIRECTION     W (250)
  AVERAGE WIND SPEED    13.8


SKY COVER
  POSSIBLE SUNSHINE  MM
  AVERAGE SKY COVER 0.8


WEATHER CONDITIONS
 THE FOLLOWING WEATHER WAS RECORDED TODAY.
  RAIN
  LIGHT RAIN
  FOG


RELATIVE HUMIDITY (PERCENT)
 HIGHEST    93          1200 AM
 LOWEST     50          1000 AM
 AVERAGE    72

..........................................................


THE BURLINGTON VT CLIMATE NORMALS FOR TOMORROW
                         NORMAL    RECORD    YEAR
 MAXIMUM TEMPERATURE (F)   30        58      1982
 MINIMUM TEMPERATURE (F)   14       -26      1980


SUNRISE AND SUNSET
DECEMBER 25 2014......SUNRISE   727 AM EST   SUNSET   418 PM EST
DECEMBER 26 2014......SUNRISE   728 AM EST   SUNSET   419 PM EST


-  INDICATES NEGATIVE NUMBERS.
R  INDICATES RECORD WAS SET OR TIED.
MM INDICATES DATA IS MISSING.
T  INDICATES TRACE AMOUNT.




$$
