000
CDUS41 KBTV 092148
CLIBTV


CLIMATE REPORT
NATIONAL WEATHER SERVICE BURLINGTON VT
447 PM EST TUE JAN 9 2018


...................................

...THE BURLINGTON VT CLIMATE SUMMARY FOR JANUARY 9 2018...
VALID TODAY AS OF 0400 PM LOCAL TIME.

CLIMATE NORMAL PERIOD 1981 TO 2010
CLIMATE RECORD PERIOD 1884 TO 2018


WEATHER ITEM   OBSERVED TIME   RECORD YEAR NORMAL DEPARTURE LAST
                VALUE   (LST)  VALUE       VALUE  FROM      YEAR
                                                  NORMAL
..................................................................
TEMPERATURE (F)
 TODAY
  MAXIMUM         36   1204 PM  57    1937  27      9       19
  MINIMUM         29    529 AM -24    1968  10     19        3
  AVERAGE         33                        19     14       11

PRECIPITATION (IN)
  TODAY            0.07          1.27 1978   0.06   0.01      T
  MONTH TO DATE    0.36                      0.59  -0.23     0.31
  SINCE DEC 1      2.54                      2.97  -0.43     2.66
  SINCE JAN 1      0.36                      0.59  -0.23     0.31

SNOWFALL (IN)
  TODAY            1.6           7.0  1999   0.7    0.9       T
  MONTH TO DATE    8.3                       6.1    2.2      0.5
  SINCE DEC 1     31.8                      24.0    7.8     17.2
  SINCE JUL 1     34.8                      29.4    5.4     21.5
  SNOW DEPTH       8

DEGREE DAYS
 HEATING
  TODAY           32                        46    -14       54
  MONTH TO DATE  504                       410     94      365
  SINCE DEC 1   1821                      1624    197     1473
  SINCE JUL 1   2960                      3169   -209     2678

 COOLING
  TODAY            0                         0      0        0
  MONTH TO DATE    0                         0      0        0
  SINCE DEC 1      0                         0      0        0
  SINCE JAN 1      0                         0      0        0
..................................................................


WIND (MPH)
  HIGHEST WIND SPEED    20   HIGHEST WIND DIRECTION    NW (330)
  HIGHEST GUST SPEED    27   HIGHEST GUST DIRECTION     W (290)
  AVERAGE WIND SPEED    13.1


SKY COVER
  POSSIBLE SUNSHINE  MM
  AVERAGE SKY COVER 0.6


WEATHER CONDITIONS
 THE FOLLOWING WEATHER WAS RECORDED TODAY.
  LIGHT SNOW
  FOG


RELATIVE HUMIDITY (PERCENT)
 HIGHEST    92           500 AM
 LOWEST     52          1100 AM
 AVERAGE    72

..........................................................


THE BURLINGTON VT CLIMATE NORMALS FOR TOMORROW
                         NORMAL    RECORD    YEAR
 MAXIMUM TEMPERATURE (F)   27        53      2016
 MINIMUM TEMPERATURE (F)   10       -22      1968


SUNRISE AND SUNSET
JANUARY  9 2018.......SUNRISE   728 AM EST   SUNSET   432 PM EST
JANUARY 10 2018.......SUNRISE   728 AM EST   SUNSET   433 PM EST


-  INDICATES NEGATIVE NUMBERS.
R  INDICATES RECORD WAS SET OR TIED.
MM INDICATES DATA IS MISSING.
T  INDICATES TRACE AMOUNT.




$$
