000
CDUS41 KBTV 142303
CLIBTV


CLIMATE REPORT
NATIONAL WEATHER SERVICE BURLINGTON VT
703 PM EDT THU SEP 14 2017


...................................

...THE BURLINGTON VT CLIMATE SUMMARY FOR SEPTEMBER 14 2017...
VALID TODAY AS OF 0500 PM LOCAL TIME.

CLIMATE NORMAL PERIOD 1981 TO 2010
CLIMATE RECORD PERIOD 1884 TO 2017


WEATHER ITEM   OBSERVED TIME   RECORD YEAR NORMAL DEPARTURE LAST
                VALUE   (LST)  VALUE       VALUE  FROM      YEAR
                                                  NORMAL
..................................................................
TEMPERATURE (F)
 TODAY
  MAXIMUM         77   1153 AM  89    1915  71      6       71
  MINIMUM         60    508 AM  32    1963  52      8       55
                                      1911
  AVERAGE         69                        61      8       63

PRECIPITATION (IN)
  TODAY            0.00          2.21 1951   0.12  -0.12     0.05
  MONTH TO DATE    2.78                      1.58   1.20     0.62
  SINCE SEP 1      2.78                      1.58   1.20     0.62
  SINCE JAN 1     32.48                     25.65   6.83    19.82

SNOWFALL (IN)
  TODAY            0.0           0.0  2002   0.0    0.0      0.0
                                      2001
  MONTH TO DATE    0.0                       0.0    0.0      0.0
  SINCE SEP 1      0.0                       0.0    0.0      0.0
  SINCE JUL 1      0.0                       0.0    0.0      0.0
  SNOW DEPTH       0

DEGREE DAYS
 HEATING
  TODAY            0                         5     -5        2
  MONTH TO DATE   59                        47     12        8
  SINCE SEP 1     59                        47     12        8
  SINCE JUL 1     82                        89     -7       13

 COOLING
  TODAY            4                         1      3        0
  MONTH TO DATE    9                        32    -23       69
  SINCE SEP 1      9                        32    -23       69
  SINCE JAN 1    526                       480     46      813
..................................................................


WIND (MPH)
  HIGHEST WIND SPEED    15   HIGHEST WIND DIRECTION     S (180)
  HIGHEST GUST SPEED    17   HIGHEST GUST DIRECTION     S (190)
  AVERAGE WIND SPEED     4.2


SKY COVER
  POSSIBLE SUNSHINE  MM
  AVERAGE SKY COVER 0.7


WEATHER CONDITIONS
 THE FOLLOWING WEATHER WAS RECORDED TODAY.
  NO SIGNIFICANT WEATHER WAS OBSERVED.


RELATIVE HUMIDITY (PERCENT)
 HIGHEST    90          1200 AM
 LOWEST     74          1100 AM
 AVERAGE    82

..........................................................


THE BURLINGTON VT CLIMATE NORMALS FOR TOMORROW
                         NORMAL    RECORD    YEAR
 MAXIMUM TEMPERATURE (F)   71        92      1915
 MINIMUM TEMPERATURE (F)   51        30      1913


SUNRISE AND SUNSET
SEPTEMBER 14 2017.....SUNRISE   631 AM EDT   SUNSET   705 PM EDT
SEPTEMBER 15 2017.....SUNRISE   632 AM EDT   SUNSET   703 PM EDT


-  INDICATES NEGATIVE NUMBERS.
R  INDICATES RECORD WAS SET OR TIED.
MM INDICATES DATA IS MISSING.
T  INDICATES TRACE AMOUNT.




$$
