000
CDUS41 KBTV 152112
CLIBTV


CLIMATE REPORT
NATIONAL WEATHER SERVICE BURLINGTON VT
512 PM EDT SAT JUL 15 2017


...................................

...THE BURLINGTON VT CLIMATE SUMMARY FOR JULY 15 2017...
VALID TODAY AS OF 0500 PM LOCAL TIME.

CLIMATE NORMAL PERIOD 1981 TO 2010
CLIMATE RECORD PERIOD 1884 TO 2017


WEATHER ITEM   OBSERVED TIME   RECORD YEAR NORMAL DEPARTURE LAST
                VALUE   (LST)  VALUE       VALUE  FROM      YEAR
                                                  NORMAL
..................................................................
TEMPERATURE (F)
 TODAY
  MAXIMUM         79    247 PM  93    2013  81     -2       89
                                      1955
                                      1901
  MINIMUM         66    525 AM  44    1960  61      5       70
  AVERAGE         73                        71      2       80

PRECIPITATION (IN)
  TODAY            0.00          2.69 1985   0.13  -0.13     0.00
  MONTH TO DATE    1.35                      1.99  -0.64     1.81
  SINCE JUN 1      8.52                      5.68   2.84     4.86
  SINCE JAN 1     25.20                     17.99   7.21    15.71

SNOWFALL (IN)
  TODAY            0.0           0.0  2002   0.0    0.0      0.0
                                      2001
  MONTH TO DATE    0.0                       0.0    0.0      0.0
  SINCE JUN 1      0.0                       0.0    0.0      0.0
  SINCE JUL 1      0.0                       0.0    0.0      0.0
  SNOW DEPTH       0

DEGREE DAYS
 HEATING
  TODAY            0                         0      0        0
  MONTH TO DATE    2                         8     -6        3
  SINCE JUN 1     54                        81    -27       51
  SINCE JUL 1      2                         8     -6        3

 COOLING
  TODAY            8                         6      2       15
  MONTH TO DATE   97                        90      7      122
  SINCE JUN 1    223                       187     36      255
  SINCE JAN 1    265                       206     59      327
..................................................................


WIND (MPH)
  HIGHEST WIND SPEED    17   HIGHEST WIND DIRECTION     S (190)
  HIGHEST GUST SPEED    25   HIGHEST GUST DIRECTION     S (190)
  AVERAGE WIND SPEED     8.7


SKY COVER
  POSSIBLE SUNSHINE  MM
  AVERAGE SKY COVER 0.9


WEATHER CONDITIONS
 THE FOLLOWING WEATHER WAS RECORDED TODAY.
  NO SIGNIFICANT WEATHER WAS OBSERVED.


RELATIVE HUMIDITY (PERCENT)
 HIGHEST    93           600 AM
 LOWEST     58           100 PM
 AVERAGE    76

..........................................................


THE BURLINGTON VT CLIMATE NORMALS FOR TOMORROW
                         NORMAL    RECORD    YEAR
 MAXIMUM TEMPERATURE (F)   81        94      1969
 MINIMUM TEMPERATURE (F)   61        44      1946


SUNRISE AND SUNSET
JULY 15 2017..........SUNRISE   522 AM EDT   SUNSET   834 PM EDT
JULY 16 2017..........SUNRISE   523 AM EDT   SUNSET   834 PM EDT


-  INDICATES NEGATIVE NUMBERS.
R  INDICATES RECORD WAS SET OR TIED.
MM INDICATES DATA IS MISSING.
T  INDICATES TRACE AMOUNT.




$$
