000
CDUS41 KBTV 250213
CLIBTV


CLIMATE REPORT
NATIONAL WEATHER SERVICE BURLINGTON VT
913 PM EST SAT JAN 24 2015


...................................

...THE BURLINGTON VT CLIMATE SUMMARY FOR JANUARY 24 2015...
VALID TODAY AS OF 0500 PM LOCAL TIME.

CLIMATE NORMAL PERIOD 1981 TO 2010
CLIMATE RECORD PERIOD 1884 TO 2015


WEATHER ITEM   OBSERVED TIME   RECORD YEAR NORMAL DEPARTURE LAST
                VALUE   (LST)  VALUE       VALUE  FROM      YEAR
                                                  NORMAL
..................................................................
TEMPERATURE (F)
 TODAY
  MAXIMUM         37    232 PM  55    1906  27     10       16
  MINIMUM         26    458 AM -22    1948  10     16      -11
  AVERAGE         32                        18     14        3

PRECIPITATION (IN)
  TODAY            0.00          0.61 1951   0.07  -0.07      T
                                      1950
  MONTH TO DATE    1.05                      1.60  -0.55     2.45
  SINCE DEC 1      3.90                      3.98  -0.08     4.99
  SINCE JAN 1      1.05                      1.60  -0.55     2.45

SNOWFALL (IN)
  TODAY            0.0           7.1  1920   0.7   -0.7       T
  MONTH TO DATE    8.7                      16.3   -7.6     12.5
  SINCE DEC 1     30.6                      34.2   -3.6     27.8
  SINCE JUL 1     41.2                      39.6    1.6     34.2
  SNOW DEPTH       1

DEGREE DAYS
 HEATING
  TODAY           33                        47    -14       62
  MONTH TO DATE 1131                      1113     18     1108
  SINCE DEC 1   2209                      2327   -118     2388
  SINCE JUL 1   3534                      3872   -338     3881

 COOLING
  TODAY            0                         0      0        0
  MONTH TO DATE    0                         0      0        0
  SINCE DEC 1      0                         0      0        0
  SINCE JAN 1      0                         0      0        0
..................................................................


WIND (MPH)
  HIGHEST WIND SPEED    14   HIGHEST WIND DIRECTION     S (190)
  HIGHEST GUST SPEED    18   HIGHEST GUST DIRECTION     S (180)
  AVERAGE WIND SPEED     7.8


SKY COVER
  POSSIBLE SUNSHINE  MM
  AVERAGE SKY COVER 0.4


WEATHER CONDITIONS
 THE FOLLOWING WEATHER WAS RECORDED TODAY.
  NO SIGNIFICANT WEATHER WAS OBSERVED.


RELATIVE HUMIDITY (PERCENT)
 HIGHEST    69           800 AM
 LOWEST     56           200 PM
 AVERAGE    63

..........................................................


THE BURLINGTON VT CLIMATE NORMALS FOR TOMORROW
                         NORMAL    RECORD    YEAR
 MAXIMUM TEMPERATURE (F)   27        55      1938
 MINIMUM TEMPERATURE (F)   10       -19      1912


SUNRISE AND SUNSET
JANUARY 24 2015.......SUNRISE   719 AM EST   SUNSET   450 PM EST
JANUARY 25 2015.......SUNRISE   718 AM EST   SUNSET   452 PM EST


-  INDICATES NEGATIVE NUMBERS.
R  INDICATES RECORD WAS SET OR TIED.
MM INDICATES DATA IS MISSING.
T  INDICATES TRACE AMOUNT.




$$
