000
CDUS41 KBTV 230524
CLIBTV


CLIMATE REPORT
NATIONAL WEATHER SERVICE BURLINGTON VT
124 AM EDT MON MAR 23 2015


...................................

...THE BURLINGTON VT CLIMATE SUMMARY FOR MARCH 22 2015...

CLIMATE NORMAL PERIOD 1981 TO 2010
CLIMATE RECORD PERIOD 1884 TO 2015


WEATHER ITEM   OBSERVED TIME   RECORD YEAR NORMAL DEPARTURE LAST
                VALUE   (LST)  VALUE       VALUE  FROM      YEAR
                                                  NORMAL
..................................................................
TEMPERATURE (F)
 YESTERDAY
  MAXIMUM         22   1205 AM  81    2012  42    -20       39
  MINIMUM         10    905 AM   1    1885  24    -14       19
  AVERAGE         16                        33    -17       29

PRECIPITATION (IN)
  YESTERDAY        T             1.03 2001   0.07  -0.07      T
  MONTH TO DATE    0.48                      1.53  -1.05     1.04
  SINCE MAR 1      0.48                      1.53  -1.05     1.04
  SINCE JAN 1      2.86                      5.35  -2.49     5.32

SNOWFALL (IN)
  YESTERDAY        T             8.5  1998   0.4   -0.4      0.1
  MONTH TO DATE    4.4                      12.6   -8.2     24.9
  SINCE MAR 1      4.4                      12.6   -8.2     24.9
  SINCE JUL 1     80.3                      73.4    6.9     83.2
  SNOW DEPTH       T

DEGREE DAYS
 HEATING
  YESTERDAY       49                        32     17       36
  MONTH TO DATE  871                       790     81      980
  SINCE MAR 1    871                       790     81      980
  SINCE JUL 1   6388                      6200    188     6445

 COOLING
  YESTERDAY        0                         0      0        0
  MONTH TO DATE    0                         0      0        0
  SINCE MAR 1      0                         0      0        0
  SINCE JAN 1      0                         0      0        0
..................................................................


WIND (MPH)
  HIGHEST WIND SPEED    25   HIGHEST WIND DIRECTION     N (340)
  HIGHEST GUST SPEED    32   HIGHEST GUST DIRECTION    NW (310)
  AVERAGE WIND SPEED    14.4


SKY COVER
  POSSIBLE SUNSHINE  MM
  AVERAGE SKY COVER 0.5


WEATHER CONDITIONS
 THE FOLLOWING WEATHER WAS RECORDED YESTERDAY.
  LIGHT SNOW


RELATIVE HUMIDITY (PERCENT)
 HIGHEST    64          1000 PM
 LOWEST     30           100 PM
 AVERAGE    47

..........................................................


THE BURLINGTON VT CLIMATE NORMALS FOR TODAY
                         NORMAL    RECORD    YEAR
 MAXIMUM TEMPERATURE (F)   43        73      1938
 MINIMUM TEMPERATURE (F)   25         1      1934
                                             1896


SUNRISE AND SUNSET
MARCH 23 2015.........SUNRISE   651 AM EDT   SUNSET   708 PM EDT
MARCH 24 2015.........SUNRISE   649 AM EDT   SUNSET   710 PM EDT


-  INDICATES NEGATIVE NUMBERS.
R  INDICATES RECORD WAS SET OR TIED.
MM INDICATES DATA IS MISSING.
T  INDICATES TRACE AMOUNT.




$$
