000
CDUS41 KBTV 282150
CLIBTV


CLIMATE REPORT
NATIONAL WEATHER SERVICE BURLINGTON VT
548 PM EDT SUN SEP 28 2014


...................................

...THE BURLINGTON VT CLIMATE SUMMARY FOR SEPTEMBER 28 2014...
VALID TODAY AS OF 0500 PM LOCAL TIME.

CLIMATE NORMAL PERIOD 1981 TO 2010
CLIMATE RECORD PERIOD 1884 TO 2014


WEATHER ITEM   OBSERVED TIME   RECORD YEAR NORMAL DEPARTURE LAST
                VALUE   (LST)  VALUE       VALUE  FROM      YEAR
                                                  NORMAL
..................................................................
TEMPERATURE (F)
 TODAY
  MAXIMUM         83R   223 PM  82    1946  65     18       74
  MINIMUM         54    622 AM  26    1947  46      8       45
  AVERAGE         69                        55     14       60

PRECIPITATION (IN)
  TODAY            0.00          2.01 2003   0.13  -0.13     0.00
  MONTH TO DATE    1.63                      3.39  -1.76     4.74
  SINCE SEP 1      1.63                      3.39  -1.76     4.74
  SINCE JAN 1     27.33                     27.46  -0.13    37.43

SNOWFALL (IN)
  TODAY            0.0           0.0  2002   0.0    0.0      0.0
                                      2001
  MONTH TO DATE    0.0                       0.0    0.0      0.0
  SINCE SEP 1      0.0                       0.0    0.0      0.0
  SINCE JUL 1      0.0                       0.0    0.0      0.0
  SNOW DEPTH       0

DEGREE DAYS
 HEATING
  TODAY            0                        10    -10        5
  MONTH TO DATE  145                       153     -8      187
  SINCE SEP 1    145                       153     -8      187
  SINCE JUL 1    158                       195    -37      203

 COOLING
  TODAY            4                         0      4        0
  MONTH TO DATE   71                        41     30       58
  SINCE SEP 1     71                        41     30       58
  SINCE JAN 1    564                       489     75      658
..................................................................


WIND (MPH)
  HIGHEST WIND SPEED     9   HIGHEST WIND DIRECTION     S (180)
  HIGHEST GUST SPEED    12   HIGHEST GUST DIRECTION     N (10)
  AVERAGE WIND SPEED     2.2


SKY COVER
  POSSIBLE SUNSHINE  MM
  AVERAGE SKY COVER 0.2


WEATHER CONDITIONS
 THE FOLLOWING WEATHER WAS RECORDED TODAY.
  FOG


RELATIVE HUMIDITY (PERCENT)
 HIGHEST    93           100 AM
 LOWEST     43           300 PM
 AVERAGE    68

..........................................................


THE BURLINGTON VT CLIMATE NORMALS FOR TOMORROW
                         NORMAL    RECORD    YEAR
 MAXIMUM TEMPERATURE (F)   64        82      1948
 MINIMUM TEMPERATURE (F)   45        25      1914


SUNRISE AND SUNSET
SEPTEMBER 28 2014.....SUNRISE   647 AM EDT   SUNSET   639 PM EDT
SEPTEMBER 29 2014.....SUNRISE   648 AM EDT   SUNSET   637 PM EDT


-  INDICATES NEGATIVE NUMBERS.
R  INDICATES RECORD WAS SET OR TIED.
MM INDICATES DATA IS MISSING.
T  INDICATES TRACE AMOUNT.




$$
