000
CDUS41 KBTV 242245
CLIBTV


CLIMATE REPORT
NATIONAL WEATHER SERVICE BURLINGTON VT
645 PM EDT FRI OCT 24 2014


...................................

...THE BURLINGTON VT CLIMATE SUMMARY FOR OCTOBER 24 2014...
VALID TODAY AS OF 0500 PM LOCAL TIME.

CLIMATE NORMAL PERIOD 1981 TO 2010
CLIMATE RECORD PERIOD 1884 TO 2014


WEATHER ITEM   OBSERVED TIME   RECORD YEAR NORMAL DEPARTURE LAST
                VALUE   (LST)  VALUE       VALUE  FROM      YEAR
                                                  NORMAL
..................................................................
TEMPERATURE (F)
 TODAY
  MAXIMUM         48    459 PM  75    1963  54     -6       45
  MINIMUM         42    829 AM  21    1969  37      5       32
  AVERAGE         45                        45      0       39

PRECIPITATION (IN)
  TODAY            0.11          1.91 1923   0.10   0.01     0.02
  MONTH TO DATE    3.57                      2.82   0.75     2.36
  SINCE SEP 1      5.20                      6.46  -1.26     7.10
  SINCE JAN 1     30.90                     30.53   0.37    39.79

SNOWFALL (IN)
  TODAY           MM             0.6  1997   0.0   MM        0.0
  MONTH TO DATE    0.0                       0.1   -0.1      0.0
  SINCE SEP 1      0.0                       0.1   -0.1      0.0
  SINCE JUL 1      0.0                       0.1   -0.1      0.0
  SNOW DEPTH       0

DEGREE DAYS
 HEATING
  TODAY           20                        20      0       26
  MONTH TO DATE  256                       377   -121      229
  SINCE SEP 1    407                       552   -145      424
  SINCE JUL 1    420                       594   -174      440

 COOLING
  TODAY            0                         0      0        0
  MONTH TO DATE   18                         0     18        4
  SINCE SEP 1     89                        41     48       62
  SINCE JAN 1    582                       489     93      662
..................................................................


WIND (MPH)
  HIGHEST WIND SPEED    17   HIGHEST WIND DIRECTION     N (340)
  HIGHEST GUST SPEED    23   HIGHEST GUST DIRECTION     N (340)
  AVERAGE WIND SPEED     8.3


SKY COVER
  POSSIBLE SUNSHINE  MM
  AVERAGE SKY COVER 0.9


WEATHER CONDITIONS
 THE FOLLOWING WEATHER WAS RECORDED TODAY.
  RAIN
  LIGHT RAIN
  FOG
  HAZE


RELATIVE HUMIDITY (PERCENT)
 HIGHEST    89           100 AM
 LOWEST     71           500 PM
 AVERAGE    80

..........................................................


THE BURLINGTON VT CLIMATE NORMALS FOR TOMORROW
                         NORMAL    RECORD    YEAR
 MAXIMUM TEMPERATURE (F)   54        80      1963
 MINIMUM TEMPERATURE (F)   36        22      1949


SUNRISE AND SUNSET
OCTOBER 24 2014.......SUNRISE   719 AM EDT   SUNSET   554 PM EDT
OCTOBER 25 2014.......SUNRISE   721 AM EDT   SUNSET   552 PM EDT


-  INDICATES NEGATIVE NUMBERS.
R  INDICATES RECORD WAS SET OR TIED.
MM INDICATES DATA IS MISSING.
T  INDICATES TRACE AMOUNT.




$$
