000
CDUS41 KBTV 220523
CLIBTV


CLIMATE REPORT
NATIONAL WEATHER SERVICE BURLINGTON VT
1221 AM EST THU FEB 22 2018


...................................

...THE BURLINGTON VT CLIMATE SUMMARY FOR FEBRUARY 21 2018...

CLIMATE NORMAL PERIOD 1981 TO 2010
CLIMATE RECORD PERIOD 1884 TO 2018


WEATHER ITEM   OBSERVED TIME   RECORD YEAR NORMAL DEPARTURE LAST
                VALUE   (LST)  VALUE       VALUE  FROM      YEAR
                                                  NORMAL
..................................................................
TEMPERATURE (F)
 YESTERDAY
  MAXIMUM         69R  1157 AM  59    1981  32     37       42
  MINIMUM         35   1159 PM -19    1950  14     21       17
  AVERAGE         52                        23     29       30

PRECIPITATION (IN)
  YESTERDAY        T             0.65 2014   0.06  -0.06      T
  MONTH TO DATE    1.12                      1.30  -0.18     1.74
  SINCE DEC 1      5.84                      5.74   0.10     6.09
  SINCE JAN 1      3.66                      3.36   0.30     3.74

SNOWFALL (IN)
  YESTERDAY        0.0           6.5  1912   0.6   -0.6      0.0
  MONTH TO DATE   12.3                      12.5   -0.2     30.4
  SINCE DEC 1     51.0                      51.5   -0.5     54.7
  SINCE JUL 1     54.0                      56.9   -2.9     59.0
  SNOW DEPTH       T

DEGREE DAYS
 HEATING
  YESTERDAY       13                        42    -29       35
  MONTH TO DATE  756                       930   -174      828
  SINCE DEC 1   3459                      3579   -120     3025
  SINCE JUL 1   4598                      5124   -526     4230

 COOLING
  YESTERDAY        0                         0      0        0
  MONTH TO DATE    0                         0      0        0
  SINCE DEC 1      0                         0      0        0
  SINCE JAN 1      0                         0      0        0
..................................................................


WIND (MPH)
  HIGHEST WIND SPEED    24   HIGHEST WIND DIRECTION     S (190)
  HIGHEST GUST SPEED    32   HIGHEST GUST DIRECTION     S (200)
  AVERAGE WIND SPEED    14.9


SKY COVER
  POSSIBLE SUNSHINE  MM
  AVERAGE SKY COVER 0.5


WEATHER CONDITIONS
 THE FOLLOWING WEATHER WAS RECORDED YESTERDAY.
  LIGHT RAIN


RELATIVE HUMIDITY (PERCENT)
 HIGHEST    77          1200 AM
 LOWEST     53           600 PM
 AVERAGE    65

..........................................................


THE BURLINGTON VT CLIMATE NORMALS FOR TODAY
                         NORMAL    RECORD    YEAR
 MAXIMUM TEMPERATURE (F)   32        61      1981
 MINIMUM TEMPERATURE (F)   14       -20      1963


SUNRISE AND SUNSET
FEBRUARY 22 2018......SUNRISE   642 AM EST   SUNSET   531 PM EST
FEBRUARY 23 2018......SUNRISE   640 AM EST   SUNSET   532 PM EST


-  INDICATES NEGATIVE NUMBERS.
R  INDICATES RECORD WAS SET OR TIED.
MM INDICATES DATA IS MISSING.
T  INDICATES TRACE AMOUNT.

&&

LAKE CHAMPLAIN DATA:
LEVEL...............95.84 FEET
TEMPERATURE.........34 DEGREES

MOUNT MANSFIELD DATA:
HIGH................56 DEGREES
LOW.................34 DEGREES
PRECIPITATION.......0.11 INCHES
SNOW AT STAKE.......47 INCHES

$$
