000
CDUS41 KBTV 180546
CLIBTV

CLIMATE REPORT
NATIONAL WEATHER SERVICE BURLINGTON VT
1242 AM EST SAT NOV 18 2017

...................................

...THE BURLINGTON VT CLIMATE SUMMARY FOR NOVEMBER 17 2017...

CLIMATE NORMAL PERIOD 1981 TO 2010
CLIMATE RECORD PERIOD 1884 TO 2017


WEATHER ITEM   OBSERVED TIME   RECORD YEAR NORMAL DEPARTURE LAST
                VALUE   (LST)  VALUE       VALUE  FROM      YEAR
                                                  NORMAL
..................................................................
TEMPERATURE (F)
 YESTERDAY
  MAXIMUM         38   1206 AM  70    2006  45     -7       48
  MINIMUM         22   1159 PM   7    1924  31     -9       38
  AVERAGE         30                        38     -8       43

PRECIPITATION (IN)
  YESTERDAY        0.03          1.50 1890   0.11  -0.08     0.00
  MONTH TO DATE    0.81                      1.85  -1.04     0.94
  SINCE SEP 1      7.15                      9.09  -1.94     4.99
  SINCE JAN 1     36.85                     33.16   3.69    24.19

SNOWFALL (IN)
  YESTERDAY        T             3.9  1965   0.2   -0.2      0.0
  MONTH TO DATE    T                         1.9   -1.9       T
  SINCE SEP 1      T                         2.2   -2.2       T
  SINCE JUL 1      T                         2.2   -2.2       T
  SNOW DEPTH       0

DEGREE DAYS
 HEATING
  YESTERDAY       35                        27      8       22
  MONTH TO DATE  433                       415     18      364
  SINCE SEP 1    730                      1114   -384      848
  SINCE JUL 1    753                      1156   -403      853

 COOLING
  YESTERDAY        0                         0      0        0
  MONTH TO DATE    0                         0      0        0
  SINCE SEP 1    135                        43     92      111
  SINCE JAN 1    652                       491    161      855
..................................................................


WIND (MPH)
  HIGHEST WIND SPEED    24   HIGHEST WIND DIRECTION    NW (310)
  HIGHEST GUST SPEED    34   HIGHEST GUST DIRECTION    NW (300)
  AVERAGE WIND SPEED    11.8


SKY COVER
  POSSIBLE SUNSHINE  MM
  AVERAGE SKY COVER 0.6


WEATHER CONDITIONS
 THE FOLLOWING WEATHER WAS RECORDED YESTERDAY.
  LIGHT SNOW


RELATIVE HUMIDITY (PERCENT)
 HIGHEST    74          1100 PM
 LOWEST     51           300 PM
 AVERAGE    63

..........................................................


THE BURLINGTON VT CLIMATE NORMALS FOR TODAY
                         NORMAL    RECORD    YEAR
 MAXIMUM TEMPERATURE (F)   45        70      1892
 MINIMUM TEMPERATURE (F)   31         9      1936
                                             1924
                                             1914


SUNRISE AND SUNSET
NOVEMBER 18 2017......SUNRISE   653 AM EST   SUNSET   422 PM EST
NOVEMBER 19 2017......SUNRISE   654 AM EST   SUNSET   421 PM EST


-  INDICATES NEGATIVE NUMBERS.
R  INDICATES RECORD WAS SET OR TIED.
MM INDICATES DATA IS MISSING.
T  INDICATES TRACE AMOUNT.

&&

LAKE CHAMPLAIN DATA:
LEVEL...............94.84 FEET
TEMPERATURE.........49 DEGREES

MOUNT MANSFIELD DATA:
HIGH................Missing DEGREES
LOW.................Missing DEGREES
PRECIPITATION.......NONE

$$
