000
CDUS41 KBTV 190601
CLIBTV


CLIMATE REPORT
NATIONAL WEATHER SERVICE BURLINGTON VT
157 AM EDT THU MAY 19 2016


...................................

...THE BURLINGTON VT CLIMATE SUMMARY FOR MAY 18 2016...

CLIMATE NORMAL PERIOD 1981 TO 2010
CLIMATE RECORD PERIOD 1884 TO 2016


WEATHER ITEM   OBSERVED TIME   RECORD YEAR NORMAL DEPARTURE LAST
                VALUE   (LST)  VALUE       VALUE  FROM      YEAR
                                                  NORMAL
..................................................................
TEMPERATURE (F)
 YESTERDAY
  MAXIMUM         64    409 PM  89    1989  68     -4       85
                                      1962
  MINIMUM         47    308 AM  29    1983  46      1       52
  AVERAGE         56                        57     -1       69

PRECIPITATION (IN)
  YESTERDAY        0.00          1.39 1996   0.12  -0.12     0.00
  MONTH TO DATE    1.75                      1.88  -0.13     1.30
  SINCE MAR 1      5.81                      6.92  -1.11     4.84
  SINCE JAN 1     10.14                     10.74  -0.60     7.22

SNOWFALL (IN)
  YESTERDAY        0.0           0.0  2002   0.0    0.0      0.0
                                      2001
  MONTH TO DATE    T                         0.0    0.0      0.0
  SINCE MAR 1      5.3                      20.4  -15.1      7.5
  SINCE JUL 1     34.3                      81.2  -46.9     83.4
  SNOW DEPTH       0

DEGREE DAYS
 HEATING
  YESTERDAY        9                         9      0        0
  MONTH TO DATE  218                       200     18       75
  SINCE MAR 1   1781                      1864    -83     1864
  SINCE JUL 1   6165                      7274  -1109     7381

 COOLING
  YESTERDAY        0                         1     -1        4
  MONTH TO DATE    0                         1     -1       34
  SINCE MAR 1      0                         3     -3       34
  SINCE JAN 1      0                         3     -3       34
..................................................................


WIND (MPH)
  HIGHEST WIND SPEED    15   HIGHEST WIND DIRECTION    NW (320)
  HIGHEST GUST SPEED    18   HIGHEST GUST DIRECTION     N (340)
  AVERAGE WIND SPEED     5.8


SKY COVER
  POSSIBLE SUNSHINE  MM
  AVERAGE SKY COVER 0.7


WEATHER CONDITIONS
 THE FOLLOWING WEATHER WAS RECORDED YESTERDAY.
  HAZE


RELATIVE HUMIDITY (PERCENT)
 HIGHEST    71           300 AM
 LOWEST     36           500 PM
 AVERAGE    54

..........................................................


THE BURLINGTON VT CLIMATE NORMALS FOR TODAY
                         NORMAL    RECORD    YEAR
 MAXIMUM TEMPERATURE (F)   68        91      1989
 MINIMUM TEMPERATURE (F)   46        31      1987


SUNRISE AND SUNSET
MAY 19 2016...........SUNRISE   521 AM EDT   SUNSET   818 PM EDT
MAY 20 2016...........SUNRISE   520 AM EDT   SUNSET   819 PM EDT


-  INDICATES NEGATIVE NUMBERS.
R  INDICATES RECORD WAS SET OR TIED.
MM INDICATES DATA IS MISSING.
T  INDICATES TRACE AMOUNT.

&&

LAKE CHAMPLAIN DATA:
LEVEL...............96.66 FEET
TEMPERATURE.........49 DEGREES

MOUNT MANSFIELD DATA:
HIGH................46 DEGREES
LOW.................30 DEGREES
PRECIPITATION.......NONE
NEW SNOW............NONE
SNOW AT STAKE.......14 INCHES

$$
