000
CDUS41 KBTV 252115
CLIBTV


CLIMATE REPORT
NATIONAL WEATHER SERVICE BURLINGTON VT
515 PM EDT TUE AUG 25 2015


...................................

...THE BURLINGTON VT CLIMATE SUMMARY FOR AUGUST 25 2015...
VALID TODAY AS OF 0500 PM LOCAL TIME.

CLIMATE NORMAL PERIOD 1981 TO 2010
CLIMATE RECORD PERIOD 1884 TO 2015


WEATHER ITEM   OBSERVED TIME   RECORD YEAR NORMAL DEPARTURE LAST
                VALUE   (LST)  VALUE       VALUE  FROM      YEAR
                                                  NORMAL
..................................................................
TEMPERATURE (F)
 TODAY
  MAXIMUM         80    323 PM  97    1947  78      2       86
  MINIMUM         65    552 AM  39    1942  57      8       57
  AVERAGE         73                        68      5       72

PRECIPITATION (IN)
  TODAY            0.02          1.56 1898   0.11  -0.09     0.00
  MONTH TO DATE    1.98                      3.25  -1.27     1.97
  SINCE JUN 1     15.32                     11.10   4.22    11.86
  SINCE JAN 1     24.16                     23.41   0.75    25.62

SNOWFALL (IN)
  TODAY            0.0           0.0  2002   0.0    0.0      0.0
                                      2001
  MONTH TO DATE    0.0                       0.0    0.0      0.0
  SINCE JUN 1      0.0                       0.0    0.0      0.0
  SINCE JUL 1      0.0                       0.0    0.0      0.0
  SNOW DEPTH       0

DEGREE DAYS
 HEATING
  TODAY            0                         1     -1        0
  MONTH TO DATE    1                        21    -20       12
  SINCE JUN 1     77                       107    -30       33
  SINCE JUL 1      6                        34    -28       13

 COOLING
  TODAY            8                         4      4        7
  MONTH TO DATE  206                       124     82      110
  SINCE JUN 1    500                       408     92      438
  SINCE JAN 1    593                       427    166      460
..................................................................


WIND (MPH)
  HIGHEST WIND SPEED    10   HIGHEST WIND DIRECTION     N (340)
  HIGHEST GUST SPEED    13   HIGHEST GUST DIRECTION    NW (330)
  AVERAGE WIND SPEED     3.6


SKY COVER
  POSSIBLE SUNSHINE  MM
  AVERAGE SKY COVER 0.7


WEATHER CONDITIONS
 THE FOLLOWING WEATHER WAS RECORDED TODAY.
  LIGHT RAIN


RELATIVE HUMIDITY (PERCENT)
 HIGHEST    73           400 AM
 LOWEST     46           100 PM
 AVERAGE    60

..........................................................


THE BURLINGTON VT CLIMATE NORMALS FOR TOMORROW
                         NORMAL    RECORD    YEAR
 MAXIMUM TEMPERATURE (F)   78        96      1948
 MINIMUM TEMPERATURE (F)   57        40      1987
                                             1914


SUNRISE AND SUNSET
AUGUST 25 2015........SUNRISE   607 AM EDT   SUNSET   742 PM EDT
AUGUST 26 2015........SUNRISE   608 AM EDT   SUNSET   740 PM EDT


-  INDICATES NEGATIVE NUMBERS.
R  INDICATES RECORD WAS SET OR TIED.
MM INDICATES DATA IS MISSING.
T  INDICATES TRACE AMOUNT.




$$
