000
CDUS41 KBTV 250539
CLIBTV


CLIMATE REPORT
NATIONAL WEATHER SERVICE BURLINGTON VT
139 AM EDT MON MAY 25 2015


...................................

...THE BURLINGTON VT CLIMATE SUMMARY FOR MAY 24 2015...

CLIMATE NORMAL PERIOD 1981 TO 2010
CLIMATE RECORD PERIOD 1884 TO 2015


WEATHER ITEM   OBSERVED TIME   RECORD YEAR NORMAL DEPARTURE LAST
                VALUE   (LST)  VALUE       VALUE  FROM      YEAR
                                                  NORMAL
..................................................................
TEMPERATURE (F)
 YESTERDAY
  MAXIMUM         82    414 PM  88    2007  70     12       72
                                      1991
  MINIMUM         54    458 AM  28    1963  48      6       54
  AVERAGE         68                        59      9       63

PRECIPITATION (IN)
  YESTERDAY        T             1.20 2004   0.12  -0.12     0.04
  MONTH TO DATE    1.32                      2.60  -1.28     3.30
  SINCE MAR 1      4.86                      7.64  -2.78     8.84
  SINCE JAN 1      7.24                     11.46  -4.22    13.12

SNOWFALL (IN)
  YESTERDAY        0.0           0.0  2002   0.0    0.0      0.0
                                      2001
  MONTH TO DATE    0.0                       0.0    0.0      0.0
  SINCE MAR 1      7.5                      20.4  -12.9     28.2
  SINCE JUL 1     83.4                      81.2    2.2     86.5
  SNOW DEPTH       0

DEGREE DAYS
 HEATING
  YESTERDAY        0                         7     -7        2
  MONTH TO DATE  124                       245   -121      171
  SINCE MAR 1   1913                      1909      4     2098
  SINCE JUL 1   7430                      7319    111     7563

 COOLING
  YESTERDAY        3                         1      2        0
  MONTH TO DATE   41                         7     34       20
  SINCE MAR 1     41                         9     32       20
  SINCE JAN 1     41                         9     32       20
..................................................................


WIND (MPH)
  HIGHEST WIND SPEED    17   HIGHEST WIND DIRECTION    SW (240)
  HIGHEST GUST SPEED    24   HIGHEST GUST DIRECTION     W (260)
  AVERAGE WIND SPEED    10.1


SKY COVER
  POSSIBLE SUNSHINE  MM
  AVERAGE SKY COVER 0.4


WEATHER CONDITIONS
 THE FOLLOWING WEATHER WAS RECORDED YESTERDAY.
  LIGHT RAIN


RELATIVE HUMIDITY (PERCENT)
 HIGHEST    41           500 AM
 LOWEST     18           400 PM
 AVERAGE    30

..........................................................


THE BURLINGTON VT CLIMATE NORMALS FOR TODAY
                         NORMAL    RECORD    YEAR
 MAXIMUM TEMPERATURE (F)   70        91      2010
                                             1946
 MINIMUM TEMPERATURE (F)   48        28      1956


SUNRISE AND SUNSET
MAY 25 2015...........SUNRISE   516 AM EDT   SUNSET   824 PM EDT
MAY 26 2015...........SUNRISE   515 AM EDT   SUNSET   825 PM EDT


-  INDICATES NEGATIVE NUMBERS.
R  INDICATES RECORD WAS SET OR TIED.
MM INDICATES DATA IS MISSING.
T  INDICATES TRACE AMOUNT.

&&

LAKE CHAMPLAIN DATA:
LAKE LEVEL..........96.58 FEET
WATER TEMPERATURE...52 DEGREES

MOUNT MANSFIELD DATA:
HIGH TEMPERATURE...61 DEGREES
LOW TEMPERATURE....36 DEGREES
PRECIPITATION......NONE
NEW SNOW...........NONE
SNOW AT STAKE......2 INCHES

$$
