000
CDUS41 KBTV 210534
CLIBTV


CLIMATE REPORT
NATIONAL WEATHER SERVICE BURLINGTON VT
132 AM EDT SUN MAY 21 2017


...................................

...THE BURLINGTON VT CLIMATE SUMMARY FOR MAY 20 2017...

CLIMATE NORMAL PERIOD 1981 TO 2010
CLIMATE RECORD PERIOD 1884 TO 2017


WEATHER ITEM   OBSERVED TIME   RECORD YEAR NORMAL DEPARTURE LAST
                VALUE   (LST)  VALUE       VALUE  FROM      YEAR
                                                  NORMAL
..................................................................
TEMPERATURE (F)
 YESTERDAY
  MAXIMUM         63    454 PM  91    1975  69     -6       76
  MINIMUM         44    510 AM  30    2002  47     -3       43
  AVERAGE         54                        58     -4       60

PRECIPITATION (IN)
  YESTERDAY        0.00          1.46 1890   0.11  -0.11     0.00
  MONTH TO DATE    2.39                      2.11   0.28     1.75
  SINCE MAR 1      9.49                      7.15   2.34     5.81
  SINCE JAN 1     14.16                     10.97   3.19    10.14

SNOWFALL (IN)
  YESTERDAY        0.0           T    1935   0.0    0.0      0.0
                                      1912
                                      1907
  MONTH TO DATE    0.0                       0.0    0.0       T
  SINCE MAR 1     41.2                      20.4   20.8      5.3
  SINCE JUL 1    100.4                      81.2   19.2     34.3
  SNOW DEPTH       0

DEGREE DAYS
 HEATING
  YESTERDAY       11                         8      3        5
  MONTH TO DATE  220                       216      4      229
  SINCE MAR 1   1847                      1880    -33     1792
  SINCE JUL 1   6225                      7290  -1065     6176

 COOLING
  YESTERDAY        0                         1     -1        0
  MONTH TO DATE   26                         3     23        0
  SINCE MAR 1     41                         5     36        0
  SINCE JAN 1     41                         5     36        0
..................................................................


WIND (MPH)
  HIGHEST WIND SPEED    20   HIGHEST WIND DIRECTION    NW (320)
  HIGHEST GUST SPEED    24   HIGHEST GUST DIRECTION    NW (330)
  AVERAGE WIND SPEED    10.1


SKY COVER
  POSSIBLE SUNSHINE  MM
  AVERAGE SKY COVER 0.2


WEATHER CONDITIONS
 THE FOLLOWING WEATHER WAS RECORDED YESTERDAY.
  NO SIGNIFICANT WEATHER WAS OBSERVED.


RELATIVE HUMIDITY (PERCENT)
 HIGHEST    71          1100 PM
 LOWEST     27           300 PM
 AVERAGE    49

..........................................................


THE BURLINGTON VT CLIMATE NORMALS FOR TODAY
                         NORMAL    RECORD    YEAR
 MAXIMUM TEMPERATURE (F)   69        92      1911
 MINIMUM TEMPERATURE (F)   47        29      1964


SUNRISE AND SUNSET
MAY 21 2017...........SUNRISE   519 AM EDT   SUNSET   820 PM EDT
MAY 22 2017...........SUNRISE   518 AM EDT   SUNSET   821 PM EDT


-  INDICATES NEGATIVE NUMBERS.
R  INDICATES RECORD WAS SET OR TIED.
MM INDICATES DATA IS MISSING.
T  INDICATES TRACE AMOUNT.

&&

LAKE CHAMPLAIN DATA:
LEVEL...............98.60 FEET
TEMPERATURE.........47 DEGREES

MOUNT MANSFIELD DATA:
HIGH................48 DEGREES
LOW.................25 DEGREES
PRECIPITATION.......NONE
NEW SNOW............NONE
SNOW AT STAKE.......9 INCHES

$$
