000
CDUS41 KBTV 180611
CLIBTV


CLIMATE REPORT
NATIONAL WEATHER SERVICE BURLINGTON VT
209 AM EDT MON SEP 18 2017


...................................

...THE BURLINGTON VT CLIMATE SUMMARY FOR SEPTEMBER 17 2017...

CLIMATE NORMAL PERIOD 1981 TO 2010
CLIMATE RECORD PERIOD 1884 TO 2017


WEATHER ITEM   OBSERVED TIME   RECORD YEAR NORMAL DEPARTURE LAST
                VALUE   (LST)  VALUE       VALUE  FROM      YEAR
                                                  NORMAL
..................................................................
TEMPERATURE (F)
 YESTERDAY
  MAXIMUM         84    320 PM  86    2015  70     14       78
  MINIMUM         61    545 AM  34    1961  50     11       58
  AVERAGE         73                        60     13       68

PRECIPITATION (IN)
  YESTERDAY        0.00          2.09 1999   0.13  -0.13      T
  MONTH TO DATE    2.78                      1.95   0.83     0.62
  SINCE SEP 1      2.78                      1.95   0.83     0.62
  SINCE JAN 1     32.48                     26.02   6.46    19.82

SNOWFALL (IN)
  YESTERDAY        0.0           0.0  2002   0.0    0.0      0.0
                                      2001
  MONTH TO DATE    0.0                       0.0    0.0      0.0
  SINCE SEP 1      0.0                       0.0    0.0      0.0
  SINCE JUL 1      0.0                       0.0    0.0      0.0
  SNOW DEPTH       0

DEGREE DAYS
 HEATING
  YESTERDAY        0                         6     -6        0
  MONTH TO DATE   59                        64     -5       22
  SINCE SEP 1     59                        64     -5       22
  SINCE JUL 1     82                       106    -24       27

 COOLING
  YESTERDAY        8                         1      7        3
  MONTH TO DATE   32                        35     -3       72
  SINCE SEP 1     32                        35     -3       72
  SINCE JAN 1    549                       483     66      816
..................................................................


WIND (MPH)
  HIGHEST WIND SPEED     7   HIGHEST WIND DIRECTION    SE (130)
  HIGHEST GUST SPEED    10   HIGHEST GUST DIRECTION     N (340)
  AVERAGE WIND SPEED     1.1


SKY COVER
  POSSIBLE SUNSHINE  MM
  AVERAGE SKY COVER 0.3


WEATHER CONDITIONS
 THE FOLLOWING WEATHER WAS RECORDED YESTERDAY.
  FOG


RELATIVE HUMIDITY (PERCENT)
 HIGHEST    93          1200 AM
 LOWEST     47           200 PM
 AVERAGE    70

..........................................................


THE BURLINGTON VT CLIMATE NORMALS FOR TODAY
                         NORMAL    RECORD    YEAR
 MAXIMUM TEMPERATURE (F)   70        87      1946
 MINIMUM TEMPERATURE (F)   50        34      1922


SUNRISE AND SUNSET
SEPTEMBER 18 2017.....SUNRISE   635 AM EDT   SUNSET   657 PM EDT
SEPTEMBER 19 2017.....SUNRISE   636 AM EDT   SUNSET   655 PM EDT


-  INDICATES NEGATIVE NUMBERS.
R  INDICATES RECORD WAS SET OR TIED.
MM INDICATES DATA IS MISSING.
T  INDICATES TRACE AMOUNT.







&&

LAKE CHAMPLAIN DATA:
LEVEL...............95.38 FEET
TEMPERATURE.........68 DEGREES

MOUNT MANSFIELD DATA:
HIGH................67 DEGREES
LOW.................57 DEGREES
PRECIPITATION.......NONE

$$
