000
CDUS41 KBTV 200532
CLIBTV


CLIMATE REPORT
NATIONAL WEATHER SERVICE BURLINGTON VT
131 AM EDT THU APR 20 2017


...................................

...THE BURLINGTON VT CLIMATE SUMMARY FOR APRIL 19 2017...

CLIMATE NORMAL PERIOD 1981 TO 2010
CLIMATE RECORD PERIOD 1884 TO 2017


WEATHER ITEM   OBSERVED TIME   RECORD YEAR NORMAL DEPARTURE LAST
                VALUE   (LST)  VALUE       VALUE  FROM      YEAR
                                                  NORMAL
..................................................................
TEMPERATURE (F)
 YESTERDAY
  MAXIMUM         53   1148 AM  91    1976  57     -4       59
  MINIMUM         38   1227 AM  22    1918  36      2       39
  AVERAGE         46                        46      0       49

PRECIPITATION (IN)
  YESTERDAY        0.40          0.76 1969   0.09   0.31     0.07
  MONTH TO DATE    3.11                      1.75   1.36     1.20
  SINCE MAR 1      6.38                      3.97   2.41     3.46
  SINCE JAN 1     11.05                      7.79   3.26     7.79

SNOWFALL (IN)
  YESTERDAY        0.0           6.0  1925   0.1   -0.1      0.0
  MONTH TO DATE    4.4                       3.6    0.8      1.4
  SINCE MAR 1     41.2                      19.4   21.8      3.2
  SINCE JUL 1    100.4                      80.2   20.2     32.2
  SNOW DEPTH       0

DEGREE DAYS
 HEATING
  YESTERDAY       19                        19      0       16
  MONTH TO DATE  334                       433    -99      477
  SINCE MAR 1   1491                      1487      4     1344
  SINCE JUL 1   5869                      6897  -1028     5728

 COOLING
  YESTERDAY        0                         0      0        0
  MONTH TO DATE    6                         0      6        0
  SINCE MAR 1      6                         0      6        0
  SINCE JAN 1      6                         0      6        0
..................................................................


WIND (MPH)
  HIGHEST WIND SPEED    28   HIGHEST WIND DIRECTION     S (170)
  HIGHEST GUST SPEED    40   HIGHEST GUST DIRECTION     S (190)
  AVERAGE WIND SPEED    16.5


SKY COVER
  POSSIBLE SUNSHINE  MM
  AVERAGE SKY COVER 0.8


WEATHER CONDITIONS
 THE FOLLOWING WEATHER WAS RECORDED YESTERDAY.
  LIGHT RAIN
  FOG


RELATIVE HUMIDITY (PERCENT)
 HIGHEST    86           400 PM
 LOWEST     52          1100 AM
 AVERAGE    69

..........................................................


THE BURLINGTON VT CLIMATE NORMALS FOR TODAY
                         NORMAL    RECORD    YEAR
 MAXIMUM TEMPERATURE (F)   57        86      1941
 MINIMUM TEMPERATURE (F)   37        16      1897


SUNRISE AND SUNSET
APRIL 20 2017.........SUNRISE   600 AM EDT   SUNSET   744 PM EDT
APRIL 21 2017.........SUNRISE   558 AM EDT   SUNSET   745 PM EDT


-  INDICATES NEGATIVE NUMBERS.
R  INDICATES RECORD WAS SET OR TIED.
MM INDICATES DATA IS MISSING.
T  INDICATES TRACE AMOUNT.

&&

LAKE CHAMPLAIN DATA:
LEVEL...............99.67 FEET
TEMPERATURE.........40 DEGREES

MOUNT MANSFIELD DATA:
HIGH................37 DEGREES
LOW.................19 DEGREES
PRECIPITATION.......0.09 INCHES
NEW SNOW............TRACE
SNOW AT STAKE.......75 INCHES

$$
