866
CDUS41 KBTV 252131
CLIBTV


CLIMATE REPORT
NATIONAL WEATHER SERVICE BURLINGTON VT
528 PM EDT WED MAY 25 2016


...................................

...THE BURLINGTON VT CLIMATE SUMMARY FOR MAY 25 2016...
VALID TODAY AS OF 0500 PM LOCAL TIME.

CLIMATE NORMAL PERIOD 1981 TO 2010
CLIMATE RECORD PERIOD 1884 TO 2016


WEATHER ITEM   OBSERVED TIME   RECORD YEAR NORMAL DEPARTURE LAST
                VALUE   (LST)  VALUE       VALUE  FROM      YEAR
                                                  NORMAL
..................................................................
TEMPERATURE (F)
 TODAY
  MAXIMUM         84    227 PM  91    2010  70     14       74
                                      1946
  MINIMUM         55    511 AM  28    1956  48      7       64
  AVERAGE         70                        59     11       69

PRECIPITATION (IN)
  TODAY            0.00          1.25 1897   0.12  -0.12     0.07
  MONTH TO DATE    1.79                      2.72  -0.93     1.39
  SINCE MAR 1      5.85                      7.76  -1.91     4.93
  SINCE JAN 1     10.18                     11.58  -1.40     7.31

SNOWFALL (IN)
  TODAY            0.0           T    1967   0.0    0.0      0.0
  MONTH TO DATE    T                         0.0    0.0      0.0
  SINCE MAR 1      5.3                      20.4  -15.1      7.5
  SINCE JUL 1     34.3                      81.2  -46.9     83.4
  SNOW DEPTH       0

DEGREE DAYS
 HEATING
  TODAY            0                         7     -7        0
  MONTH TO DATE  231                       252    -21      124
  SINCE MAR 1   1794                      1916   -122     1913
  SINCE JUL 1   6178                      7326  -1148     7430

 COOLING
  TODAY            5                         1      4        4
  MONTH TO DATE    6                         8     -2       45
  SINCE MAR 1      6                        10     -4       45
  SINCE JAN 1      6                        10     -4       45
..................................................................


WIND (MPH)
  HIGHEST WIND SPEED    17   HIGHEST WIND DIRECTION     N (360)
  HIGHEST GUST SPEED    21   HIGHEST GUST DIRECTION     S (190)
  AVERAGE WIND SPEED     7.0


SKY COVER
  POSSIBLE SUNSHINE  MM
  AVERAGE SKY COVER 0.4


WEATHER CONDITIONS
 THE FOLLOWING WEATHER WAS RECORDED TODAY.
  NO SIGNIFICANT WEATHER WAS OBSERVED.


RELATIVE HUMIDITY (PERCENT)
 HIGHEST    86           500 AM
 LOWEST     31           300 PM
 AVERAGE    59

..........................................................


THE BURLINGTON VT CLIMATE NORMALS FOR TOMORROW
                         NORMAL    RECORD    YEAR
 MAXIMUM TEMPERATURE (F)   70        92      2010
 MINIMUM TEMPERATURE (F)   49        32      1969


SUNRISE AND SUNSET
MAY 25 2016...........SUNRISE   515 AM EDT   SUNSET   824 PM EDT
MAY 26 2016...........SUNRISE   515 AM EDT   SUNSET   825 PM EDT


-  INDICATES NEGATIVE NUMBERS.
R  INDICATES RECORD WAS SET OR TIED.
MM INDICATES DATA IS MISSING.
T  INDICATES TRACE AMOUNT.




$$
