000
CDUS41 KBTV 240537
CLIBTV


CLIMATE REPORT
NATIONAL WEATHER SERVICE BURLINGTON VT
136 AM EDT SUN JUL 24 2016


...................................

...THE BURLINGTON VT CLIMATE SUMMARY FOR JULY 23 2016...

CLIMATE NORMAL PERIOD 1981 TO 2010
CLIMATE RECORD PERIOD 1884 TO 2016


WEATHER ITEM   OBSERVED TIME   RECORD YEAR NORMAL DEPARTURE LAST
                VALUE   (LST)  VALUE       VALUE  FROM      YEAR
                                                  NORMAL
..................................................................
TEMPERATURE (F)
 YESTERDAY
  MAXIMUM         85    125 PM  93    2011  81      4       77
                                      1952
  MINIMUM         64   1159 PM  46    1977  61      3       63
                                      1923
  AVERAGE         75                        71      4       70

PRECIPITATION (IN)
  YESTERDAY        0.65          1.94 1948   0.14   0.51     0.00
  MONTH TO DATE    3.03                      3.08  -0.05     4.14
  SINCE JUN 1      6.08                      6.77  -0.69    12.81
  SINCE JAN 1     16.93                     19.08  -2.15    21.65

SNOWFALL (IN)
  YESTERDAY        0.0           0.0  2002   0.0    0.0      0.0
                                      2001
  MONTH TO DATE    0.0                       0.0    0.0      0.0
  SINCE JUN 1      0.0                       0.0    0.0      0.0
  SINCE JUL 1      0.0                       0.0    0.0      0.0
  SNOW DEPTH       0

DEGREE DAYS
 HEATING
  YESTERDAY        0                         0      0        0
  MONTH TO DATE    3                         8     -5        5
  SINCE JUN 1     51                        81    -30       76
  SINCE JUL 1      3                         8     -5        5

 COOLING
  YESTERDAY       10                         6      4        5
  MONTH TO DATE  189                       138     51      140
  SINCE JUN 1    322                       235     87      215
  SINCE JAN 1    394                       254    140      308
..................................................................


WIND (MPH)
  HIGHEST WIND SPEED    38   HIGHEST WIND DIRECTION     N (350)
  HIGHEST GUST SPEED    49   HIGHEST GUST DIRECTION     N (360)
  AVERAGE WIND SPEED     4.2


SKY COVER
  POSSIBLE SUNSHINE  MM
  AVERAGE SKY COVER 0.6


WEATHER CONDITIONS
 THE FOLLOWING WEATHER WAS RECORDED YESTERDAY.
  THUNDERSTORM
  LIGHT RAIN
  FOG


RELATIVE HUMIDITY (PERCENT)
 HIGHEST    87           100 AM
 LOWEST     44          1200 PM
 AVERAGE    66

..........................................................


THE BURLINGTON VT CLIMATE NORMALS FOR TODAY
                         NORMAL    RECORD    YEAR
 MAXIMUM TEMPERATURE (F)   81        95      1987
 MINIMUM TEMPERATURE (F)   61        45      1912


SUNRISE AND SUNSET
JULY 24 2016..........SUNRISE   531 AM EDT   SUNSET   826 PM EDT
JULY 25 2016..........SUNRISE   532 AM EDT   SUNSET   825 PM EDT


-  INDICATES NEGATIVE NUMBERS.
R  INDICATES RECORD WAS SET OR TIED.
MM INDICATES DATA IS MISSING.
T  INDICATES TRACE AMOUNT.







&&

LAKE CHAMPLAIN DATA:
LEVEL...............94.72 FEET
TEMPERATURE.........72 DEGREES

MOUNT MANSFIELD DATA:
HIGH................74 DEGREES
LOW.................53 DEGREES
PRECIPITATION.......1.35 INCHES

$$
