315
CDUS41 KBTV 010535
CLIBTV


CLIMATE REPORT
NATIONAL WEATHER SERVICE BURLINGTON VT
1233 AM EST THU DEC 1 2016


...................................

...THE BURLINGTON VT CLIMATE SUMMARY FOR NOVEMBER 30 2016...

CLIMATE NORMAL PERIOD 1981 TO 2010
CLIMATE RECORD PERIOD 1884 TO 2016


WEATHER ITEM   OBSERVED TIME   RECORD YEAR NORMAL DEPARTURE LAST
                VALUE   (LST)  VALUE       VALUE  FROM      YEAR
                                                  NORMAL
..................................................................
TEMPERATURE (F)
 YESTERDAY
  MAXIMUM         51    214 PM  63    2006  39     12       34
  MINIMUM         40    730 AM  -2    1958  26     14       19
  AVERAGE         46                        33     13       27

PRECIPITATION (IN)
  YESTERDAY        0.02          1.19 1927   0.09  -0.07     0.00
  MONTH TO DATE    2.13                      3.13  -1.00     1.21
  SINCE SEP 1      6.18                     10.37  -4.19     9.24
  SINCE JAN 1     25.38                     34.44  -9.06    33.40

SNOWFALL (IN)
  YESTERDAY        0.0           5.4  1971   0.3   -0.3      0.0
  MONTH TO DATE    4.3                       5.1   -0.8      0.2
  SINCE SEP 1      4.3                       5.4   -1.1      0.2
  SINCE JUL 1      4.3                       5.4   -1.1      0.2
  SNOW DEPTH       0

DEGREE DAYS
 HEATING
  YESTERDAY       19                        32    -13       38
  MONTH TO DATE  716                       803    -87      638
  SINCE SEP 1   1200                      1503   -303     1233
  SINCE JUL 1   1205                      1545   -340     1239

 COOLING
  YESTERDAY        0                         0      0        0
  MONTH TO DATE    0                         0      0        0
  SINCE SEP 1    111                        43     68      146
  SINCE JAN 1    855                       491    364      768
..................................................................


WIND (MPH)
  HIGHEST WIND SPEED    26   HIGHEST WIND DIRECTION    SE (140)
  HIGHEST GUST SPEED    36   HIGHEST GUST DIRECTION    SE (130)
  AVERAGE WIND SPEED     7.4


SKY COVER
  POSSIBLE SUNSHINE  MM
  AVERAGE SKY COVER 0.9


WEATHER CONDITIONS
 THE FOLLOWING WEATHER WAS RECORDED YESTERDAY.
  LIGHT RAIN
  FOG
  FOG W/VISIBILITY <= 1/4 MILE


RELATIVE HUMIDITY (PERCENT)
 HIGHEST   100           400 AM
 LOWEST     71          1100 PM
 AVERAGE    86

..........................................................


THE BURLINGTON VT CLIMATE NORMALS FOR TODAY
                         NORMAL    RECORD    YEAR
 MAXIMUM TEMPERATURE (F)   39        64      1934
 MINIMUM TEMPERATURE (F)   25        -4      1958


SUNRISE AND SUNSET
DECEMBER  1 2016......SUNRISE   709 AM EST   SUNSET   414 PM EST
DECEMBER  2 2016......SUNRISE   710 AM EST   SUNSET   414 PM EST


-  INDICATES NEGATIVE NUMBERS.
R  INDICATES RECORD WAS SET OR TIED.
MM INDICATES DATA IS MISSING.
T  INDICATES TRACE AMOUNT.

&&

LAKE CHAMPLAIN DATA:
LEVEL...............94.26 FEET
TEMPERATURE.........48 DEGREES

MOUNT MANSFIELD DATA:
HIGH................39 DEGREES
LOW.................15 DEGREES
PRECIPITATION.......0.14 INCHES
NEW SNOW............TRACE
SNOW AT STAKE.......8 INCHES

$$
