000
CDUS41 KBTV 092118
CLIBTV


CLIMATE REPORT
NATIONAL WEATHER SERVICE BURLINGTON VT
517 PM EDT WED APR 9 2014


...................................

...THE BURLINGTON VT CLIMATE SUMMARY FOR APRIL 9 2014...
VALID TODAY AS OF 0500 PM LOCAL TIME.

CLIMATE NORMAL PERIOD 1981 TO 2010
CLIMATE RECORD PERIOD 1884 TO 2014


WEATHER ITEM   OBSERVED TIME   RECORD YEAR NORMAL DEPARTURE LAST
                VALUE   (LST)  VALUE       VALUE  FROM      YEAR
                                                  NORMAL
..................................................................
TEMPERATURE (F)
 TODAY
  MAXIMUM         46    144 PM  76    1945  51     -5       51
  MINIMUM         36    846 AM  14    1997  32      4       41
                                      1885
  AVERAGE         41                        42     -1       46

PRECIPITATION (IN)
  TODAY            T             1.03 2000   0.09  -0.09     0.22
  MONTH TO DATE    0.40                      0.79  -0.39     0.35
  SINCE MAR 1      2.28                      3.01  -0.73     2.40
  SINCE JAN 1      6.56                      6.83  -0.27     4.83

SNOWFALL (IN)
  TODAY            T            14.3  2000   0.2   -0.2     MM
  MONTH TO DATE    T                         2.0   -2.0      0.7
  SINCE MAR 1     25.4                      17.8    7.6     16.9
  SINCE JUL 1     83.7                      78.6    5.1     82.6
  SNOW DEPTH       0

DEGREE DAYS
 HEATING
  TODAY           24                        23      1       19
  MONTH TO DATE  216                       227    -11      236
  SINCE MAR 1   1538                      1281    257     1224
  SINCE JUL 1   7003                      6691    312     6102

 COOLING
  TODAY            0                         0      0        0
  MONTH TO DATE    0                         0      0        0
  SINCE MAR 1      0                         0      0        0
  SINCE JAN 1      0                         0      0        0
..................................................................


WIND (MPH)
  HIGHEST WIND SPEED    24   HIGHEST WIND DIRECTION    NW (330)
  HIGHEST GUST SPEED    32   HIGHEST GUST DIRECTION    NW (320)
  AVERAGE WIND SPEED    10.7


SKY COVER
  POSSIBLE SUNSHINE  MM
  AVERAGE SKY COVER 0.7


WEATHER CONDITIONS
 THE FOLLOWING WEATHER WAS RECORDED TODAY.
  LIGHT SNOW


RELATIVE HUMIDITY (PERCENT)
 HIGHEST    85          1200 AM
 LOWEST     24           400 PM
 AVERAGE    55

..........................................................


THE BURLINGTON VT CLIMATE NORMALS FOR TOMORROW
                         NORMAL    RECORD    YEAR
 MAXIMUM TEMPERATURE (F)   52        81      1945
 MINIMUM TEMPERATURE (F)   33        16      1975


SUNRISE AND SUNSET
APRIL  9 2014.........SUNRISE   619 AM EDT   SUNSET   730 PM EDT
APRIL 10 2014.........SUNRISE   618 AM EDT   SUNSET   731 PM EDT


-  INDICATES NEGATIVE NUMBERS.
R  INDICATES RECORD WAS SET OR TIED.
MM INDICATES DATA IS MISSING.
T  INDICATES TRACE AMOUNT.




$$
