000
CDUS41 KBTV 130540
CLIBTV

CLIMATE REPORT
NATIONAL WEATHER SERVICE BURLINGTON VT
1239 AM EST TUE FEB 13 2018

...................................

...THE BURLINGTON VT CLIMATE SUMMARY FOR FEBRUARY 12 2018...

CLIMATE NORMAL PERIOD 1981 TO 2010
CLIMATE RECORD PERIOD 1884 TO 2018


WEATHER ITEM   OBSERVED TIME   RECORD YEAR NORMAL DEPARTURE LAST
                VALUE   (LST)  VALUE       VALUE  FROM      YEAR
                                                  NORMAL
..................................................................
TEMPERATURE (F)
 YESTERDAY
  MAXIMUM         40    202 AM  56    1999  30     10       28
  MINIMUM         21   1159 PM -30    1979  12      9        9
  AVERAGE         31                        21     10       19

PRECIPITATION (IN)
  YESTERDAY        T             0.96 1925   0.07  -0.07     0.45
  MONTH TO DATE    0.85                      0.76   0.09     1.06
  SINCE DEC 1      5.57                      5.20   0.37     5.41
  SINCE JAN 1      3.39                      2.82   0.57     3.06

SNOWFALL (IN)
  YESTERDAY        T             7.6  2017   0.6   -0.6      7.6
  MONTH TO DATE   11.4                       7.3    4.1     17.5
  SINCE DEC 1     50.1                      46.3    3.8     41.8
  SINCE JUL 1     53.1                      51.7    1.4     46.1
  SNOW DEPTH       5

DEGREE DAYS
 HEATING
  YESTERDAY       34                        44    -10       46
  MONTH TO DATE  499                       542    -43      509
  SINCE DEC 1   3202                      3191     11     2706
  SINCE JUL 1   4341                      4736   -395     3911

 COOLING
  YESTERDAY        0                         0      0        0
  MONTH TO DATE    0                         0      0        0
  SINCE DEC 1      0                         0      0        0
  SINCE JAN 1      0                         0      0        0
..................................................................


WIND (MPH)
  HIGHEST WIND SPEED    24   HIGHEST WIND DIRECTION    NW (320)
  HIGHEST GUST SPEED    32   HIGHEST GUST DIRECTION    NW (330)
  AVERAGE WIND SPEED    12.7


SKY COVER
  POSSIBLE SUNSHINE  MM
  AVERAGE SKY COVER 0.6


WEATHER CONDITIONS
 THE FOLLOWING WEATHER WAS RECORDED YESTERDAY.
  LIGHT RAIN
  LIGHT SNOW
  FOG


RELATIVE HUMIDITY (PERCENT)
 HIGHEST    93          1200 AM
 LOWEST     38           200 PM
 AVERAGE    66

..........................................................


THE BURLINGTON VT CLIMATE NORMALS FOR TODAY
                         NORMAL    RECORD    YEAR
 MAXIMUM TEMPERATURE (F)   30        53      1984
                                             1937
 MINIMUM TEMPERATURE (F)   12       -25      1967


SUNRISE AND SUNSET
FEBRUARY 13 2018......SUNRISE   655 AM EST   SUNSET   519 PM EST
FEBRUARY 14 2018......SUNRISE   654 AM EST   SUNSET   520 PM EST


-  INDICATES NEGATIVE NUMBERS.
R  INDICATES RECORD WAS SET OR TIED.
MM INDICATES DATA IS MISSING.
T  INDICATES TRACE AMOUNT.

&&

LAKE CHAMPLAIN DATA:
LEVEL...............95.96 FEET
TEMPERATURE.........34 DEGREES

MOUNT MANSFIELD DATA:
HIGH................42 DEGREES
LOW.................11 DEGREES
PRECIPITATION.......0.13 INCHES
SNOW AT STAKE.......NOT AVAILABLE

$$
