000
CDUS41 KBTV 130522
CLIBTV


CLIMATE REPORT
NATIONAL WEATHER SERVICE BURLINGTON VT
1220 AM EST FRI JAN 13 2017


...................................

...THE BURLINGTON VT CLIMATE SUMMARY FOR JANUARY 12 2017...

CLIMATE NORMAL PERIOD 1981 TO 2010
CLIMATE RECORD PERIOD 1884 TO 2017


WEATHER ITEM   OBSERVED TIME   RECORD YEAR NORMAL DEPARTURE LAST
                VALUE   (LST)  VALUE       VALUE  FROM      YEAR
                                                  NORMAL
..................................................................
TEMPERATURE (F)
 YESTERDAY
  MAXIMUM         54    358 PM  55    1980  27     27       28
  MINIMUM         45    629 AM -23    1968  10     35       16
  AVERAGE         50                        18     32       22

PRECIPITATION (IN)
  YESTERDAY        0.04          0.61 1956   0.06  -0.02     0.11
  MONTH TO DATE    0.54                      0.79  -0.25     0.66
  SINCE DEC 1      2.89                      3.17  -0.28     5.10
  SINCE JAN 1      0.54                      0.79  -0.25     0.66

SNOWFALL (IN)
  YESTERDAY        0.0           9.3  2011   0.7   -0.7      2.0
  MONTH TO DATE    0.8                       8.1   -7.3      6.8
  SINCE DEC 1     17.5                      26.0   -8.5     13.9
  SINCE JUL 1     21.8                      31.4   -9.6     14.1
  SNOW DEPTH       0

DEGREE DAYS
 HEATING
  YESTERDAY       15                        47    -32       43
  MONTH TO DATE  437                       549   -112      458
  SINCE DEC 1   1545                      1763   -218     1252
  SINCE JUL 1   2750                      3308   -558     2491

 COOLING
  YESTERDAY        0                         0      0        0
  MONTH TO DATE    0                         0      0        0
  SINCE DEC 1      0                         0      0        0
  SINCE JAN 1      0                         0      0        0
..................................................................


WIND (MPH)
  HIGHEST WIND SPEED    29   HIGHEST WIND DIRECTION     S (190)
  HIGHEST GUST SPEED    41   HIGHEST GUST DIRECTION     S (190)
  AVERAGE WIND SPEED    16.9


SKY COVER
  POSSIBLE SUNSHINE  MM
  AVERAGE SKY COVER 0.8


WEATHER CONDITIONS
 THE FOLLOWING WEATHER WAS RECORDED YESTERDAY.
  LIGHT RAIN


RELATIVE HUMIDITY (PERCENT)
 HIGHEST    89           600 PM
 LOWEST     49          1200 AM
 AVERAGE    69

..........................................................


THE BURLINGTON VT CLIMATE NORMALS FOR TODAY
                         NORMAL    RECORD    YEAR
 MAXIMUM TEMPERATURE (F)   27        60      1932
 MINIMUM TEMPERATURE (F)   10       -23      1914


SUNRISE AND SUNSET
JANUARY 13 2017.......SUNRISE   726 AM EST   SUNSET   437 PM EST
JANUARY 14 2017.......SUNRISE   726 AM EST   SUNSET   438 PM EST


-  INDICATES NEGATIVE NUMBERS.
R  INDICATES RECORD WAS SET OR TIED.
MM INDICATES DATA IS MISSING.
T  INDICATES TRACE AMOUNT.







&&

LAKE CHAMPLAIN DATA:
LEVEL...............94.90 FEET
TEMPERATURE.........38 DEGREES

MOUNT MANSFIELD DATA:
HIGH................41 DEGREES
LOW.................24 DEGREES
PRECIPITATION.......0.15 INCHES
NEW SNOW............NONE
SNOW AT STAKE.......49 INCHES

$$
