000
CDUS41 KBTV 260547
CLIBTV


CLIMATE REPORT
NATIONAL WEATHER SERVICE BURLINGTON VT
1244 AM EST THU FEB 26 2015


...................................

...THE BURLINGTON VT CLIMATE SUMMARY FOR FEBRUARY 25 2015...

CLIMATE NORMAL PERIOD 1981 TO 2010
CLIMATE RECORD PERIOD 1884 TO 2015


WEATHER ITEM   OBSERVED TIME   RECORD YEAR NORMAL DEPARTURE LAST
                VALUE   (LST)  VALUE       VALUE  FROM      YEAR
                                                  NORMAL
..................................................................
TEMPERATURE (F)
 YESTERDAY
  MAXIMUM         28    155 PM  55    1985  33     -5       20
  MINIMUM         12   1159 PM -17    1962  15     -3       12
  AVERAGE         20                        24     -4       16

PRECIPITATION (IN)
  YESTERDAY        T             1.58 1915   0.07  -0.07     0.02
  MONTH TO DATE    1.09                      1.56  -0.47     1.80
  SINCE DEC 1      5.23                      6.00  -0.77     6.79
  SINCE JAN 1      2.38                      3.62  -1.24     4.25

SNOWFALL (IN)
  YESTERDAY        T            13.1  1966   0.6   -0.6      0.6
  MONTH TO DATE   22.7                      14.7    8.0     23.4
  SINCE DEC 1     65.3                      53.7   11.6     51.2
  SINCE JUL 1     75.9                      59.1   16.8     57.6
  SNOW DEPTH       8

DEGREE DAYS
 HEATING
  YESTERDAY       45                        41      4       49
  MONTH TO DATE 1425                      1096    329     1092
  SINCE DEC 1   4018                      3745    273     3815
  SINCE JUL 1   5343                      5290     53     5308

 COOLING
  YESTERDAY        0                         0      0        0
  MONTH TO DATE    0                         0      0        0
  SINCE DEC 1      0                         0      0        0
  SINCE JAN 1      0                         0      0        0
..................................................................


WIND (MPH)
  HIGHEST WIND SPEED    22   HIGHEST WIND DIRECTION     S (180)
  HIGHEST GUST SPEED    33   HIGHEST GUST DIRECTION     S (180)
  AVERAGE WIND SPEED    11.1


SKY COVER
  POSSIBLE SUNSHINE  MM
  AVERAGE SKY COVER 0.6


WEATHER CONDITIONS
 THE FOLLOWING WEATHER WAS RECORDED YESTERDAY.
  LIGHT SNOW


RELATIVE HUMIDITY (PERCENT)
 HIGHEST    67          1000 PM
 LOWEST     33           400 PM
 AVERAGE    50

..........................................................


THE BURLINGTON VT CLIMATE NORMALS FOR TODAY
                         NORMAL    RECORD    YEAR
 MAXIMUM TEMPERATURE (F)   34        60      2002
                                             1957
 MINIMUM TEMPERATURE (F)   15       -19      1970


SUNRISE AND SUNSET
FEBRUARY 26 2015......SUNRISE   635 AM EST   SUNSET   536 PM EST
FEBRUARY 27 2015......SUNRISE   634 AM EST   SUNSET   538 PM EST


-  INDICATES NEGATIVE NUMBERS.
R  INDICATES RECORD WAS SET OR TIED.
MM INDICATES DATA IS MISSING.
T  INDICATES TRACE AMOUNT.

&&

LAKE CHAMPLAIN DATA:
LEVEL...............94.91 FEET
TEMPERATURE.........34 DEGREES

MOUNT MANSFIELD DATA:
HIGH................8 DEGREES
LOW.................-2 DEGREES
PRECIPITATION.......TRACE
NEW SNOW............TRACE
SNOW AT STAKE.......80 INCHES

$$
