000
CDUS41 KBTV 152124
CLIBTV


CLIMATE REPORT
NATIONAL WEATHER SERVICE BURLINGTON VT
524 PM EDT THU JUN 15 2017


...................................

...THE BURLINGTON VT CLIMATE SUMMARY FOR JUNE 15 2017...
VALID TODAY AS OF 0500 PM LOCAL TIME.

CLIMATE NORMAL PERIOD 1981 TO 2010
CLIMATE RECORD PERIOD 1884 TO 2017


WEATHER ITEM   OBSERVED TIME   RECORD YEAR NORMAL DEPARTURE LAST
                VALUE   (LST)  VALUE       VALUE  FROM      YEAR
                                                  NORMAL
..................................................................
TEMPERATURE (F)
 TODAY
  MAXIMUM         79    359 PM  97    1988  76      3       83
  MINIMUM         47    412 AM  41    1923  55     -8       54
  AVERAGE         63                        66     -3       69

PRECIPITATION (IN)
  TODAY            0.00          2.60 1972   0.12  -0.12     0.00
  MONTH TO DATE    1.23                      1.85  -0.62     1.88
  SINCE JUN 1      1.23                      1.85  -0.62     1.88
  SINCE JAN 1     17.91                     14.16   3.75    12.73

SNOWFALL (IN)
  TODAY            0.0           0.0  2002   0.0    0.0      0.0
                                      2001
  MONTH TO DATE    0.0                       0.0    0.0      0.0
  SINCE JUN 1      0.0                       0.0    0.0      0.0
  SINCE JUL 1    100.4                      81.2   19.2     34.3
  SNOW DEPTH       0

DEGREE DAYS
 HEATING
  TODAY            2                         2      0        0
  MONTH TO DATE   50                        53     -3       45
  SINCE JUN 1     50                        53     -3       45
  SINCE JUL 1   6326                      7414  -1088     6223

 COOLING
  TODAY            0                         3     -3        4
  MONTH TO DATE   50                        33     17       36
  SINCE JUN 1     50                        33     17       36
  SINCE JAN 1     92                        52     40      108
..................................................................


WIND (MPH)
  HIGHEST WIND SPEED    10   HIGHEST WIND DIRECTION     W (250)
  HIGHEST GUST SPEED    13   HIGHEST GUST DIRECTION     W (250)
  AVERAGE WIND SPEED     3.5


SKY COVER
  POSSIBLE SUNSHINE  MM
  AVERAGE SKY COVER 0.3


WEATHER CONDITIONS
 THE FOLLOWING WEATHER WAS RECORDED TODAY.
  NO SIGNIFICANT WEATHER WAS OBSERVED.


RELATIVE HUMIDITY (PERCENT)
 HIGHEST    86           300 AM
 LOWEST     33          1000 AM
 AVERAGE    60

..........................................................


THE BURLINGTON VT CLIMATE NORMALS FOR TOMORROW
                         NORMAL    RECORD    YEAR
 MAXIMUM TEMPERATURE (F)   77        94      1891
 MINIMUM TEMPERATURE (F)   56        37      1961


SUNRISE AND SUNSET
JUNE 15 2017..........SUNRISE   507 AM EDT   SUNSET   839 PM EDT
JUNE 16 2017..........SUNRISE   507 AM EDT   SUNSET   839 PM EDT


-  INDICATES NEGATIVE NUMBERS.
R  INDICATES RECORD WAS SET OR TIED.
MM INDICATES DATA IS MISSING.
T  INDICATES TRACE AMOUNT.

$$
