663
CDUS41 KBTV 090537
CLIBTV


CLIMATE REPORT
NATIONAL WEATHER SERVICE BURLINGTON VT
1236 AM EST SAT DEC 9 2017


...................................

...THE BURLINGTON VT CLIMATE SUMMARY FOR DECEMBER 8 2017...

CLIMATE NORMAL PERIOD 1981 TO 2010
CLIMATE RECORD PERIOD 1884 TO 2017


WEATHER ITEM   OBSERVED TIME   RECORD YEAR NORMAL DEPARTURE LAST
                VALUE   (LST)  VALUE       VALUE  FROM      YEAR
                                                  NORMAL
..................................................................
TEMPERATURE (F)
 YESTERDAY
  MAXIMUM         36    236 PM  58    1951  36      0       38
                                      1927
  MINIMUM         29    737 PM -10    1906  22      7       33
  AVERAGE         33                        29      4       36

PRECIPITATION (IN)
  YESTERDAY        0.01          0.69 1974   0.09  -0.08     0.03
  MONTH TO DATE    0.32                      0.70  -0.38     0.74
  SINCE DEC 1      0.32                      0.70  -0.38     0.74
  SINCE JAN 1     38.04                     35.14   2.90    26.12

SNOWFALL (IN)
  YESTERDAY        0.2           4.5  1996   0.5   -0.3      0.3
  MONTH TO DATE    0.2                       3.8   -3.6      3.6
  SINCE DEC 1      0.2                       3.8   -3.6      3.6
  SINCE JUL 1      3.2                       9.2   -6.0      7.9
  SNOW DEPTH       0

DEGREE DAYS
 HEATING
  YESTERDAY       32                        36     -4       29
  MONTH TO DATE  215                       276    -61      227
  SINCE DEC 1    215                       276    -61      227
  SINCE JUL 1   1354                      1821   -467     1432

 COOLING
  YESTERDAY        0                         0      0        0
  MONTH TO DATE    0                         0      0        0
  SINCE DEC 1      0                         0      0        0
  SINCE JAN 1    652                       491    161      855
..................................................................


WIND (MPH)
  HIGHEST WIND SPEED    14   HIGHEST WIND DIRECTION     S (190)
  HIGHEST GUST SPEED    21   HIGHEST GUST DIRECTION     W (280)
  AVERAGE WIND SPEED     7.1


SKY COVER
  POSSIBLE SUNSHINE  MM
  AVERAGE SKY COVER 0.6


WEATHER CONDITIONS
 THE FOLLOWING WEATHER WAS RECORDED YESTERDAY.
  LIGHT SNOW


RELATIVE HUMIDITY (PERCENT)
 HIGHEST    72           800 AM
 LOWEST     47           100 PM
 AVERAGE    60

..........................................................


THE BURLINGTON VT CLIMATE NORMALS FOR TODAY
                         NORMAL    RECORD    YEAR
 MAXIMUM TEMPERATURE (F)   36        61      1966
 MINIMUM TEMPERATURE (F)   22       -10      1902


SUNRISE AND SUNSET
DECEMBER  9 2017......SUNRISE   717 AM EST   SUNSET   413 PM EST
DECEMBER 10 2017......SUNRISE   718 AM EST   SUNSET   413 PM EST


-  INDICATES NEGATIVE NUMBERS.
R  INDICATES RECORD WAS SET OR TIED.
MM INDICATES DATA IS MISSING.
T  INDICATES TRACE AMOUNT.

&&

LAKE CHAMPLAIN DATA:
LEVEL...............94.74 FEET
TEMPERATURE.........45 DEGREES

MOUNT MANSFIELD DATA:
HIGH................19 DEGREES
LOW.................13 DEGREES
PRECIPITATION.......0.20 INCHES
NEW SNOW............2.0 INCHES
SNOW AT STAKE.......18 INCHES

$$
