000
CDUS41 KBTV 220527
CLIBTV


CLIMATE REPORT
NATIONAL WEATHER SERVICE BURLINGTON VT
121 AM EDT WED MAR 22 2017


...................................

...THE BURLINGTON VT CLIMATE SUMMARY FOR MARCH 21 2017...

CLIMATE NORMAL PERIOD 1981 TO 2010
CLIMATE RECORD PERIOD 1884 TO 2017


WEATHER ITEM   OBSERVED TIME   RECORD YEAR NORMAL DEPARTURE LAST
                VALUE   (LST)  VALUE       VALUE  FROM      YEAR
                                                  NORMAL
..................................................................
TEMPERATURE (F)
 YESTERDAY
  MAXIMUM         38    303 PM  81    2012  42     -4       42
  MINIMUM         32   1047 PM  -2    2007  24      8       24
  AVERAGE         35                        33      2       33

PRECIPITATION (IN)
  YESTERDAY        0.04          0.90 1901   0.08  -0.04     0.00
  MONTH TO DATE    1.75                      1.46   0.29     1.30
  SINCE MAR 1      1.75                      1.46   0.29     1.30
  SINCE JAN 1      6.42                      5.28   1.14     5.63

SNOWFALL (IN)
  YESTERDAY        0.0           7.0  1974   0.5   -0.5      0.0
  MONTH TO DATE   31.8                      12.2   19.6      1.0
  SINCE MAR 1     31.8                      12.2   19.6      1.0
  SINCE JUL 1     91.0                      73.0   18.0     30.0
  SNOW DEPTH       7

DEGREE DAYS
 HEATING
  YESTERDAY       30                        32     -2       32
  MONTH TO DATE  831                       758     73      630
  SINCE MAR 1    831                       758     73      630
  SINCE JUL 1   5209                      6168   -959     5014

 COOLING
  YESTERDAY        0                         0      0        0
  MONTH TO DATE    0                         0      0        0
  SINCE MAR 1      0                         0      0        0
  SINCE JAN 1      0                         0      0        0
..................................................................


WIND (MPH)
  HIGHEST WIND SPEED    12   HIGHEST WIND DIRECTION    SW (230)
  HIGHEST GUST SPEED    14   HIGHEST GUST DIRECTION    SW (220)
  AVERAGE WIND SPEED     1.4


SKY COVER
  POSSIBLE SUNSHINE  MM
  AVERAGE SKY COVER 0.9


WEATHER CONDITIONS
 THE FOLLOWING WEATHER WAS RECORDED YESTERDAY.
  LIGHT RAIN
  SNOW
  LIGHT SNOW
  FOG
  HAZE


RELATIVE HUMIDITY (PERCENT)
 HIGHEST    92           900 PM
 LOWEST     56           100 AM
 AVERAGE    74

..........................................................


THE BURLINGTON VT CLIMATE NORMALS FOR TODAY
                         NORMAL    RECORD    YEAR
 MAXIMUM TEMPERATURE (F)   42        81      2012
 MINIMUM TEMPERATURE (F)   24         1      1885


SUNRISE AND SUNSET
MARCH 22 2017.........SUNRISE   652 AM EDT   SUNSET   708 PM EDT
MARCH 23 2017.........SUNRISE   650 AM EDT   SUNSET   709 PM EDT


-  INDICATES NEGATIVE NUMBERS.
R  INDICATES RECORD WAS SET OR TIED.
MM INDICATES DATA IS MISSING.
T  INDICATES TRACE AMOUNT.







&&

LAKE CHAMPLAIN DATA:
LEVEL...............97.02 FEET
TEMPERATURE.........35 DEGREES

MOUNT MANSFIELD DATA:
HIGH................31 DEGREES
LOW.................22 DEGREES
PRECIPITATION.......0.05 INCHES
NEW SNOW............TRACE
SNOW AT STAKE.......91 INCHES

$$
