000
CDUS41 KBTV 222229
CLIBTV


CLIMATE REPORT
NATIONAL WEATHER SERVICE BURLINGTON VT
529 PM EST MON DEC 22 2014


...................................

...THE BURLINGTON VT CLIMATE SUMMARY FOR DECEMBER 22 2014...
VALID TODAY AS OF 0500 PM LOCAL TIME.

CLIMATE NORMAL PERIOD 1981 TO 2010
CLIMATE RECORD PERIOD 1884 TO 2014


WEATHER ITEM   OBSERVED TIME   RECORD YEAR NORMAL DEPARTURE LAST
                VALUE   (LST)  VALUE       VALUE  FROM      YEAR
                                                  NORMAL
..................................................................
TEMPERATURE (F)
 TODAY
  MAXIMUM         28    225 PM  57    1990  31     -3       29
  MINIMUM         22    902 AM -20    1955  16      6       21
  AVERAGE         25                        23      2       25

PRECIPITATION (IN)
  TODAY            0.00          1.43 1916   0.07  -0.07     0.78
  MONTH TO DATE    2.21                      1.75   0.46     2.24
  SINCE DEC 1      2.21                      1.75   0.46     2.24
  SINCE JAN 1     35.69                     36.19  -0.50    44.69

SNOWFALL (IN)
  TODAY            0.0          10.0  1916   0.6   -0.6      1.6
  MONTH TO DATE   19.4                      12.0    7.4     10.8
  SINCE DEC 1     19.4                      12.0    7.4     10.8
  SINCE JUL 1     30.0                      17.4   12.6     17.2
  SNOW DEPTH       6

DEGREE DAYS
 HEATING
  TODAY           40                        42     -2       40
  MONTH TO DATE  802                       824    -22      885
  SINCE DEC 1    802                       824    -22      885
  SINCE JUL 1   2127                      2369   -242     2378

 COOLING
  TODAY            0                         0      0        0
  MONTH TO DATE    0                         0      0        0
  SINCE DEC 1      0                         0      0        0
  SINCE JAN 1    582                       491     91      662
..................................................................


WIND (MPH)
  HIGHEST WIND SPEED     8   HIGHEST WIND DIRECTION    NW (310)
  HIGHEST GUST SPEED     9   HIGHEST GUST DIRECTION    NW (310)
  AVERAGE WIND SPEED     4.2


SKY COVER
  POSSIBLE SUNSHINE  MM
  AVERAGE SKY COVER 1.0


WEATHER CONDITIONS
 THE FOLLOWING WEATHER WAS RECORDED TODAY.
  FOG
  HAZE


RELATIVE HUMIDITY (PERCENT)
 HIGHEST    92           900 AM
 LOWEST     75          1200 PM
 AVERAGE    84

..........................................................


THE BURLINGTON VT CLIMATE NORMALS FOR TOMORROW
                         NORMAL    RECORD    YEAR
 MAXIMUM TEMPERATURE (F)   31        58      1990
 MINIMUM TEMPERATURE (F)   15       -18      1955


SUNRISE AND SUNSET
DECEMBER 22 2014......SUNRISE   726 AM EST   SUNSET   416 PM EST
DECEMBER 23 2014......SUNRISE   727 AM EST   SUNSET   417 PM EST


-  INDICATES NEGATIVE NUMBERS.
R  INDICATES RECORD WAS SET OR TIED.
MM INDICATES DATA IS MISSING.
T  INDICATES TRACE AMOUNT.




$$
