000
CDUS41 KBTV 282153
CLIBTV

CLIMATE REPORT
NATIONAL WEATHER SERVICE BURLINGTON VT
452 PM EST MON NOV 28 2016

...................................

...THE BURLINGTON VT CLIMATE SUMMARY FOR NOVEMBER 28 2016...
VALID TODAY AS OF 0400 PM LOCAL TIME.

CLIMATE NORMAL PERIOD 1981 TO 2010
CLIMATE RECORD PERIOD 1884 TO 2016


WEATHER ITEM   OBSERVED TIME   RECORD YEAR NORMAL DEPARTURE LAST
                VALUE   (LST)  VALUE       VALUE  FROM      YEAR
                                                  NORMAL
..................................................................
TEMPERATURE (F)
 TODAY
  MAXIMUM         39    305 PM  68    1990  40     -1       38
  MINIMUM         32    826 AM   1    1936  27      5       31
  AVERAGE         36                        34      2       35

PRECIPITATION (IN)
  TODAY            0.00          1.65 1959   0.10  -0.10      T
  MONTH TO DATE    1.90                      2.95  -1.05     1.20
  SINCE SEP 1      5.95                     10.19  -4.24     9.23
  SINCE JAN 1     25.15                     34.26  -9.11    33.39

SNOWFALL (IN)
  TODAY            0.0           9.2  1958   0.3   -0.3      0.0
  MONTH TO DATE    4.3                       4.5   -0.2       T
  SINCE SEP 1      4.3                       4.8   -0.5       T
  SINCE JUL 1      4.3                       4.8   -0.5       T
  SNOW DEPTH       0

DEGREE DAYS
 HEATING
  TODAY           29                        32     -3       30
  MONTH TO DATE  666                       739    -73      566
  SINCE SEP 1   1150                      1438   -288     1161
  SINCE JUL 1   1155                      1480   -325     1167

 COOLING
  TODAY            0                         0      0        0
  MONTH TO DATE    0                         0      0        0
  SINCE SEP 1    111                        43     68      146
  SINCE JAN 1    855                       491    364      768
..................................................................


WIND (MPH)
  HIGHEST WIND SPEED    12   HIGHEST WIND DIRECTION     N (340)
  HIGHEST GUST SPEED    15   HIGHEST GUST DIRECTION     N (350)
  AVERAGE WIND SPEED     3.9


SKY COVER
  POSSIBLE SUNSHINE  MM
  AVERAGE SKY COVER 0.8


WEATHER CONDITIONS
 THE FOLLOWING WEATHER WAS RECORDED TODAY.
  NO SIGNIFICANT WEATHER WAS OBSERVED.


RELATIVE HUMIDITY (PERCENT)
 HIGHEST    69          1200 AM
 LOWEST     59           100 PM
 AVERAGE    64

..........................................................


THE BURLINGTON VT CLIMATE NORMALS FOR TOMORROW
                         NORMAL    RECORD    YEAR
 MAXIMUM TEMPERATURE (F)   40        68      2005
 MINIMUM TEMPERATURE (F)   26         2      1940


SUNRISE AND SUNSET
NOVEMBER 28 2016......SUNRISE   706 AM EST   SUNSET   415 PM EST
NOVEMBER 29 2016......SUNRISE   707 AM EST   SUNSET   415 PM EST


-  INDICATES NEGATIVE NUMBERS.
R  INDICATES RECORD WAS SET OR TIED.
MM INDICATES DATA IS MISSING.
T  INDICATES TRACE AMOUNT.

$$
