000
CDUS41 KBTV 102017
CLIBTV


CLIMATE REPORT
NATIONAL WEATHER SERVICE BURLINGTON VT
416 PM EDT TUE OCT 10 2017


...................................

...THE BURLINGTON VT CLIMATE SUMMARY FOR OCTOBER 10 2017...
VALID TODAY AS OF 0400 PM LOCAL TIME.

CLIMATE NORMAL PERIOD 1981 TO 2010
CLIMATE RECORD PERIOD 1884 TO 2017


WEATHER ITEM   OBSERVED TIME   RECORD YEAR NORMAL DEPARTURE LAST
                VALUE   (LST)  VALUE       VALUE  FROM      YEAR
                                                  NORMAL
..................................................................
TEMPERATURE (F)
 TODAY
  MAXIMUM         77    257 PM  81    1909  59     18       53
  MINIMUM         59    631 AM  25    1943  41     18       37
  AVERAGE         68                        50     18       45

PRECIPITATION (IN)
  TODAY            0.01          1.15 1971   0.12  -0.11     0.00
  MONTH TO DATE    1.47                      1.23   0.24     0.13
  SINCE SEP 1      4.26                      4.87  -0.61     1.52
  SINCE JAN 1     33.96                     28.94   5.02    20.72

SNOWFALL (IN)
  TODAY            0.0           4.4  1925   0.0    0.0      0.0
  MONTH TO DATE    0.0                       0.0    0.0      0.0
  SINCE SEP 1      0.0                       T      0.0      0.0
  SINCE JUL 1      0.0                       T      0.0      0.0
  SNOW DEPTH       0

DEGREE DAYS
 HEATING
  TODAY            0                        15    -15       20
  MONTH TO DATE   44                       132    -88       68
  SINCE SEP 1    130                       307   -177      147
  SINCE JUL 1    153                       349   -196      152

 COOLING
  TODAY            3                         0      3        0
  MONTH TO DATE   11                         0     11        0
  SINCE SEP 1    125                        41     84      108
  SINCE JAN 1    642                       489    153      852
..................................................................


WIND (MPH)
  HIGHEST WIND SPEED    10   HIGHEST WIND DIRECTION     N (340)
  HIGHEST GUST SPEED    14   HIGHEST GUST DIRECTION     N (340)
  AVERAGE WIND SPEED     3.0


SKY COVER
  POSSIBLE SUNSHINE  MM
  AVERAGE SKY COVER 0.6


WEATHER CONDITIONS
 THE FOLLOWING WEATHER WAS RECORDED TODAY.
  FOG


RELATIVE HUMIDITY (PERCENT)
 HIGHEST   100          1200 AM
 LOWEST     47           300 PM
 AVERAGE    74

..........................................................


THE BURLINGTON VT CLIMATE NORMALS FOR TOMORROW
                         NORMAL    RECORD    YEAR
 MAXIMUM TEMPERATURE (F)   59        85      1949
 MINIMUM TEMPERATURE (F)   40        24      1993
                                             1964


SUNRISE AND SUNSET
OCTOBER 10 2017.......SUNRISE   702 AM EDT   SUNSET   617 PM EDT
OCTOBER 11 2017.......SUNRISE   703 AM EDT   SUNSET   615 PM EDT


-  INDICATES NEGATIVE NUMBERS.
R  INDICATES RECORD WAS SET OR TIED.
MM INDICATES DATA IS MISSING.
T  INDICATES TRACE AMOUNT.

$$
