000
CDUS41 KBTV 010532
CLIBTV


CLIMATE REPORT
NATIONAL WEATHER SERVICE BURLINGTON VT
131 AM EDT SAT AUG 1 2015


...................................

...THE BURLINGTON VT CLIMATE SUMMARY FOR JULY 31 2015...

CLIMATE NORMAL PERIOD 1981 TO 2010
CLIMATE RECORD PERIOD 1884 TO 2015


WEATHER ITEM   OBSERVED TIME   RECORD YEAR NORMAL DEPARTURE LAST
                VALUE   (LST)  VALUE       VALUE  FROM      YEAR
                                                  NORMAL
..................................................................
TEMPERATURE (F)
 YESTERDAY
  MAXIMUM         83    542 PM  96    1999  81      2       74
  MINIMUM         65    507 AM  42    1964  60      5       58
  AVERAGE         74                        70      4       66

PRECIPITATION (IN)
  YESTERDAY        0.00          1.75 1962   0.13  -0.13     0.31
  MONTH TO DATE    4.67                      4.16   0.51     5.54
  SINCE JUN 1     13.34                      7.85   5.49     9.89
  SINCE JAN 1     22.18                     20.16   2.02    23.65

SNOWFALL (IN)
  YESTERDAY        0.0           0.0  2002   0.0    0.0      0.0
                                      2001
  MONTH TO DATE    0.0                       0.0    0.0      0.0
  SINCE JUN 1      0.0                       0.0    0.0      0.0
  SINCE JUL 1      0.0                       0.0    0.0      0.0
  SNOW DEPTH       0

DEGREE DAYS
 HEATING
  YESTERDAY        0                         0      0        0
  MONTH TO DATE    5                         8     -3        1
  SINCE JUN 1     76                        86    -10       21
  SINCE JUL 1      5                        13     -8        1

 COOLING
  YESTERDAY        9                         6      3        1
  MONTH TO DATE  219                       187     32      208
  SINCE JUN 1    294                       284     10      328
  SINCE JAN 1    387                       303     84      350
..................................................................


WIND (MPH)
  HIGHEST WIND SPEED    16   HIGHEST WIND DIRECTION     W (290)
  HIGHEST GUST SPEED    22   HIGHEST GUST DIRECTION     W (270)
  AVERAGE WIND SPEED     6.2


SKY COVER
  POSSIBLE SUNSHINE  MM
  AVERAGE SKY COVER 0.4


WEATHER CONDITIONS
 THE FOLLOWING WEATHER WAS RECORDED YESTERDAY.
  NO SIGNIFICANT WEATHER WAS OBSERVED.


RELATIVE HUMIDITY (PERCENT)
 HIGHEST    78           600 AM
 LOWEST     37           200 PM
 AVERAGE    58

..........................................................


THE BURLINGTON VT CLIMATE NORMALS FOR TODAY
                         NORMAL    RECORD    YEAR
 MAXIMUM TEMPERATURE (F)   81        98      1975
                                             1917
 MINIMUM TEMPERATURE (F)   60        43      1964
                                             1953


SUNRISE AND SUNSET
AUGUST  1 2015........SUNRISE   539 AM EDT   SUNSET   818 PM EDT
AUGUST  2 2015........SUNRISE   540 AM EDT   SUNSET   817 PM EDT


-  INDICATES NEGATIVE NUMBERS.
R  INDICATES RECORD WAS SET OR TIED.
MM INDICATES DATA IS MISSING.
T  INDICATES TRACE AMOUNT.

&&

LAKE CHAMPLAIN DATA:
LEVEL...............97.30 FEET
TEMPERATURE.........76 DEGREES

MOUNT MANSFIELD DATA:
HIGH................61 DEGREES
LOW.................54 DEGREES
PRECIPITATION.......TRACE

$$
