000
CDUS41 KBTV 152023
CLIBTV


CLIMATE REPORT
NATIONAL WEATHER SERVICE BURLINGTON VT
423 PM EDT MON AUG 15 2016


...................................

...THE BURLINGTON VT CLIMATE SUMMARY FOR AUGUST 15 2016...
VALID TODAY AS OF 0400 PM LOCAL TIME.

CLIMATE NORMAL PERIOD 1981 TO 2010
CLIMATE RECORD PERIOD 1884 TO 2016


WEATHER ITEM   OBSERVED TIME   RECORD YEAR NORMAL DEPARTURE LAST
                VALUE   (LST)  VALUE       VALUE  FROM      YEAR
                                                  NORMAL
..................................................................
TEMPERATURE (F)
 TODAY
  MAXIMUM         82    255 PM  97    1944  79      3       85
  MINIMUM         69    634 AM  45    1907  59     10       68
  AVERAGE         76                        69      7       77

PRECIPITATION (IN)
  TODAY            0.00          1.63 1981   0.13  -0.13     0.02
  MONTH TO DATE    0.78                      2.03  -1.25     1.36
  SINCE JUN 1      6.88                      9.88  -3.00    14.70
  SINCE JAN 1     17.73                     22.19  -4.46    23.54

SNOWFALL (IN)
  TODAY            0.0           0.0  2002   0.0    0.0      0.0
                                      2001
  MONTH TO DATE    0.0                       0.0    0.0      0.0
  SINCE JUN 1      0.0                       0.0    0.0      0.0
  SINCE JUL 1      0.0                       0.0    0.0      0.0
  SNOW DEPTH       0

DEGREE DAYS
 HEATING
  TODAY            0                         1     -1        0
  MONTH TO DATE    0                        11    -11        1
  SINCE JUN 1     51                        97    -46       77
  SINCE JUL 1      3                        24    -21        6

 COOLING
  TODAY           11                         5      6       12
  MONTH TO DATE  164                        81     83       93
  SINCE JUN 1    553                       365    188      387
  SINCE JAN 1    625                       384    241      480
..................................................................


WIND (MPH)
  HIGHEST WIND SPEED    14   HIGHEST WIND DIRECTION     N (350)
  HIGHEST GUST SPEED    17   HIGHEST GUST DIRECTION    NW (320)
  AVERAGE WIND SPEED     6.0


SKY COVER
  POSSIBLE SUNSHINE  MM
  AVERAGE SKY COVER 0.8


WEATHER CONDITIONS
 THE FOLLOWING WEATHER WAS RECORDED TODAY.
  NO SIGNIFICANT WEATHER WAS OBSERVED.


RELATIVE HUMIDITY (PERCENT)
 HIGHEST    73           500 AM
 LOWEST     37           300 PM
 AVERAGE    55

..........................................................


THE BURLINGTON VT CLIMATE NORMALS FOR TOMORROW
                         NORMAL    RECORD    YEAR
 MAXIMUM TEMPERATURE (F)   79        96      1944
 MINIMUM TEMPERATURE (F)   59        43      1972
                                             1923


SUNRISE AND SUNSET
AUGUST 15 2016........SUNRISE   556 AM EDT   SUNSET   757 PM EDT
AUGUST 16 2016........SUNRISE   557 AM EDT   SUNSET   756 PM EDT


-  INDICATES NEGATIVE NUMBERS.
R  INDICATES RECORD WAS SET OR TIED.
MM INDICATES DATA IS MISSING.
T  INDICATES TRACE AMOUNT.




$$
