000
CDUS41 KBTV 130542
CLIBTV


CLIMATE REPORT
NATIONAL WEATHER SERVICE BURLINGTON VT
142 AM EDT SAT SEP 13 2014


...................................

...THE BURLINGTON VT CLIMATE SUMMARY FOR SEPTEMBER 12 2014...

CLIMATE NORMAL PERIOD 1981 TO 2010
CLIMATE RECORD PERIOD 1884 TO 2014


WEATHER ITEM   OBSERVED TIME   RECORD YEAR NORMAL DEPARTURE LAST
                VALUE   (LST)  VALUE       VALUE  FROM      YEAR
                                                  NORMAL
..................................................................
TEMPERATURE (F)
 YESTERDAY
  MAXIMUM         56   1215 AM  90    1947  72    -16       78
  MINIMUM         43   1159 PM  37    1967  52     -9       64
                                      1964
                                      1946
  AVERAGE         50                        62    -12       71

PRECIPITATION (IN)
  YESTERDAY        0.00          2.48 1960   0.12  -0.12     1.01
  MONTH TO DATE    1.00                      1.34  -0.34     3.31
  SINCE SEP 1      1.00                      1.34  -0.34     3.31
  SINCE JAN 1     26.70                     25.41   1.29    36.00

SNOWFALL (IN)
  YESTERDAY        0.0           0.0  2002   0.0    0.0      0.0
                                      2001
  MONTH TO DATE    0.0                       0.0    0.0      0.0
  SINCE SEP 1      0.0                       0.0    0.0      0.0
  SINCE JUL 1      0.0                       0.0    0.0      0.0
  SNOW DEPTH       0

DEGREE DAYS
 HEATING
  YESTERDAY       15                         4     11        0
  MONTH TO DATE   16                        37    -21       42
  SINCE SEP 1     16                        37    -21       42
  SINCE JUL 1     29                        79    -50       58

 COOLING
  YESTERDAY        0                         2     -2        6
  MONTH TO DATE   58                        29     29       53
  SINCE SEP 1     58                        29     29       53
  SINCE JAN 1    551                       477     74      653
..................................................................


WIND (MPH)
  HIGHEST WIND SPEED    20   HIGHEST WIND DIRECTION    NW (320)
  HIGHEST GUST SPEED    24   HIGHEST GUST DIRECTION    NW (320)
  AVERAGE WIND SPEED     8.8


SKY COVER
  POSSIBLE SUNSHINE  MM
  AVERAGE SKY COVER 0.9


WEATHER CONDITIONS
 THE FOLLOWING WEATHER WAS RECORDED YESTERDAY.
  NO SIGNIFICANT WEATHER WAS OBSERVED.


RELATIVE HUMIDITY (PERCENT)
 HIGHEST    89          1000 PM
 LOWEST     59          1000 AM
 AVERAGE    74

..........................................................


THE BURLINGTON VT CLIMATE NORMALS FOR TODAY
                         NORMAL    RECORD    YEAR
 MAXIMUM TEMPERATURE (F)   72        92      1948
 MINIMUM TEMPERATURE (F)   52        32      1964
                                             1946
                                             1927


SUNRISE AND SUNSET
SEPTEMBER 13 2014.....SUNRISE   629 AM EDT   SUNSET   707 PM EDT
SEPTEMBER 14 2014.....SUNRISE   630 AM EDT   SUNSET   705 PM EDT


-  INDICATES NEGATIVE NUMBERS.
R  INDICATES RECORD WAS SET OR TIED.
MM INDICATES DATA IS MISSING.
T  INDICATES TRACE AMOUNT.

&&

LAKE CHAMPLAIN DATA:
LAKE LEVEL..........94.94 FEET
WATER TEMPERATURE...70 DEGREES

MOUNT MANSFIELD DATA:
HIGH TEMPERATURE...60 DEGREES
LOW TEMPERATURE....33 DEGREES
PRECIPITATION......0.09 INCHES

$$
