000
CDUS41 KBTV 290546
CLIBTV


CLIMATE REPORT
NATIONAL WEATHER SERVICE BURLINGTON VT
1246 AM EST THU JAN 29 2015


...................................

...THE BURLINGTON VT CLIMATE SUMMARY FOR JANUARY 28 2015...

CLIMATE NORMAL PERIOD 1981 TO 2010
CLIMATE RECORD PERIOD 1884 TO 2015


WEATHER ITEM   OBSERVED TIME   RECORD YEAR NORMAL DEPARTURE LAST
                VALUE   (LST)  VALUE       VALUE  FROM      YEAR
                                                  NORMAL
..................................................................
TEMPERATURE (F)
 YESTERDAY
  MAXIMUM         19    313 PM  56    1916  27     -8       17
  MINIMUM          2   1159 PM -26    1925  10     -8        5
  AVERAGE         11                        18     -7       11

PRECIPITATION (IN)
  YESTERDAY        T             0.81 2009   0.06  -0.06     0.00
  MONTH TO DATE    1.09                      1.86  -0.77     2.45
  SINCE DEC 1      3.94                      4.24  -0.30     4.99
  SINCE JAN 1      1.09                      1.86  -0.77     2.45

SNOWFALL (IN)
  YESTERDAY        0.1           9.1  2009   0.7   -0.6      0.0
  MONTH TO DATE   13.0                      19.1   -6.1     12.5
  SINCE DEC 1     34.9                      37.0   -2.1     27.8
  SINCE JUL 1     45.5                      42.4    3.1     34.2
  SNOW DEPTH       4

DEGREE DAYS
 HEATING
  YESTERDAY       54                        46      8       54
  MONTH TO DATE 1351                      1300     51     1307
  SINCE DEC 1   2429                      2514    -85     2587
  SINCE JUL 1   3754                      4059   -305     4080

 COOLING
  YESTERDAY        0                         0      0        0
  MONTH TO DATE    0                         0      0        0
  SINCE DEC 1      0                         0      0        0
  SINCE JAN 1      0                         0      0        0
..................................................................


WIND (MPH)
  HIGHEST WIND SPEED    20   HIGHEST WIND DIRECTION     N (360)
  HIGHEST GUST SPEED    27   HIGHEST GUST DIRECTION     N (360)
  AVERAGE WIND SPEED     7.8


SKY COVER
  POSSIBLE SUNSHINE  MM
  AVERAGE SKY COVER 0.3


WEATHER CONDITIONS
 THE FOLLOWING WEATHER WAS RECORDED YESTERDAY.
  LIGHT SNOW
  HAZE
  BLOWING SNOW


RELATIVE HUMIDITY (PERCENT)
 HIGHEST    76           500 AM
 LOWEST     33           200 PM
 AVERAGE    55

..........................................................


THE BURLINGTON VT CLIMATE NORMALS FOR TODAY
                         NORMAL    RECORD    YEAR
 MAXIMUM TEMPERATURE (F)   27        49      1950
 MINIMUM TEMPERATURE (F)   10       -18      1954


SUNRISE AND SUNSET
JANUARY 29 2015.......SUNRISE   715 AM EST   SUNSET   457 PM EST
JANUARY 30 2015.......SUNRISE   714 AM EST   SUNSET   459 PM EST


-  INDICATES NEGATIVE NUMBERS.
R  INDICATES RECORD WAS SET OR TIED.
MM INDICATES DATA IS MISSING.
T  INDICATES TRACE AMOUNT.

&&

LAKE CHAMPLAIN DATA:
LAKE LEVEL..........95.60 FEET
WATER TEMPERATURE...34 DEGREES

MOUNT MANSFIELD DATA:
HIGH TEMPERATURE....11 DEGREES
LOW.................-8 DEGREES
PRECIPITATION.......0.08 INCHES
NEW SNOW............1.1 INCHES
SNOW AT STAKE.......55 INCHES

$$
