000
CDUS41 KBTV 140553
CLIBTV


CLIMATE REPORT
NATIONAL WEATHER SERVICE BURLINGTON VT
1253 AM EST SUN DEC 14 2014


...................................

...THE BURLINGTON VT CLIMATE SUMMARY FOR DECEMBER 13 2014...

CLIMATE NORMAL PERIOD 1981 TO 2010
CLIMATE RECORD PERIOD 1884 TO 2014


WEATHER ITEM   OBSERVED TIME   RECORD YEAR NORMAL DEPARTURE LAST
                VALUE   (LST)  VALUE       VALUE  FROM      YEAR
                                                  NORMAL
..................................................................
TEMPERATURE (F)
 YESTERDAY
  MAXIMUM         32    348 PM  56    1946  34     -2       19
  MINIMUM         23    808 PM  -9    1982  20      3        2
  AVERAGE         28                        27      1       11

PRECIPITATION (IN)
  YESTERDAY        T             1.45 1983   0.08  -0.08     0.01
  MONTH TO DATE    1.99                      1.11   0.88     0.52
  SINCE DEC 1      1.99                      1.11   0.88     0.52
  SINCE JAN 1     35.47                     35.55  -0.08    42.97

SNOWFALL (IN)
  YESTERDAY        T             4.9  1941   0.6   -0.6      0.5
  MONTH TO DATE   19.2                       6.5   12.7      2.0
  SINCE DEC 1     19.2                       6.5   12.7      2.0
  SINCE JUL 1     29.8                      11.9   17.9      8.4
  SNOW DEPTH      12

DEGREE DAYS
 HEATING
  YESTERDAY       37                        38     -1       54
  MONTH TO DATE  472                       462     10      461
  SINCE DEC 1    472                       462     10      461
  SINCE JUL 1   1797                      2007   -210     1954

 COOLING
  YESTERDAY        0                         0      0        0
  MONTH TO DATE    0                         0      0        0
  SINCE DEC 1      0                         0      0        0
  SINCE JAN 1    582                       491     91      662
..................................................................


WIND (MPH)
  HIGHEST WIND SPEED     6   HIGHEST WIND DIRECTION     S (170)
  HIGHEST GUST SPEED     8   HIGHEST GUST DIRECTION    NE (30)
  AVERAGE WIND SPEED     1.0


SKY COVER
  POSSIBLE SUNSHINE  MM
  AVERAGE SKY COVER 0.7


WEATHER CONDITIONS
 THE FOLLOWING WEATHER WAS RECORDED YESTERDAY.
  LIGHT SNOW
  FOG
  FOG W/VISIBILITY <= 1/4 MILE
  HAZE


RELATIVE HUMIDITY (PERCENT)
 HIGHEST    92          1200 AM
 LOWEST     72           100 PM
 AVERAGE    82

..........................................................


THE BURLINGTON VT CLIMATE NORMALS FOR TODAY
                         NORMAL    RECORD    YEAR
 MAXIMUM TEMPERATURE (F)   34        63      1901
 MINIMUM TEMPERATURE (F)   19       -11      1933


SUNRISE AND SUNSET
DECEMBER 14 2014......SUNRISE   721 AM EST   SUNSET   413 PM EST
DECEMBER 15 2014......SUNRISE   722 AM EST   SUNSET   413 PM EST


-  INDICATES NEGATIVE NUMBERS.
R  INDICATES RECORD WAS SET OR TIED.
MM INDICATES DATA IS MISSING.
T  INDICATES TRACE AMOUNT.

&&

LAKE CHAMPLAIN DATA:
LAKE LEVEL..........94.77 FEET
WATER TEMPERATURE...40 DEGREES

MOUNT MANSFIELD DATA:
HIGH TEMPERATURE...18 DEGREES
LOW TEMPERATURE....14 DEGREES
PRECIPITATION......0.08 INCHES
NEW SNOW...........0.6 INCHES
SNOW AT STAKE......30 INCHES

$$
