000
CDUS41 KBTV 180630
CLIBTV


CLIMATE REPORT
NATIONAL WEATHER SERVICE BURLINGTON VT
123 AM EST TUE NOV 18 2014


...................................

...THE BURLINGTON VT CLIMATE SUMMARY FOR NOVEMBER 17 2014...

CLIMATE NORMAL PERIOD 1981 TO 2010
CLIMATE RECORD PERIOD 1884 TO 2014


WEATHER ITEM   OBSERVED TIME   RECORD YEAR NORMAL DEPARTURE LAST
                VALUE   (LST)  VALUE       VALUE  FROM      YEAR
                                                  NORMAL
..................................................................
TEMPERATURE (F)
 YESTERDAY
  MAXIMUM         40   1159 PM  70    2006  45     -5       62
  MINIMUM         33    751 AM   7    1924  31      2       36
  AVERAGE         37                        38     -1       49

PRECIPITATION (IN)
  YESTERDAY        0.37          1.50 1890   0.11   0.26     0.03
  MONTH TO DATE    1.05                      1.85  -0.80     0.61
  SINCE SEP 1      6.85                      9.09  -2.24     7.94
  SINCE JAN 1     32.55                     33.16  -0.61    40.63

SNOWFALL (IN)
  YESTERDAY        0.3           3.9  1965   0.2    0.1      0.0
  MONTH TO DATE    0.6                       1.9   -1.3      0.3
  SINCE SEP 1      0.6                       2.2   -1.6      0.3
  SINCE JUL 1      0.6                       2.2   -1.6      0.3
  SNOW DEPTH       T

DEGREE DAYS
 HEATING
  YESTERDAY       28                        27      1       16
  MONTH TO DATE  402                       415    -13      407
  SINCE SEP 1    919                      1114   -195     1010
  SINCE JUL 1    932                      1156   -224     1026

 COOLING
  YESTERDAY        0                         0      0        0
  MONTH TO DATE    0                         0      0        0
  SINCE SEP 1     89                        43     46       62
  SINCE JAN 1    582                       491     91      662
..................................................................


WIND (MPH)
  HIGHEST WIND SPEED    14   HIGHEST WIND DIRECTION     S (180)
  HIGHEST GUST SPEED    17   HIGHEST GUST DIRECTION     S (170)
  AVERAGE WIND SPEED     5.1


SKY COVER
  POSSIBLE SUNSHINE  MM
  AVERAGE SKY COVER 1.0


WEATHER CONDITIONS
 THE FOLLOWING WEATHER WAS RECORDED YESTERDAY.
  RAIN
  LIGHT RAIN
  LIGHT SNOW
  SLEET
  FOG


RELATIVE HUMIDITY (PERCENT)
 HIGHEST    92           400 PM
 LOWEST     54          1200 AM
 AVERAGE    73

..........................................................


THE BURLINGTON VT CLIMATE NORMALS FOR TODAY
                         NORMAL    RECORD    YEAR
 MAXIMUM TEMPERATURE (F)   45        70      1892
 MINIMUM TEMPERATURE (F)   31         9      1936
                                             1924
                                             1914


SUNRISE AND SUNSET
NOVEMBER 18 2014......SUNRISE   653 AM EST   SUNSET   422 PM EST
NOVEMBER 19 2014......SUNRISE   654 AM EST   SUNSET   422 PM EST


-  INDICATES NEGATIVE NUMBERS.
R  INDICATES RECORD WAS SET OR TIED.
MM INDICATES DATA IS MISSING.
T  INDICATES TRACE AMOUNT.


&&

LAKE CHAMPLAIN DATA:
LEVEL...............94.26 FEET
TEMPERATURE.........48 DEGREES

MOUNT MANSFIELD DATA:
HIGH................28 DEGREES
LOW.................13 DEGREES
PRECIPITATION.......0.23 INCHES
NEW SNOW............1.7 INCHES
SNOW AT STAKE.......6 INCHES

$$
