000
CDUS41 KBTV 250525
CLIBTV


CLIMATE REPORT
NATIONAL WEATHER SERVICE BURLINGTON VT
125 AM EDT SUN SEP 25 2016


...................................

...THE BURLINGTON VT CLIMATE SUMMARY FOR SEPTEMBER 24 2016...

CLIMATE NORMAL PERIOD 1981 TO 2010
CLIMATE RECORD PERIOD 1884 TO 2016


WEATHER ITEM   OBSERVED TIME   RECORD YEAR NORMAL DEPARTURE LAST
                VALUE   (LST)  VALUE       VALUE  FROM      YEAR
                                                  NORMAL
..................................................................
TEMPERATURE (F)
 YESTERDAY
  MAXIMUM         65    224 PM  84    1961  67     -2       72
  MINIMUM         46    723 AM  25    1963  47     -1       50
  AVERAGE         56                        57     -1       61

PRECIPITATION (IN)
  YESTERDAY        0.00          1.31 1898   0.13  -0.13     0.00
  MONTH TO DATE    1.24                      2.86  -1.62     1.50
  SINCE SEP 1      1.24                      2.86  -1.62     1.50
  SINCE JAN 1     20.44                     26.93  -6.49    25.66

SNOWFALL (IN)
  YESTERDAY        0.0           0.0  2002   0.0    0.0      0.0
                                      2001
  MONTH TO DATE    0.0                       0.0    0.0      0.0
  SINCE SEP 1      0.0                       0.0    0.0      0.0
  SINCE JUL 1      0.0                       0.0    0.0      0.0
  SNOW DEPTH       0

DEGREE DAYS
 HEATING
  YESTERDAY        9                         8      1        4
  MONTH TO DATE   38                       115    -77       26
  SINCE SEP 1     38                       115    -77       26
  SINCE JUL 1     43                       157   -114       32

 COOLING
  YESTERDAY        0                         0      0        0
  MONTH TO DATE  108                        41     67      141
  SINCE SEP 1    108                        41     67      141
  SINCE JAN 1    852                       489    363      763
..................................................................


WIND (MPH)
  HIGHEST WIND SPEED    20   HIGHEST WIND DIRECTION    NW (320)
  HIGHEST GUST SPEED    26   HIGHEST GUST DIRECTION     N (340)
  AVERAGE WIND SPEED     7.2


SKY COVER
  POSSIBLE SUNSHINE  MM
  AVERAGE SKY COVER 0.5


WEATHER CONDITIONS
 THE FOLLOWING WEATHER WAS RECORDED YESTERDAY.
  FOG
  FOG W/VISIBILITY <= 1/4 MILE


RELATIVE HUMIDITY (PERCENT)
 HIGHEST    93           300 AM
 LOWEST     31           200 PM
 AVERAGE    62

..........................................................


THE BURLINGTON VT CLIMATE NORMALS FOR TODAY
                         NORMAL    RECORD    YEAR
 MAXIMUM TEMPERATURE (F)   66        85      1891
 MINIMUM TEMPERATURE (F)   47        28      1963


SUNRISE AND SUNSET
SEPTEMBER 25 2016.....SUNRISE   644 AM EDT   SUNSET   644 PM EDT
SEPTEMBER 26 2016.....SUNRISE   645 AM EDT   SUNSET   642 PM EDT


-  INDICATES NEGATIVE NUMBERS.
R  INDICATES RECORD WAS SET OR TIED.
MM INDICATES DATA IS MISSING.
T  INDICATES TRACE AMOUNT.

&&

LAKE CHAMPLAIN DATA:
LAKE LEVEL..........93.94 FEET
WATER TEMPERATURE...69 DEGREES

MOUNT MANSFIELD DATA:
HIGH TEMPERATURE...45 DEGREES
LOW TEMPERATURE....37 DEGREES
PRECIPITATION......NONE

$$
