000
CDUS41 KBTV 200521
CLIBTV


CLIMATE REPORT
NATIONAL WEATHER SERVICE BURLINGTON VT
119 AM EDT MON MAR 20 2017


...................................

...THE BURLINGTON VT CLIMATE SUMMARY FOR MARCH 19 2017...

CLIMATE NORMAL PERIOD 1981 TO 2010
CLIMATE RECORD PERIOD 1884 TO 2017


WEATHER ITEM   OBSERVED TIME   RECORD YEAR NORMAL DEPARTURE LAST
                VALUE   (LST)  VALUE       VALUE  FROM      YEAR
                                                  NORMAL
..................................................................
TEMPERATURE (F)
 YESTERDAY
  MAXIMUM         39    322 PM  79    2012  41     -2       34
  MINIMUM         15    613 AM -10    1993  23     -8       21
  AVERAGE         27                        32     -5       28

PRECIPITATION (IN)
  YESTERDAY        0.00          0.73 2008   0.07  -0.07     0.00
  MONTH TO DATE    1.71                      1.31   0.40     1.30
  SINCE MAR 1      1.71                      1.31   0.40     1.30
  SINCE JAN 1      6.38                      5.13   1.25     5.63

SNOWFALL (IN)
  YESTERDAY        0.0           8.9  2013   0.5   -0.5      0.0
  MONTH TO DATE   31.8                      11.2   20.6      1.0
  SINCE MAR 1     31.8                      11.2   20.6      1.0
  SINCE JUL 1     91.0                      72.0   19.0     30.0
  SNOW DEPTH      10

DEGREE DAYS
 HEATING
  YESTERDAY       38                        33      5       37
  MONTH TO DATE  767                       693     74      561
  SINCE MAR 1    767                       693     74      561
  SINCE JUL 1   5145                      6103   -958     4945

 COOLING
  YESTERDAY        0                         0      0        0
  MONTH TO DATE    0                         0      0        0
  SINCE MAR 1      0                         0      0        0
  SINCE JAN 1      0                         0      0        0
..................................................................


WIND (MPH)
  HIGHEST WIND SPEED    16   HIGHEST WIND DIRECTION    NW (320)
  HIGHEST GUST SPEED    19   HIGHEST GUST DIRECTION    NW (320)
  AVERAGE WIND SPEED     5.3


SKY COVER
  POSSIBLE SUNSHINE  MM
  AVERAGE SKY COVER 0.0


WEATHER CONDITIONS
 THE FOLLOWING WEATHER WAS RECORDED YESTERDAY.
  NO SIGNIFICANT WEATHER WAS OBSERVED.


RELATIVE HUMIDITY (PERCENT)
 HIGHEST    74           400 AM
 LOWEST     40          1100 AM
 AVERAGE    57

..........................................................


THE BURLINGTON VT CLIMATE NORMALS FOR TODAY
                         NORMAL    RECORD    YEAR
 MAXIMUM TEMPERATURE (F)   41        80      2012
 MINIMUM TEMPERATURE (F)   24        -2      1949


SUNRISE AND SUNSET
MARCH 20 2017.........SUNRISE   655 AM EDT   SUNSET   705 PM EDT
MARCH 21 2017.........SUNRISE   654 AM EDT   SUNSET   707 PM EDT


-  INDICATES NEGATIVE NUMBERS.
R  INDICATES RECORD WAS SET OR TIED.
MM INDICATES DATA IS MISSING.
T  INDICATES TRACE AMOUNT.







&&

LAKE CHAMPLAIN DATA:
LEVEL...............97.11 FEET
TEMPERATURE.........34 DEGREES

MOUNT MANSFIELD DATA:
HIGH................27 DEGREES
LOW.................10 DEGREES
PRECIPITATION.......NONE
NEW SNOW............NONE
SNOW AT STAKE.......95 INCHES

$$
