207
CDUS41 KBTV 212217
CLIBTV

CLIMATE REPORT
NATIONAL WEATHER SERVICE BURLINGTON VT
617 PM EDT FRI JUL 21 2017

...................................

...THE BURLINGTON VT CLIMATE SUMMARY FOR JULY 21 2017...
VALID TODAY AS OF 0500 PM LOCAL TIME.

CLIMATE NORMAL PERIOD 1981 TO 2010
CLIMATE RECORD PERIOD 1884 TO 2017


WEATHER ITEM   OBSERVED TIME   RECORD YEAR NORMAL DEPARTURE LAST
                VALUE   (LST)  VALUE       VALUE  FROM      YEAR
                                                  NORMAL
..................................................................
TEMPERATURE (F)
 TODAY
  MAXIMUM         89    353 PM  97    2011  81      8       87
  MINIMUM         60    453 AM  45    1966  61     -1       58
  AVERAGE         75                        71      4       73

PRECIPITATION (IN)
  TODAY            0.00          2.04 1967   0.14  -0.14     0.00
  MONTH TO DATE    1.64                      2.81  -1.17     2.07
  SINCE JUN 1      8.81                      6.50   2.31     5.12
  SINCE JAN 1     25.49                     18.81   6.68    15.97

SNOWFALL (IN)
  TODAY            0.0           0.0  2002   0.0    0.0      0.0
                                      2001
  MONTH TO DATE    0.0                       0.0    0.0      0.0
  SINCE JUN 1      0.0                       0.0    0.0      0.0
  SINCE JUL 1      0.0                       0.0    0.0      0.0
  SNOW DEPTH       0

DEGREE DAYS
 HEATING
  TODAY            0                         0      0        0
  MONTH TO DATE    2                         8     -6        3
  SINCE JUN 1     54                        81    -27       51
  SINCE JUL 1      2                         8     -6        3

 COOLING
  TODAY           10                         6      4        8
  MONTH TO DATE  156                       126     30      162
  SINCE JUN 1    282                       223     59      295
  SINCE JAN 1    324                       242     82      367
..................................................................


WIND (MPH)
  HIGHEST WIND SPEED    14   HIGHEST WIND DIRECTION     S (190)
  HIGHEST GUST SPEED    18   HIGHEST GUST DIRECTION    NW (300)
  AVERAGE WIND SPEED     6.1


SKY COVER
  POSSIBLE SUNSHINE  MM
  AVERAGE SKY COVER 0.3


WEATHER CONDITIONS
 THE FOLLOWING WEATHER WAS RECORDED TODAY.
  NO SIGNIFICANT WEATHER WAS OBSERVED.


RELATIVE HUMIDITY (PERCENT)
 HIGHEST    97           300 AM
 LOWEST     39           400 PM
 AVERAGE    68

..........................................................


THE BURLINGTON VT CLIMATE NORMALS FOR TOMORROW
                         NORMAL    RECORD    YEAR
 MAXIMUM TEMPERATURE (F)   81        97      1955
 MINIMUM TEMPERATURE (F)   61        44      1914


SUNRISE AND SUNSET
JULY 21 2017..........SUNRISE   528 AM EDT   SUNSET   829 PM EDT
JULY 22 2017..........SUNRISE   529 AM EDT   SUNSET   828 PM EDT


-  INDICATES NEGATIVE NUMBERS.
R  INDICATES RECORD WAS SET OR TIED.
MM INDICATES DATA IS MISSING.
T  INDICATES TRACE AMOUNT.

$$
