000
CDUS41 KBTV 152204
CLIBTV


CLIMATE REPORT
NATIONAL WEATHER SERVICE BURLINGTON VT
504 PM EST WED FEB 15 2017


...................................

...THE BURLINGTON VT CLIMATE SUMMARY FOR FEBRUARY 15 2017...
VALID TODAY AS OF 0500 PM LOCAL TIME.

CLIMATE NORMAL PERIOD 1981 TO 2010
CLIMATE RECORD PERIOD 1884 TO 2017


WEATHER ITEM   OBSERVED TIME   RECORD YEAR NORMAL DEPARTURE LAST
                VALUE   (LST)  VALUE       VALUE  FROM      YEAR
                                                  NORMAL
..................................................................
TEMPERATURE (F)
 TODAY
  MAXIMUM         36   1014 AM  54    2006  31      5       22
  MINIMUM         31    230 AM -26    1943  12     19       -9
  AVERAGE         34                        21     13        7

PRECIPITATION (IN)
  TODAY            0.15          1.27 1939   0.06   0.09     0.01
  MONTH TO DATE    1.37                      0.94   0.43     0.39
  SINCE DEC 1      5.72                      5.38   0.34     6.02
  SINCE JAN 1      3.37                      3.00   0.37     1.58

SNOWFALL (IN)
  TODAY            2.6          10.2  1990   0.5    2.1      0.1
  MONTH TO DATE   23.7                       9.0   14.7      4.4
  SINCE DEC 1     48.0                      48.0    0.0     24.6
  SINCE JUL 1     52.3                      53.4   -1.1     24.8
  SNOW DEPTH      11

DEGREE DAYS
 HEATING
  TODAY           31                        44    -13       58
  MONTH TO DATE  622                       674    -52      623
  SINCE DEC 1   2819                      3323   -504     2652
  SINCE JUL 1   4024                      4868   -844     3891

 COOLING
  TODAY            0                         0      0        0
  MONTH TO DATE    0                         0      0        0
  SINCE DEC 1      0                         0      0        0
  SINCE JAN 1      0                         0      0        0
..................................................................


WIND (MPH)
  HIGHEST WIND SPEED    15   HIGHEST WIND DIRECTION     S (170)
  HIGHEST GUST SPEED    21   HIGHEST GUST DIRECTION     S (170)
  AVERAGE WIND SPEED     7.0


SKY COVER
  POSSIBLE SUNSHINE  MM
  AVERAGE SKY COVER 1.0


WEATHER CONDITIONS
 THE FOLLOWING WEATHER WAS RECORDED TODAY.
  HEAVY SNOW
  SNOW
  LIGHT SNOW
  FOG
  FOG W/VISIBILITY <= 1/4 MILE


RELATIVE HUMIDITY (PERCENT)
 HIGHEST    89           100 PM
 LOWEST     56          1200 AM
 AVERAGE    73

..........................................................


THE BURLINGTON VT CLIMATE NORMALS FOR TOMORROW
                         NORMAL    RECORD    YEAR
 MAXIMUM TEMPERATURE (F)   31        55      2016
 MINIMUM TEMPERATURE (F)   13       -26      1943


SUNRISE AND SUNSET
FEBRUARY 15 2017......SUNRISE   652 AM EST   SUNSET   522 PM EST
FEBRUARY 16 2017......SUNRISE   651 AM EST   SUNSET   523 PM EST


-  INDICATES NEGATIVE NUMBERS.
R  INDICATES RECORD WAS SET OR TIED.
MM INDICATES DATA IS MISSING.
T  INDICATES TRACE AMOUNT.




$$
