000
CDUS41 KBTV 110548
CLIBTV


CLIMATE REPORT
NATIONAL WEATHER SERVICE BURLINGTON VT
148 AM EDT THU SEP 11 2014


...................................

...THE BURLINGTON VT CLIMATE SUMMARY FOR SEPTEMBER 10 2014...

CLIMATE NORMAL PERIOD 1981 TO 2010
CLIMATE RECORD PERIOD 1884 TO 2014


WEATHER ITEM   OBSERVED TIME   RECORD YEAR NORMAL DEPARTURE LAST
                VALUE   (LST)  VALUE       VALUE  FROM      YEAR
                                                  NORMAL
..................................................................
TEMPERATURE (F)
 YESTERDAY
  MAXIMUM         77    305 PM  93    2002  73      4       76
  MINIMUM         55    115 AM  33    1913  53      2       60
  AVERAGE         66                        63      3       68

PRECIPITATION (IN)
  YESTERDAY        0.00          1.48 1976   0.11  -0.11     0.55
  MONTH TO DATE    0.92                      1.10  -0.18     1.98
  SINCE SEP 1      0.92                      1.10  -0.18     1.98
  SINCE JAN 1     26.62                     25.17   1.45    34.67

SNOWFALL (IN)
  YESTERDAY        0.0           0.0  2002   0.0    0.0      0.0
                                      2001
  MONTH TO DATE    0.0                       0.0    0.0      0.0
  SINCE SEP 1      0.0                       0.0    0.0      0.0
  SINCE JUL 1      0.0                       0.0    0.0      0.0
  SNOW DEPTH       0

DEGREE DAYS
 HEATING
  YESTERDAY        0                         4     -4        0
  MONTH TO DATE    1                        29    -28       42
  SINCE SEP 1      1                        29    -28       42
  SINCE JUL 1     14                        71    -57       58

 COOLING
  YESTERDAY        1                         2     -1        3
  MONTH TO DATE   57                        25     32       31
  SINCE SEP 1     57                        25     32       31
  SINCE JAN 1    550                       473     77      631
..................................................................


WIND (MPH)
  HIGHEST WIND SPEED    14   HIGHEST WIND DIRECTION     S (170)
  HIGHEST GUST SPEED    20   HIGHEST GUST DIRECTION     S (180)
  AVERAGE WIND SPEED     6.7


SKY COVER
  POSSIBLE SUNSHINE  MM
  AVERAGE SKY COVER 0.6


WEATHER CONDITIONS
 THE FOLLOWING WEATHER WAS RECORDED YESTERDAY.
  NO SIGNIFICANT WEATHER WAS OBSERVED.


RELATIVE HUMIDITY (PERCENT)
 HIGHEST    83          1200 AM
 LOWEST     50          1200 PM
 AVERAGE    67

..........................................................


THE BURLINGTON VT CLIMATE NORMALS FOR TODAY
                         NORMAL    RECORD    YEAR
 MAXIMUM TEMPERATURE (F)   73        95      1931
 MINIMUM TEMPERATURE (F)   53        33      1918


SUNRISE AND SUNSET
SEPTEMBER 11 2014.....SUNRISE   627 AM EDT   SUNSET   711 PM EDT
SEPTEMBER 12 2014.....SUNRISE   628 AM EDT   SUNSET   709 PM EDT


-  INDICATES NEGATIVE NUMBERS.
R  INDICATES RECORD WAS SET OR TIED.
MM INDICATES DATA IS MISSING.
T  INDICATES TRACE AMOUNT.

&&

LAKE CHAMPLAIN DATA:
LAKE LEVEL..........95.00 FEET
WATER TEMPERATURE...71 DEGREES

MOUNT MANSFIELD DATA:
HIGH TEMPERATURE...62 DEGREES
LOW TEMPERATURE....45 DEGREES
PRECIPITATION......NONE

$$
