941
CDUS41 KBTV 160533
CLIBTV


CLIMATE REPORT
NATIONAL WEATHER SERVICE BURLINGTON VT
1232 AM EST THU NOV 16 2017


...................................

...THE BURLINGTON VT CLIMATE SUMMARY FOR NOVEMBER 15 2017...

CLIMATE NORMAL PERIOD 1981 TO 2010
CLIMATE RECORD PERIOD 1884 TO 2017


WEATHER ITEM   OBSERVED TIME   RECORD YEAR NORMAL DEPARTURE LAST
                VALUE   (LST)  VALUE       VALUE  FROM      YEAR
                                                  NORMAL
..................................................................
TEMPERATURE (F)
 YESTERDAY
  MAXIMUM         46    144 PM  67    1956  46      0       61
  MINIMUM         31    726 AM   9    1933  31      0       37
  AVERAGE         39                        39      0       49

PRECIPITATION (IN)
  YESTERDAY        0.00          1.01 2007   0.10  -0.10     0.17
  MONTH TO DATE    0.75                      1.63  -0.88     0.87
  SINCE SEP 1      7.09                      8.87  -1.78     4.92
  SINCE JAN 1     36.79                     32.94   3.85    24.12

SNOWFALL (IN)
  YESTERDAY        0.0           5.5  1921   0.1   -0.1     MM
  MONTH TO DATE    T                         1.6   -1.6       T
  SINCE SEP 1      T                         1.9   -1.9       T
  SINCE JUL 1      T                         1.9   -1.9       T
  SNOW DEPTH       0

DEGREE DAYS
 HEATING
  YESTERDAY       26                        26      0       16
  MONTH TO DATE  378                       361     17      321
  SINCE SEP 1    675                      1060   -385      805
  SINCE JUL 1    698                      1102   -404      810

 COOLING
  YESTERDAY        0                         0      0        0
  MONTH TO DATE    0                         0      0        0
  SINCE SEP 1    135                        43     92      111
  SINCE JAN 1    652                       491    161      855
..................................................................


WIND (MPH)
  HIGHEST WIND SPEED    17   HIGHEST WIND DIRECTION     S (180)
  HIGHEST GUST SPEED    26   HIGHEST GUST DIRECTION     S (160)
  AVERAGE WIND SPEED     5.5


SKY COVER
  POSSIBLE SUNSHINE  MM
  AVERAGE SKY COVER 0.7


WEATHER CONDITIONS
 THE FOLLOWING WEATHER WAS RECORDED YESTERDAY.
  NO SIGNIFICANT WEATHER WAS OBSERVED.


RELATIVE HUMIDITY (PERCENT)
 HIGHEST    85           600 AM
 LOWEST     49          1000 PM
 AVERAGE    67

..........................................................


THE BURLINGTON VT CLIMATE NORMALS FOR TODAY
                         NORMAL    RECORD    YEAR
 MAXIMUM TEMPERATURE (F)   45        73      1989
 MINIMUM TEMPERATURE (F)   31         6      1967
                                             1933


SUNRISE AND SUNSET
NOVEMBER 16 2017......SUNRISE   650 AM EST   SUNSET   424 PM EST
NOVEMBER 17 2017......SUNRISE   652 AM EST   SUNSET   423 PM EST


-  INDICATES NEGATIVE NUMBERS.
R  INDICATES RECORD WAS SET OR TIED.
MM INDICATES DATA IS MISSING.
T  INDICATES TRACE AMOUNT.

&&

LAKE CHAMPLAIN DATA:
LEVEL...............94.98 FEET
TEMPERATURE.........51 DEGREES

MOUNT MANSFIELD DATA:
HIGH................29 DEGREES
LOW.................21 DEGREES
PRECIPITATION.......TRACE
NEW SNOW............TRACE
SNOW AT STAKE.......4 INCHES

$$
