000
CDUS41 KBTV 110526
CLIBTV


CLIMATE REPORT
NATIONAL WEATHER SERVICE BURLINGTON VT
124 AM EDT FRI APR 11 2014


...................................

...THE BURLINGTON VT CLIMATE SUMMARY FOR APRIL 10 2014...

CLIMATE NORMAL PERIOD 1981 TO 2010
CLIMATE RECORD PERIOD 1884 TO 2014


WEATHER ITEM   OBSERVED TIME   RECORD YEAR NORMAL DEPARTURE LAST
                VALUE   (LST)  VALUE       VALUE  FROM      YEAR
                                                  NORMAL
..................................................................
TEMPERATURE (F)
 YESTERDAY
  MAXIMUM         63    341 PM  81    1945  52     11       52
  MINIMUM         25    321 AM  16    1975  33     -8       41
  AVERAGE         44                        42      2       47

PRECIPITATION (IN)
  YESTERDAY        0.00          0.83 1971   0.10  -0.10     0.18
  MONTH TO DATE    0.40                      0.89  -0.49     0.53
  SINCE MAR 1      2.28                      3.11  -0.83     2.58
  SINCE JAN 1      6.56                      6.93  -0.37     5.01

SNOWFALL (IN)
  YESTERDAY        0.0           7.3  1971   0.2   -0.2      0.0
  MONTH TO DATE    T                         2.2   -2.2      0.7
  SINCE MAR 1     25.4                      18.0    7.4     16.9
  SINCE JUL 1     83.7                      78.8    4.9     82.6
  SNOW DEPTH       0

DEGREE DAYS
 HEATING
  YESTERDAY       21                        23     -2       18
  MONTH TO DATE  241                       250     -9      254
  SINCE MAR 1   1563                      1304    259     1242
  SINCE JUL 1   7028                      6714    314     6120

 COOLING
  YESTERDAY        0                         0      0        0
  MONTH TO DATE    0                         0      0        0
  SINCE MAR 1      0                         0      0        0
  SINCE JAN 1      0                         0      0        0
..................................................................


WIND (MPH)
  HIGHEST WIND SPEED    29   HIGHEST WIND DIRECTION     S (190)
  HIGHEST GUST SPEED    40   HIGHEST GUST DIRECTION     S (180)
  AVERAGE WIND SPEED    17.3


SKY COVER
  POSSIBLE SUNSHINE  MM
  AVERAGE SKY COVER 0.4


WEATHER CONDITIONS
 THE FOLLOWING WEATHER WAS RECORDED YESTERDAY.
  NO SIGNIFICANT WEATHER WAS OBSERVED.


RELATIVE HUMIDITY (PERCENT)
 HIGHEST    75           400 AM
 LOWEST     25           400 PM
 AVERAGE    50

..........................................................


THE BURLINGTON VT CLIMATE NORMALS FOR TODAY
                         NORMAL    RECORD    YEAR
 MAXIMUM TEMPERATURE (F)   53        84      1945
 MINIMUM TEMPERATURE (F)   33        12      1974


SUNRISE AND SUNSET
APRIL 11 2014.........SUNRISE   616 AM EDT   SUNSET   732 PM EDT
APRIL 12 2014.........SUNRISE   614 AM EDT   SUNSET   734 PM EDT


-  INDICATES NEGATIVE NUMBERS.
R  INDICATES RECORD WAS SET OR TIED.
MM INDICATES DATA IS MISSING.
T  INDICATES TRACE AMOUNT.

&&

LAKE CHAMPLAIN DATA:
LEVEL...............97.47 FEET
TEMPERATURE.........36 DEGREES

MOUNT MANSFIELD DATA:
HIGH................43 DEGREES
LOW.................15 DEGREES
PRECIPITATION.......NONE
NEW SNOW............NONE
SNOW AT STAKE.......80 INCHES

$$
