847
CDUS41 KBTV 290540
CLIBTV

CLIMATE REPORT
NATIONAL WEATHER SERVICE BURLINGTON VT
140 AM EDT FRI APR 29 2016

...................................

...THE BURLINGTON VT CLIMATE SUMMARY FOR APRIL 28 2016...

CLIMATE NORMAL PERIOD 1981 TO 2010
CLIMATE RECORD PERIOD 1884 TO 2016


WEATHER ITEM   OBSERVED TIME   RECORD YEAR NORMAL DEPARTURE LAST
                VALUE   (LST)  VALUE       VALUE  FROM      YEAR
                                                  NORMAL
..................................................................
TEMPERATURE (F)
 YESTERDAY
  MAXIMUM         48    238 PM  90    1990  61    -13       61
  MINIMUM         27    515 AM  24    1947  40    -13       41
  AVERAGE         38                        50    -12       51

PRECIPITATION (IN)
  YESTERDAY        0.00          1.05 1920   0.10  -0.10     0.00
  MONTH TO DATE    1.80                      2.61  -0.81     2.64
  SINCE MAR 1      4.06                      4.83  -0.77     3.54
  SINCE JAN 1      8.39                      8.65  -0.26     5.92

SNOWFALL (IN)
  YESTERDAY        0.0           2.7  2010   0.1   -0.1      0.0
  MONTH TO DATE    3.5                       4.5   -1.0      3.1
  SINCE MAR 1      5.3                      20.3  -15.0      7.5
  SINCE JUL 1     34.3                      81.1  -46.8     83.4
  SNOW DEPTH       0

DEGREE DAYS
 HEATING
  YESTERDAY       27                        15     12       14
  MONTH TO DATE  656                       582     74      570
  SINCE MAR 1   1523                      1636   -113     1760
  SINCE JUL 1   5907                      7046  -1139     7277

 COOLING
  YESTERDAY        0                         0      0        0
  MONTH TO DATE    0                         0      0        0
  SINCE MAR 1      0                         0      0        0
  SINCE JAN 1      0                         0      0        0
..................................................................


WIND (MPH)
  HIGHEST WIND SPEED    16   HIGHEST WIND DIRECTION     N (20)
  HIGHEST GUST SPEED    23   HIGHEST GUST DIRECTION    NW (330)
  AVERAGE WIND SPEED     6.9


SKY COVER
  POSSIBLE SUNSHINE  MM
  AVERAGE SKY COVER 0.3


WEATHER CONDITIONS
 THE FOLLOWING WEATHER WAS RECORDED YESTERDAY.
  NO SIGNIFICANT WEATHER WAS OBSERVED.


RELATIVE HUMIDITY (PERCENT)
 HIGHEST    81           500 AM
 LOWEST     28           400 PM
 AVERAGE    55

..........................................................


THE BURLINGTON VT CLIMATE NORMALS FOR TODAY
                         NORMAL    RECORD    YEAR
 MAXIMUM TEMPERATURE (F)   61        85      1986
 MINIMUM TEMPERATURE (F)   40        24      1934
                                             1909


SUNRISE AND SUNSET
APRIL 29 2016.........SUNRISE   545 AM EDT   SUNSET   755 PM EDT
APRIL 30 2016.........SUNRISE   544 AM EDT   SUNSET   756 PM EDT


-  INDICATES NEGATIVE NUMBERS.
R  INDICATES RECORD WAS SET OR TIED.
MM INDICATES DATA IS MISSING.
T  INDICATES TRACE AMOUNT.

&&

LAKE CHAMPLAIN DATA:
LEVEL...............97.48 FEET
TEMPERATURE.........40 DEGREES

MOUNT MANSFIELD DATA:
HIGH................33 DEGREES
LOW.................16 DEGREES
PRECIPITATION.......NONE
NEW SNOW............NONE
SNOW AT STAKE.......22 INCHES

$$
