000
CDUS41 KBTV 010638 CCA
CLIBTV

CLIMATE REPORT...CORRECTED SNOWFALL
NATIONAL WEATHER SERVICE BURLINGTON VT
137 AM EST SUN FEB 1 2015


...................................

...THE BURLINGTON VT CLIMATE SUMMARY FOR JANUARY 31 2015...

CLIMATE NORMAL PERIOD 1981 TO 2010
CLIMATE RECORD PERIOD 1884 TO 2015


WEATHER ITEM   OBSERVED TIME   RECORD YEAR NORMAL DEPARTURE LAST
                VALUE   (LST)  VALUE       VALUE  FROM      YEAR
                                                  NORMAL
..................................................................
TEMPERATURE (F)
 YESTERDAY
  MAXIMUM          8    426 PM  56    2013  28    -20       34
                                      1988
  MINIMUM         -7    735 AM -27    1920  10    -17       23
  AVERAGE          1                        19    -18       29

PRECIPITATION (IN)
  YESTERDAY        T             0.67 1982   0.07  -0.07     0.00
  MONTH TO DATE    1.29                      2.06  -0.77     2.45
  SINCE DEC 1      4.14                      4.44  -0.30     4.99
  SINCE JAN 1      1.29                      2.06  -0.77     2.45

SNOWFALL (IN)
  YESTERDAY        T             8.3  1993   0.7   -0.7      0.0
  MONTH TO DATE   20.7                      21.1   -0.4     12.5
  SINCE DEC 1     42.6                      39.0    3.6     27.8
  SINCE JUL 1     53.2                      44.4    8.8     34.2
  SNOW DEPTH       7

DEGREE DAYS
 HEATING
  YESTERDAY       64                        46     18       36
  MONTH TO DATE 1515                      1438     77     1443
  SINCE DEC 1   2593                      2649    -56     2723
  SINCE JUL 1   3918                      4194   -276     4216

 COOLING
  YESTERDAY        0                         0      0        0
  MONTH TO DATE    0                         0      0        0
  SINCE DEC 1      0                         0      0        0
  SINCE JAN 1      0                         0      0        0
..................................................................


WIND (MPH)
  HIGHEST WIND SPEED    20   HIGHEST WIND DIRECTION     N (340)
  HIGHEST GUST SPEED    26   HIGHEST GUST DIRECTION     N (340)
  AVERAGE WIND SPEED     8.1


SKY COVER
  POSSIBLE SUNSHINE  MM
  AVERAGE SKY COVER 0.2


WEATHER CONDITIONS
 THE FOLLOWING WEATHER WAS RECORDED YESTERDAY.
  LIGHT SNOW
  BLOWING SNOW


RELATIVE HUMIDITY (PERCENT)
 HIGHEST    69           200 AM
 LOWEST     37           300 PM
 AVERAGE    53

..........................................................


THE BURLINGTON VT CLIMATE NORMALS FOR TODAY
                         NORMAL    RECORD    YEAR
 MAXIMUM TEMPERATURE (F)   28        50      1988
 MINIMUM TEMPERATURE (F)   10       -28      1920


SUNRISE AND SUNSET
FEBRUARY  1 2015......SUNRISE   711 AM EST   SUNSET   501 PM EST
FEBRUARY  2 2015......SUNRISE   710 AM EST   SUNSET   503 PM EST


-  INDICATES NEGATIVE NUMBERS.
R  INDICATES RECORD WAS SET OR TIED.
MM INDICATES DATA IS MISSING.
T  INDICATES TRACE AMOUNT.

&&

LAKE CHAMPLAIN DATA:
LAKE LEVEL..........95.52 FEET
WATER TEMPERATURE...33 DEGREES

MOUNT MANSFIELD DATA:
HIGH TEMPERATURE...-1 DEGREES
LOW TEMPERATURE....-20 DEGREES
PRECIPITATION......0.08 INCHES
NEW SNOW...........2.0 INCHES
SNOW AT STAKE......59 INCHES

$$
