000
CDUS41 KBTV 190536
CLIBTV


CLIMATE REPORT
NATIONAL WEATHER SERVICE BURLINGTON VT
134 AM EDT SAT APR 19 2014


...................................

...THE BURLINGTON VT CLIMATE SUMMARY FOR APRIL 18 2014...

CLIMATE NORMAL PERIOD 1981 TO 2010
CLIMATE RECORD PERIOD 1884 TO 2014


WEATHER ITEM   OBSERVED TIME   RECORD YEAR NORMAL DEPARTURE LAST
                VALUE   (LST)  VALUE       VALUE  FROM      YEAR
                                                  NORMAL
..................................................................
TEMPERATURE (F)
 YESTERDAY
  MAXIMUM         54    435 PM  91    1976  56     -2       65
  MINIMUM         31    423 AM  21    1948  36     -5       36
  AVERAGE         43                        46     -3       51

PRECIPITATION (IN)
  YESTERDAY        0.00          0.76 1985   0.10  -0.10     0.03
  MONTH TO DATE    2.50                      1.66   0.84     1.38
  SINCE MAR 1      4.38                      3.88   0.50     3.43
  SINCE JAN 1      8.66                      7.70   0.96     5.86

SNOWFALL (IN)
  YESTERDAY        0.0           8.5  1997   0.1   -0.1      0.0
  MONTH TO DATE    2.8                       3.5   -0.7      1.0
  SINCE MAR 1     28.2                      19.3    8.9     17.2
  SINCE JUL 1     86.5                      80.1    6.4     82.9
  SNOW DEPTH       0

DEGREE DAYS
 HEATING
  YESTERDAY       22                        19      3       14
  MONTH TO DATE  392                       414    -22      425
  SINCE MAR 1   1714                      1468    246     1413
  SINCE JUL 1   7179                      6878    301     6291

 COOLING
  YESTERDAY        0                         0      0        0
  MONTH TO DATE    0                         0      0        0
  SINCE MAR 1      0                         0      0        0
  SINCE JAN 1      0                         0      0        0
..................................................................


WIND (MPH)
  HIGHEST WIND SPEED    22   HIGHEST WIND DIRECTION     S (190)
  HIGHEST GUST SPEED    30   HIGHEST GUST DIRECTION     S (200)
  AVERAGE WIND SPEED    11.0


SKY COVER
  POSSIBLE SUNSHINE  MM
  AVERAGE SKY COVER 0.4


WEATHER CONDITIONS
 THE FOLLOWING WEATHER WAS RECORDED YESTERDAY.
  NO SIGNIFICANT WEATHER WAS OBSERVED.


RELATIVE HUMIDITY (PERCENT)
 HIGHEST    51           600 AM
 LOWEST     16           100 PM
 AVERAGE    34

..........................................................


THE BURLINGTON VT CLIMATE NORMALS FOR TODAY
                         NORMAL    RECORD    YEAR
 MAXIMUM TEMPERATURE (F)   57        91      1976
 MINIMUM TEMPERATURE (F)   36        22      1918


SUNRISE AND SUNSET
APRIL 19 2014.........SUNRISE   602 AM EDT   SUNSET   742 PM EDT
APRIL 20 2014.........SUNRISE   600 AM EDT   SUNSET   743 PM EDT


-  INDICATES NEGATIVE NUMBERS.
R  INDICATES RECORD WAS SET OR TIED.
MM INDICATES DATA IS MISSING.
T  INDICATES TRACE AMOUNT.







&&

LAKE CHAMPLAIN DATA:
LEVEL...............100.38 FEET
TEMPERATURE.........37 DEGREES

MOUNT MANSFIELD DATA:
HIGH................35 DEGREES
LOW.................17 DEGREES
PRECIPITATION.......NONE
NEW SNOW............NONE
SNOW AT STAKE.......61 INCHES

$$
