000
CDUS41 KBTV 180649
CLIBTV


CLIMATE REPORT
NATIONAL WEATHER SERVICE BURLINGTON VT
249 AM EDT THU SEP 18 2014


...................................

...THE BURLINGTON VT CLIMATE SUMMARY FOR SEPTEMBER 17 2014...

CLIMATE NORMAL PERIOD 1981 TO 2010
CLIMATE RECORD PERIOD 1884 TO 2014


WEATHER ITEM   OBSERVED TIME   RECORD YEAR NORMAL DEPARTURE LAST
                VALUE   (LST)  VALUE       VALUE  FROM      YEAR
                                                  NORMAL
..................................................................
TEMPERATURE (F)
 YESTERDAY
  MAXIMUM         68    250 PM  84    1946  70     -2       63
  MINIMUM         43    539 AM  34    1961  50     -7       35
  AVERAGE         56                        60     -4       49

PRECIPITATION (IN)
  YESTERDAY        0.00          2.09 1999   0.13  -0.13     0.00
  MONTH TO DATE    1.27                      1.95  -0.68     3.91
  SINCE SEP 1      1.27                      1.95  -0.68     3.91
  SINCE JAN 1     26.97                     26.02   0.95    36.60

SNOWFALL (IN)
  YESTERDAY        0.0           0.0  2002   0.0    0.0      0.0
                                      2001
  MONTH TO DATE    0.0                       0.0    0.0      0.0
  SINCE SEP 1      0.0                       0.0    0.0      0.0
  SINCE JUL 1      0.0                       0.0    0.0      0.0
  SNOW DEPTH       0

DEGREE DAYS
 HEATING
  YESTERDAY        9                         6      3       16
  MONTH TO DATE   79                        64     15      100
  SINCE SEP 1     79                        64     15      100
  SINCE JUL 1     92                       106    -14      116

 COOLING
  YESTERDAY        0                         1     -1        0
  MONTH TO DATE   58                        35     23       53
  SINCE SEP 1     58                        35     23       53
  SINCE JAN 1    551                       483     68      653
..................................................................


WIND (MPH)
  HIGHEST WIND SPEED    13   HIGHEST WIND DIRECTION     S (170)
  HIGHEST GUST SPEED    17   HIGHEST GUST DIRECTION     S (170)
  AVERAGE WIND SPEED     5.2


SKY COVER
  POSSIBLE SUNSHINE  MM
  AVERAGE SKY COVER 0.4


WEATHER CONDITIONS
 THE FOLLOWING WEATHER WAS RECORDED YESTERDAY.
  FOG


RELATIVE HUMIDITY (PERCENT)
 HIGHEST    93           100 AM
 LOWEST     40           100 PM
 AVERAGE    67

..........................................................


THE BURLINGTON VT CLIMATE NORMALS FOR TODAY
                         NORMAL    RECORD    YEAR
 MAXIMUM TEMPERATURE (F)   70        87      1946
 MINIMUM TEMPERATURE (F)   50        34      1922


SUNRISE AND SUNSET
SEPTEMBER 18 2014.....SUNRISE   635 AM EDT   SUNSET   658 PM EDT
SEPTEMBER 19 2014.....SUNRISE   636 AM EDT   SUNSET   656 PM EDT


-  INDICATES NEGATIVE NUMBERS.
R  INDICATES RECORD WAS SET OR TIED.
MM INDICATES DATA IS MISSING.
T  INDICATES TRACE AMOUNT.

&&

LAKE CHAMPLAIN DATA:
LEVEL...............94.76 FEET
TEMPERATURE.........65 DEGREES

MOUNT MANSFIELD DATA:
HIGH................50 DEGREES
LOW.................38 DEGREES
PRECIPITATION.......TRACE

$$
