000
CDUS41 KBTV 122031
CLIBTV


CLIMATE REPORT
NATIONAL WEATHER SERVICE BURLINGTON VT
431 PM EDT THU OCT 12 2017


...................................

...THE BURLINGTON VT CLIMATE SUMMARY FOR OCTOBER 12 2017...
VALID TODAY AS OF 0400 PM LOCAL TIME.

CLIMATE NORMAL PERIOD 1981 TO 2010
CLIMATE RECORD PERIOD 1884 TO 2017


WEATHER ITEM   OBSERVED TIME   RECORD YEAR NORMAL DEPARTURE LAST
                VALUE   (LST)  VALUE       VALUE  FROM      YEAR
                                                  NORMAL
..................................................................
TEMPERATURE (F)
 TODAY
  MAXIMUM         61    259 PM  83    1928  59      2       71
  MINIMUM         37    618 AM  22    1964  40     -3       46
  AVERAGE         49                        49      0       59

PRECIPITATION (IN)
  TODAY            0.00          1.23 1946   0.11  -0.11     0.00
  MONTH TO DATE    1.47                      1.47   0.00     0.13
  SINCE SEP 1      4.26                      5.11  -0.85     1.52
  SINCE JAN 1     33.96                     29.18   4.78    20.72

SNOWFALL (IN)
  TODAY            0.0           T    2012   0.0    0.0      0.0
  MONTH TO DATE    0.0                       0.0    0.0      0.0
  SINCE SEP 1      0.0                       T      0.0      0.0
  SINCE JUL 1      0.0                       T      0.0      0.0
  SNOW DEPTH       0

DEGREE DAYS
 HEATING
  TODAY           16                        16      0        6
  MONTH TO DATE   72                       163    -91       88
  SINCE SEP 1    158                       338   -180      167
  SINCE JUL 1    181                       380   -199      172

 COOLING
  TODAY            0                         0      0        0
  MONTH TO DATE   11                         0     11        0
  SINCE SEP 1    125                        41     84      108
  SINCE JAN 1    642                       489    153      852
..................................................................


WIND (MPH)
  HIGHEST WIND SPEED     8   HIGHEST WIND DIRECTION     W (290)
  HIGHEST GUST SPEED    11   HIGHEST GUST DIRECTION    NW (300)
  AVERAGE WIND SPEED     2.8


SKY COVER
  POSSIBLE SUNSHINE  MM
  AVERAGE SKY COVER 0.1


WEATHER CONDITIONS
 THE FOLLOWING WEATHER WAS RECORDED TODAY.
  NO SIGNIFICANT WEATHER WAS OBSERVED.


RELATIVE HUMIDITY (PERCENT)
 HIGHEST    92           600 AM
 LOWEST     46           200 PM
 AVERAGE    69

..........................................................


THE BURLINGTON VT CLIMATE NORMALS FOR TOMORROW
                         NORMAL    RECORD    YEAR
 MAXIMUM TEMPERATURE (F)   58        81      1995
 MINIMUM TEMPERATURE (F)   40        26      2012
                                             1993
                                             1963


SUNRISE AND SUNSET
OCTOBER 12 2017.......SUNRISE   704 AM EDT   SUNSET   613 PM EDT
OCTOBER 13 2017.......SUNRISE   705 AM EDT   SUNSET   611 PM EDT


-  INDICATES NEGATIVE NUMBERS.
R  INDICATES RECORD WAS SET OR TIED.
MM INDICATES DATA IS MISSING.
T  INDICATES TRACE AMOUNT.

$$
