000
CDUS41 KBTV 100536
CLIBTV

CLIMATE REPORT
NATIONAL WEATHER SERVICE BURLINGTON VT
136 AM EDT THU AUG 10 2017

...................................

...THE BURLINGTON VT CLIMATE SUMMARY FOR AUGUST 9 2017...

CLIMATE NORMAL PERIOD 1981 TO 2010
CLIMATE RECORD PERIOD 1884 TO 2017


WEATHER ITEM   OBSERVED TIME   RECORD YEAR NORMAL DEPARTURE LAST
                VALUE   (LST)  VALUE       VALUE  FROM      YEAR
                                                  NORMAL
..................................................................
TEMPERATURE (F)
 YESTERDAY
  MAXIMUM         80    212 PM  99    2001  80      0       88
  MINIMUM         57    201 AM  44    1922  60     -3       57
  AVERAGE         69                        70     -1       73

PRECIPITATION (IN)
  YESTERDAY        0.01          1.31 1918   0.13  -0.12     0.00
  MONTH TO DATE    0.65                      1.23  -0.58     0.20
  SINCE JUN 1     11.27                      9.08   2.19     6.30
  SINCE JAN 1     27.95                     21.39   6.56    17.15

SNOWFALL (IN)
  YESTERDAY        0.0           0.0  2002   0.0    0.0      0.0
                                      2001
  MONTH TO DATE    0.0                       0.0    0.0      0.0
  SINCE JUN 1      0.0                       0.0    0.0      0.0
  SINCE JUL 1      0.0                       0.0    0.0      0.0
  SNOW DEPTH       0

DEGREE DAYS
 HEATING
  YESTERDAY        0                         1     -1        0
  MONTH TO DATE    0                         5     -5        0
  SINCE JUN 1     56                        91    -35       51
  SINCE JUL 1      4                        18    -14        3

 COOLING
  YESTERDAY        4                         5     -1        8
  MONTH TO DATE   63                        51     12       81
  SINCE JUN 1    376                       335     41      470
  SINCE JAN 1    418                       354     64      542
..................................................................


WIND (MPH)
  HIGHEST WIND SPEED    16   HIGHEST WIND DIRECTION     S (200)
  HIGHEST GUST SPEED    22   HIGHEST GUST DIRECTION     S (200)
  AVERAGE WIND SPEED     6.2


SKY COVER
  POSSIBLE SUNSHINE  MM
  AVERAGE SKY COVER 0.5


WEATHER CONDITIONS
 THE FOLLOWING WEATHER WAS RECORDED YESTERDAY.
  LIGHT RAIN


RELATIVE HUMIDITY (PERCENT)
 HIGHEST    93          1200 AM
 LOWEST     48           300 PM
 AVERAGE    71

..........................................................


THE BURLINGTON VT CLIMATE NORMALS FOR TODAY
                         NORMAL    RECORD    YEAR
 MAXIMUM TEMPERATURE (F)   80        97      1949
 MINIMUM TEMPERATURE (F)   59        47      1964
                                             1927
                                             1922


SUNRISE AND SUNSET
AUGUST 10 2017........SUNRISE   550 AM EDT   SUNSET   805 PM EDT
AUGUST 11 2017........SUNRISE   551 AM EDT   SUNSET   804 PM EDT


-  INDICATES NEGATIVE NUMBERS.
R  INDICATES RECORD WAS SET OR TIED.
MM INDICATES DATA IS MISSING.
T  INDICATES TRACE AMOUNT.

&&

LAKE CHAMPLAIN DATA:
LEVEL...............96.52 FEET
TEMPERATURE.........72 DEGREES

MOUNT MANSFIELD DATA:
HIGH................NOT AVAILABLE
LOW.................NOT AVAILABLE
PRECIPITATION.......NOT AVAILABLE

$$
