000
CDUS41 KBTV 130550
CLIBTV


CLIMATE REPORT
NATIONAL WEATHER SERVICE BURLINGTON VT
1244 AM EST MON FEB 13 2017


...................................

...THE BURLINGTON VT CLIMATE SUMMARY FOR FEBRUARY 12 2017...

CLIMATE NORMAL PERIOD 1981 TO 2010
CLIMATE RECORD PERIOD 1884 TO 2017


WEATHER ITEM   OBSERVED TIME   RECORD YEAR NORMAL DEPARTURE LAST
                VALUE   (LST)  VALUE       VALUE  FROM      YEAR
                                                  NORMAL
..................................................................
TEMPERATURE (F)
 YESTERDAY
  MAXIMUM         28    747 PM  56    1999  30     -2       22
  MINIMUM          9    627 AM -30    1979  12     -3        0
  AVERAGE         19                        21     -2       11

PRECIPITATION (IN)
  YESTERDAY        0.45          0.96 1925   0.07   0.38     0.00
  MONTH TO DATE    1.06                      0.76   0.30     0.37
  SINCE DEC 1      5.41                      5.20   0.21     6.00
  SINCE JAN 1      3.06                      2.82   0.24     1.56

SNOWFALL (IN)
  YESTERDAY        7.6 R         6.8  1988   0.6    7.0      0.0
  MONTH TO DATE   17.5                       7.3   10.2      4.0
  SINCE DEC 1     41.8                      46.3   -4.5     24.2
  SINCE JUL 1     46.1                      51.7   -5.6     24.4
  SNOW DEPTH       4

DEGREE DAYS
 HEATING
  YESTERDAY       46                        44      2       54
  MONTH TO DATE  509                       542    -33      434
  SINCE DEC 1   2706                      3191   -485     2463
  SINCE JUL 1   3911                      4736   -825     3702

 COOLING
  YESTERDAY        0                         0      0        0
  MONTH TO DATE    0                         0      0        0
  SINCE DEC 1      0                         0      0        0
  SINCE JAN 1      0                         0      0        0
..................................................................


WIND (MPH)
  HIGHEST WIND SPEED    20   HIGHEST WIND DIRECTION     S (160)
  HIGHEST GUST SPEED    27   HIGHEST GUST DIRECTION     S (160)
  AVERAGE WIND SPEED     5.1


SKY COVER
  POSSIBLE SUNSHINE  MM
  AVERAGE SKY COVER 0.7


WEATHER CONDITIONS
 THE FOLLOWING WEATHER WAS RECORDED YESTERDAY.
  SNOW
  LIGHT SNOW
  FOG
  FOG W/VISIBILITY <= 1/4 MILE


RELATIVE HUMIDITY (PERCENT)
 HIGHEST    92           300 AM
 LOWEST     74          1100 AM
 AVERAGE    83

..........................................................


THE BURLINGTON VT CLIMATE NORMALS FOR TODAY
                         NORMAL    RECORD    YEAR
 MAXIMUM TEMPERATURE (F)   30        53      1984
                                             1937
 MINIMUM TEMPERATURE (F)   12       -25      1967


SUNRISE AND SUNSET
FEBRUARY 13 2017......SUNRISE   655 AM EST   SUNSET   519 PM EST
FEBRUARY 14 2017......SUNRISE   654 AM EST   SUNSET   520 PM EST


-  INDICATES NEGATIVE NUMBERS.
R  INDICATES RECORD WAS SET OR TIED.
MM INDICATES DATA IS MISSING.
T  INDICATES TRACE AMOUNT.







&&

LAKE CHAMPLAIN DATA:
LEVEL...............95.12 FEET
TEMPERATURE.........34 DEGREES

MOUNT MANSFIELD DATA:
HIGH................14 DEGREES
LOW.................9 DEGREES
PRECIPITATION.......0.19 INCHES
NEW SNOW............1.0 INCHES
SNOW AT STAKE.......78 INCHES

$$
