000
CDUS41 KBTV 062144
CLIBTV


CLIMATE REPORT
NATIONAL WEATHER SERVICE BURLINGTON VT
543 PM EDT SUN JUL 6 2014


...................................

...THE BURLINGTON VT CLIMATE SUMMARY FOR JULY 6 2014...
VALID TODAY AS OF 0500 PM LOCAL TIME.

CLIMATE NORMAL PERIOD 1981 TO 2010
CLIMATE RECORD PERIOD 1884 TO 2014


WEATHER ITEM   OBSERVED TIME   RECORD YEAR NORMAL DEPARTURE LAST
                VALUE   (LST)  VALUE       VALUE  FROM      YEAR
                                                  NORMAL
..................................................................
TEMPERATURE (F)
 TODAY
  MAXIMUM         86    303 PM  95    2010  81      5       88
  MINIMUM         65    327 AM  39    1962  60      5       68
  AVERAGE         76                        70      6       78

PRECIPITATION (IN)
  TODAY            0.00          1.47 1984   0.14  -0.14      T
  MONTH TO DATE    0.80                      0.79   0.01     3.05
  SINCE JUN 1      5.15                      4.48   0.67    12.91
  SINCE JAN 1     18.91                     16.79   2.12    28.18

SNOWFALL (IN)
  TODAY            0.0           0.0  2002   0.0    0.0      0.0
                                      2001
  MONTH TO DATE    0.0                       0.0    0.0      0.0
  SINCE JUN 1      0.0                       0.0    0.0      0.0
  SINCE JUL 1      0.0                       0.0    0.0      0.0
  SNOW DEPTH       0

DEGREE DAYS
 HEATING
  TODAY            0                         1     -1        0
  MONTH TO DATE    0                         6     -6        0
  SINCE JUN 1     20                        79    -59       65
  SINCE JUL 1      0                         6     -6        0

 COOLING
  TODAY           11                         6      5       13
  MONTH TO DATE   66                        36     30       60
  SINCE JUN 1    186                       133     53      175
  SINCE JAN 1    208                       152     56      222
..................................................................


WIND (MPH)
  HIGHEST WIND SPEED    16   HIGHEST WIND DIRECTION     S (190)
  HIGHEST GUST SPEED    21   HIGHEST GUST DIRECTION     W (250)
  AVERAGE WIND SPEED     8.5


SKY COVER
  POSSIBLE SUNSHINE  MM
  AVERAGE SKY COVER 0.4


WEATHER CONDITIONS
 THE FOLLOWING WEATHER WAS RECORDED TODAY.
  NO SIGNIFICANT WEATHER WAS OBSERVED.


RELATIVE HUMIDITY (PERCENT)
 HIGHEST    63           300 AM
 LOWEST     31           400 PM
 AVERAGE    47

..........................................................


THE BURLINGTON VT CLIMATE NORMALS FOR TOMORROW
                         NORMAL    RECORD    YEAR
 MAXIMUM TEMPERATURE (F)   81        96      1908
 MINIMUM TEMPERATURE (F)   60        43      1969
                                             1965


SUNRISE AND SUNSET
JULY  6 2014..........SUNRISE   515 AM EDT   SUNSET   839 PM EDT
JULY  7 2014..........SUNRISE   516 AM EDT   SUNSET   839 PM EDT


-  INDICATES NEGATIVE NUMBERS.
R  INDICATES RECORD WAS SET OR TIED.
MM INDICATES DATA IS MISSING.
T  INDICATES TRACE AMOUNT.




$$
