000
CDUS41 KBTV 150544
CLIBTV


CLIMATE REPORT
NATIONAL WEATHER SERVICE BURLINGTON VT
1244 AM EST MON DEC 15 2014


...................................

...THE BURLINGTON VT CLIMATE SUMMARY FOR DECEMBER 14 2014...

CLIMATE NORMAL PERIOD 1981 TO 2010
CLIMATE RECORD PERIOD 1884 TO 2014


WEATHER ITEM   OBSERVED TIME   RECORD YEAR NORMAL DEPARTURE LAST
                VALUE   (LST)  VALUE       VALUE  FROM      YEAR
                                                  NORMAL
..................................................................
TEMPERATURE (F)
 YESTERDAY
  MAXIMUM         34    456 PM  63    1901  34      0       11
  MINIMUM         26    208 AM -11    1933  19      7       -2
  AVERAGE         30                        26      4        5

PRECIPITATION (IN)
  YESTERDAY        T             1.31 1977   0.07  -0.07     0.15
  MONTH TO DATE    1.99                      1.18   0.81     0.67
  SINCE DEC 1      1.99                      1.18   0.81     0.67
  SINCE JAN 1     35.47                     35.62  -0.15    43.12

SNOWFALL (IN)
  YESTERDAY        T            11.1  1915   0.5   -0.5      1.6
  MONTH TO DATE   19.2                       7.0   12.2      3.6
  SINCE DEC 1     19.2                       7.0   12.2      3.6
  SINCE JUL 1     29.8                      12.4   17.4     10.0
  SNOW DEPTH      12

DEGREE DAYS
 HEATING
  YESTERDAY       35                        39     -4       60
  MONTH TO DATE  507                       501      6      521
  SINCE DEC 1    507                       501      6      521
  SINCE JUL 1   1832                      2046   -214     2014

 COOLING
  YESTERDAY        0                         0      0        0
  MONTH TO DATE    0                         0      0        0
  SINCE DEC 1      0                         0      0        0
  SINCE JAN 1    582                       491     91      662
..................................................................


WIND (MPH)
  HIGHEST WIND SPEED    10   HIGHEST WIND DIRECTION     N (10)
  HIGHEST GUST SPEED    14   HIGHEST GUST DIRECTION     N (10)
  AVERAGE WIND SPEED     2.8


SKY COVER
  POSSIBLE SUNSHINE  MM
  AVERAGE SKY COVER 1.0


WEATHER CONDITIONS
 THE FOLLOWING WEATHER WAS RECORDED YESTERDAY.
  LIGHT SNOW


RELATIVE HUMIDITY (PERCENT)
 HIGHEST    92           100 AM
 LOWEST     75           100 PM
 AVERAGE    84

..........................................................


THE BURLINGTON VT CLIMATE NORMALS FOR TODAY
                         NORMAL    RECORD    YEAR
 MAXIMUM TEMPERATURE (F)   33        62      1901
 MINIMUM TEMPERATURE (F)   19       -12      1943


SUNRISE AND SUNSET
DECEMBER 15 2014......SUNRISE   722 AM EST   SUNSET   413 PM EST
DECEMBER 16 2014......SUNRISE   723 AM EST   SUNSET   414 PM EST


-  INDICATES NEGATIVE NUMBERS.
R  INDICATES RECORD WAS SET OR TIED.
MM INDICATES DATA IS MISSING.
T  INDICATES TRACE AMOUNT.

&&

LAKE CHAMPLAIN DATA:
LAKE LEVEL..........94.79 FEET
WATER TEMPERATURE...41 DEGREES

MOUNT MANSFIELD DATA:
HIGH TEMPERATURE...22 DEGREES
LOW TEMPERATURE....15 DEGREES
PRECIPITATION......TRACE
NEW SNOW...........TRACE
SNOW AT STAKE......29 INCHES

$$
