000
CDUS41 KBTV 110533
CLIBTV

CLIMATE REPORT
NATIONAL WEATHER SERVICE BURLINGTON VT
1233 AM EST THU JAN 11 2018

...................................

...THE BURLINGTON VT CLIMATE SUMMARY FOR JANUARY 10 2018...

CLIMATE NORMAL PERIOD 1981 TO 2010
CLIMATE RECORD PERIOD 1884 TO 2018


WEATHER ITEM   OBSERVED TIME   RECORD YEAR NORMAL DEPARTURE LAST
                VALUE   (LST)  VALUE       VALUE  FROM      YEAR
                                                  NORMAL
..................................................................
TEMPERATURE (F)
 YESTERDAY
  MAXIMUM         37   1159 PM  53    2016  27     10       39
  MINIMUM         10    816 AM -22    1968  10      0       18
  AVERAGE         24                        19      5       29

PRECIPITATION (IN)
  YESTERDAY        T             0.53 2000   0.07  -0.07      T
  MONTH TO DATE    0.36                      0.66  -0.30     0.31
  SINCE DEC 1      2.54                      3.04  -0.50     2.66
  SINCE JAN 1      0.36                      0.66  -0.30     0.31

SNOWFALL (IN)
  YESTERDAY        0.0           7.0  1997   0.6   -0.6      0.3
  MONTH TO DATE    8.3                       6.7    1.6      0.8
  SINCE DEC 1     31.8                      24.6    7.2     17.5
  SINCE JUL 1     34.8                      30.0    4.8     21.8
  SNOW DEPTH       8

DEGREE DAYS
 HEATING
  YESTERDAY       41                        46     -5       36
  MONTH TO DATE  547                       456     91      401
  SINCE DEC 1   1864                      1670    194     1509
  SINCE JUL 1   3003                      3215   -212     2714

 COOLING
  YESTERDAY        0                         0      0        0
  MONTH TO DATE    0                         0      0        0
  SINCE DEC 1      0                         0      0        0
  SINCE JAN 1      0                         0      0        0
..................................................................


WIND (MPH)
  HIGHEST WIND SPEED    28   HIGHEST WIND DIRECTION     S (190)
  HIGHEST GUST SPEED    46   HIGHEST GUST DIRECTION     S (180)
  AVERAGE WIND SPEED     9.4


SKY COVER
  POSSIBLE SUNSHINE  MM
  AVERAGE SKY COVER 0.5


WEATHER CONDITIONS
 THE FOLLOWING WEATHER WAS RECORDED YESTERDAY.
  NO SIGNIFICANT WEATHER WAS OBSERVED.


RELATIVE HUMIDITY (PERCENT)
 HIGHEST    92           400 AM
 LOWEST     47           300 PM
 AVERAGE    70

..........................................................


THE BURLINGTON VT CLIMATE NORMALS FOR TODAY
                         NORMAL    RECORD    YEAR
 MAXIMUM TEMPERATURE (F)   27        56      1980
 MINIMUM TEMPERATURE (F)   10       -27      1968


SUNRISE AND SUNSET
JANUARY 11 2018.......SUNRISE   727 AM EST   SUNSET   434 PM EST
JANUARY 12 2018.......SUNRISE   727 AM EST   SUNSET   435 PM EST


-  INDICATES NEGATIVE NUMBERS.
R  INDICATES RECORD WAS SET OR TIED.
MM INDICATES DATA IS MISSING.
T  INDICATES TRACE AMOUNT.

&&

LAKE CHAMPLAIN DATA:
LEVEL...............94.54 FEET
TEMPERATURE.........34 DEGREES

MOUNT MANSFIELD DATA:
HIGH................32 DEGREES
LOW.................11 DEGREES
PRECIPITATION.......0.03 INCHES
NEW SNOW............MISSING
SNOW AT STAKE.......MISSING

$$
