000
CDUS41 KBTV 280534
CLIBTV

CLIMATE REPORT
NATIONAL WEATHER SERVICE BURLINGTON VT
133 AM EDT THU AUG 28 2014

...................................

...THE BURLINGTON VT CLIMATE SUMMARY FOR AUGUST 27 2014...

CLIMATE NORMAL PERIOD 1981 TO 2010
CLIMATE RECORD PERIOD 1884 TO 2014


WEATHER ITEM   OBSERVED TIME   RECORD YEAR NORMAL DEPARTURE LAST
                VALUE   (LST)  VALUE       VALUE  FROM      YEAR
                                                  NORMAL
..................................................................
TEMPERATURE (F)
 YESTERDAY
  MAXIMUM         84    205 PM  95    1948  77      7       83
  MINIMUM         67   1159 PM  40    1969  57     10       69
  AVERAGE         76                        67      9       76

PRECIPITATION (IN)
  YESTERDAY        T             0.95 1906   0.11  -0.11      T
  MONTH TO DATE    1.97                      3.47  -1.50     3.07
  SINCE JUN 1     11.86                     11.32   0.54    17.42
  SINCE JAN 1     25.62                     23.63   1.99    32.69

SNOWFALL (IN)
  YESTERDAY        0.0           0.0  2002   0.0    0.0      0.0
                                      2001
  MONTH TO DATE    0.0                       0.0    0.0      0.0
  SINCE JUN 1      0.0                       0.0    0.0      0.0
  SINCE JUL 1      0.0                       0.0    0.0      0.0
  SNOW DEPTH       0

DEGREE DAYS
 HEATING
  YESTERDAY        0                         2     -2        0
  MONTH TO DATE   12                        24    -12        9
  SINCE JUN 1     33                       110    -77       81
  SINCE JUL 1     13                        37    -24       16

 COOLING
  YESTERDAY       11                         4      7       11
  MONTH TO DATE  129                       132     -3      115
  SINCE JUN 1    457                       416     41      515
  SINCE JAN 1    479                       435     44      562
..................................................................


WIND (MPH)
  HIGHEST WIND SPEED    16   HIGHEST WIND DIRECTION     N (350)
  HIGHEST GUST SPEED    23   HIGHEST GUST DIRECTION     S (180)
  AVERAGE WIND SPEED     7.2


SKY COVER
  POSSIBLE SUNSHINE  MM
  AVERAGE SKY COVER 0.6


WEATHER CONDITIONS
 THE FOLLOWING WEATHER WAS RECORDED YESTERDAY.
  LIGHT RAIN


RELATIVE HUMIDITY (PERCENT)
 HIGHEST    70          1000 PM
 LOWEST     51           100 PM
 AVERAGE    61

..........................................................


THE BURLINGTON VT CLIMATE NORMALS FOR TODAY
                         NORMAL    RECORD    YEAR
 MAXIMUM TEMPERATURE (F)   77        94      1952
 MINIMUM TEMPERATURE (F)   57        39      1957
                                             1925


SUNRISE AND SUNSET
AUGUST 28 2014........SUNRISE   611 AM EDT   SUNSET   736 PM EDT
AUGUST 29 2014........SUNRISE   612 AM EDT   SUNSET   734 PM EDT


-  INDICATES NEGATIVE NUMBERS.
R  INDICATES RECORD WAS SET OR TIED.
MM INDICATES DATA IS MISSING.
T  INDICATES TRACE AMOUNT.

&&

LAKE CHAMPLAIN DATA:
LEVEL...............95.53 FEET
TEMPERATURE.........74 DEGREES

MOUNT MANSFIELD DATA:
HIGH................68 DEGREES
LOW.................58 DEGREES
PRECIPITATION.......NONE

$$
