723
CDUS41 KBTV 212028
CLIBTV


CLIMATE REPORT
NATIONAL WEATHER SERVICE BURLINGTON VT
428 PM EDT SAT MAY 21 2016


...................................

...THE BURLINGTON VT CLIMATE SUMMARY FOR MAY 21 2016...
VALID TODAY AS OF 0400 PM LOCAL TIME.

CLIMATE NORMAL PERIOD 1981 TO 2010
CLIMATE RECORD PERIOD 1884 TO 2016


WEATHER ITEM   OBSERVED TIME   RECORD YEAR NORMAL DEPARTURE LAST
                VALUE   (LST)  VALUE       VALUE  FROM      YEAR
                                                  NORMAL
..................................................................
TEMPERATURE (F)
 TODAY
  MAXIMUM         77    133 PM  92    1911  69      8       69
  MINIMUM         48    554 AM  29    1964  47      1       41
  AVERAGE         63                        58      5       55

PRECIPITATION (IN)
  TODAY            0.00          2.38 1889   0.12  -0.12     0.00
  MONTH TO DATE    1.75                      2.23  -0.48     1.31
  SINCE MAR 1      5.81                      7.27  -1.46     4.85
  SINCE JAN 1     10.14                     11.09  -0.95     7.23

SNOWFALL (IN)
  TODAY            0.0           0.0  2002   0.0    0.0      0.0
                                      2001
  MONTH TO DATE    T                         0.0    0.0      0.0
  SINCE MAR 1      5.3                      20.4  -15.1      7.5
  SINCE JUL 1     34.3                      81.2  -46.9     83.4
  SNOW DEPTH       0

DEGREE DAYS
 HEATING
  TODAY            2                         8     -6       10
  MONTH TO DATE  231                       224      7       98
  SINCE MAR 1   1794                      1888    -94     1887
  SINCE JUL 1   6178                      7298  -1120     7404

 COOLING
  TODAY            0                         1     -1        0
  MONTH TO DATE    0                         4     -4       38
  SINCE MAR 1      0                         6     -6       38
  SINCE JAN 1      0                         6     -6       38
..................................................................


WIND (MPH)
  HIGHEST WIND SPEED    13   HIGHEST WIND DIRECTION     S (200)
  HIGHEST GUST SPEED    16   HIGHEST GUST DIRECTION     S (200)
  AVERAGE WIND SPEED     4.2


SKY COVER
  POSSIBLE SUNSHINE  MM
  AVERAGE SKY COVER 0.5


WEATHER CONDITIONS
 THE FOLLOWING WEATHER WAS RECORDED TODAY.
  NO SIGNIFICANT WEATHER WAS OBSERVED.


RELATIVE HUMIDITY (PERCENT)
 HIGHEST    77           500 AM
 LOWEST     27          1200 PM
 AVERAGE    52

..........................................................


THE BURLINGTON VT CLIMATE NORMALS FOR TOMORROW
                         NORMAL    RECORD    YEAR
 MAXIMUM TEMPERATURE (F)   69        93      1977
 MINIMUM TEMPERATURE (F)   47        31      1936


SUNRISE AND SUNSET
MAY 21 2016...........SUNRISE   519 AM EDT   SUNSET   820 PM EDT
MAY 22 2016...........SUNRISE   518 AM EDT   SUNSET   821 PM EDT


-  INDICATES NEGATIVE NUMBERS.
R  INDICATES RECORD WAS SET OR TIED.
MM INDICATES DATA IS MISSING.
T  INDICATES TRACE AMOUNT.

$$
