000
CDUS41 KBTV 190621
CLIBTV


CLIMATE REPORT
NATIONAL WEATHER SERVICE BURLINGTON VT
219 AM EDT SUN MAR 19 2017


...................................

...THE BURLINGTON VT CLIMATE SUMMARY FOR MARCH 18 2017...

CLIMATE NORMAL PERIOD 1981 TO 2010
CLIMATE RECORD PERIOD 1884 TO 2017


WEATHER ITEM   OBSERVED TIME   RECORD YEAR NORMAL DEPARTURE LAST
                VALUE   (LST)  VALUE       VALUE  FROM      YEAR
                                                  NORMAL
..................................................................
TEMPERATURE (F)
 YESTERDAY
  MAXIMUM         40    154 PM  76    2012  41     -1       45
  MINIMUM          5    519 AM  -7    1961  23    -18       25
                                      1885
  AVERAGE         23                        32     -9       35

PRECIPITATION (IN)
  YESTERDAY        0.00          0.74 1928   0.08  -0.08     0.02
  MONTH TO DATE    1.71                      1.24   0.47     1.30
  SINCE MAR 1      1.71                      1.24   0.47     1.30
  SINCE JAN 1      6.38                      5.06   1.32     5.63

SNOWFALL (IN)
  YESTERDAY        0.0          11.4  1928   0.5   -0.5      0.1
  MONTH TO DATE   31.8                      10.7   21.1      1.0
  SINCE MAR 1     31.8                      10.7   21.1      1.0
  SINCE JUL 1     91.0                      71.5   19.5     30.0
  SNOW DEPTH      13

DEGREE DAYS
 HEATING
  YESTERDAY       42                        33      9       30
  MONTH TO DATE  729                       660     69      524
  SINCE MAR 1    729                       660     69      524
  SINCE JUL 1   5107                      6070   -963     4908

 COOLING
  YESTERDAY        0                         0      0        0
  MONTH TO DATE    0                         0      0        0
  SINCE MAR 1      0                         0      0        0
  SINCE JAN 1      0                         0      0        0
..................................................................


WIND (MPH)
  HIGHEST WIND SPEED    12   HIGHEST WIND DIRECTION     W (260)
  HIGHEST GUST SPEED    14   HIGHEST GUST DIRECTION     W (260)
  AVERAGE WIND SPEED     2.8


SKY COVER
  POSSIBLE SUNSHINE  MM
  AVERAGE SKY COVER 0.1


WEATHER CONDITIONS
 THE FOLLOWING WEATHER WAS RECORDED YESTERDAY.
  NO SIGNIFICANT WEATHER WAS OBSERVED.


RELATIVE HUMIDITY (PERCENT)
 HIGHEST    80           300 AM
 LOWEST     30           200 PM
 AVERAGE    55

..........................................................


THE BURLINGTON VT CLIMATE NORMALS FOR TODAY
                         NORMAL    RECORD    YEAR
 MAXIMUM TEMPERATURE (F)   41        79      2012
 MINIMUM TEMPERATURE (F)   23       -10      1993


SUNRISE AND SUNSET
MARCH 19 2017.........SUNRISE   657 AM EDT   SUNSET   704 PM EDT
MARCH 20 2017.........SUNRISE   655 AM EDT   SUNSET   705 PM EDT


-  INDICATES NEGATIVE NUMBERS.
R  INDICATES RECORD WAS SET OR TIED.
MM INDICATES DATA IS MISSING.
T  INDICATES TRACE AMOUNT.


&&

LAKE CHAMPLAIN DATA:
LEVEL...............97.16 FEET
TEMPERATURE.........35 DEGREES

MOUNT MANSFIELD DATA:
HIGH................21 DEGREES
LOW.................4 DEGREES
PRECIPITATION.......NONE
NEW SNOW............NONE
SNOW AT STAKE.......98 INCHES

$$
