000
CDUS41 KBTV 190537
CLIBTV


CLIMATE REPORT
NATIONAL WEATHER SERVICE BURLINGTON VT
136 AM EDT SUN OCT 19 2014


...................................

...THE BURLINGTON VT CLIMATE SUMMARY FOR OCTOBER 18 2014...

CLIMATE NORMAL PERIOD 1981 TO 2010
CLIMATE RECORD PERIOD 1884 TO 2014


WEATHER ITEM   OBSERVED TIME   RECORD YEAR NORMAL DEPARTURE LAST
                VALUE   (LST)  VALUE       VALUE  FROM      YEAR
                                                  NORMAL
..................................................................
TEMPERATURE (F)
 YESTERDAY
  MAXIMUM         63    125 AM  84    1947  56      7       64
  MINIMUM         44   1159 PM  23    1922  38      6       50
  AVERAGE         54                        47      7       57

PRECIPITATION (IN)
  YESTERDAY        0.43          1.49 1990   0.11   0.32     0.40
  MONTH TO DATE    2.76                      2.16   0.60     2.26
  SINCE SEP 1      4.39                      5.80  -1.41     7.00
  SINCE JAN 1     30.09                     29.87   0.22    39.69

SNOWFALL (IN)
  YESTERDAY       MM             0.2  1976   0.0   MM        0.0
  MONTH TO DATE    0.0                       0.0    0.0      0.0
  SINCE SEP 1      0.0                       T      0.0      0.0
  SINCE JUL 1      0.0                       T      0.0      0.0
  SNOW DEPTH       0

DEGREE DAYS
 HEATING
  YESTERDAY       11                        18     -7        8
  MONTH TO DATE  140                       264   -124      128
  SINCE SEP 1    291                       439   -148      323
  SINCE JUL 1    304                       481   -177      339

 COOLING
  YESTERDAY        0                         0      0        0
  MONTH TO DATE   18                         0     18        4
  SINCE SEP 1     89                        41     48       62
  SINCE JAN 1    582                       489     93      662
..................................................................


WIND (MPH)
  HIGHEST WIND SPEED    23   HIGHEST WIND DIRECTION    NW (330)
  HIGHEST GUST SPEED    29   HIGHEST GUST DIRECTION    NW (330)
  AVERAGE WIND SPEED    10.4


SKY COVER
  POSSIBLE SUNSHINE  MM
  AVERAGE SKY COVER 0.9


WEATHER CONDITIONS
 THE FOLLOWING WEATHER WAS RECORDED YESTERDAY.
  RAIN
  LIGHT RAIN
  FOG


RELATIVE HUMIDITY (PERCENT)
 HIGHEST    89          1100 PM
 LOWEST     60          1200 AM
 AVERAGE    75

..........................................................


THE BURLINGTON VT CLIMATE NORMALS FOR TODAY
                         NORMAL    RECORD    YEAR
 MAXIMUM TEMPERATURE (F)   56        80      1963
                                             1947
 MINIMUM TEMPERATURE (F)   38        20      1922


SUNRISE AND SUNSET
OCTOBER 19 2014.......SUNRISE   713 AM EDT   SUNSET   602 PM EDT
OCTOBER 20 2014.......SUNRISE   714 AM EDT   SUNSET   600 PM EDT


-  INDICATES NEGATIVE NUMBERS.
R  INDICATES RECORD WAS SET OR TIED.
MM INDICATES DATA IS MISSING.
T  INDICATES TRACE AMOUNT.

&&

LAKE CHAMPLAIN DATA:
LEVEL...............94.20 FEET
TEMPERATURE.........59 DEGREES

MOUNT MANSFIELD DATA:
HIGH................47 DEGREES
LOW.................41 DEGREES
PRECIPITATION.......0.34 INCHES

$$
