000
CDUS41 KBTV 260540
CLIBTV


CLIMATE REPORT
NATIONAL WEATHER SERVICE BURLINGTON VT
140 AM EDT TUE APR 26 2016


...................................

...THE BURLINGTON VT CLIMATE SUMMARY FOR APRIL 25 2016...

CLIMATE NORMAL PERIOD 1981 TO 2010
CLIMATE RECORD PERIOD 1884 TO 2016


WEATHER ITEM   OBSERVED TIME   RECORD YEAR NORMAL DEPARTURE LAST
                VALUE   (LST)  VALUE       VALUE  FROM      YEAR
                                                  NORMAL
..................................................................
TEMPERATURE (F)
 YESTERDAY
  MAXIMUM         52    240 PM  86    2009  60     -8       51
  MINIMUM         30    343 AM  20    1919  38     -8       35
  AVERAGE         41                        49     -8       43

PRECIPITATION (IN)
  YESTERDAY        0.00          1.09 1945   0.09  -0.09      T
  MONTH TO DATE    1.38                      2.31  -0.93     2.52
  SINCE MAR 1      3.64                      4.53  -0.89     3.42
  SINCE JAN 1      7.97                      8.35  -0.38     5.80

SNOWFALL (IN)
  YESTERDAY        0.0           0.5  1930   0.1   -0.1       T
  MONTH TO DATE    1.4                       4.3   -2.9      3.1
  SINCE MAR 1      3.2                      20.1  -16.9      7.5
  SINCE JUL 1     32.2                      80.9  -48.7     83.4
  SNOW DEPTH       0

DEGREE DAYS
 HEATING
  YESTERDAY       24                        16      8       22
  MONTH TO DATE  576                       536     40      521
  SINCE MAR 1   1443                      1590   -147     1711
  SINCE JUL 1   5827                      7000  -1173     7228

 COOLING
  YESTERDAY        0                         0      0        0
  MONTH TO DATE    0                         0      0        0
  SINCE MAR 1      0                         0      0        0
  SINCE JAN 1      0                         0      0        0
..................................................................


WIND (MPH)
  HIGHEST WIND SPEED    17   HIGHEST WIND DIRECTION     N (360)
  HIGHEST GUST SPEED    21   HIGHEST GUST DIRECTION     N (350)
  AVERAGE WIND SPEED     6.3


SKY COVER
  POSSIBLE SUNSHINE  MM
  AVERAGE SKY COVER 0.5


WEATHER CONDITIONS
 THE FOLLOWING WEATHER WAS RECORDED YESTERDAY.
  NO SIGNIFICANT WEATHER WAS OBSERVED.


RELATIVE HUMIDITY (PERCENT)
 HIGHEST    63           300 AM
 LOWEST     23           600 PM
 AVERAGE    43

..........................................................


THE BURLINGTON VT CLIMATE NORMALS FOR TODAY
                         NORMAL    RECORD    YEAR
 MAXIMUM TEMPERATURE (F)   60        84      1913
 MINIMUM TEMPERATURE (F)   39        20      1919


SUNRISE AND SUNSET
APRIL 26 2016.........SUNRISE   550 AM EDT   SUNSET   751 PM EDT
APRIL 27 2016.........SUNRISE   548 AM EDT   SUNSET   753 PM EDT


-  INDICATES NEGATIVE NUMBERS.
R  INDICATES RECORD WAS SET OR TIED.
MM INDICATES DATA IS MISSING.
T  INDICATES TRACE AMOUNT.

&&

LAKE CHAMPLAIN DATA:
LEVEL...............97.63 FEET
TEMPERATURE.........40 DEGREES

MOUNT MANSFIELD DATA:
HIGH................36 DEGREES
LOW.................24 DEGREES
PRECIPITATION.......NONE
NEW SNOW............NONE
SNOW AT STAKE.......24 INCHES

$$
