000
CDUS41 KBTV 241245
CLIBTV


CLIMATE REPORT
NATIONAL WEATHER SERVICE BURLINGTON VT
845 AM EDT FRI JUL 24 2015


...................................

...THE BURLINGTON VT CLIMATE SUMMARY FOR JULY 23 2015...

CLIMATE NORMAL PERIOD 1981 TO 2010
CLIMATE RECORD PERIOD 1884 TO 2015


WEATHER ITEM   OBSERVED TIME   RECORD YEAR NORMAL DEPARTURE LAST
                VALUE   (LST)  VALUE       VALUE  FROM      YEAR
                                                  NORMAL
..................................................................
TEMPERATURE (F)
 YESTERDAY
  MAXIMUM         77    412 PM  93    2011  81     -4       87
                                      1952
  MINIMUM         63    402 AM  46    1977  61      2       69
                                      1923
  AVERAGE         70                        71     -1       78

PRECIPITATION (IN)
  YESTERDAY        0.00          1.94 1948   0.14  -0.14     0.14
  MONTH TO DATE    4.14                      3.08   1.06     2.56
  SINCE JUN 1     12.81                      6.77   6.04     6.91
  SINCE JAN 1     21.65                     19.08   2.57    20.67

SNOWFALL (IN)
  YESTERDAY        0.0           0.0  2002   0.0    0.0      0.0
                                      2001
  MONTH TO DATE    0.0                       0.0    0.0      0.0
  SINCE JUN 1      0.0                       0.0    0.0      0.0
  SINCE JUL 1      0.0                       0.0    0.0      0.0
  SNOW DEPTH       0

DEGREE DAYS
 HEATING
  YESTERDAY        0                         0      0        0
  MONTH TO DATE    5                         8     -3        0
  SINCE JUN 1     76                        81     -5       20
  SINCE JUL 1      5                         8     -3        0

 COOLING
  YESTERDAY        5                         6     -1       13
  MONTH TO DATE  140                       138      2      193
  SINCE JUN 1    215                       235    -20      313
  SINCE JAN 1    308                       254     54      335
..................................................................


WIND (MPH)
  HIGHEST WIND SPEED    15   HIGHEST WIND DIRECTION    NW (310)
  HIGHEST GUST SPEED    20   HIGHEST GUST DIRECTION     N (340)
  AVERAGE WIND SPEED     5.1


SKY COVER
  POSSIBLE SUNSHINE  MM
  AVERAGE SKY COVER 0.7


WEATHER CONDITIONS
 THE FOLLOWING WEATHER WAS RECORDED YESTERDAY.
  NO SIGNIFICANT WEATHER WAS OBSERVED.


RELATIVE HUMIDITY (PERCENT)
 HIGHEST    90           300 AM
 LOWEST     41           400 PM
 AVERAGE    66

..........................................................


THE BURLINGTON VT CLIMATE NORMALS FOR TODAY
                         NORMAL    RECORD    YEAR
 MAXIMUM TEMPERATURE (F)   81        95      1987
 MINIMUM TEMPERATURE (F)   61        45      1912


SUNRISE AND SUNSET
JULY 24 2015..........SUNRISE   531 AM EDT   SUNSET   827 PM EDT
JULY 25 2015..........SUNRISE   532 AM EDT   SUNSET   826 PM EDT


-  INDICATES NEGATIVE NUMBERS.
R  INDICATES RECORD WAS SET OR TIED.
MM INDICATES DATA IS MISSING.
T  INDICATES TRACE AMOUNT.




$$
