000
CDUS41 KBTV 072135
CLIBTV


CLIMATE REPORT
NATIONAL WEATHER SERVICE BURLINGTON VT
435 PM EST SAT JAN 7 2017


...................................

...THE BURLINGTON VT CLIMATE SUMMARY FOR JANUARY 7 2017...
VALID TODAY AS OF 0400 PM LOCAL TIME.

CLIMATE NORMAL PERIOD 1981 TO 2010
CLIMATE RECORD PERIOD 1884 TO 2017


WEATHER ITEM   OBSERVED TIME   RECORD YEAR NORMAL DEPARTURE LAST
                VALUE   (LST)  VALUE       VALUE  FROM      YEAR
                                                  NORMAL
..................................................................
TEMPERATURE (F)
 TODAY
  MAXIMUM         24    108 PM  54    1946  27     -3       37
  MINIMUM         16    709 AM -19    1923  11      5       11
                                      1912
  AVERAGE         20                        19      1       24

PRECIPITATION (IN)
  TODAY            T             0.65 1889   0.07  -0.07     0.00
  MONTH TO DATE    0.31                      0.47  -0.16     0.05
  SINCE DEC 1      2.66                      2.85  -0.19     4.49
  SINCE JAN 1      0.31                      0.47  -0.16     0.05

SNOWFALL (IN)
  TODAY            T             5.5  1977   0.6   -0.6      0.0
                                      1913
  MONTH TO DATE    0.3                       4.7   -4.4      4.8
  SINCE DEC 1     17.0                      22.6   -5.6     11.9
  SINCE JUL 1     21.3                      28.0   -6.7     12.1
  SNOW DEPTH       0

DEGREE DAYS
 HEATING
  TODAY           45                        46     -1       41
  MONTH TO DATE  253                       318    -65      295
  SINCE DEC 1   1361                      1532   -171     1089
  SINCE JUL 1   2566                      3077   -511     2328

 COOLING
  TODAY            0                         0      0        0
  MONTH TO DATE    0                         0      0        0
  SINCE DEC 1      0                         0      0        0
  SINCE JAN 1      0                         0      0        0
..................................................................


WIND (MPH)
  HIGHEST WIND SPEED    14   HIGHEST WIND DIRECTION     N (360)
  HIGHEST GUST SPEED    18   HIGHEST GUST DIRECTION    NW (330)
  AVERAGE WIND SPEED     4.3


SKY COVER
  POSSIBLE SUNSHINE  MM
  AVERAGE SKY COVER 0.7


WEATHER CONDITIONS
 THE FOLLOWING WEATHER WAS RECORDED TODAY.
  LIGHT SNOW


RELATIVE HUMIDITY (PERCENT)
 HIGHEST    67           300 AM
 LOWEST     56           400 PM
 AVERAGE    62

..........................................................


THE BURLINGTON VT CLIMATE NORMALS FOR TOMORROW
                         NORMAL    RECORD    YEAR
 MAXIMUM TEMPERATURE (F)   27        63      2008
 MINIMUM TEMPERATURE (F)   11       -21      1968


SUNRISE AND SUNSET
JANUARY  7 2017.......SUNRISE   728 AM EST   SUNSET   430 PM EST
JANUARY  8 2017.......SUNRISE   728 AM EST   SUNSET   431 PM EST


-  INDICATES NEGATIVE NUMBERS.
R  INDICATES RECORD WAS SET OR TIED.
MM INDICATES DATA IS MISSING.
T  INDICATES TRACE AMOUNT.

$$
