342
CDUS41 KBTV 240524
CLIBTV


CLIMATE REPORT
NATIONAL WEATHER SERVICE BURLINGTON VT
122 AM EDT WED AUG 24 2016


...................................

...THE BURLINGTON VT CLIMATE SUMMARY FOR AUGUST 23 2016...

CLIMATE NORMAL PERIOD 1981 TO 2010
CLIMATE RECORD PERIOD 1884 TO 2016


WEATHER ITEM   OBSERVED TIME   RECORD YEAR NORMAL DEPARTURE LAST
                VALUE   (LST)  VALUE       VALUE  FROM      YEAR
                                                  NORMAL
..................................................................
TEMPERATURE (F)
 YESTERDAY
  MAXIMUM         80    431 PM  93    1947  78      2       84
  MINIMUM         52    525 AM  43    1988  58     -6       60
  AVERAGE         66                        68     -2       72

PRECIPITATION (IN)
  YESTERDAY        0.00          1.88 1890   0.12  -0.12     0.00
  MONTH TO DATE    2.01                      3.03  -1.02     1.96
  SINCE JUN 1      8.11                     10.88  -2.77    15.30
  SINCE JAN 1     18.96                     23.19  -4.23    24.14

SNOWFALL (IN)
  YESTERDAY        0.0           0.0  2002   0.0    0.0      0.0
                                      2001
  MONTH TO DATE    0.0                       0.0    0.0      0.0
  SINCE JUN 1      0.0                       0.0    0.0      0.0
  SINCE JUL 1      0.0                       0.0    0.0      0.0
  SNOW DEPTH       0

DEGREE DAYS
 HEATING
  YESTERDAY        0                         1     -1        0
  MONTH TO DATE    2                        19    -17        1
  SINCE JUN 1     53                       105    -52       77
  SINCE JUL 1      5                        32    -27        6

 COOLING
  YESTERDAY        1                         4     -3        7
  MONTH TO DATE  211                       116     95      187
  SINCE JUN 1    600                       400    200      481
  SINCE JAN 1    672                       419    253      574
..................................................................


WIND (MPH)
  HIGHEST WIND SPEED    16   HIGHEST WIND DIRECTION     S (180)
  HIGHEST GUST SPEED    20   HIGHEST GUST DIRECTION     S (180)
  AVERAGE WIND SPEED     7.0


SKY COVER
  POSSIBLE SUNSHINE  MM
  AVERAGE SKY COVER 0.1


WEATHER CONDITIONS
 THE FOLLOWING WEATHER WAS RECORDED YESTERDAY.
  NO SIGNIFICANT WEATHER WAS OBSERVED.


RELATIVE HUMIDITY (PERCENT)
 HIGHEST    89           100 AM
 LOWEST     36           300 PM
 AVERAGE    63

..........................................................


THE BURLINGTON VT CLIMATE NORMALS FOR TODAY
                         NORMAL    RECORD    YEAR
 MAXIMUM TEMPERATURE (F)   78        97      1947
 MINIMUM TEMPERATURE (F)   58        40      1923


SUNRISE AND SUNSET
AUGUST 24 2016........SUNRISE   606 AM EDT   SUNSET   742 PM EDT
AUGUST 25 2016........SUNRISE   608 AM EDT   SUNSET   741 PM EDT


-  INDICATES NEGATIVE NUMBERS.
R  INDICATES RECORD WAS SET OR TIED.
MM INDICATES DATA IS MISSING.
T  INDICATES TRACE AMOUNT.

&&

LAKE CHAMPLAIN DATA:
LEVEL...............94.40 FEET
TEMPERATURE.........72 DEGREES

MOUNT MANSFIELD DATA:
HIGH................62 DEGREES
LOW.................45 DEGREES
PRECIPITATION.......NONE

$$
