000
CDUS41 KBTV 170555
CLIBTV

CLIMATE REPORT
NATIONAL WEATHER SERVICE BURLINGTON VT
153 AM EDT FRI OCT 17 2014

...................................

...THE BURLINGTON VT CLIMATE SUMMARY FOR OCTOBER 16 2014...

CLIMATE NORMAL PERIOD 1981 TO 2010
CLIMATE RECORD PERIOD 1884 TO 2014


WEATHER ITEM   OBSERVED TIME   RECORD YEAR NORMAL DEPARTURE LAST
                VALUE   (LST)  VALUE       VALUE  FROM      YEAR
                                                  NORMAL
..................................................................
TEMPERATURE (F)
 YESTERDAY
  MAXIMUM         75    205 PM  84    1947  57     18       66
  MINIMUM         63   1159 PM  24    1978  39     24       52
  AVERAGE         69                        48     21       59

PRECIPITATION (IN)
  YESTERDAY        1.12          1.41 2002   0.11   1.01     0.04
  MONTH TO DATE    2.33                      1.94   0.39     1.57
  SINCE SEP 1      3.96                      5.58  -1.62     6.31
  SINCE JAN 1     29.66                     29.65   0.01    39.00

SNOWFALL (IN)
  YESTERDAY        0.0           0.1  1973   0.0    0.0      0.0
  MONTH TO DATE    0.0                       0.0    0.0      0.0
  SINCE SEP 1      0.0                       T      0.0      0.0
  SINCE JUL 1      0.0                       T      0.0      0.0
  SNOW DEPTH       0

DEGREE DAYS
 HEATING
  YESTERDAY        0                        17    -17        6
  MONTH TO DATE  129                       229   -100      116
  SINCE SEP 1    280                       404   -124      311
  SINCE JUL 1    293                       446   -153      327

 COOLING
  YESTERDAY        4                         0      4        0
  MONTH TO DATE   18                         0     18        4
  SINCE SEP 1     89                        41     48       62
  SINCE JAN 1    582                       489     93      662
..................................................................


WIND (MPH)
  HIGHEST WIND SPEED    18   HIGHEST WIND DIRECTION    SE (130)
  HIGHEST GUST SPEED    24   HIGHEST GUST DIRECTION    SE (130)
  AVERAGE WIND SPEED     7.5


SKY COVER
  POSSIBLE SUNSHINE  MM
  AVERAGE SKY COVER 0.9


WEATHER CONDITIONS
 THE FOLLOWING WEATHER WAS RECORDED YESTERDAY.
  HEAVY RAIN
  RAIN
  LIGHT RAIN
  FOG


RELATIVE HUMIDITY (PERCENT)
 HIGHEST    90          1000 AM
 LOWEST     69           200 PM
 AVERAGE    80

..........................................................


THE BURLINGTON VT CLIMATE NORMALS FOR TODAY
                         NORMAL    RECORD    YEAR
 MAXIMUM TEMPERATURE (F)   57        85      1947
 MINIMUM TEMPERATURE (F)   39        23      1978
                                             1937


SUNRISE AND SUNSET
OCTOBER 17 2014.......SUNRISE   710 AM EDT   SUNSET   605 PM EDT
OCTOBER 18 2014.......SUNRISE   711 AM EDT   SUNSET   603 PM EDT


-  INDICATES NEGATIVE NUMBERS.
R  INDICATES RECORD WAS SET OR TIED.
MM INDICATES DATA IS MISSING.
T  INDICATES TRACE AMOUNT.

&&

LAKE CHAMPLAIN DATA:
LEVEL...............94.14 FEET
TEMPERATURE.........60 DEGREES

MOUNT MANSFIELD DATA:
HIGH................63 DEGREES
LOW.................56 DEGREES
PRECIPITATION.......0.90 INCHES

$$
