868
CDUS41 KBTV 030631
CLIBTV


CLIMATE REPORT
NATIONAL WEATHER SERVICE BURLINGTON VT
127 AM EST WED FEB 3 2016


...................................

...THE BURLINGTON VT CLIMATE SUMMARY FOR FEBRUARY 2 2016...

CLIMATE NORMAL PERIOD 1981 TO 2010
CLIMATE RECORD PERIOD 1884 TO 2016


WEATHER ITEM   OBSERVED TIME   RECORD YEAR NORMAL DEPARTURE LAST
                VALUE   (LST)  VALUE       VALUE  FROM      YEAR
                                                  NORMAL
..................................................................
TEMPERATURE (F)
 YESTERDAY
  MAXIMUM         39   1207 AM  47    1981  28     11        0
  MINIMUM         26    953 PM -25    1962  10     16       -3
  AVERAGE         33                        19     14       -1

PRECIPITATION (IN)
  YESTERDAY        T             1.75 1981   0.06  -0.06     0.37
  MONTH TO DATE    T                         0.13  -0.13     0.37
  SINCE DEC 1      5.63                      4.57   1.06     4.51
  SINCE JAN 1      1.19                      2.19  -1.00     1.66

SNOWFALL (IN)
  YESTERDAY        0.0          11.3  2011   0.6   -0.6      6.4
  MONTH TO DATE    0.0                       1.2   -1.2      6.4
  SINCE DEC 1     20.2                      40.2  -20.0     49.0
  SINCE JUL 1     20.4                      45.6  -25.2     59.6
  SNOW DEPTH       0

DEGREE DAYS
 HEATING
  YESTERDAY       32                        46    -14       66
  MONTH TO DATE   55                        92    -37      129
  SINCE DEC 1   2084                      2741   -657     2722
  SINCE JUL 1   3323                      4286   -963     4047

 COOLING
  YESTERDAY        0                         0      0        0
  MONTH TO DATE    0                         0      0        0
  SINCE DEC 1      0                         0      0        0
  SINCE JAN 1      0                         0      0        0
..................................................................


WIND (MPH)
  HIGHEST WIND SPEED    15   HIGHEST WIND DIRECTION     N (340)
  HIGHEST GUST SPEED    18   HIGHEST GUST DIRECTION    NW (330)
  AVERAGE WIND SPEED     5.9


SKY COVER
  POSSIBLE SUNSHINE  MM
  AVERAGE SKY COVER 0.6


WEATHER CONDITIONS
 THE FOLLOWING WEATHER WAS RECORDED YESTERDAY.
  LIGHT SNOW


RELATIVE HUMIDITY (PERCENT)
 HIGHEST    70           300 AM
 LOWEST     51           300 PM
 AVERAGE    61

..........................................................


THE BURLINGTON VT CLIMATE NORMALS FOR TODAY
                         NORMAL    RECORD    YEAR
 MAXIMUM TEMPERATURE (F)   28        49      1991
 MINIMUM TEMPERATURE (F)   10       -25      1971


SUNRISE AND SUNSET
FEBRUARY  3 2016......SUNRISE   709 AM EST   SUNSET   504 PM EST
FEBRUARY  4 2016......SUNRISE   708 AM EST   SUNSET   505 PM EST


-  INDICATES NEGATIVE NUMBERS.
R  INDICATES RECORD WAS SET OR TIED.
MM INDICATES DATA IS MISSING.
T  INDICATES TRACE AMOUNT.







&&

LAKE CHAMPLAIN DATA:
LEVEL...............95.76 FEET
TEMPERATURE.........38 DEGREES

MOUNT MANSFIELD DATA:
HIGH................26 DEGREES
LOW.................14 DEGREES
PRECIPITATION.......0.03 INCHES
NEW SNOW............TRACE
SNOW AT STAKE.......23 INCHES

$$
