000
CDUS41 KBTV 170648
CLIBTV


CLIMATE REPORT
NATIONAL WEATHER SERVICE BURLINGTON VT
246 AM EDT TUE MAY 17 2016


...................................

...THE BURLINGTON VT CLIMATE SUMMARY FOR MAY 16 2016...

CLIMATE NORMAL PERIOD 1981 TO 2010
CLIMATE RECORD PERIOD 1884 TO 2016


WEATHER ITEM   OBSERVED TIME   RECORD YEAR NORMAL DEPARTURE LAST
                VALUE   (LST)  VALUE       VALUE  FROM      YEAR
                                                  NORMAL
..................................................................
TEMPERATURE (F)
 YESTERDAY
  MAXIMUM         52    651 PM  88    1932  67    -15       76
  MINIMUM         37   1122 PM  29    1987  45     -8       58
                                      1936
  AVERAGE         45                        56    -11       67

PRECIPITATION (IN)
  YESTERDAY        T             1.03 2009   0.10  -0.10     0.10
  MONTH TO DATE    1.75                      1.65   0.10     1.30
  SINCE MAR 1      5.81                      6.69  -0.88     4.84
  SINCE JAN 1     10.14                     10.51  -0.37     7.22

SNOWFALL (IN)
  YESTERDAY        0.0           T    1967   0.0    0.0      0.0
                                      1956
  MONTH TO DATE    T                         0.0    0.0      0.0
  SINCE MAR 1      5.3                      20.4  -15.1      7.5
  SINCE JUL 1     34.3                      81.2  -46.9     83.4
  SNOW DEPTH       0

DEGREE DAYS
 HEATING
  YESTERDAY       20                         9     11        0
  MONTH TO DATE  195                       182     13       75
  SINCE MAR 1   1758                      1846    -88     1864
  SINCE JUL 1   6142                      7256  -1114     7381

 COOLING
  YESTERDAY        0                         0      0        2
  MONTH TO DATE    0                         0      0       27
  SINCE MAR 1      0                         2     -2       27
  SINCE JAN 1      0                         2     -2       27
..................................................................


WIND (MPH)
  HIGHEST WIND SPEED    20   HIGHEST WIND DIRECTION    NW (300)
  HIGHEST GUST SPEED    28   HIGHEST GUST DIRECTION     W (250)
  AVERAGE WIND SPEED    10.7


SKY COVER
  POSSIBLE SUNSHINE  MM
  AVERAGE SKY COVER 0.8


WEATHER CONDITIONS
 THE FOLLOWING WEATHER WAS RECORDED YESTERDAY.
  LIGHT RAIN
  SNOW


RELATIVE HUMIDITY (PERCENT)
 HIGHEST    64          1200 AM
 LOWEST     35           500 PM
 AVERAGE    50

..........................................................


THE BURLINGTON VT CLIMATE NORMALS FOR TODAY
                         NORMAL    RECORD    YEAR
 MAXIMUM TEMPERATURE (F)   68        90      1977
 MINIMUM TEMPERATURE (F)   46        29      1957


SUNRISE AND SUNSET
MAY 17 2016...........SUNRISE   523 AM EDT   SUNSET   816 PM EDT
MAY 18 2016...........SUNRISE   522 AM EDT   SUNSET   817 PM EDT


-  INDICATES NEGATIVE NUMBERS.
R  INDICATES RECORD WAS SET OR TIED.
MM INDICATES DATA IS MISSING.
T  INDICATES TRACE AMOUNT.







&&

LAKE CHAMPLAIN DATA:
LEVEL...............96.66 FEET
TEMPERATURE.........49 DEGREES

MOUNT MANSFIELD DATA:
HIGH................30 DEGREES
LOW.................20 DEGREES
PRECIPITATION.......0.82 INCHES
NEW SNOW............5.6 INCHES
SNOW AT STAKE.......18 INCHES

$$
