000
CDUS41 KBTV 102141
CLIBTV


CLIMATE REPORT
NATIONAL WEATHER SERVICE BURLINGTON VT
440 PM EST TUE JAN 10 2017


...................................

...THE BURLINGTON VT CLIMATE SUMMARY FOR JANUARY 10 2017...
VALID TODAY AS OF 0400 PM LOCAL TIME.

CLIMATE NORMAL PERIOD 1981 TO 2010
CLIMATE RECORD PERIOD 1884 TO 2017


WEATHER ITEM   OBSERVED TIME   RECORD YEAR NORMAL DEPARTURE LAST
                VALUE   (LST)  VALUE       VALUE  FROM      YEAR
                                                  NORMAL
..................................................................
TEMPERATURE (F)
 TODAY
  MAXIMUM         29    359 PM  53    2016  27      2       53
  MINIMUM         18    627 AM -22    1968  10      8       38
  AVERAGE         24                        19      5       46

PRECIPITATION (IN)
  TODAY            0.00          0.53 2000   0.07  -0.07     0.50
  MONTH TO DATE    0.31                      0.66  -0.35     0.55
  SINCE DEC 1      2.66                      3.04  -0.38     4.99
  SINCE JAN 1      0.31                      0.66  -0.35     0.55

SNOWFALL (IN)
  TODAY            0.0           7.0  1997   0.6   -0.6      0.0
  MONTH TO DATE    0.5                       6.7   -6.2      4.8
  SINCE DEC 1     17.2                      24.6   -7.4     11.9
  SINCE JUL 1     21.5                      30.0   -8.5     12.1
  SNOW DEPTH       0

DEGREE DAYS
 HEATING
  TODAY           41                        46     -5       19
  MONTH TO DATE  406                       456    -50      378
  SINCE DEC 1   1514                      1670   -156     1172
  SINCE JUL 1   2719                      3215   -496     2411

 COOLING
  TODAY            0                         0      0        0
  MONTH TO DATE    0                         0      0        0
  SINCE DEC 1      0                         0      0        0
  SINCE JAN 1      0                         0      0        0
..................................................................


WIND (MPH)
  HIGHEST WIND SPEED    21   HIGHEST WIND DIRECTION     S (170)
  HIGHEST GUST SPEED    29   HIGHEST GUST DIRECTION     S (180)
  AVERAGE WIND SPEED    13.2


SKY COVER
  POSSIBLE SUNSHINE  MM
  AVERAGE SKY COVER 0.6


WEATHER CONDITIONS
 THE FOLLOWING WEATHER WAS RECORDED TODAY.
  NO SIGNIFICANT WEATHER WAS OBSERVED.


RELATIVE HUMIDITY (PERCENT)
 HIGHEST    56           400 AM
 LOWEST     39           200 PM
 AVERAGE    48

..........................................................


THE BURLINGTON VT CLIMATE NORMALS FOR TOMORROW
                         NORMAL    RECORD    YEAR
 MAXIMUM TEMPERATURE (F)   27        56      1980
 MINIMUM TEMPERATURE (F)   10       -27      1968


SUNRISE AND SUNSET
JANUARY 10 2017.......SUNRISE   728 AM EST   SUNSET   433 PM EST
JANUARY 11 2017.......SUNRISE   727 AM EST   SUNSET   434 PM EST


-  INDICATES NEGATIVE NUMBERS.
R  INDICATES RECORD WAS SET OR TIED.
MM INDICATES DATA IS MISSING.
T  INDICATES TRACE AMOUNT.

$$
