000
CDUS41 KBTV 040530
CLIBTV


CLIMATE REPORT
NATIONAL WEATHER SERVICE BURLINGTON VT
1230 AM EST SUN DEC 4 2016


...................................

...THE BURLINGTON VT CLIMATE SUMMARY FOR DECEMBER 3 2016...

CLIMATE NORMAL PERIOD 1981 TO 2010
CLIMATE RECORD PERIOD 1884 TO 2016


WEATHER ITEM   OBSERVED TIME   RECORD YEAR NORMAL DEPARTURE LAST
                VALUE   (LST)  VALUE       VALUE  FROM      YEAR
                                                  NORMAL
..................................................................
TEMPERATURE (F)
 YESTERDAY
  MAXIMUM         38    256 AM  59    2009  38      0       42
  MINIMUM         33   1159 PM -15    1940  25      8       37
  AVERAGE         36                        31      5       40

PRECIPITATION (IN)
  YESTERDAY        T             0.77 2009   0.09  -0.09     0.11
  MONTH TO DATE    0.44                      0.27   0.17     1.41
  SINCE DEC 1      0.44                      0.27   0.17     1.41
  SINCE JAN 1     25.82                     34.71  -8.89    34.81

SNOWFALL (IN)
  YESTERDAY        T             5.7  2007   0.4   -0.4      0.0
  MONTH TO DATE    T                         1.3   -1.3      0.0
  SINCE DEC 1      T                         1.3   -1.3      0.0
  SINCE JUL 1      4.3                       6.7   -2.4      0.2
  SNOW DEPTH       0

DEGREE DAYS
 HEATING
  YESTERDAY       29                        34     -5       25
  MONTH TO DATE   69                       100    -31       81
  SINCE DEC 1     69                       100    -31       81
  SINCE JUL 1   1274                      1645   -371     1320

 COOLING
  YESTERDAY        0                         0      0        0
  MONTH TO DATE    0                         0      0        0
  SINCE DEC 1      0                         0      0        0
  SINCE JAN 1    855                       491    364      768
..................................................................


WIND (MPH)
  HIGHEST WIND SPEED    22   HIGHEST WIND DIRECTION    NW (330)
  HIGHEST GUST SPEED    29   HIGHEST GUST DIRECTION    NW (310)
  AVERAGE WIND SPEED    14.0


SKY COVER
  POSSIBLE SUNSHINE  MM
  AVERAGE SKY COVER 1.0


WEATHER CONDITIONS
 THE FOLLOWING WEATHER WAS RECORDED YESTERDAY.
  LIGHT SNOW


RELATIVE HUMIDITY (PERCENT)
 HIGHEST    82          1200 PM
 LOWEST     64           600 PM
 AVERAGE    73

..........................................................


THE BURLINGTON VT CLIMATE NORMALS FOR TODAY
                         NORMAL    RECORD    YEAR
 MAXIMUM TEMPERATURE (F)   38        65      1982
 MINIMUM TEMPERATURE (F)   24       -17      1940


SUNRISE AND SUNSET
DECEMBER  4 2016......SUNRISE   713 AM EST   SUNSET   413 PM EST
DECEMBER  5 2016......SUNRISE   714 AM EST   SUNSET   413 PM EST


-  INDICATES NEGATIVE NUMBERS.
R  INDICATES RECORD WAS SET OR TIED.
MM INDICATES DATA IS MISSING.
T  INDICATES TRACE AMOUNT.




$$
