000
CDUS41 KBTV 210623
CLIBTV


CLIMATE REPORT
NATIONAL WEATHER SERVICE BURLINGTON VT
221 AM EDT THU APR 21 2016


...................................

...THE BURLINGTON VT CLIMATE SUMMARY FOR APRIL 20 2016...

CLIMATE NORMAL PERIOD 1981 TO 2010
CLIMATE RECORD PERIOD 1884 TO 2016


WEATHER ITEM   OBSERVED TIME   RECORD YEAR NORMAL DEPARTURE LAST
                VALUE   (LST)  VALUE       VALUE  FROM      YEAR
                                                  NORMAL
..................................................................
TEMPERATURE (F)
 YESTERDAY
  MAXIMUM         56    456 PM  86    1941  57     -1       53
  MINIMUM         36   1159 PM  16    1897  37     -1       41
  AVERAGE         46                        47     -1       47

PRECIPITATION (IN)
  YESTERDAY        0.00          0.95 2011   0.09  -0.09     0.23
  MONTH TO DATE    1.20                      1.84  -0.64     1.48
  SINCE MAR 1      3.46                      4.06  -0.60     2.38
  SINCE JAN 1      7.79                      7.88  -0.09     4.76

SNOWFALL (IN)
  YESTERDAY        0.0           4.6  1953   0.1   -0.1      0.0
  MONTH TO DATE    1.4                       3.7   -2.3      3.1
  SINCE MAR 1      3.2                      19.5  -16.3      7.5
  SINCE JUL 1     32.2                      80.3  -48.1     83.4
  SNOW DEPTH       0

DEGREE DAYS
 HEATING
  YESTERDAY       19                        18      1       18
  MONTH TO DATE  496                       451     45      416
  SINCE MAR 1   1363                      1505   -142     1606
  SINCE JUL 1   5747                      6915  -1168     7123

 COOLING
  YESTERDAY        0                         0      0        0
  MONTH TO DATE    0                         0      0        0
  SINCE MAR 1      0                         0      0        0
  SINCE JAN 1      0                         0      0        0
..................................................................


WIND (MPH)
  HIGHEST WIND SPEED    17   HIGHEST WIND DIRECTION     N (20)
  HIGHEST GUST SPEED    23   HIGHEST GUST DIRECTION     N (360)
  AVERAGE WIND SPEED     7.4


SKY COVER
  POSSIBLE SUNSHINE  MM
  AVERAGE SKY COVER 0.1


WEATHER CONDITIONS
 THE FOLLOWING WEATHER WAS RECORDED YESTERDAY.
  NO SIGNIFICANT WEATHER WAS OBSERVED.


RELATIVE HUMIDITY (PERCENT)
 HIGHEST    50          1000 PM
 LOWEST     16           500 PM
 AVERAGE    33

..........................................................


THE BURLINGTON VT CLIMATE NORMALS FOR TODAY
                         NORMAL    RECORD    YEAR
 MAXIMUM TEMPERATURE (F)   58        83      1987
                                             1977
 MINIMUM TEMPERATURE (F)   37        18      1908


SUNRISE AND SUNSET
APRIL 21 2016.........SUNRISE   558 AM EDT   SUNSET   745 PM EDT
APRIL 22 2016.........SUNRISE   556 AM EDT   SUNSET   746 PM EDT


-  INDICATES NEGATIVE NUMBERS.
R  INDICATES RECORD WAS SET OR TIED.
MM INDICATES DATA IS MISSING.
T  INDICATES TRACE AMOUNT.

&&

LAKE CHAMPLAIN DATA:
LEVEL...............98.00 FEET
TEMPERATURE.........38 DEGREES

MOUNT MANSFIELD DATA:
HIGH................46 DEGREES
LOW.................20 DEGREES
PRECIPITATION.......NONE
NEW SNOW............NONE
SNOW AT STAKE.......30 INCHES

$$
