000
CDUS41 KBTV 232219
CLIBTV


CLIMATE REPORT
NATIONAL WEATHER SERVICE BURLINGTON VT
518 PM EST FRI JAN 23 2015


...................................

...THE BURLINGTON VT CLIMATE SUMMARY FOR JANUARY 23 2015...
VALID TODAY AS OF 0500 PM LOCAL TIME.

CLIMATE NORMAL PERIOD 1981 TO 2010
CLIMATE RECORD PERIOD 1884 TO 2015


WEATHER ITEM   OBSERVED TIME   RECORD YEAR NORMAL DEPARTURE LAST
                VALUE   (LST)  VALUE       VALUE  FROM      YEAR
                                                  NORMAL
..................................................................
TEMPERATURE (F)
 TODAY
  MAXIMUM         30    400 PM  64    1906  27      3        9
  MINIMUM          9    433 AM -19    1970  10     -1      -15
  AVERAGE         20                        18      2       -3

PRECIPITATION (IN)
  TODAY            T             0.79 1983   0.07  -0.07     0.00
  MONTH TO DATE    1.05                      1.53  -0.48     2.45
  SINCE DEC 1      3.90                      3.91  -0.01     4.99
  SINCE JAN 1      1.05                      1.53  -0.48     2.45

SNOWFALL (IN)
  TODAY           MM             6.9  1998   0.7   MM        0.0
  MONTH TO DATE    8.7                      15.6   -6.9     12.5
  SINCE DEC 1     30.6                      33.5   -2.9     27.8
  SINCE JUL 1     41.2                      38.9    2.3     34.2
  SNOW DEPTH       1

DEGREE DAYS
 HEATING
  TODAY           45                        47     -2       68
  MONTH TO DATE 1098                      1066     32     1046
  SINCE DEC 1   2176                      2280   -104     2326
  SINCE JUL 1   3501                      3825   -324     3819

 COOLING
  TODAY            0                         0      0        0
  MONTH TO DATE    0                         0      0        0
  SINCE DEC 1      0                         0      0        0
  SINCE JAN 1      0                         0      0        0
..................................................................


WIND (MPH)
  HIGHEST WIND SPEED    21   HIGHEST WIND DIRECTION     S (190)
  HIGHEST GUST SPEED    28   HIGHEST GUST DIRECTION     S (190)
  AVERAGE WIND SPEED     7.8


SKY COVER
  POSSIBLE SUNSHINE  MM
  AVERAGE SKY COVER 0.8


WEATHER CONDITIONS
 THE FOLLOWING WEATHER WAS RECORDED TODAY.
  LIGHT SNOW


RELATIVE HUMIDITY (PERCENT)
 HIGHEST    83           200 AM
 LOWEST     58           400 PM
 AVERAGE    71

..........................................................


THE BURLINGTON VT CLIMATE NORMALS FOR TOMORROW
                         NORMAL    RECORD    YEAR
 MAXIMUM TEMPERATURE (F)   27        55      1906
 MINIMUM TEMPERATURE (F)   10       -22      1948


SUNRISE AND SUNSET
JANUARY 23 2015.......SUNRISE   720 AM EST   SUNSET   449 PM EST
JANUARY 24 2015.......SUNRISE   719 AM EST   SUNSET   450 PM EST


-  INDICATES NEGATIVE NUMBERS.
R  INDICATES RECORD WAS SET OR TIED.
MM INDICATES DATA IS MISSING.
T  INDICATES TRACE AMOUNT.




$$
