000
CDUS41 KBTV 112246
CLIBTV


CLIMATE REPORT
NATIONAL WEATHER SERVICE BURLINGTON VT
545 PM EST SAT NOV 11 2017


...................................

...THE BURLINGTON VT CLIMATE SUMMARY FOR NOVEMBER 11 2017...
VALID TODAY AS OF 0500 PM LOCAL TIME.

CLIMATE NORMAL PERIOD 1981 TO 2010
CLIMATE RECORD PERIOD 1884 TO 2017


WEATHER ITEM   OBSERVED TIME   RECORD YEAR NORMAL DEPARTURE LAST
                VALUE   (LST)  VALUE       VALUE  FROM      YEAR
                                                  NORMAL
..................................................................
TEMPERATURE (F)
 TODAY
  MAXIMUM         31    254 PM  71    2002  48    -17       51
  MINIMUM         20    602 AM  16    1936  33    -13       35
  AVERAGE         26                        40    -14       43

PRECIPITATION (IN)
  TODAY            T             1.06 1983   0.11  -0.11     0.06
  MONTH TO DATE    0.75                      1.22  -0.47     0.70
  SINCE SEP 1      7.09                      8.46  -1.37     4.75
  SINCE JAN 1     36.79                     32.53   4.26    23.95

SNOWFALL (IN)
  TODAY            T             1.3  1986   0.1   -0.1       T
  MONTH TO DATE    T                         1.0   -1.0       T
  SINCE SEP 1      T                         1.3   -1.3       T
  SINCE JUL 1      T                         1.3   -1.3       T
  SNOW DEPTH       0

DEGREE DAYS
 HEATING
  TODAY           39                        25     14       22
  MONTH TO DATE  255                       258     -3      240
  SINCE SEP 1    552                       957   -405      724
  SINCE JUL 1    575                       999   -424      729

 COOLING
  TODAY            0                         0      0        0
  MONTH TO DATE    0                         0      0        0
  SINCE SEP 1    135                        43     92      111
  SINCE JAN 1    652                       491    161      855
..................................................................


WIND (MPH)
  HIGHEST WIND SPEED    23   HIGHEST WIND DIRECTION    NW (330)
  HIGHEST GUST SPEED    28   HIGHEST GUST DIRECTION     N (340)
  AVERAGE WIND SPEED     9.9


SKY COVER
  POSSIBLE SUNSHINE  MM
  AVERAGE SKY COVER 0.8


WEATHER CONDITIONS
 THE FOLLOWING WEATHER WAS RECORDED TODAY.
  LIGHT SNOW


RELATIVE HUMIDITY (PERCENT)
 HIGHEST    60          1000 AM
 LOWEST     47           200 PM
 AVERAGE    54

..........................................................


THE BURLINGTON VT CLIMATE NORMALS FOR TOMORROW
                         NORMAL    RECORD    YEAR
 MAXIMUM TEMPERATURE (F)   47        70      2012
 MINIMUM TEMPERATURE (F)   32        15      1933


SUNRISE AND SUNSET
NOVEMBER 11 2017......SUNRISE   644 AM EST   SUNSET   429 PM EST
NOVEMBER 12 2017......SUNRISE   645 AM EST   SUNSET   428 PM EST


-  INDICATES NEGATIVE NUMBERS.
R  INDICATES RECORD WAS SET OR TIED.
MM INDICATES DATA IS MISSING.
T  INDICATES TRACE AMOUNT.




$$
