000
CDUS41 KBTV 150540
CLIBTV


CLIMATE REPORT
NATIONAL WEATHER SERVICE BURLINGTON VT
139 AM EDT WED OCT 15 2014


...................................

...THE BURLINGTON VT CLIMATE SUMMARY FOR OCTOBER 14 2014...

CLIMATE NORMAL PERIOD 1981 TO 2010
CLIMATE RECORD PERIOD 1884 TO 2014


WEATHER ITEM   OBSERVED TIME   RECORD YEAR NORMAL DEPARTURE LAST
                VALUE   (LST)  VALUE       VALUE  FROM      YEAR
                                                  NORMAL
..................................................................
TEMPERATURE (F)
 YESTERDAY
  MAXIMUM         79R   325 PM  78    1930  58     21       60
  MINIMUM         60    205 AM  22    1937  39     21       50
  AVERAGE         70                        49     21       55

PRECIPITATION (IN)
  YESTERDAY        T             1.12 2011   0.12  -0.12     0.12
                                      1995
  MONTH TO DATE    1.21                      1.71  -0.50     1.53
  SINCE SEP 1      2.84                      5.35  -2.51     6.27
  SINCE JAN 1     28.54                     29.42  -0.88    38.96

SNOWFALL (IN)
  YESTERDAY        0.0           0.1  1979   0.0    0.0      0.0
  MONTH TO DATE    0.0                       0.0    0.0      0.0
  SINCE SEP 1      0.0                       T      0.0      0.0
  SINCE JUL 1      0.0                       T      0.0      0.0
  SNOW DEPTH       0

DEGREE DAYS
 HEATING
  YESTERDAY        0                        16    -16       10
  MONTH TO DATE  129                       195    -66      101
  SINCE SEP 1    280                       370    -90      296
  SINCE JUL 1    293                       412   -119      312

 COOLING
  YESTERDAY        5                         0      5        0
  MONTH TO DATE    5                         0      5        4
  SINCE SEP 1     76                        41     35       62
  SINCE JAN 1    569                       489     80      662
..................................................................


WIND (MPH)
  HIGHEST WIND SPEED    25   HIGHEST WIND DIRECTION     S (190)
  HIGHEST GUST SPEED    33   HIGHEST GUST DIRECTION     S (190)
  AVERAGE WIND SPEED    15.8


SKY COVER
  POSSIBLE SUNSHINE  MM
  AVERAGE SKY COVER 0.5


WEATHER CONDITIONS
 THE FOLLOWING WEATHER WAS RECORDED YESTERDAY.
  LIGHT RAIN


RELATIVE HUMIDITY (PERCENT)
 HIGHEST    84           500 AM
 LOWEST     52           300 PM
 AVERAGE    68

..........................................................


THE BURLINGTON VT CLIMATE NORMALS FOR TODAY
                         NORMAL    RECORD    YEAR
 MAXIMUM TEMPERATURE (F)   57        79      1956
                                             1947
 MINIMUM TEMPERATURE (F)   39        24      1980


SUNRISE AND SUNSET
OCTOBER 15 2014.......SUNRISE   708 AM EDT   SUNSET   608 PM EDT
OCTOBER 16 2014.......SUNRISE   709 AM EDT   SUNSET   607 PM EDT


-  INDICATES NEGATIVE NUMBERS.
R  INDICATES RECORD WAS SET OR TIED.
MM INDICATES DATA IS MISSING.
T  INDICATES TRACE AMOUNT.







&&

LAKE CHAMPLAIN DATA:
LEVEL...............94.12 FEET
TEMPERATURE.........58 DEGREES

MOUNT MANSFIELD DATA:
HIGH................59 DEGREES
LOW.................44 DEGREES
PRECIPITATION.......NONE

$$
