000
CDUS41 KBTV 190537
CLIBTV


CLIMATE REPORT
NATIONAL WEATHER SERVICE BURLINGTON VT
135 AM EDT TUE SEP 19 2017


...................................

...THE BURLINGTON VT CLIMATE SUMMARY FOR SEPTEMBER 18 2017...

CLIMATE NORMAL PERIOD 1981 TO 2010
CLIMATE RECORD PERIOD 1884 TO 2017


WEATHER ITEM   OBSERVED TIME   RECORD YEAR NORMAL DEPARTURE LAST
                VALUE   (LST)  VALUE       VALUE  FROM      YEAR
                                                  NORMAL
..................................................................
TEMPERATURE (F)
 YESTERDAY
  MAXIMUM         87R   238 PM  87    1946  70     17       81
  MINIMUM         62    558 AM  34    1922  50     12       67
  AVERAGE         75                        60     15       74

PRECIPITATION (IN)
  YESTERDAY        0.00          1.47 1905   0.12  -0.12     0.11
  MONTH TO DATE    2.78                      2.07   0.71     0.73
  SINCE SEP 1      2.78                      2.07   0.71     0.73
  SINCE JAN 1     32.48                     26.14   6.34    19.93

SNOWFALL (IN)
  YESTERDAY        0.0           0.0  2002   0.0    0.0      0.0
                                      2001
  MONTH TO DATE    0.0                       0.0    0.0      0.0
  SINCE SEP 1      0.0                       0.0    0.0      0.0
  SINCE JUL 1      0.0                       0.0    0.0      0.0
  SNOW DEPTH       0

DEGREE DAYS
 HEATING
  YESTERDAY        0                         6     -6        0
  MONTH TO DATE   59                        70    -11       22
  SINCE SEP 1     59                        70    -11       22
  SINCE JUL 1     82                       112    -30       27

 COOLING
  YESTERDAY       10                         1      9        9
  MONTH TO DATE   42                        36      6       81
  SINCE SEP 1     42                        36      6       81
  SINCE JAN 1    559                       484     75      825
..................................................................


WIND (MPH)
  HIGHEST WIND SPEED     9   HIGHEST WIND DIRECTION     S (170)
  HIGHEST GUST SPEED    12   HIGHEST GUST DIRECTION     S (200)
  AVERAGE WIND SPEED     3.4


SKY COVER
  POSSIBLE SUNSHINE  MM
  AVERAGE SKY COVER 0.4


WEATHER CONDITIONS
 THE FOLLOWING WEATHER WAS RECORDED YESTERDAY.
  NO SIGNIFICANT WEATHER WAS OBSERVED.


RELATIVE HUMIDITY (PERCENT)
 HIGHEST    93          1200 AM
 LOWEST     51           400 PM
 AVERAGE    72

..........................................................


THE BURLINGTON VT CLIMATE NORMALS FOR TODAY
                         NORMAL    RECORD    YEAR
 MAXIMUM TEMPERATURE (F)   69        85      2015
                                             1946
 MINIMUM TEMPERATURE (F)   50        32      2014
                                             1959


SUNRISE AND SUNSET
SEPTEMBER 19 2017.....SUNRISE   636 AM EDT   SUNSET   655 PM EDT
SEPTEMBER 20 2017.....SUNRISE   638 AM EDT   SUNSET   653 PM EDT


-  INDICATES NEGATIVE NUMBERS.
R  INDICATES RECORD WAS SET OR TIED.
MM INDICATES DATA IS MISSING.
T  INDICATES TRACE AMOUNT.







&&

LAKE CHAMPLAIN DATA:
LEVEL...............95.38 FEET
TEMPERATURE.........70 DEGREES

MOUNT MANSFIELD DATA:
HIGH................70 DEGREES
LOW.................58 DEGREES
PRECIPITATION.......NONE

$$
