926
CDUS41 KBTV 150605
CLIBTV


CLIMATE REPORT
NATIONAL WEATHER SERVICE BURLINGTON VT
105 AM EST WED FEB 15 2017


...................................

...THE BURLINGTON VT CLIMATE SUMMARY FOR FEBRUARY 14 2017...

CLIMATE NORMAL PERIOD 1981 TO 2010
CLIMATE RECORD PERIOD 1884 TO 2017


WEATHER ITEM   OBSERVED TIME   RECORD YEAR NORMAL DEPARTURE LAST
                VALUE   (LST)  VALUE       VALUE  FROM      YEAR
                                                  NORMAL
..................................................................
TEMPERATURE (F)
 YESTERDAY
  MAXIMUM         34   1159 PM  55    1946  30      4        3
  MINIMUM         14    651 AM -19    1987  12      2      -13
                                      1979
  AVERAGE         24                        21      3       -5

PRECIPITATION (IN)
  YESTERDAY        T             1.94 2007   0.06  -0.06      T
  MONTH TO DATE    1.22                      0.88   0.34     0.38
  SINCE DEC 1      5.57                      5.32   0.25     6.01
  SINCE JAN 1      3.22                      2.94   0.28     1.57

SNOWFALL (IN)
  YESTERDAY        T            25.3  2007   0.6   -0.6      0.1
  MONTH TO DATE   21.1                       8.5   12.6      4.3
  SINCE DEC 1     45.4                      47.5   -2.1     24.5
  SINCE JUL 1     49.7                      52.9   -3.2     24.7
  SNOW DEPTH      11

DEGREE DAYS
 HEATING
  YESTERDAY       41                        44     -3       70
  MONTH TO DATE  591                       630    -39      565
  SINCE DEC 1   2788                      3279   -491     2594
  SINCE JUL 1   3993                      4824   -831     3833

 COOLING
  YESTERDAY        0                         0      0        0
  MONTH TO DATE    0                         0      0        0
  SINCE DEC 1      0                         0      0        0
  SINCE JAN 1      0                         0      0        0
..................................................................


WIND (MPH)
  HIGHEST WIND SPEED    14   HIGHEST WIND DIRECTION    NW (310)
  HIGHEST GUST SPEED    16   HIGHEST GUST DIRECTION    NW (310)
  AVERAGE WIND SPEED     6.0


SKY COVER
  POSSIBLE SUNSHINE  MM
  AVERAGE SKY COVER 0.8


WEATHER CONDITIONS
 THE FOLLOWING WEATHER WAS RECORDED YESTERDAY.
  LIGHT SNOW
  FOG


RELATIVE HUMIDITY (PERCENT)
 HIGHEST    80           700 AM
 LOWEST     51          1100 PM
 AVERAGE    66

..........................................................


THE BURLINGTON VT CLIMATE NORMALS FOR TODAY
                         NORMAL    RECORD    YEAR
 MAXIMUM TEMPERATURE (F)   31        54      2006
 MINIMUM TEMPERATURE (F)   12       -26      1943


SUNRISE AND SUNSET
FEBRUARY 15 2017......SUNRISE   652 AM EST   SUNSET   522 PM EST
FEBRUARY 16 2017......SUNRISE   651 AM EST   SUNSET   523 PM EST


-  INDICATES NEGATIVE NUMBERS.
R  INDICATES RECORD WAS SET OR TIED.
MM INDICATES DATA IS MISSING.
T  INDICATES TRACE AMOUNT.

&&

LAKE CHAMPLAIN DATA:
LAKE LEVEL..........95.10 FEET
WATER TEMPERATURE...34 DEGREES

MOUNT MANSFIELD DATA:
HIGH TEMPERATURE...26 DEGREES
LOW TEMPERATURE.....5 DEGREES
PRECIPITATION......0.07 INCHES
NEW SNOW...........TRACE
SNOW AT STAKE......90 INCHES

$$
