581
CDUS41 KBTV 190550
CLIBTV

CLIMATE REPORT
NATIONAL WEATHER SERVICE BURLINGTON VT
150 AM EDT WED APR 19 2017

...................................

...THE BURLINGTON VT CLIMATE SUMMARY FOR APRIL 18 2017...

CLIMATE NORMAL PERIOD 1981 TO 2010
CLIMATE RECORD PERIOD 1884 TO 2017


WEATHER ITEM   OBSERVED TIME   RECORD YEAR NORMAL DEPARTURE LAST
                VALUE   (LST)  VALUE       VALUE  FROM      YEAR
                                                  NORMAL
..................................................................
TEMPERATURE (F)
 YESTERDAY
  MAXIMUM         52    518 PM  91    1976  56     -4       60
  MINIMUM         37   1116 PM  21    1948  36      1       40
  AVERAGE         45                        46     -1       50

PRECIPITATION (IN)
  YESTERDAY        0.00          0.76 1985   0.10  -0.10     0.09
  MONTH TO DATE    2.71                      1.66   1.05     1.13
  SINCE MAR 1      5.98                      3.88   2.10     3.39
  SINCE JAN 1     10.65                      7.70   2.95     7.72

SNOWFALL (IN)
  YESTERDAY        0.0           8.5  1997   0.1   -0.1      0.0
  MONTH TO DATE    4.4                       3.5    0.9      1.4
  SINCE MAR 1     41.2                      19.3   21.9      3.2
  SINCE JUL 1    100.4                      80.1   20.3     32.2
  SNOW DEPTH       0

DEGREE DAYS
 HEATING
  YESTERDAY       20                        19      1       15
  MONTH TO DATE  315                       414    -99      461
  SINCE MAR 1   1472                      1468      4     1328
  SINCE JUL 1   5850                      6878  -1028     5712

 COOLING
  YESTERDAY        0                         0      0        0
  MONTH TO DATE    6                         0      6        0
  SINCE MAR 1      6                         0      6        0
  SINCE JAN 1      6                         0      6        0
..................................................................


WIND (MPH)
  HIGHEST WIND SPEED    17   HIGHEST WIND DIRECTION    NW (320)
  HIGHEST GUST SPEED    22   HIGHEST GUST DIRECTION    NW (330)
  AVERAGE WIND SPEED     7.8


SKY COVER
  POSSIBLE SUNSHINE  MM
  AVERAGE SKY COVER 0.5


WEATHER CONDITIONS
 THE FOLLOWING WEATHER WAS RECORDED YESTERDAY.
  NO SIGNIFICANT WEATHER WAS OBSERVED.


RELATIVE HUMIDITY (PERCENT)
 HIGHEST    70           500 AM
 LOWEST     35           500 PM
 AVERAGE    53

..........................................................


THE BURLINGTON VT CLIMATE NORMALS FOR TODAY
                         NORMAL    RECORD    YEAR
 MAXIMUM TEMPERATURE (F)   57        91      1976
 MINIMUM TEMPERATURE (F)   36        22      1918


SUNRISE AND SUNSET
APRIL 19 2017.........SUNRISE   602 AM EDT   SUNSET   742 PM EDT
APRIL 20 2017.........SUNRISE   600 AM EDT   SUNSET   744 PM EDT


-  INDICATES NEGATIVE NUMBERS.
R  INDICATES RECORD WAS SET OR TIED.
MM INDICATES DATA IS MISSING.
T  INDICATES TRACE AMOUNT.

&&

LAKE CHAMPLAIN DATA:
LEVEL...............99.72 FEET
TEMPERATURE.........39 DEGREES

MOUNT MANSFIELD DATA:
HIGH................36 DEGREES
LOW.................19 DEGREES
PRECIPITATION.......NONE
NEW SNOW............NONE
SNOW AT STAKE.......75 INCHES

$$
