000
CDUS41 KBTV 162033
CLIBTV


CLIMATE REPORT
NATIONAL WEATHER SERVICE BURLINGTON VT
432 PM EDT SAT JUL 16 2016


...................................

...THE BURLINGTON VT CLIMATE SUMMARY FOR JULY 16 2016...
VALID TODAY AS OF 0400 PM LOCAL TIME.

CLIMATE NORMAL PERIOD 1981 TO 2010
CLIMATE RECORD PERIOD 1884 TO 2016


WEATHER ITEM   OBSERVED TIME   RECORD YEAR NORMAL DEPARTURE LAST
                VALUE   (LST)  VALUE       VALUE  FROM      YEAR
                                                  NORMAL
..................................................................
TEMPERATURE (F)
 TODAY
  MAXIMUM         78    149 PM  94    1969  81     -3       74
  MINIMUM         69    615 AM  44    1946  61      8       50
  AVERAGE         74                        71      3       62

PRECIPITATION (IN)
  TODAY            T             1.73 1998   0.14  -0.14     0.00
  MONTH TO DATE    1.81                      2.13  -0.32     2.84
  SINCE JUN 1      4.86                      5.82  -0.96    11.51
  SINCE JAN 1     15.71                     18.13  -2.42    20.35

SNOWFALL (IN)
  TODAY            0.0           0.0  2002   0.0    0.0      0.0
                                      2001
  MONTH TO DATE    0.0                       0.0    0.0      0.0
  SINCE JUN 1      0.0                       0.0    0.0      0.0
  SINCE JUL 1      0.0                       0.0    0.0      0.0
  SNOW DEPTH       0

DEGREE DAYS
 HEATING
  TODAY            0                         0      0        3
  MONTH TO DATE    3                         8     -5        5
  SINCE JUN 1     51                        81    -30       76
  SINCE JUL 1      3                         8     -5        5

 COOLING
  TODAY            9                         6      3        0
  MONTH TO DATE  131                        96     35       87
  SINCE JUN 1    264                       193     71      162
  SINCE JAN 1    336                       212    124      255
..................................................................


WIND (MPH)
  HIGHEST WIND SPEED    12   HIGHEST WIND DIRECTION     W (290)
  HIGHEST GUST SPEED    15   HIGHEST GUST DIRECTION    SW (240)
  AVERAGE WIND SPEED     5.5


SKY COVER
  POSSIBLE SUNSHINE  MM
  AVERAGE SKY COVER 0.8


WEATHER CONDITIONS
 THE FOLLOWING WEATHER WAS RECORDED TODAY.
  LIGHT RAIN


RELATIVE HUMIDITY (PERCENT)
 HIGHEST    78          1200 AM
 LOWEST     57           800 AM
 AVERAGE    68

..........................................................


THE BURLINGTON VT CLIMATE NORMALS FOR TOMORROW
                         NORMAL    RECORD    YEAR
 MAXIMUM TEMPERATURE (F)   81        97      1999
 MINIMUM TEMPERATURE (F)   61        47      1908


SUNRISE AND SUNSET
JULY 16 2016..........SUNRISE   523 AM EDT   SUNSET   833 PM EDT
JULY 17 2016..........SUNRISE   524 AM EDT   SUNSET   833 PM EDT


-  INDICATES NEGATIVE NUMBERS.
R  INDICATES RECORD WAS SET OR TIED.
MM INDICATES DATA IS MISSING.
T  INDICATES TRACE AMOUNT.




$$
