000
CDUS41 KBTV 300538
CLIBTV


CLIMATE REPORT
NATIONAL WEATHER SERVICE BURLINGTON VT
1235 AM EST WED NOV 30 2016


...................................

...THE BURLINGTON VT CLIMATE SUMMARY FOR NOVEMBER 29 2016...

CLIMATE NORMAL PERIOD 1981 TO 2010
CLIMATE RECORD PERIOD 1884 TO 2016


WEATHER ITEM   OBSERVED TIME   RECORD YEAR NORMAL DEPARTURE LAST
                VALUE   (LST)  VALUE       VALUE  FROM      YEAR
                                                  NORMAL
..................................................................
TEMPERATURE (F)
 YESTERDAY
  MAXIMUM         44   1017 PM  68    2005  40      4       37
  MINIMUM         30   1200 AM   2    1940  26      4       24
  AVERAGE         37                        33      4       31

PRECIPITATION (IN)
  YESTERDAY        0.21          0.69 1954   0.09   0.12     0.01
  MONTH TO DATE    2.11                      3.04  -0.93     1.21
  SINCE SEP 1      6.16                     10.28  -4.12     9.24
  SINCE JAN 1     25.36                     34.35  -8.99    33.40

SNOWFALL (IN)
  YESTERDAY       MM             4.8  1976   0.3   MM        0.2
  MONTH TO DATE    4.3                       4.8   -0.5      0.2
  SINCE SEP 1      4.3                       5.1   -0.8      0.2
  SINCE JUL 1      4.3                       5.1   -0.8      0.2
  SNOW DEPTH       0

DEGREE DAYS
 HEATING
  YESTERDAY       28                        32     -4       34
  MONTH TO DATE  697                       771    -74      600
  SINCE SEP 1   1181                      1470   -289     1195
  SINCE JUL 1   1186                      1512   -326     1201

 COOLING
  YESTERDAY        0                         0      0        0
  MONTH TO DATE    0                         0      0        0
  SINCE SEP 1    111                        43     68      146
  SINCE JAN 1    855                       491    364      768
..................................................................


WIND (MPH)
  HIGHEST WIND SPEED    16   HIGHEST WIND DIRECTION    SE (130)
  HIGHEST GUST SPEED    20   HIGHEST GUST DIRECTION    SE (130)
  AVERAGE WIND SPEED     7.4


SKY COVER
  POSSIBLE SUNSHINE  MM
  AVERAGE SKY COVER 0.8


WEATHER CONDITIONS
 THE FOLLOWING WEATHER WAS RECORDED YESTERDAY.
  LIGHT RAIN
  FOG


RELATIVE HUMIDITY (PERCENT)
 HIGHEST    96          1100 AM
 LOWEST     69           100 AM
 AVERAGE    83

..........................................................


THE BURLINGTON VT CLIMATE NORMALS FOR TODAY
                         NORMAL    RECORD    YEAR
 MAXIMUM TEMPERATURE (F)   39        63      2006
 MINIMUM TEMPERATURE (F)   26        -2      1958


SUNRISE AND SUNSET
NOVEMBER 30 2016......SUNRISE   708 AM EST   SUNSET   415 PM EST
DECEMBER  1 2016......SUNRISE   709 AM EST   SUNSET   414 PM EST


-  INDICATES NEGATIVE NUMBERS.
R  INDICATES RECORD WAS SET OR TIED.
MM INDICATES DATA IS MISSING.
T  INDICATES TRACE AMOUNT.

&&

LAKE CHAMPLAIN DATA:
LEVEL...............94.18 FEET
TEMPERATURE.........47 DEGREES

MOUNT MANSFIELD DATA:
HIGH................32 DEGREES
LOW.................15 DEGREES
PRECIPITATION.......0.19 INCHES
NEW SNOW............TRACE
SNOW AT STAKE.......11 INCHES

$$
