393
CDUS41 KBTV 220526
CLIBTV


CLIMATE REPORT
NATIONAL WEATHER SERVICE BURLINGTON VT
124 AM EDT MON MAY 22 2017


...................................

...THE BURLINGTON VT CLIMATE SUMMARY FOR MAY 21 2017...

CLIMATE NORMAL PERIOD 1981 TO 2010
CLIMATE RECORD PERIOD 1884 TO 2017


WEATHER ITEM   OBSERVED TIME   RECORD YEAR NORMAL DEPARTURE LAST
                VALUE   (LST)  VALUE       VALUE  FROM      YEAR
                                                  NORMAL
..................................................................
TEMPERATURE (F)
 YESTERDAY
  MAXIMUM         71    142 PM  92    1911  69      2       77
  MINIMUM         41    515 AM  29    1964  47     -6       48
  AVERAGE         56                        58     -2       63

PRECIPITATION (IN)
  YESTERDAY        0.10          2.38 1889   0.12  -0.02     0.00
  MONTH TO DATE    2.49                      2.23   0.26     1.75
  SINCE MAR 1      9.59                      7.27   2.32     5.81
  SINCE JAN 1     14.26                     11.09   3.17    10.14

SNOWFALL (IN)
  YESTERDAY        0.0           0.0  2002   0.0    0.0      0.0
                                      2001
  MONTH TO DATE    0.0                       0.0    0.0       T
  SINCE MAR 1     41.2                      20.4   20.8      5.3
  SINCE JUL 1    100.4                      81.2   19.2     34.3
  SNOW DEPTH       0

DEGREE DAYS
 HEATING
  YESTERDAY        9                         8      1        2
  MONTH TO DATE  229                       224      5      231
  SINCE MAR 1   1856                      1888    -32     1794
  SINCE JUL 1   6234                      7298  -1064     6178

 COOLING
  YESTERDAY        0                         1     -1        0
  MONTH TO DATE   26                         4     22        0
  SINCE MAR 1     41                         6     35        0
  SINCE JAN 1     41                         6     35        0
..................................................................


WIND (MPH)
  HIGHEST WIND SPEED    12   HIGHEST WIND DIRECTION    SW (240)
  HIGHEST GUST SPEED    14   HIGHEST GUST DIRECTION    SW (220)
  AVERAGE WIND SPEED     4.8


SKY COVER
  POSSIBLE SUNSHINE  MM
  AVERAGE SKY COVER 0.7


WEATHER CONDITIONS
 THE FOLLOWING WEATHER WAS RECORDED YESTERDAY.
  LIGHT RAIN


RELATIVE HUMIDITY (PERCENT)
 HIGHEST    80          1100 PM
 LOWEST     28           300 PM
 AVERAGE    54

..........................................................


THE BURLINGTON VT CLIMATE NORMALS FOR TODAY
                         NORMAL    RECORD    YEAR
 MAXIMUM TEMPERATURE (F)   69        93      1977
 MINIMUM TEMPERATURE (F)   47        31      1936


SUNRISE AND SUNSET
MAY 22 2017...........SUNRISE   518 AM EDT   SUNSET   821 PM EDT
MAY 23 2017...........SUNRISE   517 AM EDT   SUNSET   822 PM EDT


-  INDICATES NEGATIVE NUMBERS.
R  INDICATES RECORD WAS SET OR TIED.
MM INDICATES DATA IS MISSING.
T  INDICATES TRACE AMOUNT.

&&

LAKE CHAMPLAIN DATA:
LEVEL...............98.60 FEET
TEMPERATURE.........47 DEGREES

MOUNT MANSFIELD DATA:
HIGH................57 DEGREES
LOW.................38 DEGREES
PRECIPITATION.......NONE
NEW SNOW............NONE
SNOW AT STAKE.......6 INCHES

$$
