000
CDUS41 KBTV 270556
CLIBTV


CLIMATE REPORT
NATIONAL WEATHER SERVICE BURLINGTON VT
155 AM EDT THU AUG 27 2015


...................................

...THE BURLINGTON VT CLIMATE SUMMARY FOR AUGUST 26 2015...

CLIMATE NORMAL PERIOD 1981 TO 2010
CLIMATE RECORD PERIOD 1884 TO 2015


WEATHER ITEM   OBSERVED TIME   RECORD YEAR NORMAL DEPARTURE LAST
                VALUE   (LST)  VALUE       VALUE  FROM      YEAR
                                                  NORMAL
..................................................................
TEMPERATURE (F)
 YESTERDAY
  MAXIMUM         78   1211 PM  96    1948  78      0       86
  MINIMUM         62    551 AM  40    1987  57      5       59
                                      1914
  AVERAGE         70                        67      3       73

PRECIPITATION (IN)
  YESTERDAY        0.00          1.18 1909   0.11  -0.11     0.00
  MONTH TO DATE    1.98                      3.36  -1.38     1.97
  SINCE JUN 1     15.32                     11.21   4.11    11.86
  SINCE JAN 1     24.16                     23.52   0.64    25.62

SNOWFALL (IN)
  YESTERDAY        0.0           0.0  2002   0.0    0.0      0.0
                                      2001
  MONTH TO DATE    0.0                       0.0    0.0      0.0
  SINCE JUN 1      0.0                       0.0    0.0      0.0
  SINCE JUL 1      0.0                       0.0    0.0      0.0
  SNOW DEPTH       0

DEGREE DAYS
 HEATING
  YESTERDAY        0                         1     -1        0
  MONTH TO DATE    1                        22    -21       12
  SINCE JUN 1     77                       108    -31       33
  SINCE JUL 1      6                        35    -29       13

 COOLING
  YESTERDAY        5                         4      1        8
  MONTH TO DATE  211                       128     83      118
  SINCE JUN 1    505                       412     93      446
  SINCE JAN 1    598                       431    167      468
..................................................................


WIND (MPH)
  HIGHEST WIND SPEED    12   HIGHEST WIND DIRECTION    NW (330)
  HIGHEST GUST SPEED    14   HIGHEST GUST DIRECTION    NW (330)
  AVERAGE WIND SPEED     3.9


SKY COVER
  POSSIBLE SUNSHINE  MM
  AVERAGE SKY COVER 0.7


WEATHER CONDITIONS
 THE FOLLOWING WEATHER WAS RECORDED YESTERDAY.
  NO SIGNIFICANT WEATHER WAS OBSERVED.


RELATIVE HUMIDITY (PERCENT)
 HIGHEST    78           600 AM
 LOWEST     43          1200 PM
 AVERAGE    61

..........................................................


THE BURLINGTON VT CLIMATE NORMALS FOR TODAY
                         NORMAL    RECORD    YEAR
 MAXIMUM TEMPERATURE (F)   77        95      1948
 MINIMUM TEMPERATURE (F)   57        40      1969


SUNRISE AND SUNSET
AUGUST 27 2015........SUNRISE   609 AM EDT   SUNSET   738 PM EDT
AUGUST 28 2015........SUNRISE   610 AM EDT   SUNSET   737 PM EDT


-  INDICATES NEGATIVE NUMBERS.
R  INDICATES RECORD WAS SET OR TIED.
MM INDICATES DATA IS MISSING.
T  INDICATES TRACE AMOUNT.

&&

LAKE CHAMPLAIN DATA:
LAKE LEVEL..........95.94 FEET
WATER TEMPERATURE...73 DEGREES

MOUNT MANSFIELD DATA:
HIGH TEMPERATURE...63 DEGREES
LOW TEMPERATURE....49 DEGREES
PRECIPITATION......NONE

$$
