000
CDUS41 KBTV 222148
CLIBTV


CLIMATE REPORT
NATIONAL WEATHER SERVICE BURLINGTON VT
435 PM EST TUE NOV 22 2016


...................................

...THE BURLINGTON VT CLIMATE SUMMARY FOR NOVEMBER 22 2016...
VALID TODAY AS OF 0400 PM LOCAL TIME.

CLIMATE NORMAL PERIOD 1981 TO 2010
CLIMATE RECORD PERIOD 1884 TO 2016


WEATHER ITEM   OBSERVED TIME   RECORD YEAR NORMAL DEPARTURE LAST
                VALUE   (LST)  VALUE       VALUE  FROM      YEAR
                                                  NORMAL
..................................................................
TEMPERATURE (F)
 TODAY
  MAXIMUM         33    359 PM  69    1953  43    -10       51
  MINIMUM         31    912 AM   3    1969  29      2       33
  AVERAGE         32                        36     -4       42

PRECIPITATION (IN)
  TODAY            0.02          0.81 1962   0.11  -0.09     0.01
  MONTH TO DATE    1.71                      2.37  -0.66     1.03
  SINCE SEP 1      5.76                      9.61  -3.85     9.06
  SINCE JAN 1     24.96                     33.68  -8.72    33.22

SNOWFALL (IN)
  TODAY           MM             4.3  2000   0.2   MM        0.0
  MONTH TO DATE    2.6                       2.8   -0.2       T
  SINCE SEP 1      2.6                       3.1   -0.5       T
  SINCE JUL 1      2.6                       3.1   -0.5       T
  SNOW DEPTH       2

DEGREE DAYS
 HEATING
  TODAY           33                        29      4       23
  MONTH TO DATE  492                       556    -64      401
  SINCE SEP 1    976                      1255   -279      996
  SINCE JUL 1    981                      1297   -316     1002

 COOLING
  TODAY            0                         0      0        0
  MONTH TO DATE    0                         0      0        0
  SINCE SEP 1    111                        43     68      146
  SINCE JAN 1    855                       491    364      768
..................................................................


WIND (MPH)
  HIGHEST WIND SPEED    22   HIGHEST WIND DIRECTION    NW (310)
  HIGHEST GUST SPEED    32   HIGHEST GUST DIRECTION    NW (300)
  AVERAGE WIND SPEED    13.7


SKY COVER
  POSSIBLE SUNSHINE  MM
  AVERAGE SKY COVER 1.0


WEATHER CONDITIONS
 THE FOLLOWING WEATHER WAS RECORDED TODAY.
  LIGHT SNOW


RELATIVE HUMIDITY (PERCENT)
 HIGHEST    72           700 AM
 LOWEST     63          1200 AM
 AVERAGE    68

..........................................................


THE BURLINGTON VT CLIMATE NORMALS FOR TOMORROW
                         NORMAL    RECORD    YEAR
 MAXIMUM TEMPERATURE (F)   42        68      1953
 MINIMUM TEMPERATURE (F)   29         2      1972
                                             1888


SUNRISE AND SUNSET
NOVEMBER 22 2016......SUNRISE   658 AM EST   SUNSET   419 PM EST
NOVEMBER 23 2016......SUNRISE   700 AM EST   SUNSET   418 PM EST


-  INDICATES NEGATIVE NUMBERS.
R  INDICATES RECORD WAS SET OR TIED.
MM INDICATES DATA IS MISSING.
T  INDICATES TRACE AMOUNT.




$$
