000
CDUS41 KBTV 300546
CLIBTV


CLIMATE REPORT
NATIONAL WEATHER SERVICE BURLINGTON VT
137 AM EDT THU JUL 30 2015


...................................

...THE BURLINGTON VT CLIMATE SUMMARY FOR JULY 29 2015...

CLIMATE NORMAL PERIOD 1981 TO 2010
CLIMATE RECORD PERIOD 1884 TO 2015


WEATHER ITEM   OBSERVED TIME   RECORD YEAR NORMAL DEPARTURE LAST
                VALUE   (LST)  VALUE       VALUE  FROM      YEAR
                                                  NORMAL
..................................................................
TEMPERATURE (F)
 YESTERDAY
  MAXIMUM         93    302 PM  98    1949  81     12       73
  MINIMUM         67    512 AM  45    1987  60      7       55
  AVERAGE         80                        71      9       64

PRECIPITATION (IN)
  YESTERDAY        0.11          1.91 1892   0.14  -0.03     0.00
  MONTH TO DATE    4.59                      3.89   0.70     5.23
  SINCE JUN 1     13.26                      7.58   5.68     9.58
  SINCE JAN 1     22.10                     19.89   2.21    23.34

SNOWFALL (IN)
  YESTERDAY        0.0           0.0  2002   0.0    0.0      0.0
                                      2001
  MONTH TO DATE    0.0                       0.0    0.0      0.0
  SINCE JUN 1      0.0                       0.0    0.0      0.0
  SINCE JUL 1      0.0                       0.0    0.0      0.0
  SNOW DEPTH       0

DEGREE DAYS
 HEATING
  YESTERDAY        0                         0      0        1
  MONTH TO DATE    5                         8     -3        1
  SINCE JUN 1     76                        81     -5       21
  SINCE JUL 1      5                         8     -3        1

 COOLING
  YESTERDAY       15                         6      9        0
  MONTH TO DATE  199                       174     25      207
  SINCE JUN 1    274                       271      3      327
  SINCE JAN 1    367                       290     77      349
..................................................................


WIND (MPH)
  HIGHEST WIND SPEED    16   HIGHEST WIND DIRECTION    NW (300)
  HIGHEST GUST SPEED    23   HIGHEST GUST DIRECTION     W (280)
  AVERAGE WIND SPEED     3.9


SKY COVER
  POSSIBLE SUNSHINE  MM
  AVERAGE SKY COVER 0.4


WEATHER CONDITIONS
 THE FOLLOWING WEATHER WAS RECORDED YESTERDAY.
  THUNDERSTORM
  LIGHT RAIN


RELATIVE HUMIDITY (PERCENT)
 HIGHEST    90           100 AM
 LOWEST     44           100 PM
 AVERAGE    67

..........................................................


THE BURLINGTON VT CLIMATE NORMALS FOR TODAY
                         NORMAL    RECORD    YEAR
 MAXIMUM TEMPERATURE (F)   81        96      1959
 MINIMUM TEMPERATURE (F)   60        45      1968
                                             1952


SUNRISE AND SUNSET
JULY 30 2015..........SUNRISE   537 AM EDT   SUNSET   820 PM EDT
JULY 31 2015..........SUNRISE   538 AM EDT   SUNSET   819 PM EDT


-  INDICATES NEGATIVE NUMBERS.
R  INDICATES RECORD WAS SET OR TIED.
MM INDICATES DATA IS MISSING.
T  INDICATES TRACE AMOUNT.

&&

LAKE CHAMPLAIN DATA:
LEVEL...............97.30 FEET
TEMPERATURE.........75 DEGREES

MOUNT MANSFIELD DATA:
HIGH................MISSING
LOW.................MISSING
PRECIPITATION.......MISSING
