000
CDUS41 KBTV 072128
CLIBTV


CLIMATE REPORT
NATIONAL WEATHER SERVICE BURLINGTON VT
528 PM EDT MON APR 7 2014


...................................

...THE BURLINGTON VT CLIMATE SUMMARY FOR APRIL 7 2014...
VALID TODAY AS OF 0500 PM LOCAL TIME.

CLIMATE NORMAL PERIOD 1981 TO 2010
CLIMATE RECORD PERIOD 1884 TO 2014


WEATHER ITEM   OBSERVED TIME   RECORD YEAR NORMAL DEPARTURE LAST
                VALUE   (LST)  VALUE       VALUE  FROM      YEAR
                                                  NORMAL
..................................................................
TEMPERATURE (F)
 TODAY
  MAXIMUM         60   1219 PM  83    1991  50     10       58
  MINIMUM         29    524 AM   2    1972  32     -3       32
  AVERAGE         45                        41      4       45

PRECIPITATION (IN)
  TODAY            0.00          1.24 1924   0.09  -0.09     0.01
  MONTH TO DATE    0.09                      0.61  -0.52     0.10
  SINCE MAR 1      1.97                      2.83  -0.86     2.15
  SINCE JAN 1      6.25                      6.65  -0.40     4.58

SNOWFALL (IN)
  TODAY            0.0           7.3  1994   0.2   -0.2       T
  MONTH TO DATE    0.0                       1.6   -1.6      0.7
  SINCE MAR 1     25.4                      17.4    8.0     16.9
  SINCE JUL 1     83.7                      78.2    5.5     82.6
  SNOW DEPTH       0

DEGREE DAYS
 HEATING
  TODAY           20                        24     -4       20
  MONTH TO DATE  176                       180     -4      200
  SINCE MAR 1   1498                      1234    264     1188
  SINCE JUL 1   6963                      6644    319     6066

 COOLING
  TODAY            0                         0      0        0
  MONTH TO DATE    0                         0      0        0
  SINCE MAR 1      0                         0      0        0
  SINCE JAN 1      0                         0      0        0
..................................................................


WIND (MPH)
  HIGHEST WIND SPEED    18   HIGHEST WIND DIRECTION     S (200)
  HIGHEST GUST SPEED    26   HIGHEST GUST DIRECTION     S (200)
  AVERAGE WIND SPEED     5.1


SKY COVER
  POSSIBLE SUNSHINE  MM
  AVERAGE SKY COVER 0.5


WEATHER CONDITIONS
 THE FOLLOWING WEATHER WAS RECORDED TODAY.
  NO SIGNIFICANT WEATHER WAS OBSERVED.


RELATIVE HUMIDITY (PERCENT)
 HIGHEST    78          1200 AM
 LOWEST     25           300 PM
 AVERAGE    52

..........................................................


THE BURLINGTON VT CLIMATE NORMALS FOR TOMORROW
                         NORMAL    RECORD    YEAR
 MAXIMUM TEMPERATURE (F)   51        73      1991
 MINIMUM TEMPERATURE (F)   32        11      1972


SUNRISE AND SUNSET
APRIL  7 2014.........SUNRISE   623 AM EDT   SUNSET   727 PM EDT
APRIL  8 2014.........SUNRISE   621 AM EDT   SUNSET   729 PM EDT


-  INDICATES NEGATIVE NUMBERS.
R  INDICATES RECORD WAS SET OR TIED.
MM INDICATES DATA IS MISSING.
T  INDICATES TRACE AMOUNT.




$$
